{"id":112145,"date":"2026-04-13T21:04:27","date_gmt":"2026-04-13T19:04:27","guid":{"rendered":"https:\/\/letrame.com\/catalogo\/?post_type=product&#038;p=112145"},"modified":"2026-04-13T21:04:27","modified_gmt":"2026-04-13T19:04:27","slug":"luz-metodo-tor-tor","status":"publish","type":"product","link":"https:\/\/letrame.com\/catalogo\/producto\/luz-metodo-tor-tor\/","title":{"rendered":"Luz. M\u00e9todo Tor Tor"},"content":{"rendered":"<p><strong>ISBN: 9791370298173<\/strong><br \/>\n<strong>T\u00edtulo: Luz. M\u00e9todo Tor Tor<\/strong><br \/>\n<strong>Fecha: 2026<\/strong><br \/>\n<strong>P\u00e1ginas:\u00a0 138<\/strong><\/p>\n<p><strong>SINOPSIS<\/strong><\/p>\n<p data-start=\"0\" data-end=\"253\">Este es un libro sobre conciencia aplicada a la vida diaria. A lo largo de sus p\u00e1ginas, Claudio Tor Tor propone un marco claro para observar desde d\u00f3nde tomamos decisiones: desde el miedo o desde la responsabilidad, desde la culpa o desde la coherencia.<\/p>\n<p data-start=\"255\" data-end=\"490\">El texto se organiza en cuatro movimientos \u2014ver, elegir, vivir e integrar\u2014 que funcionan como un ciclo pr\u00e1ctico para revisar la forma en que nos relacionamos con el dinero, el trabajo, las relaciones personales y el propio crecimiento.<\/p>\n<p data-start=\"492\" data-end=\"722\">Aqu\u00ed no se habla de perfecci\u00f3n ni de pensamiento positivo. Se habla de asumir consecuencias, de dejar de operar en autom\u00e1tico, de ordenar el ego, la culpa y el orgullo, y de aprender a sostener decisiones dif\u00edciles sin castigarse.<\/p>\n<p data-start=\"724\" data-end=\"902\">El M\u00e9todo Tor Tor combina claridad interna (la luz) con acci\u00f3n sostenida (el fuego), entendiendo que ver no basta si no se vive, y que actuar sin conciencia solo repite patrones.<\/p>\n<p data-start=\"904\" data-end=\"1094\" data-is-last-node=\"\" data-is-only-node=\"\">Est\u00e1 dirigido a quienes quieren hacerse cargo de su direcci\u00f3n vital sin disfrazarla de espiritualidad ni esconderla detr\u00e1s del \u00e9xito. <em data-start=\"1038\" data-end=\"1043\">Luz<\/em> no promete resultados. Propone una forma de estar.<\/p>\n","protected":false},"excerpt":{"rendered":"<p><strong>ISBN: 9791370298173<\/strong><\/p>\n<p><strong>SINOPSIS<\/strong><\/p>\n<p data-start=\"0\" data-end=\"253\">Este es un libro sobre conciencia aplicada a la vida diaria. A lo largo de sus p\u00e1ginas, Claudio Tor Tor propone un marco claro para observar desde d\u00f3nde tomamos decisiones: desde el miedo o desde la responsabilidad, desde la culpa o desde la coherencia.<\/p>\n<p data-start=\"255\" data-end=\"490\">El texto se organiza en cuatro movimientos \u2014ver, elegir, vivir e integrar\u2014 que funcionan como un ciclo pr\u00e1ctico para revisar la forma en que nos relacionamos con el dinero, el trabajo, las relaciones personales y el propio crecimiento.<\/p>\n<p data-start=\"492\" data-end=\"722\">Aqu\u00ed no se habla de perfecci\u00f3n ni de pensamiento positivo. Se habla de asumir consecuencias, de dejar de operar en autom\u00e1tico, de ordenar el ego, la culpa y el orgullo, y de aprender a sostener decisiones dif\u00edciles sin castigarse.<\/p>\n<p data-start=\"724\" data-end=\"902\">El M\u00e9todo Tor Tor combina claridad interna (la luz) con acci\u00f3n sostenida (el fuego), entendiendo que ver no basta si no se vive, y que actuar sin conciencia solo repite patrones.<\/p>\n<p data-start=\"904\" data-end=\"1094\" data-is-last-node=\"\" data-is-only-node=\"\">Est\u00e1 dirigido a quienes quieren hacerse cargo de su direcci\u00f3n vital sin disfrazarla de espiritualidad ni esconderla detr\u00e1s del \u00e9xito. <em data-start=\"1038\" data-end=\"1043\">Luz<\/em> no promete resultados. Propone una forma de estar.<\/p>\n","protected":false},"featured_media":112146,"comment_status":"open","ping_status":"closed","template":"","meta":{"_acf_changed":false},"libro":[],"product_brand":[],"product_cat":[30],"product_tag":[],"class_list":{"0":"post-112145","1":"product","2":"type-product","3":"status-publish","4":"has-post-thumbnail","6":"product_cat-desarrollo-personal-y-autoconocimiento","8":"first","9":"instock","10":"shipping-taxable","11":"product-type-simple"},"acf":{"autor":[112057],"enlace_de_compra":"https:\/\/amzn.to\/4vpGeRk"},"yoast_head":"<!-- This site is optimized with the Yoast SEO plugin v26.6 - https:\/\/yoast.com\/wordpress\/plugins\/seo\/ -->\n<title>Luz. M\u00e9todo Tor Tor - Catalogo | Letrame Grupo Editorial<\/title>\n<meta name=\"robots\" content=\"index, follow, max-snippet:-1, max-image-preview:large, max-video-preview:-1\" \/>\n<link rel=\"canonical\" href=\"https:\/\/letrame.com\/catalogo\/producto\/luz-metodo-tor-tor\/\" \/>\n<meta property=\"og:locale\" content=\"es_ES\" \/>\n<meta property=\"og:type\" content=\"article\" \/>\n<meta property=\"og:title\" content=\"Luz. M\u00e9todo Tor Tor - Catalogo | Letrame Grupo Editorial\" \/>\n<meta property=\"og:description\" content=\"ISBN: 9791370298173  SINOPSIS Este es un libro sobre conciencia aplicada a la vida diaria. A lo largo de sus p\u00e1ginas, Claudio Tor Tor propone un marco claro para observar desde d\u00f3nde tomamos decisiones: desde el miedo o desde la responsabilidad, desde la culpa o desde la coherencia. El texto se organiza en cuatro movimientos \u2014ver, elegir, vivir e integrar\u2014 que funcionan como un ciclo pr\u00e1ctico para revisar la forma en que nos relacionamos con el dinero, el trabajo, las relaciones personales y el propio crecimiento. Aqu\u00ed no se habla de perfecci\u00f3n ni de pensamiento positivo. Se habla de asumir consecuencias, de dejar de operar en autom\u00e1tico, de ordenar el ego, la culpa y el orgullo, y de aprender a sostener decisiones dif\u00edciles sin castigarse. El M\u00e9todo Tor Tor combina claridad interna (la luz) con acci\u00f3n sostenida (el fuego), entendiendo que ver no basta si no se vive, y que actuar sin conciencia solo repite patrones. Est\u00e1 dirigido a quienes quieren hacerse cargo de su direcci\u00f3n vital sin disfrazarla de espiritualidad ni esconderla detr\u00e1s del \u00e9xito. Luz no promete resultados. Propone una forma de estar.\" \/>\n<meta property=\"og:url\" content=\"https:\/\/letrame.com\/catalogo\/producto\/luz-metodo-tor-tor\/\" \/>\n<meta property=\"og:site_name\" content=\"Catalogo | Letrame Grupo Editorial\" \/>\n<meta property=\"og:image\" content=\"https:\/\/letrame.com\/catalogo\/wp-content\/uploads\/2026\/04\/luzmetodo_7mm4.jpg\" \/>\n\t<meta property=\"og:image:width\" content=\"1181\" \/>\n\t<meta property=\"og:image:height\" content=\"1654\" \/>\n\t<meta property=\"og:image:type\" content=\"image\/jpeg\" \/>\n<meta name=\"twitter:card\" content=\"summary_large_image\" \/>\n<meta name=\"twitter:label1\" content=\"Tiempo de lectura\" \/>\n\t<meta name=\"twitter:data1\" content=\"2 minutos\" \/>\n<script type=\"application\/ld+json\" class=\"yoast-schema-graph\">{\"@context\":\"https:\/\/schema.org\",\"@graph\":[{\"@type\":\"WebPage\",\"@id\":\"https:\/\/letrame.com\/catalogo\/producto\/luz-metodo-tor-tor\/\",\"url\":\"https:\/\/letrame.com\/catalogo\/producto\/luz-metodo-tor-tor\/\",\"name\":\"Luz. M\u00e9todo Tor Tor - Catalogo | Letrame Grupo Editorial\",\"isPartOf\":{\"@id\":\"https:\/\/letrame.com\/catalogo\/#website\"},\"primaryImageOfPage\":{\"@id\":\"https:\/\/letrame.com\/catalogo\/producto\/luz-metodo-tor-tor\/#primaryimage\"},\"image\":{\"@id\":\"https:\/\/letrame.com\/catalogo\/producto\/luz-metodo-tor-tor\/#primaryimage\"},\"thumbnailUrl\":\"https:\/\/letrame.com\/catalogo\/wp-content\/uploads\/2026\/04\/luzmetodo_7mm4.jpg\",\"datePublished\":\"2026-04-13T19:04:27+00:00\",\"breadcrumb\":{\"@id\":\"https:\/\/letrame.com\/catalogo\/producto\/luz-metodo-tor-tor\/#breadcrumb\"},\"inLanguage\":\"es\",\"potentialAction\":[{\"@type\":\"ReadAction\",\"target\":[\"https:\/\/letrame.com\/catalogo\/producto\/luz-metodo-tor-tor\/\"]}]},{\"@type\":\"ImageObject\",\"inLanguage\":\"es\",\"@id\":\"https:\/\/letrame.com\/catalogo\/producto\/luz-metodo-tor-tor\/#primaryimage\",\"url\":\"https:\/\/letrame.com\/catalogo\/wp-content\/uploads\/2026\/04\/luzmetodo_7mm4.jpg\",\"contentUrl\":\"https:\/\/letrame.com\/catalogo\/wp-content\/uploads\/2026\/04\/luzmetodo_7mm4.jpg\",\"width\":1181,\"height\":1654},{\"@type\":\"BreadcrumbList\",\"@id\":\"https:\/\/letrame.com\/catalogo\/producto\/luz-metodo-tor-tor\/#breadcrumb\",\"itemListElement\":[{\"@type\":\"ListItem\",\"position\":1,\"name\":\"Portada\",\"item\":\"https:\/\/letrame.com\/catalogo\/\"},{\"@type\":\"ListItem\",\"position\":2,\"name\":\"Cat\u00e1logo\",\"item\":\"https:\/\/letrame.com\/catalogo\/\"},{\"@type\":\"ListItem\",\"position\":3,\"name\":\"Luz. M\u00e9todo Tor Tor\"}]},{\"@type\":\"WebSite\",\"@id\":\"https:\/\/letrame.com\/catalogo\/#website\",\"url\":\"https:\/\/letrame.com\/catalogo\/\",\"name\":\"Catalogo | Letrame Grupo Editorial\",\"description\":\"\",\"publisher\":{\"@id\":\"https:\/\/letrame.com\/catalogo\/#organization\"},\"potentialAction\":[{\"@type\":\"SearchAction\",\"target\":{\"@type\":\"EntryPoint\",\"urlTemplate\":\"https:\/\/letrame.com\/catalogo\/?s={search_term_string}\"},\"query-input\":{\"@type\":\"PropertyValueSpecification\",\"valueRequired\":true,\"valueName\":\"search_term_string\"}}],\"inLanguage\":\"es\"},{\"@type\":\"Organization\",\"@id\":\"https:\/\/letrame.com\/catalogo\/#organization\",\"name\":\"Catalogo | Letrame Grupo Editorial\",\"url\":\"https:\/\/letrame.com\/catalogo\/\",\"logo\":{\"@type\":\"ImageObject\",\"inLanguage\":\"es\",\"@id\":\"https:\/\/letrame.com\/catalogo\/#\/schema\/logo\/image\/\",\"url\":\"https:\/\/letrame.com\/catalogo\/wp-content\/uploads\/2024\/03\/logo2.webp\",\"contentUrl\":\"https:\/\/letrame.com\/catalogo\/wp-content\/uploads\/2024\/03\/logo2.webp\",\"width\":394,\"height\":128,\"caption\":\"Catalogo | Letrame Grupo Editorial\"},\"image\":{\"@id\":\"https:\/\/letrame.com\/catalogo\/#\/schema\/logo\/image\/\"}}]}<\/script>\n<!-- \/ Yoast SEO plugin. -->","yoast_head_json":{"title":"Luz. M\u00e9todo Tor Tor - Catalogo | Letrame Grupo Editorial","robots":{"index":"index","follow":"follow","max-snippet":"max-snippet:-1","max-image-preview":"max-image-preview:large","max-video-preview":"max-video-preview:-1"},"canonical":"https:\/\/letrame.com\/catalogo\/producto\/luz-metodo-tor-tor\/","og_locale":"es_ES","og_type":"article","og_title":"Luz. M\u00e9todo Tor Tor - Catalogo | Letrame Grupo Editorial","og_description":"ISBN: 9791370298173  SINOPSIS Este es un libro sobre conciencia aplicada a la vida diaria. A lo largo de sus p\u00e1ginas, Claudio Tor Tor propone un marco claro para observar desde d\u00f3nde tomamos decisiones: desde el miedo o desde la responsabilidad, desde la culpa o desde la coherencia. El texto se organiza en cuatro movimientos \u2014ver, elegir, vivir e integrar\u2014 que funcionan como un ciclo pr\u00e1ctico para revisar la forma en que nos relacionamos con el dinero, el trabajo, las relaciones personales y el propio crecimiento. Aqu\u00ed no se habla de perfecci\u00f3n ni de pensamiento positivo. Se habla de asumir consecuencias, de dejar de operar en autom\u00e1tico, de ordenar el ego, la culpa y el orgullo, y de aprender a sostener decisiones dif\u00edciles sin castigarse. El M\u00e9todo Tor Tor combina claridad interna (la luz) con acci\u00f3n sostenida (el fuego), entendiendo que ver no basta si no se vive, y que actuar sin conciencia solo repite patrones. Est\u00e1 dirigido a quienes quieren hacerse cargo de su direcci\u00f3n vital sin disfrazarla de espiritualidad ni esconderla detr\u00e1s del \u00e9xito. Luz no promete resultados. Propone una forma de estar.","og_url":"https:\/\/letrame.com\/catalogo\/producto\/luz-metodo-tor-tor\/","og_site_name":"Catalogo | Letrame Grupo Editorial","og_image":[{"width":1181,"height":1654,"url":"https:\/\/letrame.com\/catalogo\/wp-content\/uploads\/2026\/04\/luzmetodo_7mm4.jpg","type":"image\/jpeg"}],"twitter_card":"summary_large_image","twitter_misc":{"Tiempo de lectura":"2 minutos"},"schema":{"@context":"https:\/\/schema.org","@graph":[{"@type":"WebPage","@id":"https:\/\/letrame.com\/catalogo\/producto\/luz-metodo-tor-tor\/","url":"https:\/\/letrame.com\/catalogo\/producto\/luz-metodo-tor-tor\/","name":"Luz. M\u00e9todo Tor Tor - Catalogo | Letrame Grupo Editorial","isPartOf":{"@id":"https:\/\/letrame.com\/catalogo\/#website"},"primaryImageOfPage":{"@id":"https:\/\/letrame.com\/catalogo\/producto\/luz-metodo-tor-tor\/#primaryimage"},"image":{"@id":"https:\/\/letrame.com\/catalogo\/producto\/luz-metodo-tor-tor\/#primaryimage"},"thumbnailUrl":"https:\/\/letrame.com\/catalogo\/wp-content\/uploads\/2026\/04\/luzmetodo_7mm4.jpg","datePublished":"2026-04-13T19:04:27+00:00","breadcrumb":{"@id":"https:\/\/letrame.com\/catalogo\/producto\/luz-metodo-tor-tor\/#breadcrumb"},"inLanguage":"es","potentialAction":[{"@type":"ReadAction","target":["https:\/\/letrame.com\/catalogo\/producto\/luz-metodo-tor-tor\/"]}]},{"@type":"ImageObject","inLanguage":"es","@id":"https:\/\/letrame.com\/catalogo\/producto\/luz-metodo-tor-tor\/#primaryimage","url":"https:\/\/letrame.com\/catalogo\/wp-content\/uploads\/2026\/04\/luzmetodo_7mm4.jpg","contentUrl":"https:\/\/letrame.com\/catalogo\/wp-content\/uploads\/2026\/04\/luzmetodo_7mm4.jpg","width":1181,"height":1654},{"@type":"BreadcrumbList","@id":"https:\/\/letrame.com\/catalogo\/producto\/luz-metodo-tor-tor\/#breadcrumb","itemListElement":[{"@type":"ListItem","position":1,"name":"Portada","item":"https:\/\/letrame.com\/catalogo\/"},{"@type":"ListItem","position":2,"name":"Cat\u00e1logo","item":"https:\/\/letrame.com\/catalogo\/"},{"@type":"ListItem","position":3,"name":"Luz. M\u00e9todo Tor Tor"}]},{"@type":"WebSite","@id":"https:\/\/letrame.com\/catalogo\/#website","url":"https:\/\/letrame.com\/catalogo\/","name":"Catalogo | Letrame Grupo Editorial","description":"","publisher":{"@id":"https:\/\/letrame.com\/catalogo\/#organization"},"potentialAction":[{"@type":"SearchAction","target":{"@type":"EntryPoint","urlTemplate":"https:\/\/letrame.com\/catalogo\/?s={search_term_string}"},"query-input":{"@type":"PropertyValueSpecification","valueRequired":true,"valueName":"search_term_string"}}],"inLanguage":"es"},{"@type":"Organization","@id":"https:\/\/letrame.com\/catalogo\/#organization","name":"Catalogo | Letrame Grupo Editorial","url":"https:\/\/letrame.com\/catalogo\/","logo":{"@type":"ImageObject","inLanguage":"es","@id":"https:\/\/letrame.com\/catalogo\/#\/schema\/logo\/image\/","url":"https:\/\/letrame.com\/catalogo\/wp-content\/uploads\/2024\/03\/logo2.webp","contentUrl":"https:\/\/letrame.com\/catalogo\/wp-content\/uploads\/2024\/03\/logo2.webp","width":394,"height":128,"caption":"Catalogo | Letrame Grupo Editorial"},"image":{"@id":"https:\/\/letrame.com\/catalogo\/#\/schema\/logo\/image\/"}}]}},"_links":{"self":[{"href":"https:\/\/letrame.com\/catalogo\/wp-json\/wp\/v2\/product\/112145","targetHints":{"allow":["GET"]}}],"collection":[{"href":"https:\/\/letrame.com\/catalogo\/wp-json\/wp\/v2\/product"}],"about":[{"href":"https:\/\/letrame.com\/catalogo\/wp-json\/wp\/v2\/types\/product"}],"replies":[{"embeddable":true,"href":"https:\/\/letrame.com\/catalogo\/wp-json\/wp\/v2\/comments?post=112145"}],"acf:post":[{"embeddable":true,"href":"https:\/\/letrame.com\/catalogo\/wp-json\/wp\/v2\/author_book\/112057"}],"wp:featuredmedia":[{"embeddable":true,"href":"https:\/\/letrame.com\/catalogo\/wp-json\/wp\/v2\/media\/112146"}],"wp:attachment":[{"href":"https:\/\/letrame.com\/catalogo\/wp-json\/wp\/v2\/media?parent=112145"}],"wp:term":[{"taxonomy":"libro","embeddable":true,"href":"https:\/\/letrame.com\/catalogo\/wp-json\/wp\/v2\/libro?post=112145"},{"taxonomy":"product_brand","embeddable":true,"href":"https:\/\/letrame.com\/catalogo\/wp-json\/wp\/v2\/product_brand?post=112145"},{"taxonomy":"product_cat","embeddable":true,"href":"https:\/\/letrame.com\/catalogo\/wp-json\/wp\/v2\/product_cat?post=112145"},{"taxonomy":"product_tag","embeddable":true,"href":"https:\/\/letrame.com\/catalogo\/wp-json\/wp\/v2\/product_tag?post=112145"}],"curies":[{"name":"wp","href":"https:\/\/api.w.org\/{rel}","templated":true}]}}