{"id":112124,"date":"2026-04-13T20:42:56","date_gmt":"2026-04-13T18:42:56","guid":{"rendered":"https:\/\/letrame.com\/catalogo\/?post_type=product&#038;p=112124"},"modified":"2026-04-13T20:42:57","modified_gmt":"2026-04-13T18:42:57","slug":"la-resaca-de-los-cobardes","status":"publish","type":"product","link":"https:\/\/letrame.com\/catalogo\/producto\/la-resaca-de-los-cobardes\/","title":{"rendered":"La resaca de los cobardes"},"content":{"rendered":"<p><strong>ISBN: 9791370294908<\/strong><br \/>\n<strong>T\u00edtulo: La resaca de los cobardes<\/strong><br \/>\n<strong>Fecha: 2025<\/strong><br \/>\n<strong>P\u00e1ginas: 128<\/strong><\/p>\n<p><strong>SINOPSIS<\/strong><\/p>\n<p data-start=\"0\" data-end=\"335\">En un Barakaldo ficticio, a la sombra de las aguas oscuras del Ibaizabal, un antih\u00e9roe solitario se enfrenta a una espiral de secretos y mentiras. Kepa desaparece en la penumbra de un bar, dejando atr\u00e1s un sobre sin sello ni pistas\u2026 excepto una foto. El rostro de un hombre, uno que Jon reconoce demasiado bien, un reflejo de s\u00ed mismo.<\/p>\n<p data-start=\"337\" data-end=\"776\">La investigaci\u00f3n de Jon lo arrastra de un sospechoso a otro, de una historia oculta a una conspiraci\u00f3n m\u00e1s profunda. En este juego de sombras, los roles de buenos y malos se intercambian sin aviso, y las l\u00edneas entre la justicia y la venganza se desdibujan. Al abrir ese sobre, Jon sabe que est\u00e1 m\u00e1s cerca que nunca de un destino oscuro que ha eludido durante a\u00f1os. Un crimen sin resolver. Un investigador hundido. Un laberinto de enga\u00f1os.<\/p>\n<p data-start=\"778\" data-end=\"1015\">En <em data-start=\"781\" data-end=\"808\">La resaca de los cobardes<\/em>, una novela negra que huele a tabaco fr\u00edo y calles mojadas, un investigador desali\u00f1ado sigue la pista de un asesinato que no deber\u00eda haber ocurrido. Cada paso lo acerca m\u00e1s a la verdad\u2026 o a su propia ruina.<\/p>\n<p data-start=\"1017\" data-end=\"1105\">No importa cu\u00e1ntas veces creas haber resuelto el caso\u2026 siempre habr\u00e1 una \u00faltima mentira.<\/p>\n<p data-start=\"1107\" data-end=\"1130\" data-is-last-node=\"\" data-is-only-node=\"\">Atr\u00e9vete a descubrirla.<\/p>\n","protected":false},"excerpt":{"rendered":"<p><strong>ISBN: 9791370294908<\/strong><\/p>\n<p><strong>SINOPSIS<\/strong><\/p>\n<p data-start=\"0\" data-end=\"335\">En un Barakaldo ficticio, a la sombra de las aguas oscuras del Ibaizabal, un antih\u00e9roe solitario se enfrenta a una espiral de secretos y mentiras. Kepa desaparece en la penumbra de un bar, dejando atr\u00e1s un sobre sin sello ni pistas\u2026 excepto una foto. El rostro de un hombre, uno que Jon reconoce demasiado bien, un reflejo de s\u00ed mismo.<\/p>\n<p data-start=\"337\" data-end=\"776\">La investigaci\u00f3n de Jon lo arrastra de un sospechoso a otro, de una historia oculta a una conspiraci\u00f3n m\u00e1s profunda. En este juego de sombras, los roles de buenos y malos se intercambian sin aviso, y las l\u00edneas entre la justicia y la venganza se desdibujan. Al abrir ese sobre, Jon sabe que est\u00e1 m\u00e1s cerca que nunca de un destino oscuro que ha eludido durante a\u00f1os. Un crimen sin resolver. Un investigador hundido. Un laberinto de enga\u00f1os.<\/p>\n<p data-start=\"778\" data-end=\"1015\">En <em data-start=\"781\" data-end=\"808\">La resaca de los cobardes<\/em>, una novela negra que huele a tabaco fr\u00edo y calles mojadas, un investigador desali\u00f1ado sigue la pista de un asesinato que no deber\u00eda haber ocurrido. Cada paso lo acerca m\u00e1s a la verdad\u2026 o a su propia ruina.<\/p>\n<p data-start=\"1017\" data-end=\"1105\">No importa cu\u00e1ntas veces creas haber resuelto el caso\u2026 siempre habr\u00e1 una \u00faltima mentira.<\/p>\n<p data-start=\"1107\" data-end=\"1130\" data-is-last-node=\"\" data-is-only-node=\"\">Atr\u00e9vete a descubrirla.<\/p>\n","protected":false},"featured_media":112128,"comment_status":"open","ping_status":"closed","template":"","meta":{"_acf_changed":false},"libro":[],"product_brand":[],"product_cat":[51],"product_tag":[],"class_list":{"0":"post-112124","1":"product","2":"type-product","3":"status-publish","4":"has-post-thumbnail","6":"product_cat-novela-negra","8":"first","9":"instock","10":"shipping-taxable","11":"product-type-simple"},"acf":{"autor":[112125],"enlace_de_compra":"https:\/\/www.google.com\/search?q=9791370294908&sca_esv=27b04becbc364c98&biw=2560&bih=1305&sxsrf=ANbL-n50pO72WIyKDBBcOhWo9dNRXO_gLw%3A1776103740260&ei=PDHdaafND6abi-gP_6-8mQQ&ved=0ahUKEwin25aEtuuTAxWmzQIHHf8XL0MQ4dUDCBE&uact=5&oq=9791370294908&gs_lp=Egxnd3Mtd2l6LXNlcnAiDTk3OTEzNzAyOTQ5MDgyBRAAGO8FMgUQABjvBUiuB1AAWABwAHgAkAEAmAF3oAF3qgEDMC4xuAEDyAEA-AEC-AEBmAIBoAJ8mAMAkgcDMC4xoAeeAbIHAzAuMbgHfMIHAzItMcgHA4AIAA&sclient=gws-wiz-serp"},"yoast_head":"<!-- This site is optimized with the Yoast SEO plugin v26.6 - https:\/\/yoast.com\/wordpress\/plugins\/seo\/ -->\n<title>La resaca de los cobardes - Catalogo | Letrame Grupo Editorial<\/title>\n<meta name=\"robots\" content=\"index, follow, max-snippet:-1, max-image-preview:large, max-video-preview:-1\" \/>\n<link rel=\"canonical\" href=\"https:\/\/letrame.com\/catalogo\/producto\/la-resaca-de-los-cobardes\/\" \/>\n<meta property=\"og:locale\" content=\"es_ES\" \/>\n<meta property=\"og:type\" content=\"article\" \/>\n<meta property=\"og:title\" content=\"La resaca de los cobardes - Catalogo | Letrame Grupo Editorial\" \/>\n<meta property=\"og:description\" content=\"ISBN: 9791370294908  SINOPSIS En un Barakaldo ficticio, a la sombra de las aguas oscuras del Ibaizabal, un antih\u00e9roe solitario se enfrenta a una espiral de secretos y mentiras. Kepa desaparece en la penumbra de un bar, dejando atr\u00e1s un sobre sin sello ni pistas\u2026 excepto una foto. El rostro de un hombre, uno que Jon reconoce demasiado bien, un reflejo de s\u00ed mismo. La investigaci\u00f3n de Jon lo arrastra de un sospechoso a otro, de una historia oculta a una conspiraci\u00f3n m\u00e1s profunda. En este juego de sombras, los roles de buenos y malos se intercambian sin aviso, y las l\u00edneas entre la justicia y la venganza se desdibujan. Al abrir ese sobre, Jon sabe que est\u00e1 m\u00e1s cerca que nunca de un destino oscuro que ha eludido durante a\u00f1os. Un crimen sin resolver. Un investigador hundido. Un laberinto de enga\u00f1os. En La resaca de los cobardes, una novela negra que huele a tabaco fr\u00edo y calles mojadas, un investigador desali\u00f1ado sigue la pista de un asesinato que no deber\u00eda haber ocurrido. Cada paso lo acerca m\u00e1s a la verdad\u2026 o a su propia ruina. No importa cu\u00e1ntas veces creas haber resuelto el caso\u2026 siempre habr\u00e1 una \u00faltima mentira. Atr\u00e9vete a descubrirla.\" \/>\n<meta property=\"og:url\" content=\"https:\/\/letrame.com\/catalogo\/producto\/la-resaca-de-los-cobardes\/\" \/>\n<meta property=\"og:site_name\" content=\"Catalogo | Letrame Grupo Editorial\" \/>\n<meta property=\"article:modified_time\" content=\"2026-04-13T18:42:57+00:00\" \/>\n<meta property=\"og:image\" content=\"https:\/\/letrame.com\/catalogo\/wp-content\/uploads\/2026\/04\/laresacadeloscobardes_651mm4.jpg\" \/>\n\t<meta property=\"og:image:width\" content=\"532\" \/>\n\t<meta property=\"og:image:height\" content=\"745\" \/>\n\t<meta property=\"og:image:type\" content=\"image\/jpeg\" \/>\n<meta name=\"twitter:card\" content=\"summary_large_image\" \/>\n<meta name=\"twitter:label1\" content=\"Tiempo de lectura\" \/>\n\t<meta name=\"twitter:data1\" content=\"2 minutos\" \/>\n<script type=\"application\/ld+json\" class=\"yoast-schema-graph\">{\"@context\":\"https:\/\/schema.org\",\"@graph\":[{\"@type\":\"WebPage\",\"@id\":\"https:\/\/letrame.com\/catalogo\/producto\/la-resaca-de-los-cobardes\/\",\"url\":\"https:\/\/letrame.com\/catalogo\/producto\/la-resaca-de-los-cobardes\/\",\"name\":\"La resaca de los cobardes - Catalogo | Letrame Grupo Editorial\",\"isPartOf\":{\"@id\":\"https:\/\/letrame.com\/catalogo\/#website\"},\"primaryImageOfPage\":{\"@id\":\"https:\/\/letrame.com\/catalogo\/producto\/la-resaca-de-los-cobardes\/#primaryimage\"},\"image\":{\"@id\":\"https:\/\/letrame.com\/catalogo\/producto\/la-resaca-de-los-cobardes\/#primaryimage\"},\"thumbnailUrl\":\"https:\/\/letrame.com\/catalogo\/wp-content\/uploads\/2026\/04\/laresacadeloscobardes_651mm4.jpg\",\"datePublished\":\"2026-04-13T18:42:56+00:00\",\"dateModified\":\"2026-04-13T18:42:57+00:00\",\"breadcrumb\":{\"@id\":\"https:\/\/letrame.com\/catalogo\/producto\/la-resaca-de-los-cobardes\/#breadcrumb\"},\"inLanguage\":\"es\",\"potentialAction\":[{\"@type\":\"ReadAction\",\"target\":[\"https:\/\/letrame.com\/catalogo\/producto\/la-resaca-de-los-cobardes\/\"]}]},{\"@type\":\"ImageObject\",\"inLanguage\":\"es\",\"@id\":\"https:\/\/letrame.com\/catalogo\/producto\/la-resaca-de-los-cobardes\/#primaryimage\",\"url\":\"https:\/\/letrame.com\/catalogo\/wp-content\/uploads\/2026\/04\/laresacadeloscobardes_651mm4.jpg\",\"contentUrl\":\"https:\/\/letrame.com\/catalogo\/wp-content\/uploads\/2026\/04\/laresacadeloscobardes_651mm4.jpg\",\"width\":532,\"height\":745},{\"@type\":\"BreadcrumbList\",\"@id\":\"https:\/\/letrame.com\/catalogo\/producto\/la-resaca-de-los-cobardes\/#breadcrumb\",\"itemListElement\":[{\"@type\":\"ListItem\",\"position\":1,\"name\":\"Portada\",\"item\":\"https:\/\/letrame.com\/catalogo\/\"},{\"@type\":\"ListItem\",\"position\":2,\"name\":\"Cat\u00e1logo\",\"item\":\"https:\/\/letrame.com\/catalogo\/\"},{\"@type\":\"ListItem\",\"position\":3,\"name\":\"La resaca de los cobardes\"}]},{\"@type\":\"WebSite\",\"@id\":\"https:\/\/letrame.com\/catalogo\/#website\",\"url\":\"https:\/\/letrame.com\/catalogo\/\",\"name\":\"Catalogo | Letrame Grupo Editorial\",\"description\":\"\",\"publisher\":{\"@id\":\"https:\/\/letrame.com\/catalogo\/#organization\"},\"potentialAction\":[{\"@type\":\"SearchAction\",\"target\":{\"@type\":\"EntryPoint\",\"urlTemplate\":\"https:\/\/letrame.com\/catalogo\/?s={search_term_string}\"},\"query-input\":{\"@type\":\"PropertyValueSpecification\",\"valueRequired\":true,\"valueName\":\"search_term_string\"}}],\"inLanguage\":\"es\"},{\"@type\":\"Organization\",\"@id\":\"https:\/\/letrame.com\/catalogo\/#organization\",\"name\":\"Catalogo | Letrame Grupo Editorial\",\"url\":\"https:\/\/letrame.com\/catalogo\/\",\"logo\":{\"@type\":\"ImageObject\",\"inLanguage\":\"es\",\"@id\":\"https:\/\/letrame.com\/catalogo\/#\/schema\/logo\/image\/\",\"url\":\"https:\/\/letrame.com\/catalogo\/wp-content\/uploads\/2024\/03\/logo2.webp\",\"contentUrl\":\"https:\/\/letrame.com\/catalogo\/wp-content\/uploads\/2024\/03\/logo2.webp\",\"width\":394,\"height\":128,\"caption\":\"Catalogo | Letrame Grupo Editorial\"},\"image\":{\"@id\":\"https:\/\/letrame.com\/catalogo\/#\/schema\/logo\/image\/\"}}]}<\/script>\n<!-- \/ Yoast SEO plugin. -->","yoast_head_json":{"title":"La resaca de los cobardes - Catalogo | Letrame Grupo Editorial","robots":{"index":"index","follow":"follow","max-snippet":"max-snippet:-1","max-image-preview":"max-image-preview:large","max-video-preview":"max-video-preview:-1"},"canonical":"https:\/\/letrame.com\/catalogo\/producto\/la-resaca-de-los-cobardes\/","og_locale":"es_ES","og_type":"article","og_title":"La resaca de los cobardes - Catalogo | Letrame Grupo Editorial","og_description":"ISBN: 9791370294908  SINOPSIS En un Barakaldo ficticio, a la sombra de las aguas oscuras del Ibaizabal, un antih\u00e9roe solitario se enfrenta a una espiral de secretos y mentiras. Kepa desaparece en la penumbra de un bar, dejando atr\u00e1s un sobre sin sello ni pistas\u2026 excepto una foto. El rostro de un hombre, uno que Jon reconoce demasiado bien, un reflejo de s\u00ed mismo. La investigaci\u00f3n de Jon lo arrastra de un sospechoso a otro, de una historia oculta a una conspiraci\u00f3n m\u00e1s profunda. En este juego de sombras, los roles de buenos y malos se intercambian sin aviso, y las l\u00edneas entre la justicia y la venganza se desdibujan. Al abrir ese sobre, Jon sabe que est\u00e1 m\u00e1s cerca que nunca de un destino oscuro que ha eludido durante a\u00f1os. Un crimen sin resolver. Un investigador hundido. Un laberinto de enga\u00f1os. En La resaca de los cobardes, una novela negra que huele a tabaco fr\u00edo y calles mojadas, un investigador desali\u00f1ado sigue la pista de un asesinato que no deber\u00eda haber ocurrido. Cada paso lo acerca m\u00e1s a la verdad\u2026 o a su propia ruina. No importa cu\u00e1ntas veces creas haber resuelto el caso\u2026 siempre habr\u00e1 una \u00faltima mentira. Atr\u00e9vete a descubrirla.","og_url":"https:\/\/letrame.com\/catalogo\/producto\/la-resaca-de-los-cobardes\/","og_site_name":"Catalogo | Letrame Grupo Editorial","article_modified_time":"2026-04-13T18:42:57+00:00","og_image":[{"width":532,"height":745,"url":"https:\/\/letrame.com\/catalogo\/wp-content\/uploads\/2026\/04\/laresacadeloscobardes_651mm4.jpg","type":"image\/jpeg"}],"twitter_card":"summary_large_image","twitter_misc":{"Tiempo de lectura":"2 minutos"},"schema":{"@context":"https:\/\/schema.org","@graph":[{"@type":"WebPage","@id":"https:\/\/letrame.com\/catalogo\/producto\/la-resaca-de-los-cobardes\/","url":"https:\/\/letrame.com\/catalogo\/producto\/la-resaca-de-los-cobardes\/","name":"La resaca de los cobardes - Catalogo | Letrame Grupo Editorial","isPartOf":{"@id":"https:\/\/letrame.com\/catalogo\/#website"},"primaryImageOfPage":{"@id":"https:\/\/letrame.com\/catalogo\/producto\/la-resaca-de-los-cobardes\/#primaryimage"},"image":{"@id":"https:\/\/letrame.com\/catalogo\/producto\/la-resaca-de-los-cobardes\/#primaryimage"},"thumbnailUrl":"https:\/\/letrame.com\/catalogo\/wp-content\/uploads\/2026\/04\/laresacadeloscobardes_651mm4.jpg","datePublished":"2026-04-13T18:42:56+00:00","dateModified":"2026-04-13T18:42:57+00:00","breadcrumb":{"@id":"https:\/\/letrame.com\/catalogo\/producto\/la-resaca-de-los-cobardes\/#breadcrumb"},"inLanguage":"es","potentialAction":[{"@type":"ReadAction","target":["https:\/\/letrame.com\/catalogo\/producto\/la-resaca-de-los-cobardes\/"]}]},{"@type":"ImageObject","inLanguage":"es","@id":"https:\/\/letrame.com\/catalogo\/producto\/la-resaca-de-los-cobardes\/#primaryimage","url":"https:\/\/letrame.com\/catalogo\/wp-content\/uploads\/2026\/04\/laresacadeloscobardes_651mm4.jpg","contentUrl":"https:\/\/letrame.com\/catalogo\/wp-content\/uploads\/2026\/04\/laresacadeloscobardes_651mm4.jpg","width":532,"height":745},{"@type":"BreadcrumbList","@id":"https:\/\/letrame.com\/catalogo\/producto\/la-resaca-de-los-cobardes\/#breadcrumb","itemListElement":[{"@type":"ListItem","position":1,"name":"Portada","item":"https:\/\/letrame.com\/catalogo\/"},{"@type":"ListItem","position":2,"name":"Cat\u00e1logo","item":"https:\/\/letrame.com\/catalogo\/"},{"@type":"ListItem","position":3,"name":"La resaca de los cobardes"}]},{"@type":"WebSite","@id":"https:\/\/letrame.com\/catalogo\/#website","url":"https:\/\/letrame.com\/catalogo\/","name":"Catalogo | Letrame Grupo Editorial","description":"","publisher":{"@id":"https:\/\/letrame.com\/catalogo\/#organization"},"potentialAction":[{"@type":"SearchAction","target":{"@type":"EntryPoint","urlTemplate":"https:\/\/letrame.com\/catalogo\/?s={search_term_string}"},"query-input":{"@type":"PropertyValueSpecification","valueRequired":true,"valueName":"search_term_string"}}],"inLanguage":"es"},{"@type":"Organization","@id":"https:\/\/letrame.com\/catalogo\/#organization","name":"Catalogo | Letrame Grupo Editorial","url":"https:\/\/letrame.com\/catalogo\/","logo":{"@type":"ImageObject","inLanguage":"es","@id":"https:\/\/letrame.com\/catalogo\/#\/schema\/logo\/image\/","url":"https:\/\/letrame.com\/catalogo\/wp-content\/uploads\/2024\/03\/logo2.webp","contentUrl":"https:\/\/letrame.com\/catalogo\/wp-content\/uploads\/2024\/03\/logo2.webp","width":394,"height":128,"caption":"Catalogo | Letrame Grupo Editorial"},"image":{"@id":"https:\/\/letrame.com\/catalogo\/#\/schema\/logo\/image\/"}}]}},"_links":{"self":[{"href":"https:\/\/letrame.com\/catalogo\/wp-json\/wp\/v2\/product\/112124","targetHints":{"allow":["GET"]}}],"collection":[{"href":"https:\/\/letrame.com\/catalogo\/wp-json\/wp\/v2\/product"}],"about":[{"href":"https:\/\/letrame.com\/catalogo\/wp-json\/wp\/v2\/types\/product"}],"replies":[{"embeddable":true,"href":"https:\/\/letrame.com\/catalogo\/wp-json\/wp\/v2\/comments?post=112124"}],"acf:post":[{"embeddable":true,"href":"https:\/\/letrame.com\/catalogo\/wp-json\/wp\/v2\/author_book\/112125"}],"wp:featuredmedia":[{"embeddable":true,"href":"https:\/\/letrame.com\/catalogo\/wp-json\/wp\/v2\/media\/112128"}],"wp:attachment":[{"href":"https:\/\/letrame.com\/catalogo\/wp-json\/wp\/v2\/media?parent=112124"}],"wp:term":[{"taxonomy":"libro","embeddable":true,"href":"https:\/\/letrame.com\/catalogo\/wp-json\/wp\/v2\/libro?post=112124"},{"taxonomy":"product_brand","embeddable":true,"href":"https:\/\/letrame.com\/catalogo\/wp-json\/wp\/v2\/product_brand?post=112124"},{"taxonomy":"product_cat","embeddable":true,"href":"https:\/\/letrame.com\/catalogo\/wp-json\/wp\/v2\/product_cat?post=112124"},{"taxonomy":"product_tag","embeddable":true,"href":"https:\/\/letrame.com\/catalogo\/wp-json\/wp\/v2\/product_tag?post=112124"}],"curies":[{"name":"wp","href":"https:\/\/api.w.org\/{rel}","templated":true}]}}