{"id":112105,"date":"2026-04-13T20:22:26","date_gmt":"2026-04-13T18:22:26","guid":{"rendered":"https:\/\/letrame.com\/catalogo\/?post_type=product&#038;p=112105"},"modified":"2026-04-13T20:22:27","modified_gmt":"2026-04-13T18:22:27","slug":"blanco-negro-y-dudas","status":"publish","type":"product","link":"https:\/\/letrame.com\/catalogo\/producto\/blanco-negro-y-dudas\/","title":{"rendered":"Blanco, negro y dudas"},"content":{"rendered":"<p><strong>ISBN: 9791370297947<\/strong><br \/>\n<strong>T\u00edtulo: Blanco, negro y dudas<\/strong><br \/>\n<strong>Fecha:\u00a0 2026<\/strong><br \/>\n<strong>P\u00e1ginas: 160<\/strong><\/p>\n<p><strong>SINOPSIS<\/strong><\/p>\n<p data-start=\"0\" data-end=\"215\">Ligar hoy en d\u00eda ha pasado del cara a cara a las redes sociales. El primer contacto suele ser online, donde la imagen y la forma de escribir son clave. Hay m\u00e1s opciones, es cierto, pero tambi\u00e9n exigen m\u00e1s paciencia\u2026<\/p>\n<p data-start=\"217\" data-end=\"352\">La conexi\u00f3n emocional muchas veces nace antes de verse en persona, y ligar implica saber comunicar, gestionar silencios y expectativas.<\/p>\n<p data-start=\"354\" data-end=\"511\">Cynthia es una joven arquitecta alicantina con una vida aparentemente estable, hasta que un d\u00eda recibe una solicitud en Instagram que hace tambalear su vida:<\/p>\n<p data-start=\"513\" data-end=\"608\" data-is-last-node=\"\" data-is-only-node=\"\">\u00bfQui\u00e9n es \u00e9l?<br data-start=\"526\" data-end=\"529\" \/>\u00bfPor qu\u00e9 le ha removido tanto por dentro?<br data-start=\"570\" data-end=\"573\" \/>\u00bfQu\u00e9 cambios puede traer a su vida?<\/p>\n","protected":false},"excerpt":{"rendered":"<p><strong>ISBN: 9791370297947<\/strong><\/p>\n<p><strong>SINOPSIS<\/strong><\/p>\n<p data-start=\"0\" data-end=\"215\">Ligar hoy en d\u00eda ha pasado del cara a cara a las redes sociales. El primer contacto suele ser online, donde la imagen y la forma de escribir son clave. Hay m\u00e1s opciones, es cierto, pero tambi\u00e9n exigen m\u00e1s paciencia\u2026<\/p>\n<p data-start=\"217\" data-end=\"352\">La conexi\u00f3n emocional muchas veces nace antes de verse en persona, y ligar implica saber comunicar, gestionar silencios y expectativas.<\/p>\n<p data-start=\"354\" data-end=\"511\">Cynthia es una joven arquitecta alicantina con una vida aparentemente estable, hasta que un d\u00eda recibe una solicitud en Instagram que hace tambalear su vida:<\/p>\n<p data-start=\"513\" data-end=\"608\" data-is-last-node=\"\" data-is-only-node=\"\">\u00bfQui\u00e9n es \u00e9l?<br data-start=\"526\" data-end=\"529\" \/>\u00bfPor qu\u00e9 le ha removido tanto por dentro?<br data-start=\"570\" data-end=\"573\" \/>\u00bfQu\u00e9 cambios puede traer a su vida?<\/p>\n","protected":false},"featured_media":112108,"comment_status":"open","ping_status":"closed","template":"","meta":{"_acf_changed":false},"libro":[],"product_brand":[],"product_cat":[147],"product_tag":[],"class_list":{"0":"post-112105","1":"product","2":"type-product","3":"status-publish","4":"has-post-thumbnail","6":"product_cat-romance","8":"first","9":"instock","10":"shipping-taxable","11":"product-type-simple"},"acf":{"autor":[112106],"enlace_de_compra":"https:\/\/amzn.to\/4swkK2G"},"yoast_head":"<!-- This site is optimized with the Yoast SEO plugin v26.6 - https:\/\/yoast.com\/wordpress\/plugins\/seo\/ -->\n<title>Blanco, negro y dudas - Catalogo | Letrame Grupo Editorial<\/title>\n<meta name=\"robots\" content=\"index, follow, max-snippet:-1, max-image-preview:large, max-video-preview:-1\" \/>\n<link rel=\"canonical\" href=\"https:\/\/letrame.com\/catalogo\/producto\/blanco-negro-y-dudas\/\" \/>\n<meta property=\"og:locale\" content=\"es_ES\" \/>\n<meta property=\"og:type\" content=\"article\" \/>\n<meta property=\"og:title\" content=\"Blanco, negro y dudas - Catalogo | Letrame Grupo Editorial\" \/>\n<meta property=\"og:description\" content=\"ISBN: 9791370297947  SINOPSIS Ligar hoy en d\u00eda ha pasado del cara a cara a las redes sociales. El primer contacto suele ser online, donde la imagen y la forma de escribir son clave. Hay m\u00e1s opciones, es cierto, pero tambi\u00e9n exigen m\u00e1s paciencia\u2026 La conexi\u00f3n emocional muchas veces nace antes de verse en persona, y ligar implica saber comunicar, gestionar silencios y expectativas. Cynthia es una joven arquitecta alicantina con una vida aparentemente estable, hasta que un d\u00eda recibe una solicitud en Instagram que hace tambalear su vida: \u00bfQui\u00e9n es \u00e9l?\u00bfPor qu\u00e9 le ha removido tanto por dentro?\u00bfQu\u00e9 cambios puede traer a su vida?\" \/>\n<meta property=\"og:url\" content=\"https:\/\/letrame.com\/catalogo\/producto\/blanco-negro-y-dudas\/\" \/>\n<meta property=\"og:site_name\" content=\"Catalogo | Letrame Grupo Editorial\" \/>\n<meta property=\"article:modified_time\" content=\"2026-04-13T18:22:27+00:00\" \/>\n<meta property=\"og:image\" content=\"https:\/\/letrame.com\/catalogo\/wp-content\/uploads\/2026\/04\/blanconegroydudas_81mm4.jpg\" \/>\n\t<meta property=\"og:image:width\" content=\"932\" \/>\n\t<meta property=\"og:image:height\" content=\"1323\" \/>\n\t<meta property=\"og:image:type\" content=\"image\/jpeg\" \/>\n<meta name=\"twitter:card\" content=\"summary_large_image\" \/>\n<meta name=\"twitter:label1\" content=\"Tiempo de lectura\" \/>\n\t<meta name=\"twitter:data1\" content=\"1 minuto\" \/>\n<script type=\"application\/ld+json\" class=\"yoast-schema-graph\">{\"@context\":\"https:\/\/schema.org\",\"@graph\":[{\"@type\":\"WebPage\",\"@id\":\"https:\/\/letrame.com\/catalogo\/producto\/blanco-negro-y-dudas\/\",\"url\":\"https:\/\/letrame.com\/catalogo\/producto\/blanco-negro-y-dudas\/\",\"name\":\"Blanco, negro y dudas - Catalogo | Letrame Grupo Editorial\",\"isPartOf\":{\"@id\":\"https:\/\/letrame.com\/catalogo\/#website\"},\"primaryImageOfPage\":{\"@id\":\"https:\/\/letrame.com\/catalogo\/producto\/blanco-negro-y-dudas\/#primaryimage\"},\"image\":{\"@id\":\"https:\/\/letrame.com\/catalogo\/producto\/blanco-negro-y-dudas\/#primaryimage\"},\"thumbnailUrl\":\"https:\/\/letrame.com\/catalogo\/wp-content\/uploads\/2026\/04\/blanconegroydudas_81mm4.jpg\",\"datePublished\":\"2026-04-13T18:22:26+00:00\",\"dateModified\":\"2026-04-13T18:22:27+00:00\",\"breadcrumb\":{\"@id\":\"https:\/\/letrame.com\/catalogo\/producto\/blanco-negro-y-dudas\/#breadcrumb\"},\"inLanguage\":\"es\",\"potentialAction\":[{\"@type\":\"ReadAction\",\"target\":[\"https:\/\/letrame.com\/catalogo\/producto\/blanco-negro-y-dudas\/\"]}]},{\"@type\":\"ImageObject\",\"inLanguage\":\"es\",\"@id\":\"https:\/\/letrame.com\/catalogo\/producto\/blanco-negro-y-dudas\/#primaryimage\",\"url\":\"https:\/\/letrame.com\/catalogo\/wp-content\/uploads\/2026\/04\/blanconegroydudas_81mm4.jpg\",\"contentUrl\":\"https:\/\/letrame.com\/catalogo\/wp-content\/uploads\/2026\/04\/blanconegroydudas_81mm4.jpg\",\"width\":932,\"height\":1323},{\"@type\":\"BreadcrumbList\",\"@id\":\"https:\/\/letrame.com\/catalogo\/producto\/blanco-negro-y-dudas\/#breadcrumb\",\"itemListElement\":[{\"@type\":\"ListItem\",\"position\":1,\"name\":\"Portada\",\"item\":\"https:\/\/letrame.com\/catalogo\/\"},{\"@type\":\"ListItem\",\"position\":2,\"name\":\"Cat\u00e1logo\",\"item\":\"https:\/\/letrame.com\/catalogo\/\"},{\"@type\":\"ListItem\",\"position\":3,\"name\":\"Blanco, negro y dudas\"}]},{\"@type\":\"WebSite\",\"@id\":\"https:\/\/letrame.com\/catalogo\/#website\",\"url\":\"https:\/\/letrame.com\/catalogo\/\",\"name\":\"Catalogo | Letrame Grupo Editorial\",\"description\":\"\",\"publisher\":{\"@id\":\"https:\/\/letrame.com\/catalogo\/#organization\"},\"potentialAction\":[{\"@type\":\"SearchAction\",\"target\":{\"@type\":\"EntryPoint\",\"urlTemplate\":\"https:\/\/letrame.com\/catalogo\/?s={search_term_string}\"},\"query-input\":{\"@type\":\"PropertyValueSpecification\",\"valueRequired\":true,\"valueName\":\"search_term_string\"}}],\"inLanguage\":\"es\"},{\"@type\":\"Organization\",\"@id\":\"https:\/\/letrame.com\/catalogo\/#organization\",\"name\":\"Catalogo | Letrame Grupo Editorial\",\"url\":\"https:\/\/letrame.com\/catalogo\/\",\"logo\":{\"@type\":\"ImageObject\",\"inLanguage\":\"es\",\"@id\":\"https:\/\/letrame.com\/catalogo\/#\/schema\/logo\/image\/\",\"url\":\"https:\/\/letrame.com\/catalogo\/wp-content\/uploads\/2024\/03\/logo2.webp\",\"contentUrl\":\"https:\/\/letrame.com\/catalogo\/wp-content\/uploads\/2024\/03\/logo2.webp\",\"width\":394,\"height\":128,\"caption\":\"Catalogo | Letrame Grupo Editorial\"},\"image\":{\"@id\":\"https:\/\/letrame.com\/catalogo\/#\/schema\/logo\/image\/\"}}]}<\/script>\n<!-- \/ Yoast SEO plugin. -->","yoast_head_json":{"title":"Blanco, negro y dudas - Catalogo | Letrame Grupo Editorial","robots":{"index":"index","follow":"follow","max-snippet":"max-snippet:-1","max-image-preview":"max-image-preview:large","max-video-preview":"max-video-preview:-1"},"canonical":"https:\/\/letrame.com\/catalogo\/producto\/blanco-negro-y-dudas\/","og_locale":"es_ES","og_type":"article","og_title":"Blanco, negro y dudas - Catalogo | Letrame Grupo Editorial","og_description":"ISBN: 9791370297947  SINOPSIS Ligar hoy en d\u00eda ha pasado del cara a cara a las redes sociales. El primer contacto suele ser online, donde la imagen y la forma de escribir son clave. Hay m\u00e1s opciones, es cierto, pero tambi\u00e9n exigen m\u00e1s paciencia\u2026 La conexi\u00f3n emocional muchas veces nace antes de verse en persona, y ligar implica saber comunicar, gestionar silencios y expectativas. Cynthia es una joven arquitecta alicantina con una vida aparentemente estable, hasta que un d\u00eda recibe una solicitud en Instagram que hace tambalear su vida: \u00bfQui\u00e9n es \u00e9l?\u00bfPor qu\u00e9 le ha removido tanto por dentro?\u00bfQu\u00e9 cambios puede traer a su vida?","og_url":"https:\/\/letrame.com\/catalogo\/producto\/blanco-negro-y-dudas\/","og_site_name":"Catalogo | Letrame Grupo Editorial","article_modified_time":"2026-04-13T18:22:27+00:00","og_image":[{"width":932,"height":1323,"url":"https:\/\/letrame.com\/catalogo\/wp-content\/uploads\/2026\/04\/blanconegroydudas_81mm4.jpg","type":"image\/jpeg"}],"twitter_card":"summary_large_image","twitter_misc":{"Tiempo de lectura":"1 minuto"},"schema":{"@context":"https:\/\/schema.org","@graph":[{"@type":"WebPage","@id":"https:\/\/letrame.com\/catalogo\/producto\/blanco-negro-y-dudas\/","url":"https:\/\/letrame.com\/catalogo\/producto\/blanco-negro-y-dudas\/","name":"Blanco, negro y dudas - Catalogo | Letrame Grupo Editorial","isPartOf":{"@id":"https:\/\/letrame.com\/catalogo\/#website"},"primaryImageOfPage":{"@id":"https:\/\/letrame.com\/catalogo\/producto\/blanco-negro-y-dudas\/#primaryimage"},"image":{"@id":"https:\/\/letrame.com\/catalogo\/producto\/blanco-negro-y-dudas\/#primaryimage"},"thumbnailUrl":"https:\/\/letrame.com\/catalogo\/wp-content\/uploads\/2026\/04\/blanconegroydudas_81mm4.jpg","datePublished":"2026-04-13T18:22:26+00:00","dateModified":"2026-04-13T18:22:27+00:00","breadcrumb":{"@id":"https:\/\/letrame.com\/catalogo\/producto\/blanco-negro-y-dudas\/#breadcrumb"},"inLanguage":"es","potentialAction":[{"@type":"ReadAction","target":["https:\/\/letrame.com\/catalogo\/producto\/blanco-negro-y-dudas\/"]}]},{"@type":"ImageObject","inLanguage":"es","@id":"https:\/\/letrame.com\/catalogo\/producto\/blanco-negro-y-dudas\/#primaryimage","url":"https:\/\/letrame.com\/catalogo\/wp-content\/uploads\/2026\/04\/blanconegroydudas_81mm4.jpg","contentUrl":"https:\/\/letrame.com\/catalogo\/wp-content\/uploads\/2026\/04\/blanconegroydudas_81mm4.jpg","width":932,"height":1323},{"@type":"BreadcrumbList","@id":"https:\/\/letrame.com\/catalogo\/producto\/blanco-negro-y-dudas\/#breadcrumb","itemListElement":[{"@type":"ListItem","position":1,"name":"Portada","item":"https:\/\/letrame.com\/catalogo\/"},{"@type":"ListItem","position":2,"name":"Cat\u00e1logo","item":"https:\/\/letrame.com\/catalogo\/"},{"@type":"ListItem","position":3,"name":"Blanco, negro y dudas"}]},{"@type":"WebSite","@id":"https:\/\/letrame.com\/catalogo\/#website","url":"https:\/\/letrame.com\/catalogo\/","name":"Catalogo | Letrame Grupo Editorial","description":"","publisher":{"@id":"https:\/\/letrame.com\/catalogo\/#organization"},"potentialAction":[{"@type":"SearchAction","target":{"@type":"EntryPoint","urlTemplate":"https:\/\/letrame.com\/catalogo\/?s={search_term_string}"},"query-input":{"@type":"PropertyValueSpecification","valueRequired":true,"valueName":"search_term_string"}}],"inLanguage":"es"},{"@type":"Organization","@id":"https:\/\/letrame.com\/catalogo\/#organization","name":"Catalogo | Letrame Grupo Editorial","url":"https:\/\/letrame.com\/catalogo\/","logo":{"@type":"ImageObject","inLanguage":"es","@id":"https:\/\/letrame.com\/catalogo\/#\/schema\/logo\/image\/","url":"https:\/\/letrame.com\/catalogo\/wp-content\/uploads\/2024\/03\/logo2.webp","contentUrl":"https:\/\/letrame.com\/catalogo\/wp-content\/uploads\/2024\/03\/logo2.webp","width":394,"height":128,"caption":"Catalogo | Letrame Grupo Editorial"},"image":{"@id":"https:\/\/letrame.com\/catalogo\/#\/schema\/logo\/image\/"}}]}},"_links":{"self":[{"href":"https:\/\/letrame.com\/catalogo\/wp-json\/wp\/v2\/product\/112105","targetHints":{"allow":["GET"]}}],"collection":[{"href":"https:\/\/letrame.com\/catalogo\/wp-json\/wp\/v2\/product"}],"about":[{"href":"https:\/\/letrame.com\/catalogo\/wp-json\/wp\/v2\/types\/product"}],"replies":[{"embeddable":true,"href":"https:\/\/letrame.com\/catalogo\/wp-json\/wp\/v2\/comments?post=112105"}],"acf:post":[{"embeddable":true,"href":"https:\/\/letrame.com\/catalogo\/wp-json\/wp\/v2\/author_book\/112106"}],"wp:featuredmedia":[{"embeddable":true,"href":"https:\/\/letrame.com\/catalogo\/wp-json\/wp\/v2\/media\/112108"}],"wp:attachment":[{"href":"https:\/\/letrame.com\/catalogo\/wp-json\/wp\/v2\/media?parent=112105"}],"wp:term":[{"taxonomy":"libro","embeddable":true,"href":"https:\/\/letrame.com\/catalogo\/wp-json\/wp\/v2\/libro?post=112105"},{"taxonomy":"product_brand","embeddable":true,"href":"https:\/\/letrame.com\/catalogo\/wp-json\/wp\/v2\/product_brand?post=112105"},{"taxonomy":"product_cat","embeddable":true,"href":"https:\/\/letrame.com\/catalogo\/wp-json\/wp\/v2\/product_cat?post=112105"},{"taxonomy":"product_tag","embeddable":true,"href":"https:\/\/letrame.com\/catalogo\/wp-json\/wp\/v2\/product_tag?post=112105"}],"curies":[{"name":"wp","href":"https:\/\/api.w.org\/{rel}","templated":true}]}}