{"id":112062,"date":"2026-04-13T19:32:43","date_gmt":"2026-04-13T17:32:43","guid":{"rendered":"https:\/\/letrame.com\/catalogo\/?post_type=product&#038;p=112062"},"modified":"2026-04-13T19:32:44","modified_gmt":"2026-04-13T17:32:44","slug":"en-un-lugar-sagrado","status":"publish","type":"product","link":"https:\/\/letrame.com\/catalogo\/producto\/en-un-lugar-sagrado\/","title":{"rendered":"En un lugar sagrado"},"content":{"rendered":"<p><strong>ISBN: 9791370293161<\/strong><br \/>\n<strong>T\u00edtulo: En un lugar sagrado<\/strong><br \/>\n<strong>Fecha: 2026<\/strong><br \/>\n<strong>P\u00e1ginas: 348<\/strong><\/p>\n<p><strong>SINOPSIS<\/strong><\/p>\n<p data-start=\"0\" data-end=\"184\">En la Espa\u00f1a convulsa de la segunda mitad del siglo XX, cinco mujeres de una familia burguesa se enfrentan al peso de las convenciones sociales, los secretos y las pasiones prohibidas.<\/p>\n<p data-start=\"186\" data-end=\"498\">Olga Rey est\u00e1 marcada por la huella del internado, la represi\u00f3n y el exilio, pero tambi\u00e9n por la rebeld\u00eda, la lucidez y una ins\u00f3lita capacidad de resistencia. Olga es periodista y escritora, apasionada y vulnerable; su vida se transforma por la rivalidad con su prima Liliana cuando se enamoran del mismo hombre.<\/p>\n<p data-start=\"500\" data-end=\"611\"><em data-start=\"500\" data-end=\"521\">En un lugar sagrado<\/em> es la historia de mujeres que aman, se equivocan, se enfrentan y, sobre todo, sobreviven.<\/p>\n<p data-start=\"613\" data-end=\"777\" data-is-last-node=\"\" data-is-only-node=\"\">En ese territorio incierto, Olga Rey deber\u00e1 aprender a afrontar sus propios naufragios para transformar las heridas del pasado en memoria, y la memoria en dignidad.<\/p>\n","protected":false},"excerpt":{"rendered":"<p><strong>ISBN: 9791370293161<\/strong><\/p>\n<p><strong>SINOPSIS<\/strong><\/p>\n<p data-start=\"0\" data-end=\"184\">En la Espa\u00f1a convulsa de la segunda mitad del siglo XX, cinco mujeres de una familia burguesa se enfrentan al peso de las convenciones sociales, los secretos y las pasiones prohibidas.<\/p>\n<p data-start=\"186\" data-end=\"498\">Olga Rey est\u00e1 marcada por la huella del internado, la represi\u00f3n y el exilio, pero tambi\u00e9n por la rebeld\u00eda, la lucidez y una ins\u00f3lita capacidad de resistencia. Olga es periodista y escritora, apasionada y vulnerable; su vida se transforma por la rivalidad con su prima Liliana cuando se enamoran del mismo hombre.<\/p>\n<p data-start=\"500\" data-end=\"611\"><em data-start=\"500\" data-end=\"521\">En un lugar sagrado<\/em> es la historia de mujeres que aman, se equivocan, se enfrentan y, sobre todo, sobreviven.<\/p>\n<p data-start=\"613\" data-end=\"777\" data-is-last-node=\"\" data-is-only-node=\"\">En ese territorio incierto, Olga Rey deber\u00e1 aprender a afrontar sus propios naufragios para transformar las heridas del pasado en memoria, y la memoria en dignidad.<\/p>\n","protected":false},"featured_media":112065,"comment_status":"open","ping_status":"closed","template":"","meta":{"_acf_changed":false},"libro":[],"product_brand":[],"product_cat":[141],"product_tag":[],"class_list":{"0":"post-112062","1":"product","2":"type-product","3":"status-publish","4":"has-post-thumbnail","6":"product_cat-ficcion","8":"first","9":"instock","10":"shipping-taxable","11":"product-type-simple"},"acf":{"autor":[112063],"enlace_de_compra":"https:\/\/amzn.to\/48tdRb8"},"yoast_head":"<!-- This site is optimized with the Yoast SEO plugin v26.6 - https:\/\/yoast.com\/wordpress\/plugins\/seo\/ -->\n<title>En un lugar sagrado - Catalogo | Letrame Grupo Editorial<\/title>\n<meta name=\"robots\" content=\"index, follow, max-snippet:-1, max-image-preview:large, max-video-preview:-1\" \/>\n<link rel=\"canonical\" href=\"https:\/\/letrame.com\/catalogo\/producto\/en-un-lugar-sagrado\/\" \/>\n<meta property=\"og:locale\" content=\"es_ES\" \/>\n<meta property=\"og:type\" content=\"article\" \/>\n<meta property=\"og:title\" content=\"En un lugar sagrado - Catalogo | Letrame Grupo Editorial\" \/>\n<meta property=\"og:description\" content=\"ISBN: 9791370293161  SINOPSIS En la Espa\u00f1a convulsa de la segunda mitad del siglo XX, cinco mujeres de una familia burguesa se enfrentan al peso de las convenciones sociales, los secretos y las pasiones prohibidas. Olga Rey est\u00e1 marcada por la huella del internado, la represi\u00f3n y el exilio, pero tambi\u00e9n por la rebeld\u00eda, la lucidez y una ins\u00f3lita capacidad de resistencia. Olga es periodista y escritora, apasionada y vulnerable; su vida se transforma por la rivalidad con su prima Liliana cuando se enamoran del mismo hombre. En un lugar sagrado es la historia de mujeres que aman, se equivocan, se enfrentan y, sobre todo, sobreviven. En ese territorio incierto, Olga Rey deber\u00e1 aprender a afrontar sus propios naufragios para transformar las heridas del pasado en memoria, y la memoria en dignidad.\" \/>\n<meta property=\"og:url\" content=\"https:\/\/letrame.com\/catalogo\/producto\/en-un-lugar-sagrado\/\" \/>\n<meta property=\"og:site_name\" content=\"Catalogo | Letrame Grupo Editorial\" \/>\n<meta property=\"article:modified_time\" content=\"2026-04-13T17:32:44+00:00\" \/>\n<meta property=\"og:image\" content=\"https:\/\/letrame.com\/catalogo\/wp-content\/uploads\/2026\/04\/Enunlugarsagrado_1727mm4.jpg\" \/>\n\t<meta property=\"og:image:width\" content=\"709\" \/>\n\t<meta property=\"og:image:height\" content=\"1039\" \/>\n\t<meta property=\"og:image:type\" content=\"image\/jpeg\" \/>\n<meta name=\"twitter:card\" content=\"summary_large_image\" \/>\n<meta name=\"twitter:label1\" content=\"Tiempo de lectura\" \/>\n\t<meta name=\"twitter:data1\" content=\"1 minuto\" \/>\n<script type=\"application\/ld+json\" class=\"yoast-schema-graph\">{\"@context\":\"https:\/\/schema.org\",\"@graph\":[{\"@type\":\"WebPage\",\"@id\":\"https:\/\/letrame.com\/catalogo\/producto\/en-un-lugar-sagrado\/\",\"url\":\"https:\/\/letrame.com\/catalogo\/producto\/en-un-lugar-sagrado\/\",\"name\":\"En un lugar sagrado - Catalogo | Letrame Grupo Editorial\",\"isPartOf\":{\"@id\":\"https:\/\/letrame.com\/catalogo\/#website\"},\"primaryImageOfPage\":{\"@id\":\"https:\/\/letrame.com\/catalogo\/producto\/en-un-lugar-sagrado\/#primaryimage\"},\"image\":{\"@id\":\"https:\/\/letrame.com\/catalogo\/producto\/en-un-lugar-sagrado\/#primaryimage\"},\"thumbnailUrl\":\"https:\/\/letrame.com\/catalogo\/wp-content\/uploads\/2026\/04\/Enunlugarsagrado_1727mm4.jpg\",\"datePublished\":\"2026-04-13T17:32:43+00:00\",\"dateModified\":\"2026-04-13T17:32:44+00:00\",\"breadcrumb\":{\"@id\":\"https:\/\/letrame.com\/catalogo\/producto\/en-un-lugar-sagrado\/#breadcrumb\"},\"inLanguage\":\"es\",\"potentialAction\":[{\"@type\":\"ReadAction\",\"target\":[\"https:\/\/letrame.com\/catalogo\/producto\/en-un-lugar-sagrado\/\"]}]},{\"@type\":\"ImageObject\",\"inLanguage\":\"es\",\"@id\":\"https:\/\/letrame.com\/catalogo\/producto\/en-un-lugar-sagrado\/#primaryimage\",\"url\":\"https:\/\/letrame.com\/catalogo\/wp-content\/uploads\/2026\/04\/Enunlugarsagrado_1727mm4.jpg\",\"contentUrl\":\"https:\/\/letrame.com\/catalogo\/wp-content\/uploads\/2026\/04\/Enunlugarsagrado_1727mm4.jpg\",\"width\":709,\"height\":1039},{\"@type\":\"BreadcrumbList\",\"@id\":\"https:\/\/letrame.com\/catalogo\/producto\/en-un-lugar-sagrado\/#breadcrumb\",\"itemListElement\":[{\"@type\":\"ListItem\",\"position\":1,\"name\":\"Portada\",\"item\":\"https:\/\/letrame.com\/catalogo\/\"},{\"@type\":\"ListItem\",\"position\":2,\"name\":\"Cat\u00e1logo\",\"item\":\"https:\/\/letrame.com\/catalogo\/\"},{\"@type\":\"ListItem\",\"position\":3,\"name\":\"En un lugar sagrado\"}]},{\"@type\":\"WebSite\",\"@id\":\"https:\/\/letrame.com\/catalogo\/#website\",\"url\":\"https:\/\/letrame.com\/catalogo\/\",\"name\":\"Catalogo | Letrame Grupo Editorial\",\"description\":\"\",\"publisher\":{\"@id\":\"https:\/\/letrame.com\/catalogo\/#organization\"},\"potentialAction\":[{\"@type\":\"SearchAction\",\"target\":{\"@type\":\"EntryPoint\",\"urlTemplate\":\"https:\/\/letrame.com\/catalogo\/?s={search_term_string}\"},\"query-input\":{\"@type\":\"PropertyValueSpecification\",\"valueRequired\":true,\"valueName\":\"search_term_string\"}}],\"inLanguage\":\"es\"},{\"@type\":\"Organization\",\"@id\":\"https:\/\/letrame.com\/catalogo\/#organization\",\"name\":\"Catalogo | Letrame Grupo Editorial\",\"url\":\"https:\/\/letrame.com\/catalogo\/\",\"logo\":{\"@type\":\"ImageObject\",\"inLanguage\":\"es\",\"@id\":\"https:\/\/letrame.com\/catalogo\/#\/schema\/logo\/image\/\",\"url\":\"https:\/\/letrame.com\/catalogo\/wp-content\/uploads\/2024\/03\/logo2.webp\",\"contentUrl\":\"https:\/\/letrame.com\/catalogo\/wp-content\/uploads\/2024\/03\/logo2.webp\",\"width\":394,\"height\":128,\"caption\":\"Catalogo | Letrame Grupo Editorial\"},\"image\":{\"@id\":\"https:\/\/letrame.com\/catalogo\/#\/schema\/logo\/image\/\"}}]}<\/script>\n<!-- \/ Yoast SEO plugin. -->","yoast_head_json":{"title":"En un lugar sagrado - Catalogo | Letrame Grupo Editorial","robots":{"index":"index","follow":"follow","max-snippet":"max-snippet:-1","max-image-preview":"max-image-preview:large","max-video-preview":"max-video-preview:-1"},"canonical":"https:\/\/letrame.com\/catalogo\/producto\/en-un-lugar-sagrado\/","og_locale":"es_ES","og_type":"article","og_title":"En un lugar sagrado - Catalogo | Letrame Grupo Editorial","og_description":"ISBN: 9791370293161  SINOPSIS En la Espa\u00f1a convulsa de la segunda mitad del siglo XX, cinco mujeres de una familia burguesa se enfrentan al peso de las convenciones sociales, los secretos y las pasiones prohibidas. Olga Rey est\u00e1 marcada por la huella del internado, la represi\u00f3n y el exilio, pero tambi\u00e9n por la rebeld\u00eda, la lucidez y una ins\u00f3lita capacidad de resistencia. Olga es periodista y escritora, apasionada y vulnerable; su vida se transforma por la rivalidad con su prima Liliana cuando se enamoran del mismo hombre. En un lugar sagrado es la historia de mujeres que aman, se equivocan, se enfrentan y, sobre todo, sobreviven. En ese territorio incierto, Olga Rey deber\u00e1 aprender a afrontar sus propios naufragios para transformar las heridas del pasado en memoria, y la memoria en dignidad.","og_url":"https:\/\/letrame.com\/catalogo\/producto\/en-un-lugar-sagrado\/","og_site_name":"Catalogo | Letrame Grupo Editorial","article_modified_time":"2026-04-13T17:32:44+00:00","og_image":[{"width":709,"height":1039,"url":"https:\/\/letrame.com\/catalogo\/wp-content\/uploads\/2026\/04\/Enunlugarsagrado_1727mm4.jpg","type":"image\/jpeg"}],"twitter_card":"summary_large_image","twitter_misc":{"Tiempo de lectura":"1 minuto"},"schema":{"@context":"https:\/\/schema.org","@graph":[{"@type":"WebPage","@id":"https:\/\/letrame.com\/catalogo\/producto\/en-un-lugar-sagrado\/","url":"https:\/\/letrame.com\/catalogo\/producto\/en-un-lugar-sagrado\/","name":"En un lugar sagrado - Catalogo | Letrame Grupo Editorial","isPartOf":{"@id":"https:\/\/letrame.com\/catalogo\/#website"},"primaryImageOfPage":{"@id":"https:\/\/letrame.com\/catalogo\/producto\/en-un-lugar-sagrado\/#primaryimage"},"image":{"@id":"https:\/\/letrame.com\/catalogo\/producto\/en-un-lugar-sagrado\/#primaryimage"},"thumbnailUrl":"https:\/\/letrame.com\/catalogo\/wp-content\/uploads\/2026\/04\/Enunlugarsagrado_1727mm4.jpg","datePublished":"2026-04-13T17:32:43+00:00","dateModified":"2026-04-13T17:32:44+00:00","breadcrumb":{"@id":"https:\/\/letrame.com\/catalogo\/producto\/en-un-lugar-sagrado\/#breadcrumb"},"inLanguage":"es","potentialAction":[{"@type":"ReadAction","target":["https:\/\/letrame.com\/catalogo\/producto\/en-un-lugar-sagrado\/"]}]},{"@type":"ImageObject","inLanguage":"es","@id":"https:\/\/letrame.com\/catalogo\/producto\/en-un-lugar-sagrado\/#primaryimage","url":"https:\/\/letrame.com\/catalogo\/wp-content\/uploads\/2026\/04\/Enunlugarsagrado_1727mm4.jpg","contentUrl":"https:\/\/letrame.com\/catalogo\/wp-content\/uploads\/2026\/04\/Enunlugarsagrado_1727mm4.jpg","width":709,"height":1039},{"@type":"BreadcrumbList","@id":"https:\/\/letrame.com\/catalogo\/producto\/en-un-lugar-sagrado\/#breadcrumb","itemListElement":[{"@type":"ListItem","position":1,"name":"Portada","item":"https:\/\/letrame.com\/catalogo\/"},{"@type":"ListItem","position":2,"name":"Cat\u00e1logo","item":"https:\/\/letrame.com\/catalogo\/"},{"@type":"ListItem","position":3,"name":"En un lugar sagrado"}]},{"@type":"WebSite","@id":"https:\/\/letrame.com\/catalogo\/#website","url":"https:\/\/letrame.com\/catalogo\/","name":"Catalogo | Letrame Grupo Editorial","description":"","publisher":{"@id":"https:\/\/letrame.com\/catalogo\/#organization"},"potentialAction":[{"@type":"SearchAction","target":{"@type":"EntryPoint","urlTemplate":"https:\/\/letrame.com\/catalogo\/?s={search_term_string}"},"query-input":{"@type":"PropertyValueSpecification","valueRequired":true,"valueName":"search_term_string"}}],"inLanguage":"es"},{"@type":"Organization","@id":"https:\/\/letrame.com\/catalogo\/#organization","name":"Catalogo | Letrame Grupo Editorial","url":"https:\/\/letrame.com\/catalogo\/","logo":{"@type":"ImageObject","inLanguage":"es","@id":"https:\/\/letrame.com\/catalogo\/#\/schema\/logo\/image\/","url":"https:\/\/letrame.com\/catalogo\/wp-content\/uploads\/2024\/03\/logo2.webp","contentUrl":"https:\/\/letrame.com\/catalogo\/wp-content\/uploads\/2024\/03\/logo2.webp","width":394,"height":128,"caption":"Catalogo | Letrame Grupo Editorial"},"image":{"@id":"https:\/\/letrame.com\/catalogo\/#\/schema\/logo\/image\/"}}]}},"_links":{"self":[{"href":"https:\/\/letrame.com\/catalogo\/wp-json\/wp\/v2\/product\/112062","targetHints":{"allow":["GET"]}}],"collection":[{"href":"https:\/\/letrame.com\/catalogo\/wp-json\/wp\/v2\/product"}],"about":[{"href":"https:\/\/letrame.com\/catalogo\/wp-json\/wp\/v2\/types\/product"}],"replies":[{"embeddable":true,"href":"https:\/\/letrame.com\/catalogo\/wp-json\/wp\/v2\/comments?post=112062"}],"acf:post":[{"embeddable":true,"href":"https:\/\/letrame.com\/catalogo\/wp-json\/wp\/v2\/author_book\/112063"}],"wp:featuredmedia":[{"embeddable":true,"href":"https:\/\/letrame.com\/catalogo\/wp-json\/wp\/v2\/media\/112065"}],"wp:attachment":[{"href":"https:\/\/letrame.com\/catalogo\/wp-json\/wp\/v2\/media?parent=112062"}],"wp:term":[{"taxonomy":"libro","embeddable":true,"href":"https:\/\/letrame.com\/catalogo\/wp-json\/wp\/v2\/libro?post=112062"},{"taxonomy":"product_brand","embeddable":true,"href":"https:\/\/letrame.com\/catalogo\/wp-json\/wp\/v2\/product_brand?post=112062"},{"taxonomy":"product_cat","embeddable":true,"href":"https:\/\/letrame.com\/catalogo\/wp-json\/wp\/v2\/product_cat?post=112062"},{"taxonomy":"product_tag","embeddable":true,"href":"https:\/\/letrame.com\/catalogo\/wp-json\/wp\/v2\/product_tag?post=112062"}],"curies":[{"name":"wp","href":"https:\/\/api.w.org\/{rel}","templated":true}]}}