{"id":111926,"date":"2026-04-13T15:01:44","date_gmt":"2026-04-13T13:01:44","guid":{"rendered":"https:\/\/letrame.com\/catalogo\/?post_type=product&#038;p=111926"},"modified":"2026-04-13T15:01:44","modified_gmt":"2026-04-13T13:01:44","slug":"senderos-tejidos-con-palabras-y-pinceles","status":"publish","type":"product","link":"https:\/\/letrame.com\/catalogo\/producto\/senderos-tejidos-con-palabras-y-pinceles\/","title":{"rendered":"Senderos, Tejidos con palabras y pinceles"},"content":{"rendered":"<p><strong>ISBN: 9791370294861<\/strong><br \/>\n<strong>T\u00edtulo: Senderos, Tejidos con palabras y pinceles<\/strong><br \/>\n<strong>Fecha: 2026<\/strong><br \/>\n<strong>P\u00e1ginas: 94<\/strong><\/p>\n<p><strong>SINOPSIS<\/strong><\/p>\n<p data-start=\"0\" data-end=\"236\">En <em data-start=\"3\" data-end=\"13\">Senderos<\/em> el lector encontrar\u00e1 un tejido l\u00edrico hecho con diversas formas de lo po\u00e9tico, entrelazadas con ilustraciones evocativas de la misma autora. As\u00ed, la trama de palabras y pinceles conjuga sentimientos y vibraciones de color.<\/p>\n<p data-start=\"238\" data-end=\"531\">El libro contiene cuatro partes o senderos. Empieza con el sendero de EROS, donde el amor se expresa en m\u00faltiples facetas, desde un amor por la escritura, sentido al ver las palabras suspirando er\u00f3ticamente en una hoja en blanco, hasta la cima de la ternura o el abismo de la pasi\u00f3n fracasada.<\/p>\n<p data-start=\"533\" data-end=\"892\">Luego viene el sendero de NATURA. Aqu\u00ed, el paisaje y la madre naturaleza nos llevan al nutriente remanso de paz y descanso, hasta el grito de un planeta agitado y herido. M\u00e1s all\u00e1 est\u00e1 el sendero de ENTORNOS, una recopilaci\u00f3n de memorias de ancestros espa\u00f1oles, de situaciones y personajes que han tenido influencia en la creaci\u00f3n de una perspectiva personal.<\/p>\n<p data-start=\"894\" data-end=\"1092\">En el \u00faltimo sendero, el de lo \u00cdNTIMO, nos adentramos en un nivel m\u00e1s profundo, donde lo subconsciente y la realidad recrean sentimientos y emociones de b\u00fasqueda junto a los deseos que nos impulsan.<\/p>\n<p data-start=\"1094\" data-end=\"1209\" data-is-last-node=\"\" data-is-only-node=\"\"><em data-start=\"1094\" data-end=\"1104\">Senderos<\/em> nos otorga no solo recreaci\u00f3n en momentos l\u00edricos, sino tambi\u00e9n el solaz de la catarsis y la renovaci\u00f3n.<\/p>\n","protected":false},"excerpt":{"rendered":"<p><strong>ISBN: 9791370294861<\/strong><\/p>\n<p><strong>SINOPSIS<\/strong><\/p>\n<p data-start=\"0\" data-end=\"236\">En <em data-start=\"3\" data-end=\"13\">Senderos<\/em> el lector encontrar\u00e1 un tejido l\u00edrico hecho con diversas formas de lo po\u00e9tico, entrelazadas con ilustraciones evocativas de la misma autora. As\u00ed, la trama de palabras y pinceles conjuga sentimientos y vibraciones de color.<\/p>\n<p data-start=\"238\" data-end=\"531\">El libro contiene cuatro partes o senderos. Empieza con el sendero de EROS, donde el amor se expresa en m\u00faltiples facetas, desde un amor por la escritura, sentido al ver las palabras suspirando er\u00f3ticamente en una hoja en blanco, hasta la cima de la ternura o el abismo de la pasi\u00f3n fracasada.<\/p>\n<p data-start=\"533\" data-end=\"892\">Luego viene el sendero de NATURA. Aqu\u00ed, el paisaje y la madre naturaleza nos llevan al nutriente remanso de paz y descanso, hasta el grito de un planeta agitado y herido. M\u00e1s all\u00e1 est\u00e1 el sendero de ENTORNOS, una recopilaci\u00f3n de memorias de ancestros espa\u00f1oles, de situaciones y personajes que han tenido influencia en la creaci\u00f3n de una perspectiva personal.<\/p>\n<p data-start=\"894\" data-end=\"1092\">En el \u00faltimo sendero, el de lo \u00cdNTIMO, nos adentramos en un nivel m\u00e1s profundo, donde lo subconsciente y la realidad recrean sentimientos y emociones de b\u00fasqueda junto a los deseos que nos impulsan.<\/p>\n<p data-start=\"1094\" data-end=\"1209\" data-is-last-node=\"\" data-is-only-node=\"\"><em data-start=\"1094\" data-end=\"1104\">Senderos<\/em> nos otorga no solo recreaci\u00f3n en momentos l\u00edricos, sino tambi\u00e9n el solaz de la catarsis y la renovaci\u00f3n.<\/p>\n","protected":false},"featured_media":111930,"comment_status":"open","ping_status":"closed","template":"","meta":{"_acf_changed":false},"libro":[],"product_brand":[],"product_cat":[20],"product_tag":[],"class_list":{"0":"post-111926","1":"product","2":"type-product","3":"status-publish","4":"has-post-thumbnail","6":"product_cat-poesia","8":"first","9":"instock","10":"shipping-taxable","11":"product-type-simple"},"acf":{"autor":[111927],"enlace_de_compra":"https:\/\/www.agapea.com\/libros\/Senderos-9791370294861-i.htm?srsltid=AfmBOopz3THYJZvHtDozzxMelqmgd8sJUgjo4s2YvLHzF8dHxqEO15td"},"yoast_head":"<!-- This site is optimized with the Yoast SEO plugin v26.6 - https:\/\/yoast.com\/wordpress\/plugins\/seo\/ -->\n<title>Senderos, Tejidos con palabras y pinceles - Catalogo | Letrame Grupo Editorial<\/title>\n<meta name=\"robots\" content=\"index, follow, max-snippet:-1, max-image-preview:large, max-video-preview:-1\" \/>\n<link rel=\"canonical\" href=\"https:\/\/letrame.com\/catalogo\/producto\/senderos-tejidos-con-palabras-y-pinceles\/\" \/>\n<meta property=\"og:locale\" content=\"es_ES\" \/>\n<meta property=\"og:type\" content=\"article\" \/>\n<meta property=\"og:title\" content=\"Senderos, Tejidos con palabras y pinceles - Catalogo | Letrame Grupo Editorial\" \/>\n<meta property=\"og:description\" content=\"ISBN: 9791370294861  SINOPSIS En Senderos el lector encontrar\u00e1 un tejido l\u00edrico hecho con diversas formas de lo po\u00e9tico, entrelazadas con ilustraciones evocativas de la misma autora. As\u00ed, la trama de palabras y pinceles conjuga sentimientos y vibraciones de color. El libro contiene cuatro partes o senderos. Empieza con el sendero de EROS, donde el amor se expresa en m\u00faltiples facetas, desde un amor por la escritura, sentido al ver las palabras suspirando er\u00f3ticamente en una hoja en blanco, hasta la cima de la ternura o el abismo de la pasi\u00f3n fracasada. Luego viene el sendero de NATURA. Aqu\u00ed, el paisaje y la madre naturaleza nos llevan al nutriente remanso de paz y descanso, hasta el grito de un planeta agitado y herido. M\u00e1s all\u00e1 est\u00e1 el sendero de ENTORNOS, una recopilaci\u00f3n de memorias de ancestros espa\u00f1oles, de situaciones y personajes que han tenido influencia en la creaci\u00f3n de una perspectiva personal. En el \u00faltimo sendero, el de lo \u00cdNTIMO, nos adentramos en un nivel m\u00e1s profundo, donde lo subconsciente y la realidad recrean sentimientos y emociones de b\u00fasqueda junto a los deseos que nos impulsan. Senderos nos otorga no solo recreaci\u00f3n en momentos l\u00edricos, sino tambi\u00e9n el solaz de la catarsis y la renovaci\u00f3n.\" \/>\n<meta property=\"og:url\" content=\"https:\/\/letrame.com\/catalogo\/producto\/senderos-tejidos-con-palabras-y-pinceles\/\" \/>\n<meta property=\"og:site_name\" content=\"Catalogo | Letrame Grupo Editorial\" \/>\n<meta property=\"og:image\" content=\"https:\/\/letrame.com\/catalogo\/wp-content\/uploads\/2026\/04\/senderos_486mm4-1.jpg\" \/>\n\t<meta property=\"og:image:width\" content=\"524\" \/>\n\t<meta property=\"og:image:height\" content=\"743\" \/>\n\t<meta property=\"og:image:type\" content=\"image\/jpeg\" \/>\n<meta name=\"twitter:card\" content=\"summary_large_image\" \/>\n<meta name=\"twitter:label1\" content=\"Tiempo de lectura\" \/>\n\t<meta name=\"twitter:data1\" content=\"2 minutos\" \/>\n<script type=\"application\/ld+json\" class=\"yoast-schema-graph\">{\"@context\":\"https:\/\/schema.org\",\"@graph\":[{\"@type\":\"WebPage\",\"@id\":\"https:\/\/letrame.com\/catalogo\/producto\/senderos-tejidos-con-palabras-y-pinceles\/\",\"url\":\"https:\/\/letrame.com\/catalogo\/producto\/senderos-tejidos-con-palabras-y-pinceles\/\",\"name\":\"Senderos, Tejidos con palabras y pinceles - Catalogo | Letrame Grupo Editorial\",\"isPartOf\":{\"@id\":\"https:\/\/letrame.com\/catalogo\/#website\"},\"primaryImageOfPage\":{\"@id\":\"https:\/\/letrame.com\/catalogo\/producto\/senderos-tejidos-con-palabras-y-pinceles\/#primaryimage\"},\"image\":{\"@id\":\"https:\/\/letrame.com\/catalogo\/producto\/senderos-tejidos-con-palabras-y-pinceles\/#primaryimage\"},\"thumbnailUrl\":\"https:\/\/letrame.com\/catalogo\/wp-content\/uploads\/2026\/04\/senderos_486mm4-1.jpg\",\"datePublished\":\"2026-04-13T13:01:44+00:00\",\"breadcrumb\":{\"@id\":\"https:\/\/letrame.com\/catalogo\/producto\/senderos-tejidos-con-palabras-y-pinceles\/#breadcrumb\"},\"inLanguage\":\"es\",\"potentialAction\":[{\"@type\":\"ReadAction\",\"target\":[\"https:\/\/letrame.com\/catalogo\/producto\/senderos-tejidos-con-palabras-y-pinceles\/\"]}]},{\"@type\":\"ImageObject\",\"inLanguage\":\"es\",\"@id\":\"https:\/\/letrame.com\/catalogo\/producto\/senderos-tejidos-con-palabras-y-pinceles\/#primaryimage\",\"url\":\"https:\/\/letrame.com\/catalogo\/wp-content\/uploads\/2026\/04\/senderos_486mm4-1.jpg\",\"contentUrl\":\"https:\/\/letrame.com\/catalogo\/wp-content\/uploads\/2026\/04\/senderos_486mm4-1.jpg\",\"width\":524,\"height\":743},{\"@type\":\"BreadcrumbList\",\"@id\":\"https:\/\/letrame.com\/catalogo\/producto\/senderos-tejidos-con-palabras-y-pinceles\/#breadcrumb\",\"itemListElement\":[{\"@type\":\"ListItem\",\"position\":1,\"name\":\"Portada\",\"item\":\"https:\/\/letrame.com\/catalogo\/\"},{\"@type\":\"ListItem\",\"position\":2,\"name\":\"Cat\u00e1logo\",\"item\":\"https:\/\/letrame.com\/catalogo\/\"},{\"@type\":\"ListItem\",\"position\":3,\"name\":\"Senderos, Tejidos con palabras y pinceles\"}]},{\"@type\":\"WebSite\",\"@id\":\"https:\/\/letrame.com\/catalogo\/#website\",\"url\":\"https:\/\/letrame.com\/catalogo\/\",\"name\":\"Catalogo | Letrame Grupo Editorial\",\"description\":\"\",\"publisher\":{\"@id\":\"https:\/\/letrame.com\/catalogo\/#organization\"},\"potentialAction\":[{\"@type\":\"SearchAction\",\"target\":{\"@type\":\"EntryPoint\",\"urlTemplate\":\"https:\/\/letrame.com\/catalogo\/?s={search_term_string}\"},\"query-input\":{\"@type\":\"PropertyValueSpecification\",\"valueRequired\":true,\"valueName\":\"search_term_string\"}}],\"inLanguage\":\"es\"},{\"@type\":\"Organization\",\"@id\":\"https:\/\/letrame.com\/catalogo\/#organization\",\"name\":\"Catalogo | Letrame Grupo Editorial\",\"url\":\"https:\/\/letrame.com\/catalogo\/\",\"logo\":{\"@type\":\"ImageObject\",\"inLanguage\":\"es\",\"@id\":\"https:\/\/letrame.com\/catalogo\/#\/schema\/logo\/image\/\",\"url\":\"https:\/\/letrame.com\/catalogo\/wp-content\/uploads\/2024\/03\/logo2.webp\",\"contentUrl\":\"https:\/\/letrame.com\/catalogo\/wp-content\/uploads\/2024\/03\/logo2.webp\",\"width\":394,\"height\":128,\"caption\":\"Catalogo | Letrame Grupo Editorial\"},\"image\":{\"@id\":\"https:\/\/letrame.com\/catalogo\/#\/schema\/logo\/image\/\"}}]}<\/script>\n<!-- \/ Yoast SEO plugin. -->","yoast_head_json":{"title":"Senderos, Tejidos con palabras y pinceles - Catalogo | Letrame Grupo Editorial","robots":{"index":"index","follow":"follow","max-snippet":"max-snippet:-1","max-image-preview":"max-image-preview:large","max-video-preview":"max-video-preview:-1"},"canonical":"https:\/\/letrame.com\/catalogo\/producto\/senderos-tejidos-con-palabras-y-pinceles\/","og_locale":"es_ES","og_type":"article","og_title":"Senderos, Tejidos con palabras y pinceles - Catalogo | Letrame Grupo Editorial","og_description":"ISBN: 9791370294861  SINOPSIS En Senderos el lector encontrar\u00e1 un tejido l\u00edrico hecho con diversas formas de lo po\u00e9tico, entrelazadas con ilustraciones evocativas de la misma autora. As\u00ed, la trama de palabras y pinceles conjuga sentimientos y vibraciones de color. El libro contiene cuatro partes o senderos. Empieza con el sendero de EROS, donde el amor se expresa en m\u00faltiples facetas, desde un amor por la escritura, sentido al ver las palabras suspirando er\u00f3ticamente en una hoja en blanco, hasta la cima de la ternura o el abismo de la pasi\u00f3n fracasada. Luego viene el sendero de NATURA. Aqu\u00ed, el paisaje y la madre naturaleza nos llevan al nutriente remanso de paz y descanso, hasta el grito de un planeta agitado y herido. M\u00e1s all\u00e1 est\u00e1 el sendero de ENTORNOS, una recopilaci\u00f3n de memorias de ancestros espa\u00f1oles, de situaciones y personajes que han tenido influencia en la creaci\u00f3n de una perspectiva personal. En el \u00faltimo sendero, el de lo \u00cdNTIMO, nos adentramos en un nivel m\u00e1s profundo, donde lo subconsciente y la realidad recrean sentimientos y emociones de b\u00fasqueda junto a los deseos que nos impulsan. Senderos nos otorga no solo recreaci\u00f3n en momentos l\u00edricos, sino tambi\u00e9n el solaz de la catarsis y la renovaci\u00f3n.","og_url":"https:\/\/letrame.com\/catalogo\/producto\/senderos-tejidos-con-palabras-y-pinceles\/","og_site_name":"Catalogo | Letrame Grupo Editorial","og_image":[{"width":524,"height":743,"url":"https:\/\/letrame.com\/catalogo\/wp-content\/uploads\/2026\/04\/senderos_486mm4-1.jpg","type":"image\/jpeg"}],"twitter_card":"summary_large_image","twitter_misc":{"Tiempo de lectura":"2 minutos"},"schema":{"@context":"https:\/\/schema.org","@graph":[{"@type":"WebPage","@id":"https:\/\/letrame.com\/catalogo\/producto\/senderos-tejidos-con-palabras-y-pinceles\/","url":"https:\/\/letrame.com\/catalogo\/producto\/senderos-tejidos-con-palabras-y-pinceles\/","name":"Senderos, Tejidos con palabras y pinceles - Catalogo | Letrame Grupo Editorial","isPartOf":{"@id":"https:\/\/letrame.com\/catalogo\/#website"},"primaryImageOfPage":{"@id":"https:\/\/letrame.com\/catalogo\/producto\/senderos-tejidos-con-palabras-y-pinceles\/#primaryimage"},"image":{"@id":"https:\/\/letrame.com\/catalogo\/producto\/senderos-tejidos-con-palabras-y-pinceles\/#primaryimage"},"thumbnailUrl":"https:\/\/letrame.com\/catalogo\/wp-content\/uploads\/2026\/04\/senderos_486mm4-1.jpg","datePublished":"2026-04-13T13:01:44+00:00","breadcrumb":{"@id":"https:\/\/letrame.com\/catalogo\/producto\/senderos-tejidos-con-palabras-y-pinceles\/#breadcrumb"},"inLanguage":"es","potentialAction":[{"@type":"ReadAction","target":["https:\/\/letrame.com\/catalogo\/producto\/senderos-tejidos-con-palabras-y-pinceles\/"]}]},{"@type":"ImageObject","inLanguage":"es","@id":"https:\/\/letrame.com\/catalogo\/producto\/senderos-tejidos-con-palabras-y-pinceles\/#primaryimage","url":"https:\/\/letrame.com\/catalogo\/wp-content\/uploads\/2026\/04\/senderos_486mm4-1.jpg","contentUrl":"https:\/\/letrame.com\/catalogo\/wp-content\/uploads\/2026\/04\/senderos_486mm4-1.jpg","width":524,"height":743},{"@type":"BreadcrumbList","@id":"https:\/\/letrame.com\/catalogo\/producto\/senderos-tejidos-con-palabras-y-pinceles\/#breadcrumb","itemListElement":[{"@type":"ListItem","position":1,"name":"Portada","item":"https:\/\/letrame.com\/catalogo\/"},{"@type":"ListItem","position":2,"name":"Cat\u00e1logo","item":"https:\/\/letrame.com\/catalogo\/"},{"@type":"ListItem","position":3,"name":"Senderos, Tejidos con palabras y pinceles"}]},{"@type":"WebSite","@id":"https:\/\/letrame.com\/catalogo\/#website","url":"https:\/\/letrame.com\/catalogo\/","name":"Catalogo | Letrame Grupo Editorial","description":"","publisher":{"@id":"https:\/\/letrame.com\/catalogo\/#organization"},"potentialAction":[{"@type":"SearchAction","target":{"@type":"EntryPoint","urlTemplate":"https:\/\/letrame.com\/catalogo\/?s={search_term_string}"},"query-input":{"@type":"PropertyValueSpecification","valueRequired":true,"valueName":"search_term_string"}}],"inLanguage":"es"},{"@type":"Organization","@id":"https:\/\/letrame.com\/catalogo\/#organization","name":"Catalogo | Letrame Grupo Editorial","url":"https:\/\/letrame.com\/catalogo\/","logo":{"@type":"ImageObject","inLanguage":"es","@id":"https:\/\/letrame.com\/catalogo\/#\/schema\/logo\/image\/","url":"https:\/\/letrame.com\/catalogo\/wp-content\/uploads\/2024\/03\/logo2.webp","contentUrl":"https:\/\/letrame.com\/catalogo\/wp-content\/uploads\/2024\/03\/logo2.webp","width":394,"height":128,"caption":"Catalogo | Letrame Grupo Editorial"},"image":{"@id":"https:\/\/letrame.com\/catalogo\/#\/schema\/logo\/image\/"}}]}},"_links":{"self":[{"href":"https:\/\/letrame.com\/catalogo\/wp-json\/wp\/v2\/product\/111926","targetHints":{"allow":["GET"]}}],"collection":[{"href":"https:\/\/letrame.com\/catalogo\/wp-json\/wp\/v2\/product"}],"about":[{"href":"https:\/\/letrame.com\/catalogo\/wp-json\/wp\/v2\/types\/product"}],"replies":[{"embeddable":true,"href":"https:\/\/letrame.com\/catalogo\/wp-json\/wp\/v2\/comments?post=111926"}],"acf:post":[{"embeddable":true,"href":"https:\/\/letrame.com\/catalogo\/wp-json\/wp\/v2\/author_book\/111927"}],"wp:featuredmedia":[{"embeddable":true,"href":"https:\/\/letrame.com\/catalogo\/wp-json\/wp\/v2\/media\/111930"}],"wp:attachment":[{"href":"https:\/\/letrame.com\/catalogo\/wp-json\/wp\/v2\/media?parent=111926"}],"wp:term":[{"taxonomy":"libro","embeddable":true,"href":"https:\/\/letrame.com\/catalogo\/wp-json\/wp\/v2\/libro?post=111926"},{"taxonomy":"product_brand","embeddable":true,"href":"https:\/\/letrame.com\/catalogo\/wp-json\/wp\/v2\/product_brand?post=111926"},{"taxonomy":"product_cat","embeddable":true,"href":"https:\/\/letrame.com\/catalogo\/wp-json\/wp\/v2\/product_cat?post=111926"},{"taxonomy":"product_tag","embeddable":true,"href":"https:\/\/letrame.com\/catalogo\/wp-json\/wp\/v2\/product_tag?post=111926"}],"curies":[{"name":"wp","href":"https:\/\/api.w.org\/{rel}","templated":true}]}}