{"id":111812,"date":"2026-04-10T14:08:04","date_gmt":"2026-04-10T12:08:04","guid":{"rendered":"https:\/\/letrame.com\/catalogo\/?post_type=product&#038;p=111812"},"modified":"2026-04-10T14:08:05","modified_gmt":"2026-04-10T12:08:05","slug":"acuario","status":"publish","type":"product","link":"https:\/\/letrame.com\/catalogo\/producto\/acuario\/","title":{"rendered":"Acuario"},"content":{"rendered":"<p class=\"p1\"><b>ISBN: 9791370291389<\/b><b><\/b><\/p>\n<p class=\"p1\"><b>T\u00edtulo: Acuario<\/b><br \/>\n<b>Fecha: 2025<\/b><br \/>\n<b>P\u00e1ginas: 142<\/b><b><\/b><\/p>\n<p class=\"p1\"><b>SINOPSIS<\/b><\/p>\n<p class=\"p1\">Este es un relato de un tiempo ca\u00f3tico en el cono sur de Sudam\u00e9rica.<\/p>\n<p class=\"p1\">Es la etapa del Gobierno f\u00e9rreo del Comunismo en Chile el cual lleva finalmente a un desenlace brutal de un Golpe militar, sangriento y represivo. En Chile entonces se encuentran fuerzas de un odio y una cat\u00e1strofe que es solo cuesti\u00f3n de tiempo para muchos ciudadanos de otros pa\u00edses, peruanos, bolivianos, norteamericanos se enreden en la trama&#8230; Todo el pa\u00eds estaba en una situaci\u00f3n de terror. Los norteamericanos llegaron a disfrutar y llevarse del pa\u00eds lo que pudiera, ya que la \u00fanica moneda estable era el d\u00f3lar. Todas estas gentes viv\u00edan apenas al borde la vida, ya que en cualquier d\u00eda podr\u00eda empezar una Guerra Civil o un Golpe de Estado militar. Las cosas no ten\u00edan un valor espec\u00edfico.<\/p>\n<p class=\"p1\">Val\u00edan lo que val\u00eda el d\u00f3lar. Y este grupo se entreg\u00f3 a un modo sibaritico a una vida, de excesos, lujuria, descalabro y sobretodo, angustia&#8230; Lo \u00fanico que prevalec\u00eda era la voracidad de la confusi\u00f3n&#8230; Varias gentes lograron salir del pa\u00eds antes del enfrentamiento final.<\/p>\n<p class=\"p1\">Hab\u00edan encontrado que lo m\u00e1s valioso se daba en Bolivia y Per\u00fa; la coca, donde unos pocos fueron a sus fuentes de cultivo en la cadena monta\u00f1osa de Los Andes. Este relato define la locura de estos viajes a las y en las monta\u00f1as. La avidez por conseguir coca y la urgente necesidad de salir con vida de esas alturas, su ignorancia de estas tierras que despertaron su amor por la vida, sus emociones, su lascivia y sus mismas vidas. Los ciudadanos norteamericanos, lograron arrancar de estos hechos antes del Golpe militar. Varios de ellos viv\u00edan en California, en San Francisco.<\/p>\n<p class=\"p1\">En esos tiempos San Francisco era la cuna del Summer of Love, la \u00e9poca hippie, el nido de la felicidad y la expresi\u00f3n de todos los sentimientos y placeres&#8230; En San Francisco conocieron en carne propia el terror del HIV, que los llev\u00f3 al \u00faltimo supremo terror de contemplar el abrupto fin de sus vidas&#8230;<\/p>\n","protected":false},"excerpt":{"rendered":"<p class=\"p1\"><b>ISBN: 9791370291389<\/b><b><\/b><\/p>\n<p class=\"p1\"><b>SINOPSIS<\/b><\/p>\n<p class=\"p1\">Este es un relato de un tiempo ca\u00f3tico en el cono sur de Sudam\u00e9rica.<\/p>\n<p class=\"p1\">Es la etapa del Gobierno f\u00e9rreo del Comunismo en Chile el cual lleva finalmente a un desenlace brutal de un Golpe militar, sangriento y represivo. En Chile entonces se encuentran fuerzas de un odio y una cat\u00e1strofe que es solo cuesti\u00f3n de tiempo para muchos ciudadanos de otros pa\u00edses, peruanos, bolivianos, norteamericanos se enreden en la trama&#8230; Todo el pa\u00eds estaba en una situaci\u00f3n de terror. Los norteamericanos llegaron a disfrutar y llevarse del pa\u00eds lo que pudiera, ya que la \u00fanica moneda estable era el d\u00f3lar. Todas estas gentes viv\u00edan apenas al borde la vida, ya que en cualquier d\u00eda podr\u00eda empezar una Guerra Civil o un Golpe de Estado militar. Las cosas no ten\u00edan un valor espec\u00edfico.<\/p>\n<p class=\"p1\">Val\u00edan lo que val\u00eda el d\u00f3lar. Y este grupo se entreg\u00f3 a un modo sibaritico a una vida, de excesos, lujuria, descalabro y sobretodo, angustia&#8230; Lo \u00fanico que prevalec\u00eda era la voracidad de la confusi\u00f3n&#8230; Varias gentes lograron salir del pa\u00eds antes del enfrentamiento final.<\/p>\n<p class=\"p1\">Hab\u00edan encontrado que lo m\u00e1s valioso se daba en Bolivia y Per\u00fa; la coca, donde unos pocos fueron a sus fuentes de cultivo en la cadena monta\u00f1osa de Los Andes. Este relato define la locura de estos viajes a las y en las monta\u00f1as. La avidez por conseguir coca y la urgente necesidad de salir con vida de esas alturas, su ignorancia de estas tierras que despertaron su amor por la vida, sus emociones, su lascivia y sus mismas vidas. Los ciudadanos norteamericanos, lograron arrancar de estos hechos antes del Golpe militar. Varios de ellos viv\u00edan en California, en San Francisco.<\/p>\n<p class=\"p1\">En esos tiempos San Francisco era la cuna del Summer of Love, la \u00e9poca hippie, el nido de la felicidad y la expresi\u00f3n de todos los sentimientos y placeres&#8230; En San Francisco conocieron en carne propia el terror del HIV, que los llev\u00f3 al \u00faltimo supremo terror de contemplar el abrupto fin de sus vidas&#8230;<\/p>\n","protected":false},"featured_media":111816,"comment_status":"open","ping_status":"closed","template":"","meta":{"_acf_changed":false},"libro":[],"product_brand":[],"product_cat":[141],"product_tag":[],"class_list":{"0":"post-111812","1":"product","2":"type-product","3":"status-publish","4":"has-post-thumbnail","6":"product_cat-ficcion","8":"first","9":"instock","10":"shipping-taxable","11":"product-type-simple"},"acf":{"autor":[111813],"enlace_de_compra":"https:\/\/amzn.to\/4dAaVwT"},"yoast_head":"<!-- This site is optimized with the Yoast SEO plugin v26.6 - https:\/\/yoast.com\/wordpress\/plugins\/seo\/ -->\n<title>Acuario - Catalogo | Letrame Grupo Editorial<\/title>\n<meta name=\"robots\" content=\"index, follow, max-snippet:-1, max-image-preview:large, max-video-preview:-1\" \/>\n<link rel=\"canonical\" href=\"https:\/\/letrame.com\/catalogo\/producto\/acuario\/\" \/>\n<meta property=\"og:locale\" content=\"es_ES\" \/>\n<meta property=\"og:type\" content=\"article\" \/>\n<meta property=\"og:title\" content=\"Acuario - Catalogo | Letrame Grupo Editorial\" \/>\n<meta property=\"og:description\" content=\"ISBN: 9791370291389 SINOPSIS Este es un relato de un tiempo ca\u00f3tico en el cono sur de Sudam\u00e9rica. Es la etapa del Gobierno f\u00e9rreo del Comunismo en Chile el cual lleva finalmente a un desenlace brutal de un Golpe militar, sangriento y represivo. En Chile entonces se encuentran fuerzas de un odio y una cat\u00e1strofe que es solo cuesti\u00f3n de tiempo para muchos ciudadanos de otros pa\u00edses, peruanos, bolivianos, norteamericanos se enreden en la trama... Todo el pa\u00eds estaba en una situaci\u00f3n de terror. Los norteamericanos llegaron a disfrutar y llevarse del pa\u00eds lo que pudiera, ya que la \u00fanica moneda estable era el d\u00f3lar. Todas estas gentes viv\u00edan apenas al borde la vida, ya que en cualquier d\u00eda podr\u00eda empezar una Guerra Civil o un Golpe de Estado militar. Las cosas no ten\u00edan un valor espec\u00edfico. Val\u00edan lo que val\u00eda el d\u00f3lar. Y este grupo se entreg\u00f3 a un modo sibaritico a una vida, de excesos, lujuria, descalabro y sobretodo, angustia... Lo \u00fanico que prevalec\u00eda era la voracidad de la confusi\u00f3n... Varias gentes lograron salir del pa\u00eds antes del enfrentamiento final. Hab\u00edan encontrado que lo m\u00e1s valioso se daba en Bolivia y Per\u00fa; la coca, donde unos pocos fueron a sus fuentes de cultivo en la cadena monta\u00f1osa de Los Andes. Este relato define la locura de estos viajes a las y en las monta\u00f1as. La avidez por conseguir coca y la urgente necesidad de salir con vida de esas alturas, su ignorancia de estas tierras que despertaron su amor por la vida, sus emociones, su lascivia y sus mismas vidas. Los ciudadanos norteamericanos, lograron arrancar de estos hechos antes del Golpe militar. Varios de ellos viv\u00edan en California, en San Francisco. En esos tiempos San Francisco era la cuna del Summer of Love, la \u00e9poca hippie, el nido de la felicidad y la expresi\u00f3n de todos los sentimientos y placeres... En San Francisco conocieron en carne propia el terror del HIV, que los llev\u00f3 al \u00faltimo supremo terror de contemplar el abrupto fin de sus vidas...\" \/>\n<meta property=\"og:url\" content=\"https:\/\/letrame.com\/catalogo\/producto\/acuario\/\" \/>\n<meta property=\"og:site_name\" content=\"Catalogo | Letrame Grupo Editorial\" \/>\n<meta property=\"article:modified_time\" content=\"2026-04-10T12:08:05+00:00\" \/>\n<meta property=\"og:image\" content=\"https:\/\/letrame.com\/catalogo\/wp-content\/uploads\/2026\/04\/acuario_733mm4.jpg\" \/>\n\t<meta property=\"og:image:width\" content=\"886\" \/>\n\t<meta property=\"og:image:height\" content=\"1240\" \/>\n\t<meta property=\"og:image:type\" content=\"image\/jpeg\" \/>\n<meta name=\"twitter:card\" content=\"summary_large_image\" \/>\n<meta name=\"twitter:label1\" content=\"Tiempo de lectura\" \/>\n\t<meta name=\"twitter:data1\" content=\"2 minutos\" \/>\n<script type=\"application\/ld+json\" class=\"yoast-schema-graph\">{\"@context\":\"https:\/\/schema.org\",\"@graph\":[{\"@type\":\"WebPage\",\"@id\":\"https:\/\/letrame.com\/catalogo\/producto\/acuario\/\",\"url\":\"https:\/\/letrame.com\/catalogo\/producto\/acuario\/\",\"name\":\"Acuario - Catalogo | Letrame Grupo Editorial\",\"isPartOf\":{\"@id\":\"https:\/\/letrame.com\/catalogo\/#website\"},\"primaryImageOfPage\":{\"@id\":\"https:\/\/letrame.com\/catalogo\/producto\/acuario\/#primaryimage\"},\"image\":{\"@id\":\"https:\/\/letrame.com\/catalogo\/producto\/acuario\/#primaryimage\"},\"thumbnailUrl\":\"https:\/\/letrame.com\/catalogo\/wp-content\/uploads\/2026\/04\/acuario_733mm4.jpg\",\"datePublished\":\"2026-04-10T12:08:04+00:00\",\"dateModified\":\"2026-04-10T12:08:05+00:00\",\"breadcrumb\":{\"@id\":\"https:\/\/letrame.com\/catalogo\/producto\/acuario\/#breadcrumb\"},\"inLanguage\":\"es\",\"potentialAction\":[{\"@type\":\"ReadAction\",\"target\":[\"https:\/\/letrame.com\/catalogo\/producto\/acuario\/\"]}]},{\"@type\":\"ImageObject\",\"inLanguage\":\"es\",\"@id\":\"https:\/\/letrame.com\/catalogo\/producto\/acuario\/#primaryimage\",\"url\":\"https:\/\/letrame.com\/catalogo\/wp-content\/uploads\/2026\/04\/acuario_733mm4.jpg\",\"contentUrl\":\"https:\/\/letrame.com\/catalogo\/wp-content\/uploads\/2026\/04\/acuario_733mm4.jpg\",\"width\":886,\"height\":1240},{\"@type\":\"BreadcrumbList\",\"@id\":\"https:\/\/letrame.com\/catalogo\/producto\/acuario\/#breadcrumb\",\"itemListElement\":[{\"@type\":\"ListItem\",\"position\":1,\"name\":\"Portada\",\"item\":\"https:\/\/letrame.com\/catalogo\/\"},{\"@type\":\"ListItem\",\"position\":2,\"name\":\"Cat\u00e1logo\",\"item\":\"https:\/\/letrame.com\/catalogo\/\"},{\"@type\":\"ListItem\",\"position\":3,\"name\":\"Acuario\"}]},{\"@type\":\"WebSite\",\"@id\":\"https:\/\/letrame.com\/catalogo\/#website\",\"url\":\"https:\/\/letrame.com\/catalogo\/\",\"name\":\"Catalogo | Letrame Grupo Editorial\",\"description\":\"\",\"publisher\":{\"@id\":\"https:\/\/letrame.com\/catalogo\/#organization\"},\"potentialAction\":[{\"@type\":\"SearchAction\",\"target\":{\"@type\":\"EntryPoint\",\"urlTemplate\":\"https:\/\/letrame.com\/catalogo\/?s={search_term_string}\"},\"query-input\":{\"@type\":\"PropertyValueSpecification\",\"valueRequired\":true,\"valueName\":\"search_term_string\"}}],\"inLanguage\":\"es\"},{\"@type\":\"Organization\",\"@id\":\"https:\/\/letrame.com\/catalogo\/#organization\",\"name\":\"Catalogo | Letrame Grupo Editorial\",\"url\":\"https:\/\/letrame.com\/catalogo\/\",\"logo\":{\"@type\":\"ImageObject\",\"inLanguage\":\"es\",\"@id\":\"https:\/\/letrame.com\/catalogo\/#\/schema\/logo\/image\/\",\"url\":\"https:\/\/letrame.com\/catalogo\/wp-content\/uploads\/2024\/03\/logo2.webp\",\"contentUrl\":\"https:\/\/letrame.com\/catalogo\/wp-content\/uploads\/2024\/03\/logo2.webp\",\"width\":394,\"height\":128,\"caption\":\"Catalogo | Letrame Grupo Editorial\"},\"image\":{\"@id\":\"https:\/\/letrame.com\/catalogo\/#\/schema\/logo\/image\/\"}}]}<\/script>\n<!-- \/ Yoast SEO plugin. -->","yoast_head_json":{"title":"Acuario - Catalogo | Letrame Grupo Editorial","robots":{"index":"index","follow":"follow","max-snippet":"max-snippet:-1","max-image-preview":"max-image-preview:large","max-video-preview":"max-video-preview:-1"},"canonical":"https:\/\/letrame.com\/catalogo\/producto\/acuario\/","og_locale":"es_ES","og_type":"article","og_title":"Acuario - Catalogo | Letrame Grupo Editorial","og_description":"ISBN: 9791370291389 SINOPSIS Este es un relato de un tiempo ca\u00f3tico en el cono sur de Sudam\u00e9rica. Es la etapa del Gobierno f\u00e9rreo del Comunismo en Chile el cual lleva finalmente a un desenlace brutal de un Golpe militar, sangriento y represivo. En Chile entonces se encuentran fuerzas de un odio y una cat\u00e1strofe que es solo cuesti\u00f3n de tiempo para muchos ciudadanos de otros pa\u00edses, peruanos, bolivianos, norteamericanos se enreden en la trama... Todo el pa\u00eds estaba en una situaci\u00f3n de terror. Los norteamericanos llegaron a disfrutar y llevarse del pa\u00eds lo que pudiera, ya que la \u00fanica moneda estable era el d\u00f3lar. Todas estas gentes viv\u00edan apenas al borde la vida, ya que en cualquier d\u00eda podr\u00eda empezar una Guerra Civil o un Golpe de Estado militar. Las cosas no ten\u00edan un valor espec\u00edfico. Val\u00edan lo que val\u00eda el d\u00f3lar. Y este grupo se entreg\u00f3 a un modo sibaritico a una vida, de excesos, lujuria, descalabro y sobretodo, angustia... Lo \u00fanico que prevalec\u00eda era la voracidad de la confusi\u00f3n... Varias gentes lograron salir del pa\u00eds antes del enfrentamiento final. Hab\u00edan encontrado que lo m\u00e1s valioso se daba en Bolivia y Per\u00fa; la coca, donde unos pocos fueron a sus fuentes de cultivo en la cadena monta\u00f1osa de Los Andes. Este relato define la locura de estos viajes a las y en las monta\u00f1as. La avidez por conseguir coca y la urgente necesidad de salir con vida de esas alturas, su ignorancia de estas tierras que despertaron su amor por la vida, sus emociones, su lascivia y sus mismas vidas. Los ciudadanos norteamericanos, lograron arrancar de estos hechos antes del Golpe militar. Varios de ellos viv\u00edan en California, en San Francisco. En esos tiempos San Francisco era la cuna del Summer of Love, la \u00e9poca hippie, el nido de la felicidad y la expresi\u00f3n de todos los sentimientos y placeres... En San Francisco conocieron en carne propia el terror del HIV, que los llev\u00f3 al \u00faltimo supremo terror de contemplar el abrupto fin de sus vidas...","og_url":"https:\/\/letrame.com\/catalogo\/producto\/acuario\/","og_site_name":"Catalogo | Letrame Grupo Editorial","article_modified_time":"2026-04-10T12:08:05+00:00","og_image":[{"width":886,"height":1240,"url":"https:\/\/letrame.com\/catalogo\/wp-content\/uploads\/2026\/04\/acuario_733mm4.jpg","type":"image\/jpeg"}],"twitter_card":"summary_large_image","twitter_misc":{"Tiempo de lectura":"2 minutos"},"schema":{"@context":"https:\/\/schema.org","@graph":[{"@type":"WebPage","@id":"https:\/\/letrame.com\/catalogo\/producto\/acuario\/","url":"https:\/\/letrame.com\/catalogo\/producto\/acuario\/","name":"Acuario - Catalogo | Letrame Grupo Editorial","isPartOf":{"@id":"https:\/\/letrame.com\/catalogo\/#website"},"primaryImageOfPage":{"@id":"https:\/\/letrame.com\/catalogo\/producto\/acuario\/#primaryimage"},"image":{"@id":"https:\/\/letrame.com\/catalogo\/producto\/acuario\/#primaryimage"},"thumbnailUrl":"https:\/\/letrame.com\/catalogo\/wp-content\/uploads\/2026\/04\/acuario_733mm4.jpg","datePublished":"2026-04-10T12:08:04+00:00","dateModified":"2026-04-10T12:08:05+00:00","breadcrumb":{"@id":"https:\/\/letrame.com\/catalogo\/producto\/acuario\/#breadcrumb"},"inLanguage":"es","potentialAction":[{"@type":"ReadAction","target":["https:\/\/letrame.com\/catalogo\/producto\/acuario\/"]}]},{"@type":"ImageObject","inLanguage":"es","@id":"https:\/\/letrame.com\/catalogo\/producto\/acuario\/#primaryimage","url":"https:\/\/letrame.com\/catalogo\/wp-content\/uploads\/2026\/04\/acuario_733mm4.jpg","contentUrl":"https:\/\/letrame.com\/catalogo\/wp-content\/uploads\/2026\/04\/acuario_733mm4.jpg","width":886,"height":1240},{"@type":"BreadcrumbList","@id":"https:\/\/letrame.com\/catalogo\/producto\/acuario\/#breadcrumb","itemListElement":[{"@type":"ListItem","position":1,"name":"Portada","item":"https:\/\/letrame.com\/catalogo\/"},{"@type":"ListItem","position":2,"name":"Cat\u00e1logo","item":"https:\/\/letrame.com\/catalogo\/"},{"@type":"ListItem","position":3,"name":"Acuario"}]},{"@type":"WebSite","@id":"https:\/\/letrame.com\/catalogo\/#website","url":"https:\/\/letrame.com\/catalogo\/","name":"Catalogo | Letrame Grupo Editorial","description":"","publisher":{"@id":"https:\/\/letrame.com\/catalogo\/#organization"},"potentialAction":[{"@type":"SearchAction","target":{"@type":"EntryPoint","urlTemplate":"https:\/\/letrame.com\/catalogo\/?s={search_term_string}"},"query-input":{"@type":"PropertyValueSpecification","valueRequired":true,"valueName":"search_term_string"}}],"inLanguage":"es"},{"@type":"Organization","@id":"https:\/\/letrame.com\/catalogo\/#organization","name":"Catalogo | Letrame Grupo Editorial","url":"https:\/\/letrame.com\/catalogo\/","logo":{"@type":"ImageObject","inLanguage":"es","@id":"https:\/\/letrame.com\/catalogo\/#\/schema\/logo\/image\/","url":"https:\/\/letrame.com\/catalogo\/wp-content\/uploads\/2024\/03\/logo2.webp","contentUrl":"https:\/\/letrame.com\/catalogo\/wp-content\/uploads\/2024\/03\/logo2.webp","width":394,"height":128,"caption":"Catalogo | Letrame Grupo Editorial"},"image":{"@id":"https:\/\/letrame.com\/catalogo\/#\/schema\/logo\/image\/"}}]}},"_links":{"self":[{"href":"https:\/\/letrame.com\/catalogo\/wp-json\/wp\/v2\/product\/111812","targetHints":{"allow":["GET"]}}],"collection":[{"href":"https:\/\/letrame.com\/catalogo\/wp-json\/wp\/v2\/product"}],"about":[{"href":"https:\/\/letrame.com\/catalogo\/wp-json\/wp\/v2\/types\/product"}],"replies":[{"embeddable":true,"href":"https:\/\/letrame.com\/catalogo\/wp-json\/wp\/v2\/comments?post=111812"}],"acf:post":[{"embeddable":true,"href":"https:\/\/letrame.com\/catalogo\/wp-json\/wp\/v2\/author_book\/111813"}],"wp:featuredmedia":[{"embeddable":true,"href":"https:\/\/letrame.com\/catalogo\/wp-json\/wp\/v2\/media\/111816"}],"wp:attachment":[{"href":"https:\/\/letrame.com\/catalogo\/wp-json\/wp\/v2\/media?parent=111812"}],"wp:term":[{"taxonomy":"libro","embeddable":true,"href":"https:\/\/letrame.com\/catalogo\/wp-json\/wp\/v2\/libro?post=111812"},{"taxonomy":"product_brand","embeddable":true,"href":"https:\/\/letrame.com\/catalogo\/wp-json\/wp\/v2\/product_brand?post=111812"},{"taxonomy":"product_cat","embeddable":true,"href":"https:\/\/letrame.com\/catalogo\/wp-json\/wp\/v2\/product_cat?post=111812"},{"taxonomy":"product_tag","embeddable":true,"href":"https:\/\/letrame.com\/catalogo\/wp-json\/wp\/v2\/product_tag?post=111812"}],"curies":[{"name":"wp","href":"https:\/\/api.w.org\/{rel}","templated":true}]}}