{"id":111807,"date":"2026-04-10T14:02:23","date_gmt":"2026-04-10T12:02:23","guid":{"rendered":"https:\/\/letrame.com\/catalogo\/?post_type=product&#038;p=111807"},"modified":"2026-04-10T14:02:24","modified_gmt":"2026-04-10T12:02:24","slug":"de-invisible-a-invencible","status":"publish","type":"product","link":"https:\/\/letrame.com\/catalogo\/producto\/de-invisible-a-invencible\/","title":{"rendered":"De invisible a invencible"},"content":{"rendered":"<p class=\"p1\"><b>ISBN: 9791370294960<\/b><b><\/b><\/p>\n<p class=\"p1\"><b>T\u00edtulo: De invisible a invencible<\/b><br \/>\n<b>Fecha: 2025<\/b><br \/>\n<b>P\u00e1ginas: 178<\/b><b><\/b><\/p>\n<p class=\"p1\"><b>SINOPSIS<\/b><\/p>\n<p class=\"p1\">Todos cargamos historias invisibles. Heridas que se esconden tras la perfecci\u00f3n, el control o el cansancio.<\/p>\n<p class=\"p1\">En De invisible a invencible, la psic\u00f3loga Norma Farca Hamui combina ciencia, psicoterapia y experiencia personal para iluminar el camino de quienes buscan entenderse y sanar. Con un lenguaje claro, humano y profundo, explica c\u00f3mo el trauma, la depresi\u00f3n y los trastornos alimenticios pueden transformarse cuando aprendemos a mirar el cerebro y el coraz\u00f3n al mismo tiempo.<\/p>\n<p class=\"p1\">Este libro no promete f\u00f3rmulas m\u00e1gicas, sino un viaje real hacia la autocompasi\u00f3n, la fuerza interior y la libertad emocional.<\/p>\n","protected":false},"excerpt":{"rendered":"<p class=\"p1\"><b>ISBN: 9791370294960<\/b><b><\/b><\/p>\n<p class=\"p1\"><b>SINOPSIS<\/b><\/p>\n<p class=\"p1\">Todos cargamos historias invisibles. Heridas que se esconden tras la perfecci\u00f3n, el control o el cansancio.<\/p>\n<p class=\"p1\">En De invisible a invencible, la psic\u00f3loga Norma Farca Hamui combina ciencia, psicoterapia y experiencia personal para iluminar el camino de quienes buscan entenderse y sanar. Con un lenguaje claro, humano y profundo, explica c\u00f3mo el trauma, la depresi\u00f3n y los trastornos alimenticios pueden transformarse cuando aprendemos a mirar el cerebro y el coraz\u00f3n al mismo tiempo.<\/p>\n<p class=\"p1\">Este libro no promete f\u00f3rmulas m\u00e1gicas, sino un viaje real hacia la autocompasi\u00f3n, la fuerza interior y la libertad emocional.<\/p>\n","protected":false},"featured_media":111811,"comment_status":"open","ping_status":"closed","template":"","meta":{"_acf_changed":false},"libro":[],"product_brand":[],"product_cat":[18],"product_tag":[],"class_list":{"0":"post-111807","1":"product","2":"type-product","3":"status-publish","4":"has-post-thumbnail","6":"product_cat-autoayuda","8":"first","9":"instock","10":"shipping-taxable","11":"product-type-simple"},"acf":{"autor":[111808],"enlace_de_compra":"https:\/\/amzn.to\/3Owv9gM"},"yoast_head":"<!-- This site is optimized with the Yoast SEO plugin v26.6 - https:\/\/yoast.com\/wordpress\/plugins\/seo\/ -->\n<title>De invisible a invencible - Catalogo | Letrame Grupo Editorial<\/title>\n<meta name=\"robots\" content=\"index, follow, max-snippet:-1, max-image-preview:large, max-video-preview:-1\" \/>\n<link rel=\"canonical\" href=\"https:\/\/letrame.com\/catalogo\/producto\/de-invisible-a-invencible\/\" \/>\n<meta property=\"og:locale\" content=\"es_ES\" \/>\n<meta property=\"og:type\" content=\"article\" \/>\n<meta property=\"og:title\" content=\"De invisible a invencible - Catalogo | Letrame Grupo Editorial\" \/>\n<meta property=\"og:description\" content=\"ISBN: 9791370294960 SINOPSIS Todos cargamos historias invisibles. Heridas que se esconden tras la perfecci\u00f3n, el control o el cansancio. En De invisible a invencible, la psic\u00f3loga Norma Farca Hamui combina ciencia, psicoterapia y experiencia personal para iluminar el camino de quienes buscan entenderse y sanar. Con un lenguaje claro, humano y profundo, explica c\u00f3mo el trauma, la depresi\u00f3n y los trastornos alimenticios pueden transformarse cuando aprendemos a mirar el cerebro y el coraz\u00f3n al mismo tiempo. Este libro no promete f\u00f3rmulas m\u00e1gicas, sino un viaje real hacia la autocompasi\u00f3n, la fuerza interior y la libertad emocional.\" \/>\n<meta property=\"og:url\" content=\"https:\/\/letrame.com\/catalogo\/producto\/de-invisible-a-invencible\/\" \/>\n<meta property=\"og:site_name\" content=\"Catalogo | Letrame Grupo Editorial\" \/>\n<meta property=\"article:modified_time\" content=\"2026-04-10T12:02:24+00:00\" \/>\n<meta property=\"og:image\" content=\"https:\/\/letrame.com\/catalogo\/wp-content\/uploads\/2026\/04\/deinvisibleainvencible_883mm4.jpg\" \/>\n\t<meta property=\"og:image:width\" content=\"886\" \/>\n\t<meta property=\"og:image:height\" content=\"1299\" \/>\n\t<meta property=\"og:image:type\" content=\"image\/jpeg\" \/>\n<meta name=\"twitter:card\" content=\"summary_large_image\" \/>\n<meta name=\"twitter:label1\" content=\"Tiempo de lectura\" \/>\n\t<meta name=\"twitter:data1\" content=\"1 minuto\" \/>\n<script type=\"application\/ld+json\" class=\"yoast-schema-graph\">{\"@context\":\"https:\/\/schema.org\",\"@graph\":[{\"@type\":\"WebPage\",\"@id\":\"https:\/\/letrame.com\/catalogo\/producto\/de-invisible-a-invencible\/\",\"url\":\"https:\/\/letrame.com\/catalogo\/producto\/de-invisible-a-invencible\/\",\"name\":\"De invisible a invencible - Catalogo | Letrame Grupo Editorial\",\"isPartOf\":{\"@id\":\"https:\/\/letrame.com\/catalogo\/#website\"},\"primaryImageOfPage\":{\"@id\":\"https:\/\/letrame.com\/catalogo\/producto\/de-invisible-a-invencible\/#primaryimage\"},\"image\":{\"@id\":\"https:\/\/letrame.com\/catalogo\/producto\/de-invisible-a-invencible\/#primaryimage\"},\"thumbnailUrl\":\"https:\/\/letrame.com\/catalogo\/wp-content\/uploads\/2026\/04\/deinvisibleainvencible_883mm4.jpg\",\"datePublished\":\"2026-04-10T12:02:23+00:00\",\"dateModified\":\"2026-04-10T12:02:24+00:00\",\"breadcrumb\":{\"@id\":\"https:\/\/letrame.com\/catalogo\/producto\/de-invisible-a-invencible\/#breadcrumb\"},\"inLanguage\":\"es\",\"potentialAction\":[{\"@type\":\"ReadAction\",\"target\":[\"https:\/\/letrame.com\/catalogo\/producto\/de-invisible-a-invencible\/\"]}]},{\"@type\":\"ImageObject\",\"inLanguage\":\"es\",\"@id\":\"https:\/\/letrame.com\/catalogo\/producto\/de-invisible-a-invencible\/#primaryimage\",\"url\":\"https:\/\/letrame.com\/catalogo\/wp-content\/uploads\/2026\/04\/deinvisibleainvencible_883mm4.jpg\",\"contentUrl\":\"https:\/\/letrame.com\/catalogo\/wp-content\/uploads\/2026\/04\/deinvisibleainvencible_883mm4.jpg\",\"width\":886,\"height\":1299},{\"@type\":\"BreadcrumbList\",\"@id\":\"https:\/\/letrame.com\/catalogo\/producto\/de-invisible-a-invencible\/#breadcrumb\",\"itemListElement\":[{\"@type\":\"ListItem\",\"position\":1,\"name\":\"Portada\",\"item\":\"https:\/\/letrame.com\/catalogo\/\"},{\"@type\":\"ListItem\",\"position\":2,\"name\":\"Cat\u00e1logo\",\"item\":\"https:\/\/letrame.com\/catalogo\/\"},{\"@type\":\"ListItem\",\"position\":3,\"name\":\"De invisible a invencible\"}]},{\"@type\":\"WebSite\",\"@id\":\"https:\/\/letrame.com\/catalogo\/#website\",\"url\":\"https:\/\/letrame.com\/catalogo\/\",\"name\":\"Catalogo | Letrame Grupo Editorial\",\"description\":\"\",\"publisher\":{\"@id\":\"https:\/\/letrame.com\/catalogo\/#organization\"},\"potentialAction\":[{\"@type\":\"SearchAction\",\"target\":{\"@type\":\"EntryPoint\",\"urlTemplate\":\"https:\/\/letrame.com\/catalogo\/?s={search_term_string}\"},\"query-input\":{\"@type\":\"PropertyValueSpecification\",\"valueRequired\":true,\"valueName\":\"search_term_string\"}}],\"inLanguage\":\"es\"},{\"@type\":\"Organization\",\"@id\":\"https:\/\/letrame.com\/catalogo\/#organization\",\"name\":\"Catalogo | Letrame Grupo Editorial\",\"url\":\"https:\/\/letrame.com\/catalogo\/\",\"logo\":{\"@type\":\"ImageObject\",\"inLanguage\":\"es\",\"@id\":\"https:\/\/letrame.com\/catalogo\/#\/schema\/logo\/image\/\",\"url\":\"https:\/\/letrame.com\/catalogo\/wp-content\/uploads\/2024\/03\/logo2.webp\",\"contentUrl\":\"https:\/\/letrame.com\/catalogo\/wp-content\/uploads\/2024\/03\/logo2.webp\",\"width\":394,\"height\":128,\"caption\":\"Catalogo | Letrame Grupo Editorial\"},\"image\":{\"@id\":\"https:\/\/letrame.com\/catalogo\/#\/schema\/logo\/image\/\"}}]}<\/script>\n<!-- \/ Yoast SEO plugin. -->","yoast_head_json":{"title":"De invisible a invencible - Catalogo | Letrame Grupo Editorial","robots":{"index":"index","follow":"follow","max-snippet":"max-snippet:-1","max-image-preview":"max-image-preview:large","max-video-preview":"max-video-preview:-1"},"canonical":"https:\/\/letrame.com\/catalogo\/producto\/de-invisible-a-invencible\/","og_locale":"es_ES","og_type":"article","og_title":"De invisible a invencible - Catalogo | Letrame Grupo Editorial","og_description":"ISBN: 9791370294960 SINOPSIS Todos cargamos historias invisibles. Heridas que se esconden tras la perfecci\u00f3n, el control o el cansancio. En De invisible a invencible, la psic\u00f3loga Norma Farca Hamui combina ciencia, psicoterapia y experiencia personal para iluminar el camino de quienes buscan entenderse y sanar. Con un lenguaje claro, humano y profundo, explica c\u00f3mo el trauma, la depresi\u00f3n y los trastornos alimenticios pueden transformarse cuando aprendemos a mirar el cerebro y el coraz\u00f3n al mismo tiempo. Este libro no promete f\u00f3rmulas m\u00e1gicas, sino un viaje real hacia la autocompasi\u00f3n, la fuerza interior y la libertad emocional.","og_url":"https:\/\/letrame.com\/catalogo\/producto\/de-invisible-a-invencible\/","og_site_name":"Catalogo | Letrame Grupo Editorial","article_modified_time":"2026-04-10T12:02:24+00:00","og_image":[{"width":886,"height":1299,"url":"https:\/\/letrame.com\/catalogo\/wp-content\/uploads\/2026\/04\/deinvisibleainvencible_883mm4.jpg","type":"image\/jpeg"}],"twitter_card":"summary_large_image","twitter_misc":{"Tiempo de lectura":"1 minuto"},"schema":{"@context":"https:\/\/schema.org","@graph":[{"@type":"WebPage","@id":"https:\/\/letrame.com\/catalogo\/producto\/de-invisible-a-invencible\/","url":"https:\/\/letrame.com\/catalogo\/producto\/de-invisible-a-invencible\/","name":"De invisible a invencible - Catalogo | Letrame Grupo Editorial","isPartOf":{"@id":"https:\/\/letrame.com\/catalogo\/#website"},"primaryImageOfPage":{"@id":"https:\/\/letrame.com\/catalogo\/producto\/de-invisible-a-invencible\/#primaryimage"},"image":{"@id":"https:\/\/letrame.com\/catalogo\/producto\/de-invisible-a-invencible\/#primaryimage"},"thumbnailUrl":"https:\/\/letrame.com\/catalogo\/wp-content\/uploads\/2026\/04\/deinvisibleainvencible_883mm4.jpg","datePublished":"2026-04-10T12:02:23+00:00","dateModified":"2026-04-10T12:02:24+00:00","breadcrumb":{"@id":"https:\/\/letrame.com\/catalogo\/producto\/de-invisible-a-invencible\/#breadcrumb"},"inLanguage":"es","potentialAction":[{"@type":"ReadAction","target":["https:\/\/letrame.com\/catalogo\/producto\/de-invisible-a-invencible\/"]}]},{"@type":"ImageObject","inLanguage":"es","@id":"https:\/\/letrame.com\/catalogo\/producto\/de-invisible-a-invencible\/#primaryimage","url":"https:\/\/letrame.com\/catalogo\/wp-content\/uploads\/2026\/04\/deinvisibleainvencible_883mm4.jpg","contentUrl":"https:\/\/letrame.com\/catalogo\/wp-content\/uploads\/2026\/04\/deinvisibleainvencible_883mm4.jpg","width":886,"height":1299},{"@type":"BreadcrumbList","@id":"https:\/\/letrame.com\/catalogo\/producto\/de-invisible-a-invencible\/#breadcrumb","itemListElement":[{"@type":"ListItem","position":1,"name":"Portada","item":"https:\/\/letrame.com\/catalogo\/"},{"@type":"ListItem","position":2,"name":"Cat\u00e1logo","item":"https:\/\/letrame.com\/catalogo\/"},{"@type":"ListItem","position":3,"name":"De invisible a invencible"}]},{"@type":"WebSite","@id":"https:\/\/letrame.com\/catalogo\/#website","url":"https:\/\/letrame.com\/catalogo\/","name":"Catalogo | Letrame Grupo Editorial","description":"","publisher":{"@id":"https:\/\/letrame.com\/catalogo\/#organization"},"potentialAction":[{"@type":"SearchAction","target":{"@type":"EntryPoint","urlTemplate":"https:\/\/letrame.com\/catalogo\/?s={search_term_string}"},"query-input":{"@type":"PropertyValueSpecification","valueRequired":true,"valueName":"search_term_string"}}],"inLanguage":"es"},{"@type":"Organization","@id":"https:\/\/letrame.com\/catalogo\/#organization","name":"Catalogo | Letrame Grupo Editorial","url":"https:\/\/letrame.com\/catalogo\/","logo":{"@type":"ImageObject","inLanguage":"es","@id":"https:\/\/letrame.com\/catalogo\/#\/schema\/logo\/image\/","url":"https:\/\/letrame.com\/catalogo\/wp-content\/uploads\/2024\/03\/logo2.webp","contentUrl":"https:\/\/letrame.com\/catalogo\/wp-content\/uploads\/2024\/03\/logo2.webp","width":394,"height":128,"caption":"Catalogo | Letrame Grupo Editorial"},"image":{"@id":"https:\/\/letrame.com\/catalogo\/#\/schema\/logo\/image\/"}}]}},"_links":{"self":[{"href":"https:\/\/letrame.com\/catalogo\/wp-json\/wp\/v2\/product\/111807","targetHints":{"allow":["GET"]}}],"collection":[{"href":"https:\/\/letrame.com\/catalogo\/wp-json\/wp\/v2\/product"}],"about":[{"href":"https:\/\/letrame.com\/catalogo\/wp-json\/wp\/v2\/types\/product"}],"replies":[{"embeddable":true,"href":"https:\/\/letrame.com\/catalogo\/wp-json\/wp\/v2\/comments?post=111807"}],"acf:post":[{"embeddable":true,"href":"https:\/\/letrame.com\/catalogo\/wp-json\/wp\/v2\/author_book\/111808"}],"wp:featuredmedia":[{"embeddable":true,"href":"https:\/\/letrame.com\/catalogo\/wp-json\/wp\/v2\/media\/111811"}],"wp:attachment":[{"href":"https:\/\/letrame.com\/catalogo\/wp-json\/wp\/v2\/media?parent=111807"}],"wp:term":[{"taxonomy":"libro","embeddable":true,"href":"https:\/\/letrame.com\/catalogo\/wp-json\/wp\/v2\/libro?post=111807"},{"taxonomy":"product_brand","embeddable":true,"href":"https:\/\/letrame.com\/catalogo\/wp-json\/wp\/v2\/product_brand?post=111807"},{"taxonomy":"product_cat","embeddable":true,"href":"https:\/\/letrame.com\/catalogo\/wp-json\/wp\/v2\/product_cat?post=111807"},{"taxonomy":"product_tag","embeddable":true,"href":"https:\/\/letrame.com\/catalogo\/wp-json\/wp\/v2\/product_tag?post=111807"}],"curies":[{"name":"wp","href":"https:\/\/api.w.org\/{rel}","templated":true}]}}