{"id":111777,"date":"2026-04-10T13:05:33","date_gmt":"2026-04-10T11:05:33","guid":{"rendered":"https:\/\/letrame.com\/catalogo\/?post_type=product&#038;p=111777"},"modified":"2026-04-10T13:05:34","modified_gmt":"2026-04-10T11:05:34","slug":"destellos-en-la-niebla","status":"publish","type":"product","link":"https:\/\/letrame.com\/catalogo\/producto\/destellos-en-la-niebla\/","title":{"rendered":"Destellos en la niebla"},"content":{"rendered":"<p class=\"p1\"><b>ISBN: 9791370294762<\/b><b><\/b><\/p>\n<p class=\"p1\"><b>T\u00edtulo: Destellos en la niebla<\/b><br \/>\n<b>Fecha: 2025<\/b><br \/>\n<b>P\u00e1ginas: 268<\/b><b><\/b><\/p>\n<p class=\"p1\"><b>SINOPSIS<\/b><\/p>\n<p class=\"p1\">En un pueblo de monta\u00f1a cubierto por la nieve y el silencio del invierno, Aisha llega destinada a un lugar que pronto demuestra guardar m\u00e1s secretos de los que aparenta. Desde ni\u00f1a posee un Don: la capacidad de percibir fragmentos del pasado, se\u00f1ales invisibles y ecos que otros no pueden ver.<\/p>\n<p class=\"p1\">La desaparici\u00f3n de Alaia, una presencia tan cercana como enigm\u00e1tica, y la aparici\u00f3n de un objeto azulado de origen desconocido arrastran a Aisha a una sucesi\u00f3n de visiones que la conducen a un l\u00edmite peligroso entre la memoria y la realidad. Cada intuici\u00f3n, cada advertencia y cada recuerdo que revive la acercan a una verdad que no puede comprender sin pagar un precio.<\/p>\n<p class=\"p1\">Cuando una avalancha rompe el fr\u00e1gil equilibrio del lugar, el mundo que Aisha conoc\u00eda comienza a resquebrajarse. El tiempo deja de ser lineal, la niebla se convierte en un umbral, y su Don la enfrenta a una decisi\u00f3n imposible: mirar sin intervenir&#8230; o despertar aquello que nunca debi\u00f3 ser perturbado.<\/p>\n<p class=\"p1\">Destellos en la niebla es una novela de magia, misterio y v\u00ednculos que perduran m\u00e1s all\u00e1 del tiempo, donde comprender la verdad exige sacrificio y donde cada elecci\u00f3n puede marcar el final&#8230; o el comienzo de algo irreparable.<\/p>\n<p>&nbsp;<\/p>\n","protected":false},"excerpt":{"rendered":"<p class=\"p1\"><b>ISBN: 9791370294762<\/b><b><\/b><\/p>\n<p class=\"p1\"><b>SINOPSIS<\/b><\/p>\n<p class=\"p1\">En un pueblo de monta\u00f1a cubierto por la nieve y el silencio del invierno, Aisha llega destinada a un lugar que pronto demuestra guardar m\u00e1s secretos de los que aparenta. Desde ni\u00f1a posee un Don: la capacidad de percibir fragmentos del pasado, se\u00f1ales invisibles y ecos que otros no pueden ver.<\/p>\n<p class=\"p1\">La desaparici\u00f3n de Alaia, una presencia tan cercana como enigm\u00e1tica, y la aparici\u00f3n de un objeto azulado de origen desconocido arrastran a Aisha a una sucesi\u00f3n de visiones que la conducen a un l\u00edmite peligroso entre la memoria y la realidad. Cada intuici\u00f3n, cada advertencia y cada recuerdo que revive la acercan a una verdad que no puede comprender sin pagar un precio.<\/p>\n<p class=\"p1\">Cuando una avalancha rompe el fr\u00e1gil equilibrio del lugar, el mundo que Aisha conoc\u00eda comienza a resquebrajarse. El tiempo deja de ser lineal, la niebla se convierte en un umbral, y su Don la enfrenta a una decisi\u00f3n imposible: mirar sin intervenir&#8230; o despertar aquello que nunca debi\u00f3 ser perturbado.<\/p>\n<p class=\"p1\">Destellos en la niebla es una novela de magia, misterio y v\u00ednculos que perduran m\u00e1s all\u00e1 del tiempo, donde comprender la verdad exige sacrificio y donde cada elecci\u00f3n puede marcar el final&#8230; o el comienzo de algo irreparable.<\/p>\n<p>&nbsp;<\/p>\n","protected":false},"featured_media":111782,"comment_status":"open","ping_status":"closed","template":"","meta":{"_acf_changed":false},"libro":[],"product_brand":[],"product_cat":[141],"product_tag":[],"class_list":{"0":"post-111777","1":"product","2":"type-product","3":"status-publish","4":"has-post-thumbnail","6":"product_cat-ficcion","8":"first","9":"instock","10":"shipping-taxable","11":"product-type-simple"},"acf":{"autor":[111779],"enlace_de_compra":"https:\/\/amzn.to\/4t58c3r"},"yoast_head":"<!-- This site is optimized with the Yoast SEO plugin v26.6 - https:\/\/yoast.com\/wordpress\/plugins\/seo\/ -->\n<title>Destellos en la niebla - Catalogo | Letrame Grupo Editorial<\/title>\n<meta name=\"robots\" content=\"index, follow, max-snippet:-1, max-image-preview:large, max-video-preview:-1\" \/>\n<link rel=\"canonical\" href=\"https:\/\/letrame.com\/catalogo\/producto\/destellos-en-la-niebla\/\" \/>\n<meta property=\"og:locale\" content=\"es_ES\" \/>\n<meta property=\"og:type\" content=\"article\" \/>\n<meta property=\"og:title\" content=\"Destellos en la niebla - Catalogo | Letrame Grupo Editorial\" \/>\n<meta property=\"og:description\" content=\"ISBN: 9791370294762 SINOPSIS En un pueblo de monta\u00f1a cubierto por la nieve y el silencio del invierno, Aisha llega destinada a un lugar que pronto demuestra guardar m\u00e1s secretos de los que aparenta. Desde ni\u00f1a posee un Don: la capacidad de percibir fragmentos del pasado, se\u00f1ales invisibles y ecos que otros no pueden ver. La desaparici\u00f3n de Alaia, una presencia tan cercana como enigm\u00e1tica, y la aparici\u00f3n de un objeto azulado de origen desconocido arrastran a Aisha a una sucesi\u00f3n de visiones que la conducen a un l\u00edmite peligroso entre la memoria y la realidad. Cada intuici\u00f3n, cada advertencia y cada recuerdo que revive la acercan a una verdad que no puede comprender sin pagar un precio. Cuando una avalancha rompe el fr\u00e1gil equilibrio del lugar, el mundo que Aisha conoc\u00eda comienza a resquebrajarse. El tiempo deja de ser lineal, la niebla se convierte en un umbral, y su Don la enfrenta a una decisi\u00f3n imposible: mirar sin intervenir... o despertar aquello que nunca debi\u00f3 ser perturbado. Destellos en la niebla es una novela de magia, misterio y v\u00ednculos que perduran m\u00e1s all\u00e1 del tiempo, donde comprender la verdad exige sacrificio y donde cada elecci\u00f3n puede marcar el final... o el comienzo de algo irreparable. &nbsp;\" \/>\n<meta property=\"og:url\" content=\"https:\/\/letrame.com\/catalogo\/producto\/destellos-en-la-niebla\/\" \/>\n<meta property=\"og:site_name\" content=\"Catalogo | Letrame Grupo Editorial\" \/>\n<meta property=\"article:modified_time\" content=\"2026-04-10T11:05:34+00:00\" \/>\n<meta property=\"og:image\" content=\"https:\/\/letrame.com\/catalogo\/wp-content\/uploads\/2026\/04\/destellosenlaniebla_133mm4.jpg\" \/>\n\t<meta property=\"og:image:width\" content=\"874\" \/>\n\t<meta property=\"og:image:height\" content=\"1240\" \/>\n\t<meta property=\"og:image:type\" content=\"image\/jpeg\" \/>\n<meta name=\"twitter:card\" content=\"summary_large_image\" \/>\n<meta name=\"twitter:label1\" content=\"Tiempo de lectura\" \/>\n\t<meta name=\"twitter:data1\" content=\"2 minutos\" \/>\n<script type=\"application\/ld+json\" class=\"yoast-schema-graph\">{\"@context\":\"https:\/\/schema.org\",\"@graph\":[{\"@type\":\"WebPage\",\"@id\":\"https:\/\/letrame.com\/catalogo\/producto\/destellos-en-la-niebla\/\",\"url\":\"https:\/\/letrame.com\/catalogo\/producto\/destellos-en-la-niebla\/\",\"name\":\"Destellos en la niebla - Catalogo | Letrame Grupo Editorial\",\"isPartOf\":{\"@id\":\"https:\/\/letrame.com\/catalogo\/#website\"},\"primaryImageOfPage\":{\"@id\":\"https:\/\/letrame.com\/catalogo\/producto\/destellos-en-la-niebla\/#primaryimage\"},\"image\":{\"@id\":\"https:\/\/letrame.com\/catalogo\/producto\/destellos-en-la-niebla\/#primaryimage\"},\"thumbnailUrl\":\"https:\/\/letrame.com\/catalogo\/wp-content\/uploads\/2026\/04\/destellosenlaniebla_133mm4.jpg\",\"datePublished\":\"2026-04-10T11:05:33+00:00\",\"dateModified\":\"2026-04-10T11:05:34+00:00\",\"breadcrumb\":{\"@id\":\"https:\/\/letrame.com\/catalogo\/producto\/destellos-en-la-niebla\/#breadcrumb\"},\"inLanguage\":\"es\",\"potentialAction\":[{\"@type\":\"ReadAction\",\"target\":[\"https:\/\/letrame.com\/catalogo\/producto\/destellos-en-la-niebla\/\"]}]},{\"@type\":\"ImageObject\",\"inLanguage\":\"es\",\"@id\":\"https:\/\/letrame.com\/catalogo\/producto\/destellos-en-la-niebla\/#primaryimage\",\"url\":\"https:\/\/letrame.com\/catalogo\/wp-content\/uploads\/2026\/04\/destellosenlaniebla_133mm4.jpg\",\"contentUrl\":\"https:\/\/letrame.com\/catalogo\/wp-content\/uploads\/2026\/04\/destellosenlaniebla_133mm4.jpg\",\"width\":874,\"height\":1240},{\"@type\":\"BreadcrumbList\",\"@id\":\"https:\/\/letrame.com\/catalogo\/producto\/destellos-en-la-niebla\/#breadcrumb\",\"itemListElement\":[{\"@type\":\"ListItem\",\"position\":1,\"name\":\"Portada\",\"item\":\"https:\/\/letrame.com\/catalogo\/\"},{\"@type\":\"ListItem\",\"position\":2,\"name\":\"Cat\u00e1logo\",\"item\":\"https:\/\/letrame.com\/catalogo\/\"},{\"@type\":\"ListItem\",\"position\":3,\"name\":\"Destellos en la niebla\"}]},{\"@type\":\"WebSite\",\"@id\":\"https:\/\/letrame.com\/catalogo\/#website\",\"url\":\"https:\/\/letrame.com\/catalogo\/\",\"name\":\"Catalogo | Letrame Grupo Editorial\",\"description\":\"\",\"publisher\":{\"@id\":\"https:\/\/letrame.com\/catalogo\/#organization\"},\"potentialAction\":[{\"@type\":\"SearchAction\",\"target\":{\"@type\":\"EntryPoint\",\"urlTemplate\":\"https:\/\/letrame.com\/catalogo\/?s={search_term_string}\"},\"query-input\":{\"@type\":\"PropertyValueSpecification\",\"valueRequired\":true,\"valueName\":\"search_term_string\"}}],\"inLanguage\":\"es\"},{\"@type\":\"Organization\",\"@id\":\"https:\/\/letrame.com\/catalogo\/#organization\",\"name\":\"Catalogo | Letrame Grupo Editorial\",\"url\":\"https:\/\/letrame.com\/catalogo\/\",\"logo\":{\"@type\":\"ImageObject\",\"inLanguage\":\"es\",\"@id\":\"https:\/\/letrame.com\/catalogo\/#\/schema\/logo\/image\/\",\"url\":\"https:\/\/letrame.com\/catalogo\/wp-content\/uploads\/2024\/03\/logo2.webp\",\"contentUrl\":\"https:\/\/letrame.com\/catalogo\/wp-content\/uploads\/2024\/03\/logo2.webp\",\"width\":394,\"height\":128,\"caption\":\"Catalogo | Letrame Grupo Editorial\"},\"image\":{\"@id\":\"https:\/\/letrame.com\/catalogo\/#\/schema\/logo\/image\/\"}}]}<\/script>\n<!-- \/ Yoast SEO plugin. -->","yoast_head_json":{"title":"Destellos en la niebla - Catalogo | Letrame Grupo Editorial","robots":{"index":"index","follow":"follow","max-snippet":"max-snippet:-1","max-image-preview":"max-image-preview:large","max-video-preview":"max-video-preview:-1"},"canonical":"https:\/\/letrame.com\/catalogo\/producto\/destellos-en-la-niebla\/","og_locale":"es_ES","og_type":"article","og_title":"Destellos en la niebla - Catalogo | Letrame Grupo Editorial","og_description":"ISBN: 9791370294762 SINOPSIS En un pueblo de monta\u00f1a cubierto por la nieve y el silencio del invierno, Aisha llega destinada a un lugar que pronto demuestra guardar m\u00e1s secretos de los que aparenta. Desde ni\u00f1a posee un Don: la capacidad de percibir fragmentos del pasado, se\u00f1ales invisibles y ecos que otros no pueden ver. La desaparici\u00f3n de Alaia, una presencia tan cercana como enigm\u00e1tica, y la aparici\u00f3n de un objeto azulado de origen desconocido arrastran a Aisha a una sucesi\u00f3n de visiones que la conducen a un l\u00edmite peligroso entre la memoria y la realidad. Cada intuici\u00f3n, cada advertencia y cada recuerdo que revive la acercan a una verdad que no puede comprender sin pagar un precio. Cuando una avalancha rompe el fr\u00e1gil equilibrio del lugar, el mundo que Aisha conoc\u00eda comienza a resquebrajarse. El tiempo deja de ser lineal, la niebla se convierte en un umbral, y su Don la enfrenta a una decisi\u00f3n imposible: mirar sin intervenir... o despertar aquello que nunca debi\u00f3 ser perturbado. Destellos en la niebla es una novela de magia, misterio y v\u00ednculos que perduran m\u00e1s all\u00e1 del tiempo, donde comprender la verdad exige sacrificio y donde cada elecci\u00f3n puede marcar el final... o el comienzo de algo irreparable. &nbsp;","og_url":"https:\/\/letrame.com\/catalogo\/producto\/destellos-en-la-niebla\/","og_site_name":"Catalogo | Letrame Grupo Editorial","article_modified_time":"2026-04-10T11:05:34+00:00","og_image":[{"width":874,"height":1240,"url":"https:\/\/letrame.com\/catalogo\/wp-content\/uploads\/2026\/04\/destellosenlaniebla_133mm4.jpg","type":"image\/jpeg"}],"twitter_card":"summary_large_image","twitter_misc":{"Tiempo de lectura":"2 minutos"},"schema":{"@context":"https:\/\/schema.org","@graph":[{"@type":"WebPage","@id":"https:\/\/letrame.com\/catalogo\/producto\/destellos-en-la-niebla\/","url":"https:\/\/letrame.com\/catalogo\/producto\/destellos-en-la-niebla\/","name":"Destellos en la niebla - Catalogo | Letrame Grupo Editorial","isPartOf":{"@id":"https:\/\/letrame.com\/catalogo\/#website"},"primaryImageOfPage":{"@id":"https:\/\/letrame.com\/catalogo\/producto\/destellos-en-la-niebla\/#primaryimage"},"image":{"@id":"https:\/\/letrame.com\/catalogo\/producto\/destellos-en-la-niebla\/#primaryimage"},"thumbnailUrl":"https:\/\/letrame.com\/catalogo\/wp-content\/uploads\/2026\/04\/destellosenlaniebla_133mm4.jpg","datePublished":"2026-04-10T11:05:33+00:00","dateModified":"2026-04-10T11:05:34+00:00","breadcrumb":{"@id":"https:\/\/letrame.com\/catalogo\/producto\/destellos-en-la-niebla\/#breadcrumb"},"inLanguage":"es","potentialAction":[{"@type":"ReadAction","target":["https:\/\/letrame.com\/catalogo\/producto\/destellos-en-la-niebla\/"]}]},{"@type":"ImageObject","inLanguage":"es","@id":"https:\/\/letrame.com\/catalogo\/producto\/destellos-en-la-niebla\/#primaryimage","url":"https:\/\/letrame.com\/catalogo\/wp-content\/uploads\/2026\/04\/destellosenlaniebla_133mm4.jpg","contentUrl":"https:\/\/letrame.com\/catalogo\/wp-content\/uploads\/2026\/04\/destellosenlaniebla_133mm4.jpg","width":874,"height":1240},{"@type":"BreadcrumbList","@id":"https:\/\/letrame.com\/catalogo\/producto\/destellos-en-la-niebla\/#breadcrumb","itemListElement":[{"@type":"ListItem","position":1,"name":"Portada","item":"https:\/\/letrame.com\/catalogo\/"},{"@type":"ListItem","position":2,"name":"Cat\u00e1logo","item":"https:\/\/letrame.com\/catalogo\/"},{"@type":"ListItem","position":3,"name":"Destellos en la niebla"}]},{"@type":"WebSite","@id":"https:\/\/letrame.com\/catalogo\/#website","url":"https:\/\/letrame.com\/catalogo\/","name":"Catalogo | Letrame Grupo Editorial","description":"","publisher":{"@id":"https:\/\/letrame.com\/catalogo\/#organization"},"potentialAction":[{"@type":"SearchAction","target":{"@type":"EntryPoint","urlTemplate":"https:\/\/letrame.com\/catalogo\/?s={search_term_string}"},"query-input":{"@type":"PropertyValueSpecification","valueRequired":true,"valueName":"search_term_string"}}],"inLanguage":"es"},{"@type":"Organization","@id":"https:\/\/letrame.com\/catalogo\/#organization","name":"Catalogo | Letrame Grupo Editorial","url":"https:\/\/letrame.com\/catalogo\/","logo":{"@type":"ImageObject","inLanguage":"es","@id":"https:\/\/letrame.com\/catalogo\/#\/schema\/logo\/image\/","url":"https:\/\/letrame.com\/catalogo\/wp-content\/uploads\/2024\/03\/logo2.webp","contentUrl":"https:\/\/letrame.com\/catalogo\/wp-content\/uploads\/2024\/03\/logo2.webp","width":394,"height":128,"caption":"Catalogo | Letrame Grupo Editorial"},"image":{"@id":"https:\/\/letrame.com\/catalogo\/#\/schema\/logo\/image\/"}}]}},"_links":{"self":[{"href":"https:\/\/letrame.com\/catalogo\/wp-json\/wp\/v2\/product\/111777","targetHints":{"allow":["GET"]}}],"collection":[{"href":"https:\/\/letrame.com\/catalogo\/wp-json\/wp\/v2\/product"}],"about":[{"href":"https:\/\/letrame.com\/catalogo\/wp-json\/wp\/v2\/types\/product"}],"replies":[{"embeddable":true,"href":"https:\/\/letrame.com\/catalogo\/wp-json\/wp\/v2\/comments?post=111777"}],"acf:post":[{"embeddable":true,"href":"https:\/\/letrame.com\/catalogo\/wp-json\/wp\/v2\/author_book\/111779"}],"wp:featuredmedia":[{"embeddable":true,"href":"https:\/\/letrame.com\/catalogo\/wp-json\/wp\/v2\/media\/111782"}],"wp:attachment":[{"href":"https:\/\/letrame.com\/catalogo\/wp-json\/wp\/v2\/media?parent=111777"}],"wp:term":[{"taxonomy":"libro","embeddable":true,"href":"https:\/\/letrame.com\/catalogo\/wp-json\/wp\/v2\/libro?post=111777"},{"taxonomy":"product_brand","embeddable":true,"href":"https:\/\/letrame.com\/catalogo\/wp-json\/wp\/v2\/product_brand?post=111777"},{"taxonomy":"product_cat","embeddable":true,"href":"https:\/\/letrame.com\/catalogo\/wp-json\/wp\/v2\/product_cat?post=111777"},{"taxonomy":"product_tag","embeddable":true,"href":"https:\/\/letrame.com\/catalogo\/wp-json\/wp\/v2\/product_tag?post=111777"}],"curies":[{"name":"wp","href":"https:\/\/api.w.org\/{rel}","templated":true}]}}