{"id":111768,"date":"2026-04-08T13:42:26","date_gmt":"2026-04-08T11:42:26","guid":{"rendered":"https:\/\/letrame.com\/catalogo\/?post_type=product&#038;p=111768"},"modified":"2026-04-08T13:42:27","modified_gmt":"2026-04-08T11:42:27","slug":"copihue","status":"publish","type":"product","link":"https:\/\/letrame.com\/catalogo\/producto\/copihue\/","title":{"rendered":"Copihue"},"content":{"rendered":"<p><strong>ISBN: 9791370293604<\/strong><br \/>\n<strong>T\u00edtulo: Copihue<\/strong><br \/>\n<strong>Fecha: 2025<\/strong><br \/>\n<strong>P\u00e1ginas: 146<\/strong><\/p>\n<p><strong>SINOPSIS<\/strong><\/p>\n<p data-start=\"104\" data-end=\"449\">Me pregunt\u00e9 muchas veces: C\u00f3mo dejar en el olvido a Copihue, que tuvo una vida tan rica, que hizo tantas cosas art\u00edsticas y hermosas, con una vida tan azarosa; con una familia que vivi\u00f3 un drama desde la Segunda guerra mundial y luego una dictadura en Chile: fueron tantas historias \u00fanicas. \u00a1C\u00f3mo pueden quedarse as\u00ed, simplemente en el olvido!<\/p>\n<p data-start=\"451\" data-end=\"766\">Dicen que la felicidad est\u00e1 en el presente, el pasado es un registro hist\u00f3rico que puede aportarnos experiencias enriquecedoras. Del futuro no sabemos. De tal modo, el presente es el que hay que vivir intensamente y el Alzheimer tiene la magia de fijar nuestra vida en ese presente y eso hicimos para ser felices.<\/p>\n<p data-start=\"768\" data-end=\"1063\">Convengamos que los recuerdos son el tesoro acumulado durante todos nuestros a\u00f1os, nos traen momentos de templanza interior y sabidur\u00eda en los a\u00f1os viejos, cuando ya no somos capaces de emprender nuevas aventuras. Repasar lo vivido nos permite paz y armon\u00eda, como algunos definen la felicidad.<\/p>\n<p data-start=\"1065\" data-end=\"1289\">Cada historia tiene el valor de terminar reforzando la alegr\u00eda de vivir y dejar ense\u00f1anzas val\u00f3ricas: no son solo hechos insustanciales. Copihue nos dejar\u00e1 pensando en lo positivo de la vida, no obstante, su tema de fondo.<\/p>\n","protected":false},"excerpt":{"rendered":"<p><strong>ISBN: 9791370293604<\/strong><\/p>\n<p><strong>SINOPSIS<\/strong><\/p>\n<p data-start=\"104\" data-end=\"449\">Me pregunt\u00e9 muchas veces: C\u00f3mo dejar en el olvido a Copihue, que tuvo una vida tan rica, que hizo tantas cosas art\u00edsticas y hermosas, con una vida tan azarosa; con una familia que vivi\u00f3 un drama desde la Segunda guerra mundial y luego una dictadura en Chile: fueron tantas historias \u00fanicas. \u00a1C\u00f3mo pueden quedarse as\u00ed, simplemente en el olvido!<\/p>\n<p data-start=\"451\" data-end=\"766\">Dicen que la felicidad est\u00e1 en el presente, el pasado es un registro hist\u00f3rico que puede aportarnos experiencias enriquecedoras. Del futuro no sabemos. De tal modo, el presente es el que hay que vivir intensamente y el Alzheimer tiene la magia de fijar nuestra vida en ese presente y eso hicimos para ser felices.<\/p>\n<p data-start=\"768\" data-end=\"1063\">Convengamos que los recuerdos son el tesoro acumulado durante todos nuestros a\u00f1os, nos traen momentos de templanza interior y sabidur\u00eda en los a\u00f1os viejos, cuando ya no somos capaces de emprender nuevas aventuras. Repasar lo vivido nos permite paz y armon\u00eda, como algunos definen la felicidad.<\/p>\n<p data-start=\"1065\" data-end=\"1289\">Cada historia tiene el valor de terminar reforzando la alegr\u00eda de vivir y dejar ense\u00f1anzas val\u00f3ricas: no son solo hechos insustanciales. Copihue nos dejar\u00e1 pensando en lo positivo de la vida, no obstante, su tema de fondo.<\/p>\n","protected":false},"featured_media":111770,"comment_status":"open","ping_status":"closed","template":"","meta":{"_acf_changed":false},"libro":[],"product_brand":[],"product_cat":[141],"product_tag":[],"class_list":{"0":"post-111768","1":"product","2":"type-product","3":"status-publish","4":"has-post-thumbnail","6":"product_cat-ficcion","8":"first","9":"instock","10":"shipping-taxable","11":"product-type-simple"},"acf":{"autor":[111769],"enlace_de_compra":"https:\/\/amzn.to\/4ccdlzr"},"yoast_head":"<!-- This site is optimized with the Yoast SEO plugin v26.6 - https:\/\/yoast.com\/wordpress\/plugins\/seo\/ -->\n<title>Copihue - Catalogo | Letrame Grupo Editorial<\/title>\n<meta name=\"robots\" content=\"index, follow, max-snippet:-1, max-image-preview:large, max-video-preview:-1\" \/>\n<link rel=\"canonical\" href=\"https:\/\/letrame.com\/catalogo\/producto\/copihue\/\" \/>\n<meta property=\"og:locale\" content=\"es_ES\" \/>\n<meta property=\"og:type\" content=\"article\" \/>\n<meta property=\"og:title\" content=\"Copihue - Catalogo | Letrame Grupo Editorial\" \/>\n<meta property=\"og:description\" content=\"ISBN: 9791370293604  SINOPSIS Me pregunt\u00e9 muchas veces: C\u00f3mo dejar en el olvido a Copihue, que tuvo una vida tan rica, que hizo tantas cosas art\u00edsticas y hermosas, con una vida tan azarosa; con una familia que vivi\u00f3 un drama desde la Segunda guerra mundial y luego una dictadura en Chile: fueron tantas historias \u00fanicas. \u00a1C\u00f3mo pueden quedarse as\u00ed, simplemente en el olvido! Dicen que la felicidad est\u00e1 en el presente, el pasado es un registro hist\u00f3rico que puede aportarnos experiencias enriquecedoras. Del futuro no sabemos. De tal modo, el presente es el que hay que vivir intensamente y el Alzheimer tiene la magia de fijar nuestra vida en ese presente y eso hicimos para ser felices. Convengamos que los recuerdos son el tesoro acumulado durante todos nuestros a\u00f1os, nos traen momentos de templanza interior y sabidur\u00eda en los a\u00f1os viejos, cuando ya no somos capaces de emprender nuevas aventuras. Repasar lo vivido nos permite paz y armon\u00eda, como algunos definen la felicidad. Cada historia tiene el valor de terminar reforzando la alegr\u00eda de vivir y dejar ense\u00f1anzas val\u00f3ricas: no son solo hechos insustanciales. Copihue nos dejar\u00e1 pensando en lo positivo de la vida, no obstante, su tema de fondo.\" \/>\n<meta property=\"og:url\" content=\"https:\/\/letrame.com\/catalogo\/producto\/copihue\/\" \/>\n<meta property=\"og:site_name\" content=\"Catalogo | Letrame Grupo Editorial\" \/>\n<meta property=\"article:modified_time\" content=\"2026-04-08T11:42:27+00:00\" \/>\n<meta property=\"og:image\" content=\"https:\/\/letrame.com\/catalogo\/wp-content\/uploads\/2026\/04\/copihue_833mm4.jpg\" \/>\n\t<meta property=\"og:image:width\" content=\"532\" \/>\n\t<meta property=\"og:image:height\" content=\"745\" \/>\n\t<meta property=\"og:image:type\" content=\"image\/jpeg\" \/>\n<meta name=\"twitter:card\" content=\"summary_large_image\" \/>\n<meta name=\"twitter:label1\" content=\"Tiempo de lectura\" \/>\n\t<meta name=\"twitter:data1\" content=\"2 minutos\" \/>\n<script type=\"application\/ld+json\" class=\"yoast-schema-graph\">{\"@context\":\"https:\/\/schema.org\",\"@graph\":[{\"@type\":\"WebPage\",\"@id\":\"https:\/\/letrame.com\/catalogo\/producto\/copihue\/\",\"url\":\"https:\/\/letrame.com\/catalogo\/producto\/copihue\/\",\"name\":\"Copihue - Catalogo | Letrame Grupo Editorial\",\"isPartOf\":{\"@id\":\"https:\/\/letrame.com\/catalogo\/#website\"},\"primaryImageOfPage\":{\"@id\":\"https:\/\/letrame.com\/catalogo\/producto\/copihue\/#primaryimage\"},\"image\":{\"@id\":\"https:\/\/letrame.com\/catalogo\/producto\/copihue\/#primaryimage\"},\"thumbnailUrl\":\"https:\/\/letrame.com\/catalogo\/wp-content\/uploads\/2026\/04\/copihue_833mm4.jpg\",\"datePublished\":\"2026-04-08T11:42:26+00:00\",\"dateModified\":\"2026-04-08T11:42:27+00:00\",\"breadcrumb\":{\"@id\":\"https:\/\/letrame.com\/catalogo\/producto\/copihue\/#breadcrumb\"},\"inLanguage\":\"es\",\"potentialAction\":[{\"@type\":\"ReadAction\",\"target\":[\"https:\/\/letrame.com\/catalogo\/producto\/copihue\/\"]}]},{\"@type\":\"ImageObject\",\"inLanguage\":\"es\",\"@id\":\"https:\/\/letrame.com\/catalogo\/producto\/copihue\/#primaryimage\",\"url\":\"https:\/\/letrame.com\/catalogo\/wp-content\/uploads\/2026\/04\/copihue_833mm4.jpg\",\"contentUrl\":\"https:\/\/letrame.com\/catalogo\/wp-content\/uploads\/2026\/04\/copihue_833mm4.jpg\",\"width\":532,\"height\":745},{\"@type\":\"BreadcrumbList\",\"@id\":\"https:\/\/letrame.com\/catalogo\/producto\/copihue\/#breadcrumb\",\"itemListElement\":[{\"@type\":\"ListItem\",\"position\":1,\"name\":\"Portada\",\"item\":\"https:\/\/letrame.com\/catalogo\/\"},{\"@type\":\"ListItem\",\"position\":2,\"name\":\"Cat\u00e1logo\",\"item\":\"https:\/\/letrame.com\/catalogo\/\"},{\"@type\":\"ListItem\",\"position\":3,\"name\":\"Copihue\"}]},{\"@type\":\"WebSite\",\"@id\":\"https:\/\/letrame.com\/catalogo\/#website\",\"url\":\"https:\/\/letrame.com\/catalogo\/\",\"name\":\"Catalogo | Letrame Grupo Editorial\",\"description\":\"\",\"publisher\":{\"@id\":\"https:\/\/letrame.com\/catalogo\/#organization\"},\"potentialAction\":[{\"@type\":\"SearchAction\",\"target\":{\"@type\":\"EntryPoint\",\"urlTemplate\":\"https:\/\/letrame.com\/catalogo\/?s={search_term_string}\"},\"query-input\":{\"@type\":\"PropertyValueSpecification\",\"valueRequired\":true,\"valueName\":\"search_term_string\"}}],\"inLanguage\":\"es\"},{\"@type\":\"Organization\",\"@id\":\"https:\/\/letrame.com\/catalogo\/#organization\",\"name\":\"Catalogo | Letrame Grupo Editorial\",\"url\":\"https:\/\/letrame.com\/catalogo\/\",\"logo\":{\"@type\":\"ImageObject\",\"inLanguage\":\"es\",\"@id\":\"https:\/\/letrame.com\/catalogo\/#\/schema\/logo\/image\/\",\"url\":\"https:\/\/letrame.com\/catalogo\/wp-content\/uploads\/2024\/03\/logo2.webp\",\"contentUrl\":\"https:\/\/letrame.com\/catalogo\/wp-content\/uploads\/2024\/03\/logo2.webp\",\"width\":394,\"height\":128,\"caption\":\"Catalogo | Letrame Grupo Editorial\"},\"image\":{\"@id\":\"https:\/\/letrame.com\/catalogo\/#\/schema\/logo\/image\/\"}}]}<\/script>\n<!-- \/ Yoast SEO plugin. -->","yoast_head_json":{"title":"Copihue - Catalogo | Letrame Grupo Editorial","robots":{"index":"index","follow":"follow","max-snippet":"max-snippet:-1","max-image-preview":"max-image-preview:large","max-video-preview":"max-video-preview:-1"},"canonical":"https:\/\/letrame.com\/catalogo\/producto\/copihue\/","og_locale":"es_ES","og_type":"article","og_title":"Copihue - Catalogo | Letrame Grupo Editorial","og_description":"ISBN: 9791370293604  SINOPSIS Me pregunt\u00e9 muchas veces: C\u00f3mo dejar en el olvido a Copihue, que tuvo una vida tan rica, que hizo tantas cosas art\u00edsticas y hermosas, con una vida tan azarosa; con una familia que vivi\u00f3 un drama desde la Segunda guerra mundial y luego una dictadura en Chile: fueron tantas historias \u00fanicas. \u00a1C\u00f3mo pueden quedarse as\u00ed, simplemente en el olvido! Dicen que la felicidad est\u00e1 en el presente, el pasado es un registro hist\u00f3rico que puede aportarnos experiencias enriquecedoras. Del futuro no sabemos. De tal modo, el presente es el que hay que vivir intensamente y el Alzheimer tiene la magia de fijar nuestra vida en ese presente y eso hicimos para ser felices. Convengamos que los recuerdos son el tesoro acumulado durante todos nuestros a\u00f1os, nos traen momentos de templanza interior y sabidur\u00eda en los a\u00f1os viejos, cuando ya no somos capaces de emprender nuevas aventuras. Repasar lo vivido nos permite paz y armon\u00eda, como algunos definen la felicidad. Cada historia tiene el valor de terminar reforzando la alegr\u00eda de vivir y dejar ense\u00f1anzas val\u00f3ricas: no son solo hechos insustanciales. Copihue nos dejar\u00e1 pensando en lo positivo de la vida, no obstante, su tema de fondo.","og_url":"https:\/\/letrame.com\/catalogo\/producto\/copihue\/","og_site_name":"Catalogo | Letrame Grupo Editorial","article_modified_time":"2026-04-08T11:42:27+00:00","og_image":[{"width":532,"height":745,"url":"https:\/\/letrame.com\/catalogo\/wp-content\/uploads\/2026\/04\/copihue_833mm4.jpg","type":"image\/jpeg"}],"twitter_card":"summary_large_image","twitter_misc":{"Tiempo de lectura":"2 minutos"},"schema":{"@context":"https:\/\/schema.org","@graph":[{"@type":"WebPage","@id":"https:\/\/letrame.com\/catalogo\/producto\/copihue\/","url":"https:\/\/letrame.com\/catalogo\/producto\/copihue\/","name":"Copihue - Catalogo | Letrame Grupo Editorial","isPartOf":{"@id":"https:\/\/letrame.com\/catalogo\/#website"},"primaryImageOfPage":{"@id":"https:\/\/letrame.com\/catalogo\/producto\/copihue\/#primaryimage"},"image":{"@id":"https:\/\/letrame.com\/catalogo\/producto\/copihue\/#primaryimage"},"thumbnailUrl":"https:\/\/letrame.com\/catalogo\/wp-content\/uploads\/2026\/04\/copihue_833mm4.jpg","datePublished":"2026-04-08T11:42:26+00:00","dateModified":"2026-04-08T11:42:27+00:00","breadcrumb":{"@id":"https:\/\/letrame.com\/catalogo\/producto\/copihue\/#breadcrumb"},"inLanguage":"es","potentialAction":[{"@type":"ReadAction","target":["https:\/\/letrame.com\/catalogo\/producto\/copihue\/"]}]},{"@type":"ImageObject","inLanguage":"es","@id":"https:\/\/letrame.com\/catalogo\/producto\/copihue\/#primaryimage","url":"https:\/\/letrame.com\/catalogo\/wp-content\/uploads\/2026\/04\/copihue_833mm4.jpg","contentUrl":"https:\/\/letrame.com\/catalogo\/wp-content\/uploads\/2026\/04\/copihue_833mm4.jpg","width":532,"height":745},{"@type":"BreadcrumbList","@id":"https:\/\/letrame.com\/catalogo\/producto\/copihue\/#breadcrumb","itemListElement":[{"@type":"ListItem","position":1,"name":"Portada","item":"https:\/\/letrame.com\/catalogo\/"},{"@type":"ListItem","position":2,"name":"Cat\u00e1logo","item":"https:\/\/letrame.com\/catalogo\/"},{"@type":"ListItem","position":3,"name":"Copihue"}]},{"@type":"WebSite","@id":"https:\/\/letrame.com\/catalogo\/#website","url":"https:\/\/letrame.com\/catalogo\/","name":"Catalogo | Letrame Grupo Editorial","description":"","publisher":{"@id":"https:\/\/letrame.com\/catalogo\/#organization"},"potentialAction":[{"@type":"SearchAction","target":{"@type":"EntryPoint","urlTemplate":"https:\/\/letrame.com\/catalogo\/?s={search_term_string}"},"query-input":{"@type":"PropertyValueSpecification","valueRequired":true,"valueName":"search_term_string"}}],"inLanguage":"es"},{"@type":"Organization","@id":"https:\/\/letrame.com\/catalogo\/#organization","name":"Catalogo | Letrame Grupo Editorial","url":"https:\/\/letrame.com\/catalogo\/","logo":{"@type":"ImageObject","inLanguage":"es","@id":"https:\/\/letrame.com\/catalogo\/#\/schema\/logo\/image\/","url":"https:\/\/letrame.com\/catalogo\/wp-content\/uploads\/2024\/03\/logo2.webp","contentUrl":"https:\/\/letrame.com\/catalogo\/wp-content\/uploads\/2024\/03\/logo2.webp","width":394,"height":128,"caption":"Catalogo | Letrame Grupo Editorial"},"image":{"@id":"https:\/\/letrame.com\/catalogo\/#\/schema\/logo\/image\/"}}]}},"_links":{"self":[{"href":"https:\/\/letrame.com\/catalogo\/wp-json\/wp\/v2\/product\/111768","targetHints":{"allow":["GET"]}}],"collection":[{"href":"https:\/\/letrame.com\/catalogo\/wp-json\/wp\/v2\/product"}],"about":[{"href":"https:\/\/letrame.com\/catalogo\/wp-json\/wp\/v2\/types\/product"}],"replies":[{"embeddable":true,"href":"https:\/\/letrame.com\/catalogo\/wp-json\/wp\/v2\/comments?post=111768"}],"acf:post":[{"embeddable":true,"href":"https:\/\/letrame.com\/catalogo\/wp-json\/wp\/v2\/author_book\/111769"}],"wp:featuredmedia":[{"embeddable":true,"href":"https:\/\/letrame.com\/catalogo\/wp-json\/wp\/v2\/media\/111770"}],"wp:attachment":[{"href":"https:\/\/letrame.com\/catalogo\/wp-json\/wp\/v2\/media?parent=111768"}],"wp:term":[{"taxonomy":"libro","embeddable":true,"href":"https:\/\/letrame.com\/catalogo\/wp-json\/wp\/v2\/libro?post=111768"},{"taxonomy":"product_brand","embeddable":true,"href":"https:\/\/letrame.com\/catalogo\/wp-json\/wp\/v2\/product_brand?post=111768"},{"taxonomy":"product_cat","embeddable":true,"href":"https:\/\/letrame.com\/catalogo\/wp-json\/wp\/v2\/product_cat?post=111768"},{"taxonomy":"product_tag","embeddable":true,"href":"https:\/\/letrame.com\/catalogo\/wp-json\/wp\/v2\/product_tag?post=111768"}],"curies":[{"name":"wp","href":"https:\/\/api.w.org\/{rel}","templated":true}]}}