{"id":111667,"date":"2026-04-06T14:16:12","date_gmt":"2026-04-06T12:16:12","guid":{"rendered":"https:\/\/letrame.com\/catalogo\/?post_type=product&#038;p=111667"},"modified":"2026-04-06T14:16:13","modified_gmt":"2026-04-06T12:16:13","slug":"40-cartas-de-amor","status":"publish","type":"product","link":"https:\/\/letrame.com\/catalogo\/producto\/40-cartas-de-amor\/","title":{"rendered":"40 cartas de amor"},"content":{"rendered":"<p class=\"p1\"><b>ISBN: 9791370124861<\/b><b><\/b><\/p>\n<p class=\"p1\"><b>T\u00edtulo: 40 cartas de amor<\/b><br \/>\n<b>Fecha: 2025<\/b><br \/>\n<b>P\u00e1ginas: 60<\/b><b><\/b><\/p>\n<p class=\"p1\"><b>SINOPSIS<\/b><\/p>\n<p class=\"p1\">40 cartas de amor es el mapa de un coraz\u00f3n expuesto sin reservas, una traves\u00eda entre el deseo, la p\u00e9rdida, la fe, la nostalgia y la esperanza. Cada carta es un grito o un susurro, un intento por capturar lo que nunca se deja atrapar del todo: el amor.<\/p>\n<p class=\"p1\">Joaqu\u00edn Lorenzo Navarro escribe como quien ha amado hasta la locura y tambi\u00e9n como quien ha sufrido las consecuencias. Sus palabras laten con fuerza en cada p\u00e1gina: a veces son ternura pura, otras veces son heridas abiertas. Aqu\u00ed hay cuerpos que se extra\u00f1an, labios que se recuerdan, caricias que se quedaron en la memoria, pero tambi\u00e9n promesas, confesiones y oraciones.<\/p>\n<p class=\"p1\">No importa si t\u00fa tambi\u00e9n has amado, perdido o so\u00f1ado: algo de lo que hay aqu\u00ed te va a tocar. Porque en el fondo, todos tenemos una carta que nunca enviamos, un amor que no olvidamos y un recuerdo que todav\u00eda tiembla.<\/p>\n","protected":false},"excerpt":{"rendered":"<p class=\"p1\"><b>ISBN: 9791370124861<\/b><b><\/b><\/p>\n<p class=\"p1\"><b>SINOPSIS<\/b><\/p>\n<p class=\"p1\">40 cartas de amor es el mapa de un coraz\u00f3n expuesto sin reservas, una traves\u00eda entre el deseo, la p\u00e9rdida, la fe, la nostalgia y la esperanza. Cada carta es un grito o un susurro, un intento por capturar lo que nunca se deja atrapar del todo: el amor.<\/p>\n<p class=\"p1\">Joaqu\u00edn Lorenzo Navarro escribe como quien ha amado hasta la locura y tambi\u00e9n como quien ha sufrido las consecuencias. Sus palabras laten con fuerza en cada p\u00e1gina: a veces son ternura pura, otras veces son heridas abiertas. Aqu\u00ed hay cuerpos que se extra\u00f1an, labios que se recuerdan, caricias que se quedaron en la memoria, pero tambi\u00e9n promesas, confesiones y oraciones.<\/p>\n<p class=\"p1\">No importa si t\u00fa tambi\u00e9n has amado, perdido o so\u00f1ado: algo de lo que hay aqu\u00ed te va a tocar. Porque en el fondo, todos tenemos una carta que nunca enviamos, un amor que no olvidamos y un recuerdo que todav\u00eda tiembla.<\/p>\n","protected":false},"featured_media":111670,"comment_status":"open","ping_status":"closed","template":"","meta":{"_acf_changed":false},"libro":[],"product_brand":[],"product_cat":[20],"product_tag":[],"class_list":{"0":"post-111667","1":"product","2":"type-product","3":"status-publish","4":"has-post-thumbnail","6":"product_cat-poesia","8":"first","9":"instock","10":"shipping-taxable","11":"product-type-simple"},"acf":{"autor":[111668],"enlace_de_compra":"https:\/\/amzn.to\/4sVBamk"},"yoast_head":"<!-- This site is optimized with the Yoast SEO plugin v26.6 - https:\/\/yoast.com\/wordpress\/plugins\/seo\/ -->\n<title>40 cartas de amor - Catalogo | Letrame Grupo Editorial<\/title>\n<meta name=\"robots\" content=\"index, follow, max-snippet:-1, max-image-preview:large, max-video-preview:-1\" \/>\n<link rel=\"canonical\" href=\"https:\/\/letrame.com\/catalogo\/producto\/40-cartas-de-amor\/\" \/>\n<meta property=\"og:locale\" content=\"es_ES\" \/>\n<meta property=\"og:type\" content=\"article\" \/>\n<meta property=\"og:title\" content=\"40 cartas de amor - Catalogo | Letrame Grupo Editorial\" \/>\n<meta property=\"og:description\" content=\"ISBN: 9791370124861 SINOPSIS 40 cartas de amor es el mapa de un coraz\u00f3n expuesto sin reservas, una traves\u00eda entre el deseo, la p\u00e9rdida, la fe, la nostalgia y la esperanza. Cada carta es un grito o un susurro, un intento por capturar lo que nunca se deja atrapar del todo: el amor. Joaqu\u00edn Lorenzo Navarro escribe como quien ha amado hasta la locura y tambi\u00e9n como quien ha sufrido las consecuencias. Sus palabras laten con fuerza en cada p\u00e1gina: a veces son ternura pura, otras veces son heridas abiertas. Aqu\u00ed hay cuerpos que se extra\u00f1an, labios que se recuerdan, caricias que se quedaron en la memoria, pero tambi\u00e9n promesas, confesiones y oraciones. No importa si t\u00fa tambi\u00e9n has amado, perdido o so\u00f1ado: algo de lo que hay aqu\u00ed te va a tocar. Porque en el fondo, todos tenemos una carta que nunca enviamos, un amor que no olvidamos y un recuerdo que todav\u00eda tiembla.\" \/>\n<meta property=\"og:url\" content=\"https:\/\/letrame.com\/catalogo\/producto\/40-cartas-de-amor\/\" \/>\n<meta property=\"og:site_name\" content=\"Catalogo | Letrame Grupo Editorial\" \/>\n<meta property=\"article:modified_time\" content=\"2026-04-06T12:16:13+00:00\" \/>\n<meta property=\"og:image\" content=\"https:\/\/letrame.com\/catalogo\/wp-content\/uploads\/2026\/04\/40cartas_524mm4.jpg\" \/>\n\t<meta property=\"og:image:width\" content=\"478\" \/>\n\t<meta property=\"og:image:height\" content=\"691\" \/>\n\t<meta property=\"og:image:type\" content=\"image\/jpeg\" \/>\n<meta name=\"twitter:card\" content=\"summary_large_image\" \/>\n<meta name=\"twitter:label1\" content=\"Tiempo de lectura\" \/>\n\t<meta name=\"twitter:data1\" content=\"1 minuto\" \/>\n<script type=\"application\/ld+json\" class=\"yoast-schema-graph\">{\"@context\":\"https:\/\/schema.org\",\"@graph\":[{\"@type\":\"WebPage\",\"@id\":\"https:\/\/letrame.com\/catalogo\/producto\/40-cartas-de-amor\/\",\"url\":\"https:\/\/letrame.com\/catalogo\/producto\/40-cartas-de-amor\/\",\"name\":\"40 cartas de amor - Catalogo | Letrame Grupo Editorial\",\"isPartOf\":{\"@id\":\"https:\/\/letrame.com\/catalogo\/#website\"},\"primaryImageOfPage\":{\"@id\":\"https:\/\/letrame.com\/catalogo\/producto\/40-cartas-de-amor\/#primaryimage\"},\"image\":{\"@id\":\"https:\/\/letrame.com\/catalogo\/producto\/40-cartas-de-amor\/#primaryimage\"},\"thumbnailUrl\":\"https:\/\/letrame.com\/catalogo\/wp-content\/uploads\/2026\/04\/40cartas_524mm4.jpg\",\"datePublished\":\"2026-04-06T12:16:12+00:00\",\"dateModified\":\"2026-04-06T12:16:13+00:00\",\"breadcrumb\":{\"@id\":\"https:\/\/letrame.com\/catalogo\/producto\/40-cartas-de-amor\/#breadcrumb\"},\"inLanguage\":\"es\",\"potentialAction\":[{\"@type\":\"ReadAction\",\"target\":[\"https:\/\/letrame.com\/catalogo\/producto\/40-cartas-de-amor\/\"]}]},{\"@type\":\"ImageObject\",\"inLanguage\":\"es\",\"@id\":\"https:\/\/letrame.com\/catalogo\/producto\/40-cartas-de-amor\/#primaryimage\",\"url\":\"https:\/\/letrame.com\/catalogo\/wp-content\/uploads\/2026\/04\/40cartas_524mm4.jpg\",\"contentUrl\":\"https:\/\/letrame.com\/catalogo\/wp-content\/uploads\/2026\/04\/40cartas_524mm4.jpg\",\"width\":478,\"height\":691},{\"@type\":\"BreadcrumbList\",\"@id\":\"https:\/\/letrame.com\/catalogo\/producto\/40-cartas-de-amor\/#breadcrumb\",\"itemListElement\":[{\"@type\":\"ListItem\",\"position\":1,\"name\":\"Portada\",\"item\":\"https:\/\/letrame.com\/catalogo\/\"},{\"@type\":\"ListItem\",\"position\":2,\"name\":\"Cat\u00e1logo\",\"item\":\"https:\/\/letrame.com\/catalogo\/\"},{\"@type\":\"ListItem\",\"position\":3,\"name\":\"40 cartas de amor\"}]},{\"@type\":\"WebSite\",\"@id\":\"https:\/\/letrame.com\/catalogo\/#website\",\"url\":\"https:\/\/letrame.com\/catalogo\/\",\"name\":\"Catalogo | Letrame Grupo Editorial\",\"description\":\"\",\"publisher\":{\"@id\":\"https:\/\/letrame.com\/catalogo\/#organization\"},\"potentialAction\":[{\"@type\":\"SearchAction\",\"target\":{\"@type\":\"EntryPoint\",\"urlTemplate\":\"https:\/\/letrame.com\/catalogo\/?s={search_term_string}\"},\"query-input\":{\"@type\":\"PropertyValueSpecification\",\"valueRequired\":true,\"valueName\":\"search_term_string\"}}],\"inLanguage\":\"es\"},{\"@type\":\"Organization\",\"@id\":\"https:\/\/letrame.com\/catalogo\/#organization\",\"name\":\"Catalogo | Letrame Grupo Editorial\",\"url\":\"https:\/\/letrame.com\/catalogo\/\",\"logo\":{\"@type\":\"ImageObject\",\"inLanguage\":\"es\",\"@id\":\"https:\/\/letrame.com\/catalogo\/#\/schema\/logo\/image\/\",\"url\":\"https:\/\/letrame.com\/catalogo\/wp-content\/uploads\/2024\/03\/logo2.webp\",\"contentUrl\":\"https:\/\/letrame.com\/catalogo\/wp-content\/uploads\/2024\/03\/logo2.webp\",\"width\":394,\"height\":128,\"caption\":\"Catalogo | Letrame Grupo Editorial\"},\"image\":{\"@id\":\"https:\/\/letrame.com\/catalogo\/#\/schema\/logo\/image\/\"}}]}<\/script>\n<!-- \/ Yoast SEO plugin. -->","yoast_head_json":{"title":"40 cartas de amor - Catalogo | Letrame Grupo Editorial","robots":{"index":"index","follow":"follow","max-snippet":"max-snippet:-1","max-image-preview":"max-image-preview:large","max-video-preview":"max-video-preview:-1"},"canonical":"https:\/\/letrame.com\/catalogo\/producto\/40-cartas-de-amor\/","og_locale":"es_ES","og_type":"article","og_title":"40 cartas de amor - Catalogo | Letrame Grupo Editorial","og_description":"ISBN: 9791370124861 SINOPSIS 40 cartas de amor es el mapa de un coraz\u00f3n expuesto sin reservas, una traves\u00eda entre el deseo, la p\u00e9rdida, la fe, la nostalgia y la esperanza. Cada carta es un grito o un susurro, un intento por capturar lo que nunca se deja atrapar del todo: el amor. Joaqu\u00edn Lorenzo Navarro escribe como quien ha amado hasta la locura y tambi\u00e9n como quien ha sufrido las consecuencias. Sus palabras laten con fuerza en cada p\u00e1gina: a veces son ternura pura, otras veces son heridas abiertas. Aqu\u00ed hay cuerpos que se extra\u00f1an, labios que se recuerdan, caricias que se quedaron en la memoria, pero tambi\u00e9n promesas, confesiones y oraciones. No importa si t\u00fa tambi\u00e9n has amado, perdido o so\u00f1ado: algo de lo que hay aqu\u00ed te va a tocar. Porque en el fondo, todos tenemos una carta que nunca enviamos, un amor que no olvidamos y un recuerdo que todav\u00eda tiembla.","og_url":"https:\/\/letrame.com\/catalogo\/producto\/40-cartas-de-amor\/","og_site_name":"Catalogo | Letrame Grupo Editorial","article_modified_time":"2026-04-06T12:16:13+00:00","og_image":[{"width":478,"height":691,"url":"https:\/\/letrame.com\/catalogo\/wp-content\/uploads\/2026\/04\/40cartas_524mm4.jpg","type":"image\/jpeg"}],"twitter_card":"summary_large_image","twitter_misc":{"Tiempo de lectura":"1 minuto"},"schema":{"@context":"https:\/\/schema.org","@graph":[{"@type":"WebPage","@id":"https:\/\/letrame.com\/catalogo\/producto\/40-cartas-de-amor\/","url":"https:\/\/letrame.com\/catalogo\/producto\/40-cartas-de-amor\/","name":"40 cartas de amor - Catalogo | Letrame Grupo Editorial","isPartOf":{"@id":"https:\/\/letrame.com\/catalogo\/#website"},"primaryImageOfPage":{"@id":"https:\/\/letrame.com\/catalogo\/producto\/40-cartas-de-amor\/#primaryimage"},"image":{"@id":"https:\/\/letrame.com\/catalogo\/producto\/40-cartas-de-amor\/#primaryimage"},"thumbnailUrl":"https:\/\/letrame.com\/catalogo\/wp-content\/uploads\/2026\/04\/40cartas_524mm4.jpg","datePublished":"2026-04-06T12:16:12+00:00","dateModified":"2026-04-06T12:16:13+00:00","breadcrumb":{"@id":"https:\/\/letrame.com\/catalogo\/producto\/40-cartas-de-amor\/#breadcrumb"},"inLanguage":"es","potentialAction":[{"@type":"ReadAction","target":["https:\/\/letrame.com\/catalogo\/producto\/40-cartas-de-amor\/"]}]},{"@type":"ImageObject","inLanguage":"es","@id":"https:\/\/letrame.com\/catalogo\/producto\/40-cartas-de-amor\/#primaryimage","url":"https:\/\/letrame.com\/catalogo\/wp-content\/uploads\/2026\/04\/40cartas_524mm4.jpg","contentUrl":"https:\/\/letrame.com\/catalogo\/wp-content\/uploads\/2026\/04\/40cartas_524mm4.jpg","width":478,"height":691},{"@type":"BreadcrumbList","@id":"https:\/\/letrame.com\/catalogo\/producto\/40-cartas-de-amor\/#breadcrumb","itemListElement":[{"@type":"ListItem","position":1,"name":"Portada","item":"https:\/\/letrame.com\/catalogo\/"},{"@type":"ListItem","position":2,"name":"Cat\u00e1logo","item":"https:\/\/letrame.com\/catalogo\/"},{"@type":"ListItem","position":3,"name":"40 cartas de amor"}]},{"@type":"WebSite","@id":"https:\/\/letrame.com\/catalogo\/#website","url":"https:\/\/letrame.com\/catalogo\/","name":"Catalogo | Letrame Grupo Editorial","description":"","publisher":{"@id":"https:\/\/letrame.com\/catalogo\/#organization"},"potentialAction":[{"@type":"SearchAction","target":{"@type":"EntryPoint","urlTemplate":"https:\/\/letrame.com\/catalogo\/?s={search_term_string}"},"query-input":{"@type":"PropertyValueSpecification","valueRequired":true,"valueName":"search_term_string"}}],"inLanguage":"es"},{"@type":"Organization","@id":"https:\/\/letrame.com\/catalogo\/#organization","name":"Catalogo | Letrame Grupo Editorial","url":"https:\/\/letrame.com\/catalogo\/","logo":{"@type":"ImageObject","inLanguage":"es","@id":"https:\/\/letrame.com\/catalogo\/#\/schema\/logo\/image\/","url":"https:\/\/letrame.com\/catalogo\/wp-content\/uploads\/2024\/03\/logo2.webp","contentUrl":"https:\/\/letrame.com\/catalogo\/wp-content\/uploads\/2024\/03\/logo2.webp","width":394,"height":128,"caption":"Catalogo | Letrame Grupo Editorial"},"image":{"@id":"https:\/\/letrame.com\/catalogo\/#\/schema\/logo\/image\/"}}]}},"_links":{"self":[{"href":"https:\/\/letrame.com\/catalogo\/wp-json\/wp\/v2\/product\/111667","targetHints":{"allow":["GET"]}}],"collection":[{"href":"https:\/\/letrame.com\/catalogo\/wp-json\/wp\/v2\/product"}],"about":[{"href":"https:\/\/letrame.com\/catalogo\/wp-json\/wp\/v2\/types\/product"}],"replies":[{"embeddable":true,"href":"https:\/\/letrame.com\/catalogo\/wp-json\/wp\/v2\/comments?post=111667"}],"acf:post":[{"embeddable":true,"href":"https:\/\/letrame.com\/catalogo\/wp-json\/wp\/v2\/author_book\/111668"}],"wp:featuredmedia":[{"embeddable":true,"href":"https:\/\/letrame.com\/catalogo\/wp-json\/wp\/v2\/media\/111670"}],"wp:attachment":[{"href":"https:\/\/letrame.com\/catalogo\/wp-json\/wp\/v2\/media?parent=111667"}],"wp:term":[{"taxonomy":"libro","embeddable":true,"href":"https:\/\/letrame.com\/catalogo\/wp-json\/wp\/v2\/libro?post=111667"},{"taxonomy":"product_brand","embeddable":true,"href":"https:\/\/letrame.com\/catalogo\/wp-json\/wp\/v2\/product_brand?post=111667"},{"taxonomy":"product_cat","embeddable":true,"href":"https:\/\/letrame.com\/catalogo\/wp-json\/wp\/v2\/product_cat?post=111667"},{"taxonomy":"product_tag","embeddable":true,"href":"https:\/\/letrame.com\/catalogo\/wp-json\/wp\/v2\/product_tag?post=111667"}],"curies":[{"name":"wp","href":"https:\/\/api.w.org\/{rel}","templated":true}]}}