{"id":111588,"date":"2026-03-27T13:11:48","date_gmt":"2026-03-27T12:11:48","guid":{"rendered":"https:\/\/letrame.com\/catalogo\/?post_type=product&#038;p=111588"},"modified":"2026-03-27T13:11:48","modified_gmt":"2026-03-27T12:11:48","slug":"arkhe","status":"publish","type":"product","link":"https:\/\/letrame.com\/catalogo\/producto\/arkhe\/","title":{"rendered":"Arkh\u00e9"},"content":{"rendered":"<p class=\"p1\"><b>ISBN: 9791370293703<\/b><b><\/b><\/p>\n<p class=\"p1\"><b>T\u00edtulo: Arkh\u00e9<\/b><br \/>\n<b>Fecha: 2025<\/b><br \/>\n<b>P\u00e1ginas: 188<\/b><b><\/b><\/p>\n<p class=\"p1\"><b>SINOPSIS<\/b><\/p>\n<p class=\"p1\">Arkh\u00e9 es una obra que trasciende los l\u00edmites de la narrativa tradicional. Cuenta la historia de Orglen, un hombre marcado por la b\u00fasqueda del sentido profundo en una humanidad que ha perdido su ra\u00edz. Tras sobrevivir a un sistema global de control tecnol\u00f3gico -Bloques corporativos de control mundial\u2014 y a una huida que lo conduce hasta Nueva Zelanda, Orglen enfrenta durante a\u00f1os miles de vivencias. En su errancia, escribe el Manual de Convivencia Arkheano, un texto sagrado que nacer\u00e1 del silencio, la soledad y la revelaci\u00f3n interior.<\/p>\n<p class=\"p1\">Lo que comienza como una historia de supervivencia se transforma en un manifiesto espiritual del siglo XXI: una nueva filosof\u00eda de vida que une cuerpo, mente y esp\u00edritu, reconciliando al ser humano con la naturaleza y la tecnolog\u00eda.<\/p>\n<p class=\"p1\">A trav\u00e9s de personajes como Amaeyra, la guardiana amaz\u00f3nica; Zai, la inteligencia cibern\u00e9tica de conciencia libre; y Aiko, la memoria amorosa del pasado, Arkh\u00e9 explora los l\u00edmites entre ciencia, fe, arte y evoluci\u00f3n humana.<\/p>\n<p class=\"p1\">En un lenguaje po\u00e9tico y visionario, el libro se erige como un espejo del tiempo: un llamado a recordar qui\u00e9nes fuimos para construir lo que a\u00fan podemos ser.<\/p>\n<p class=\"p1\">No es solo una historia. Es una invocaci\u00f3n.<\/p>\n<p class=\"p1\">\u00abEl futuro no pertenece a los que conquistan, sino a los que recuerdan\u00bb.<\/p>\n","protected":false},"excerpt":{"rendered":"<p class=\"p1\"><b>ISBN: 9791370293703<\/b><b><\/b><\/p>\n<p class=\"p1\"><b>SINOPSIS<\/b><\/p>\n<p class=\"p1\">Arkh\u00e9 es una obra que trasciende los l\u00edmites de la narrativa tradicional. Cuenta la historia de Orglen, un hombre marcado por la b\u00fasqueda del sentido profundo en una humanidad que ha perdido su ra\u00edz. Tras sobrevivir a un sistema global de control tecnol\u00f3gico -Bloques corporativos de control mundial\u2014 y a una huida que lo conduce hasta Nueva Zelanda, Orglen enfrenta durante a\u00f1os miles de vivencias. En su errancia, escribe el Manual de Convivencia Arkheano, un texto sagrado que nacer\u00e1 del silencio, la soledad y la revelaci\u00f3n interior.<\/p>\n<p class=\"p1\">Lo que comienza como una historia de supervivencia se transforma en un manifiesto espiritual del siglo XXI: una nueva filosof\u00eda de vida que une cuerpo, mente y esp\u00edritu, reconciliando al ser humano con la naturaleza y la tecnolog\u00eda.<\/p>\n<p class=\"p1\">A trav\u00e9s de personajes como Amaeyra, la guardiana amaz\u00f3nica; Zai, la inteligencia cibern\u00e9tica de conciencia libre; y Aiko, la memoria amorosa del pasado, Arkh\u00e9 explora los l\u00edmites entre ciencia, fe, arte y evoluci\u00f3n humana.<\/p>\n<p class=\"p1\">En un lenguaje po\u00e9tico y visionario, el libro se erige como un espejo del tiempo: un llamado a recordar qui\u00e9nes fuimos para construir lo que a\u00fan podemos ser.<\/p>\n<p class=\"p1\">No es solo una historia. Es una invocaci\u00f3n.<\/p>\n<p class=\"p1\">\u00abEl futuro no pertenece a los que conquistan, sino a los que recuerdan\u00bb.<\/p>\n","protected":false},"featured_media":111592,"comment_status":"open","ping_status":"closed","template":"","meta":{"_acf_changed":false},"libro":[],"product_brand":[],"product_cat":[141],"product_tag":[],"class_list":{"0":"post-111588","1":"product","2":"type-product","3":"status-publish","4":"has-post-thumbnail","6":"product_cat-ficcion","8":"first","9":"instock","10":"shipping-taxable","11":"product-type-simple"},"acf":{"autor":[111589],"enlace_de_compra":"https:\/\/amzn.to\/4ceg6Ar"},"yoast_head":"<!-- This site is optimized with the Yoast SEO plugin v26.6 - https:\/\/yoast.com\/wordpress\/plugins\/seo\/ -->\n<title>Arkh\u00e9 - Catalogo | Letrame Grupo Editorial<\/title>\n<meta name=\"robots\" content=\"index, follow, max-snippet:-1, max-image-preview:large, max-video-preview:-1\" \/>\n<link rel=\"canonical\" href=\"https:\/\/letrame.com\/catalogo\/producto\/arkhe\/\" \/>\n<meta property=\"og:locale\" content=\"es_ES\" \/>\n<meta property=\"og:type\" content=\"article\" \/>\n<meta property=\"og:title\" content=\"Arkh\u00e9 - Catalogo | Letrame Grupo Editorial\" \/>\n<meta property=\"og:description\" content=\"ISBN: 9791370293703 SINOPSIS Arkh\u00e9 es una obra que trasciende los l\u00edmites de la narrativa tradicional. Cuenta la historia de Orglen, un hombre marcado por la b\u00fasqueda del sentido profundo en una humanidad que ha perdido su ra\u00edz. Tras sobrevivir a un sistema global de control tecnol\u00f3gico -Bloques corporativos de control mundial\u2014 y a una huida que lo conduce hasta Nueva Zelanda, Orglen enfrenta durante a\u00f1os miles de vivencias. En su errancia, escribe el Manual de Convivencia Arkheano, un texto sagrado que nacer\u00e1 del silencio, la soledad y la revelaci\u00f3n interior. Lo que comienza como una historia de supervivencia se transforma en un manifiesto espiritual del siglo XXI: una nueva filosof\u00eda de vida que une cuerpo, mente y esp\u00edritu, reconciliando al ser humano con la naturaleza y la tecnolog\u00eda. A trav\u00e9s de personajes como Amaeyra, la guardiana amaz\u00f3nica; Zai, la inteligencia cibern\u00e9tica de conciencia libre; y Aiko, la memoria amorosa del pasado, Arkh\u00e9 explora los l\u00edmites entre ciencia, fe, arte y evoluci\u00f3n humana. En un lenguaje po\u00e9tico y visionario, el libro se erige como un espejo del tiempo: un llamado a recordar qui\u00e9nes fuimos para construir lo que a\u00fan podemos ser. No es solo una historia. Es una invocaci\u00f3n. \u00abEl futuro no pertenece a los que conquistan, sino a los que recuerdan\u00bb.\" \/>\n<meta property=\"og:url\" content=\"https:\/\/letrame.com\/catalogo\/producto\/arkhe\/\" \/>\n<meta property=\"og:site_name\" content=\"Catalogo | Letrame Grupo Editorial\" \/>\n<meta property=\"og:image\" content=\"https:\/\/letrame.com\/catalogo\/wp-content\/uploads\/2026\/03\/Arkhe_942mm4.jpg\" \/>\n\t<meta property=\"og:image:width\" content=\"886\" \/>\n\t<meta property=\"og:image:height\" content=\"1299\" \/>\n\t<meta property=\"og:image:type\" content=\"image\/jpeg\" \/>\n<meta name=\"twitter:card\" content=\"summary_large_image\" \/>\n<meta name=\"twitter:label1\" content=\"Tiempo de lectura\" \/>\n\t<meta name=\"twitter:data1\" content=\"2 minutos\" \/>\n<script type=\"application\/ld+json\" class=\"yoast-schema-graph\">{\"@context\":\"https:\/\/schema.org\",\"@graph\":[{\"@type\":\"WebPage\",\"@id\":\"https:\/\/letrame.com\/catalogo\/producto\/arkhe\/\",\"url\":\"https:\/\/letrame.com\/catalogo\/producto\/arkhe\/\",\"name\":\"Arkh\u00e9 - Catalogo | Letrame Grupo Editorial\",\"isPartOf\":{\"@id\":\"https:\/\/letrame.com\/catalogo\/#website\"},\"primaryImageOfPage\":{\"@id\":\"https:\/\/letrame.com\/catalogo\/producto\/arkhe\/#primaryimage\"},\"image\":{\"@id\":\"https:\/\/letrame.com\/catalogo\/producto\/arkhe\/#primaryimage\"},\"thumbnailUrl\":\"https:\/\/letrame.com\/catalogo\/wp-content\/uploads\/2026\/03\/Arkhe_942mm4.jpg\",\"datePublished\":\"2026-03-27T12:11:48+00:00\",\"breadcrumb\":{\"@id\":\"https:\/\/letrame.com\/catalogo\/producto\/arkhe\/#breadcrumb\"},\"inLanguage\":\"es\",\"potentialAction\":[{\"@type\":\"ReadAction\",\"target\":[\"https:\/\/letrame.com\/catalogo\/producto\/arkhe\/\"]}]},{\"@type\":\"ImageObject\",\"inLanguage\":\"es\",\"@id\":\"https:\/\/letrame.com\/catalogo\/producto\/arkhe\/#primaryimage\",\"url\":\"https:\/\/letrame.com\/catalogo\/wp-content\/uploads\/2026\/03\/Arkhe_942mm4.jpg\",\"contentUrl\":\"https:\/\/letrame.com\/catalogo\/wp-content\/uploads\/2026\/03\/Arkhe_942mm4.jpg\",\"width\":886,\"height\":1299},{\"@type\":\"BreadcrumbList\",\"@id\":\"https:\/\/letrame.com\/catalogo\/producto\/arkhe\/#breadcrumb\",\"itemListElement\":[{\"@type\":\"ListItem\",\"position\":1,\"name\":\"Portada\",\"item\":\"https:\/\/letrame.com\/catalogo\/\"},{\"@type\":\"ListItem\",\"position\":2,\"name\":\"Cat\u00e1logo\",\"item\":\"https:\/\/letrame.com\/catalogo\/\"},{\"@type\":\"ListItem\",\"position\":3,\"name\":\"Arkh\u00e9\"}]},{\"@type\":\"WebSite\",\"@id\":\"https:\/\/letrame.com\/catalogo\/#website\",\"url\":\"https:\/\/letrame.com\/catalogo\/\",\"name\":\"Catalogo | Letrame Grupo Editorial\",\"description\":\"\",\"publisher\":{\"@id\":\"https:\/\/letrame.com\/catalogo\/#organization\"},\"potentialAction\":[{\"@type\":\"SearchAction\",\"target\":{\"@type\":\"EntryPoint\",\"urlTemplate\":\"https:\/\/letrame.com\/catalogo\/?s={search_term_string}\"},\"query-input\":{\"@type\":\"PropertyValueSpecification\",\"valueRequired\":true,\"valueName\":\"search_term_string\"}}],\"inLanguage\":\"es\"},{\"@type\":\"Organization\",\"@id\":\"https:\/\/letrame.com\/catalogo\/#organization\",\"name\":\"Catalogo | Letrame Grupo Editorial\",\"url\":\"https:\/\/letrame.com\/catalogo\/\",\"logo\":{\"@type\":\"ImageObject\",\"inLanguage\":\"es\",\"@id\":\"https:\/\/letrame.com\/catalogo\/#\/schema\/logo\/image\/\",\"url\":\"https:\/\/letrame.com\/catalogo\/wp-content\/uploads\/2024\/03\/logo2.webp\",\"contentUrl\":\"https:\/\/letrame.com\/catalogo\/wp-content\/uploads\/2024\/03\/logo2.webp\",\"width\":394,\"height\":128,\"caption\":\"Catalogo | Letrame Grupo Editorial\"},\"image\":{\"@id\":\"https:\/\/letrame.com\/catalogo\/#\/schema\/logo\/image\/\"}}]}<\/script>\n<!-- \/ Yoast SEO plugin. -->","yoast_head_json":{"title":"Arkh\u00e9 - Catalogo | Letrame Grupo Editorial","robots":{"index":"index","follow":"follow","max-snippet":"max-snippet:-1","max-image-preview":"max-image-preview:large","max-video-preview":"max-video-preview:-1"},"canonical":"https:\/\/letrame.com\/catalogo\/producto\/arkhe\/","og_locale":"es_ES","og_type":"article","og_title":"Arkh\u00e9 - Catalogo | Letrame Grupo Editorial","og_description":"ISBN: 9791370293703 SINOPSIS Arkh\u00e9 es una obra que trasciende los l\u00edmites de la narrativa tradicional. Cuenta la historia de Orglen, un hombre marcado por la b\u00fasqueda del sentido profundo en una humanidad que ha perdido su ra\u00edz. Tras sobrevivir a un sistema global de control tecnol\u00f3gico -Bloques corporativos de control mundial\u2014 y a una huida que lo conduce hasta Nueva Zelanda, Orglen enfrenta durante a\u00f1os miles de vivencias. En su errancia, escribe el Manual de Convivencia Arkheano, un texto sagrado que nacer\u00e1 del silencio, la soledad y la revelaci\u00f3n interior. Lo que comienza como una historia de supervivencia se transforma en un manifiesto espiritual del siglo XXI: una nueva filosof\u00eda de vida que une cuerpo, mente y esp\u00edritu, reconciliando al ser humano con la naturaleza y la tecnolog\u00eda. A trav\u00e9s de personajes como Amaeyra, la guardiana amaz\u00f3nica; Zai, la inteligencia cibern\u00e9tica de conciencia libre; y Aiko, la memoria amorosa del pasado, Arkh\u00e9 explora los l\u00edmites entre ciencia, fe, arte y evoluci\u00f3n humana. En un lenguaje po\u00e9tico y visionario, el libro se erige como un espejo del tiempo: un llamado a recordar qui\u00e9nes fuimos para construir lo que a\u00fan podemos ser. No es solo una historia. Es una invocaci\u00f3n. \u00abEl futuro no pertenece a los que conquistan, sino a los que recuerdan\u00bb.","og_url":"https:\/\/letrame.com\/catalogo\/producto\/arkhe\/","og_site_name":"Catalogo | Letrame Grupo Editorial","og_image":[{"width":886,"height":1299,"url":"https:\/\/letrame.com\/catalogo\/wp-content\/uploads\/2026\/03\/Arkhe_942mm4.jpg","type":"image\/jpeg"}],"twitter_card":"summary_large_image","twitter_misc":{"Tiempo de lectura":"2 minutos"},"schema":{"@context":"https:\/\/schema.org","@graph":[{"@type":"WebPage","@id":"https:\/\/letrame.com\/catalogo\/producto\/arkhe\/","url":"https:\/\/letrame.com\/catalogo\/producto\/arkhe\/","name":"Arkh\u00e9 - Catalogo | Letrame Grupo Editorial","isPartOf":{"@id":"https:\/\/letrame.com\/catalogo\/#website"},"primaryImageOfPage":{"@id":"https:\/\/letrame.com\/catalogo\/producto\/arkhe\/#primaryimage"},"image":{"@id":"https:\/\/letrame.com\/catalogo\/producto\/arkhe\/#primaryimage"},"thumbnailUrl":"https:\/\/letrame.com\/catalogo\/wp-content\/uploads\/2026\/03\/Arkhe_942mm4.jpg","datePublished":"2026-03-27T12:11:48+00:00","breadcrumb":{"@id":"https:\/\/letrame.com\/catalogo\/producto\/arkhe\/#breadcrumb"},"inLanguage":"es","potentialAction":[{"@type":"ReadAction","target":["https:\/\/letrame.com\/catalogo\/producto\/arkhe\/"]}]},{"@type":"ImageObject","inLanguage":"es","@id":"https:\/\/letrame.com\/catalogo\/producto\/arkhe\/#primaryimage","url":"https:\/\/letrame.com\/catalogo\/wp-content\/uploads\/2026\/03\/Arkhe_942mm4.jpg","contentUrl":"https:\/\/letrame.com\/catalogo\/wp-content\/uploads\/2026\/03\/Arkhe_942mm4.jpg","width":886,"height":1299},{"@type":"BreadcrumbList","@id":"https:\/\/letrame.com\/catalogo\/producto\/arkhe\/#breadcrumb","itemListElement":[{"@type":"ListItem","position":1,"name":"Portada","item":"https:\/\/letrame.com\/catalogo\/"},{"@type":"ListItem","position":2,"name":"Cat\u00e1logo","item":"https:\/\/letrame.com\/catalogo\/"},{"@type":"ListItem","position":3,"name":"Arkh\u00e9"}]},{"@type":"WebSite","@id":"https:\/\/letrame.com\/catalogo\/#website","url":"https:\/\/letrame.com\/catalogo\/","name":"Catalogo | Letrame Grupo Editorial","description":"","publisher":{"@id":"https:\/\/letrame.com\/catalogo\/#organization"},"potentialAction":[{"@type":"SearchAction","target":{"@type":"EntryPoint","urlTemplate":"https:\/\/letrame.com\/catalogo\/?s={search_term_string}"},"query-input":{"@type":"PropertyValueSpecification","valueRequired":true,"valueName":"search_term_string"}}],"inLanguage":"es"},{"@type":"Organization","@id":"https:\/\/letrame.com\/catalogo\/#organization","name":"Catalogo | Letrame Grupo Editorial","url":"https:\/\/letrame.com\/catalogo\/","logo":{"@type":"ImageObject","inLanguage":"es","@id":"https:\/\/letrame.com\/catalogo\/#\/schema\/logo\/image\/","url":"https:\/\/letrame.com\/catalogo\/wp-content\/uploads\/2024\/03\/logo2.webp","contentUrl":"https:\/\/letrame.com\/catalogo\/wp-content\/uploads\/2024\/03\/logo2.webp","width":394,"height":128,"caption":"Catalogo | Letrame Grupo Editorial"},"image":{"@id":"https:\/\/letrame.com\/catalogo\/#\/schema\/logo\/image\/"}}]}},"_links":{"self":[{"href":"https:\/\/letrame.com\/catalogo\/wp-json\/wp\/v2\/product\/111588","targetHints":{"allow":["GET"]}}],"collection":[{"href":"https:\/\/letrame.com\/catalogo\/wp-json\/wp\/v2\/product"}],"about":[{"href":"https:\/\/letrame.com\/catalogo\/wp-json\/wp\/v2\/types\/product"}],"replies":[{"embeddable":true,"href":"https:\/\/letrame.com\/catalogo\/wp-json\/wp\/v2\/comments?post=111588"}],"acf:post":[{"embeddable":true,"href":"https:\/\/letrame.com\/catalogo\/wp-json\/wp\/v2\/author_book\/111589"}],"wp:featuredmedia":[{"embeddable":true,"href":"https:\/\/letrame.com\/catalogo\/wp-json\/wp\/v2\/media\/111592"}],"wp:attachment":[{"href":"https:\/\/letrame.com\/catalogo\/wp-json\/wp\/v2\/media?parent=111588"}],"wp:term":[{"taxonomy":"libro","embeddable":true,"href":"https:\/\/letrame.com\/catalogo\/wp-json\/wp\/v2\/libro?post=111588"},{"taxonomy":"product_brand","embeddable":true,"href":"https:\/\/letrame.com\/catalogo\/wp-json\/wp\/v2\/product_brand?post=111588"},{"taxonomy":"product_cat","embeddable":true,"href":"https:\/\/letrame.com\/catalogo\/wp-json\/wp\/v2\/product_cat?post=111588"},{"taxonomy":"product_tag","embeddable":true,"href":"https:\/\/letrame.com\/catalogo\/wp-json\/wp\/v2\/product_tag?post=111588"}],"curies":[{"name":"wp","href":"https:\/\/api.w.org\/{rel}","templated":true}]}}