{"id":111573,"date":"2026-03-27T12:43:09","date_gmt":"2026-03-27T11:43:09","guid":{"rendered":"https:\/\/letrame.com\/catalogo\/?post_type=product&#038;p=111573"},"modified":"2026-03-27T12:43:09","modified_gmt":"2026-03-27T11:43:09","slug":"devorados-por-la-oscuridad","status":"publish","type":"product","link":"https:\/\/letrame.com\/catalogo\/producto\/devorados-por-la-oscuridad\/","title":{"rendered":"Devorados por la oscuridad"},"content":{"rendered":"<p class=\"p1\"><b>ISBN: 9791370297053<\/b><b><\/b><\/p>\n<p class=\"p1\"><b>T\u00edtulo: Devorados por la oscuridad<\/b><br \/>\n<b>Fecha: 2025<\/b><br \/>\n<b>P\u00e1ginas: 382<\/b><b><\/b><\/p>\n<p class=\"p1\"><b>SINOPSIS<\/b><\/p>\n<p class=\"p1\">Teresa Hern\u00e1ndez, investigadora del cuerpo de homicidios, ha aprendido a vivir rodeada de ausencias. La mayor de todas: Pedro, su marido, cuya muerte a\u00fan late como una cicatriz abierta. Pero cuando un crimen brutal sacude Espa\u00f1a y apunta a una secta tan antigua como peligrosa, Teresa se ve arrastrada a un mundo que cre\u00eda conocer&#8230; hasta que empiezan a ocurrir cosas que no encajan en lo racional.<\/p>\n<p class=\"p1\">La escena del crimen habla de s\u00edmbolos imposibles y rituales olvidados. Las pistas la conducen a M\u00e9xico, a una pir\u00e1mide que guarda secretos bajo la piedra&#8230; y a un nombre que parece seguirla incluso en sue\u00f1os. Nergal.<\/p>\n<p class=\"p1\">Magn\u00e9tico. Extra\u00f1o. Irresistible. Teresa no sabe si confiar en \u00e9l, pero tampoco puede escapar a la atracci\u00f3n el\u00e9ctrica que nace entre ambos. Lo que no imagina es que su vida, su dolor y sus miedos est\u00e1n a punto de cruzarse con algo mucho m\u00e1s antiguo que la propia historia.<\/p>\n<p class=\"p1\">Al borde de una verdad que nadie est\u00e1 preparado para aceptar, Teresa deber\u00e1 elegir entre aferrarse a la raz\u00f3n&#8230; o adentrarse en un territorio donde la oscuridad tiene voluntad pro-pia. Porque lo que est\u00e1 por llegar no solo puede cambiar su vida. Puede cambiarlo todo.<\/p>\n","protected":false},"excerpt":{"rendered":"<p class=\"p1\"><b>ISBN: 9791370297053<\/b><b><\/b><\/p>\n<p class=\"p1\"><b>SINOPSIS<\/b><\/p>\n<p class=\"p1\">Teresa Hern\u00e1ndez, investigadora del cuerpo de homicidios, ha aprendido a vivir rodeada de ausencias. La mayor de todas: Pedro, su marido, cuya muerte a\u00fan late como una cicatriz abierta. Pero cuando un crimen brutal sacude Espa\u00f1a y apunta a una secta tan antigua como peligrosa, Teresa se ve arrastrada a un mundo que cre\u00eda conocer&#8230; hasta que empiezan a ocurrir cosas que no encajan en lo racional.<\/p>\n<p class=\"p1\">La escena del crimen habla de s\u00edmbolos imposibles y rituales olvidados. Las pistas la conducen a M\u00e9xico, a una pir\u00e1mide que guarda secretos bajo la piedra&#8230; y a un nombre que parece seguirla incluso en sue\u00f1os. Nergal.<\/p>\n<p class=\"p1\">Magn\u00e9tico. Extra\u00f1o. Irresistible. Teresa no sabe si confiar en \u00e9l, pero tampoco puede escapar a la atracci\u00f3n el\u00e9ctrica que nace entre ambos. Lo que no imagina es que su vida, su dolor y sus miedos est\u00e1n a punto de cruzarse con algo mucho m\u00e1s antiguo que la propia historia.<\/p>\n<p class=\"p1\">Al borde de una verdad que nadie est\u00e1 preparado para aceptar, Teresa deber\u00e1 elegir entre aferrarse a la raz\u00f3n&#8230; o adentrarse en un territorio donde la oscuridad tiene voluntad pro-pia. Porque lo que est\u00e1 por llegar no solo puede cambiar su vida. Puede cambiarlo todo.<\/p>\n","protected":false},"featured_media":111576,"comment_status":"open","ping_status":"closed","template":"","meta":{"_acf_changed":false},"libro":[],"product_brand":[],"product_cat":[144],"product_tag":[],"class_list":{"0":"post-111573","1":"product","2":"type-product","3":"status-publish","4":"has-post-thumbnail","6":"product_cat-misterio","8":"first","9":"instock","10":"shipping-taxable","11":"product-type-simple"},"acf":{"autor":[111574],"enlace_de_compra":"https:\/\/amzn.to\/4rX2jE0"},"yoast_head":"<!-- This site is optimized with the Yoast SEO plugin v26.6 - https:\/\/yoast.com\/wordpress\/plugins\/seo\/ -->\n<title>Devorados por la oscuridad - Catalogo | Letrame Grupo Editorial<\/title>\n<meta name=\"robots\" content=\"index, follow, max-snippet:-1, max-image-preview:large, max-video-preview:-1\" \/>\n<link rel=\"canonical\" href=\"https:\/\/letrame.com\/catalogo\/producto\/devorados-por-la-oscuridad\/\" \/>\n<meta property=\"og:locale\" content=\"es_ES\" \/>\n<meta property=\"og:type\" content=\"article\" \/>\n<meta property=\"og:title\" content=\"Devorados por la oscuridad - Catalogo | Letrame Grupo Editorial\" \/>\n<meta property=\"og:description\" content=\"ISBN: 9791370297053 SINOPSIS Teresa Hern\u00e1ndez, investigadora del cuerpo de homicidios, ha aprendido a vivir rodeada de ausencias. La mayor de todas: Pedro, su marido, cuya muerte a\u00fan late como una cicatriz abierta. Pero cuando un crimen brutal sacude Espa\u00f1a y apunta a una secta tan antigua como peligrosa, Teresa se ve arrastrada a un mundo que cre\u00eda conocer... hasta que empiezan a ocurrir cosas que no encajan en lo racional. La escena del crimen habla de s\u00edmbolos imposibles y rituales olvidados. Las pistas la conducen a M\u00e9xico, a una pir\u00e1mide que guarda secretos bajo la piedra... y a un nombre que parece seguirla incluso en sue\u00f1os. Nergal. Magn\u00e9tico. Extra\u00f1o. Irresistible. Teresa no sabe si confiar en \u00e9l, pero tampoco puede escapar a la atracci\u00f3n el\u00e9ctrica que nace entre ambos. Lo que no imagina es que su vida, su dolor y sus miedos est\u00e1n a punto de cruzarse con algo mucho m\u00e1s antiguo que la propia historia. Al borde de una verdad que nadie est\u00e1 preparado para aceptar, Teresa deber\u00e1 elegir entre aferrarse a la raz\u00f3n... o adentrarse en un territorio donde la oscuridad tiene voluntad pro-pia. Porque lo que est\u00e1 por llegar no solo puede cambiar su vida. Puede cambiarlo todo.\" \/>\n<meta property=\"og:url\" content=\"https:\/\/letrame.com\/catalogo\/producto\/devorados-por-la-oscuridad\/\" \/>\n<meta property=\"og:site_name\" content=\"Catalogo | Letrame Grupo Editorial\" \/>\n<meta property=\"og:image\" content=\"https:\/\/letrame.com\/catalogo\/wp-content\/uploads\/2026\/03\/Devoradosporlaoscuridad_1873mm4.jpg\" \/>\n\t<meta property=\"og:image:width\" content=\"886\" \/>\n\t<meta property=\"og:image:height\" content=\"1299\" \/>\n\t<meta property=\"og:image:type\" content=\"image\/jpeg\" \/>\n<meta name=\"twitter:card\" content=\"summary_large_image\" \/>\n<meta name=\"twitter:label1\" content=\"Tiempo de lectura\" \/>\n\t<meta name=\"twitter:data1\" content=\"2 minutos\" \/>\n<script type=\"application\/ld+json\" class=\"yoast-schema-graph\">{\"@context\":\"https:\/\/schema.org\",\"@graph\":[{\"@type\":\"WebPage\",\"@id\":\"https:\/\/letrame.com\/catalogo\/producto\/devorados-por-la-oscuridad\/\",\"url\":\"https:\/\/letrame.com\/catalogo\/producto\/devorados-por-la-oscuridad\/\",\"name\":\"Devorados por la oscuridad - Catalogo | Letrame Grupo Editorial\",\"isPartOf\":{\"@id\":\"https:\/\/letrame.com\/catalogo\/#website\"},\"primaryImageOfPage\":{\"@id\":\"https:\/\/letrame.com\/catalogo\/producto\/devorados-por-la-oscuridad\/#primaryimage\"},\"image\":{\"@id\":\"https:\/\/letrame.com\/catalogo\/producto\/devorados-por-la-oscuridad\/#primaryimage\"},\"thumbnailUrl\":\"https:\/\/letrame.com\/catalogo\/wp-content\/uploads\/2026\/03\/Devoradosporlaoscuridad_1873mm4.jpg\",\"datePublished\":\"2026-03-27T11:43:09+00:00\",\"breadcrumb\":{\"@id\":\"https:\/\/letrame.com\/catalogo\/producto\/devorados-por-la-oscuridad\/#breadcrumb\"},\"inLanguage\":\"es\",\"potentialAction\":[{\"@type\":\"ReadAction\",\"target\":[\"https:\/\/letrame.com\/catalogo\/producto\/devorados-por-la-oscuridad\/\"]}]},{\"@type\":\"ImageObject\",\"inLanguage\":\"es\",\"@id\":\"https:\/\/letrame.com\/catalogo\/producto\/devorados-por-la-oscuridad\/#primaryimage\",\"url\":\"https:\/\/letrame.com\/catalogo\/wp-content\/uploads\/2026\/03\/Devoradosporlaoscuridad_1873mm4.jpg\",\"contentUrl\":\"https:\/\/letrame.com\/catalogo\/wp-content\/uploads\/2026\/03\/Devoradosporlaoscuridad_1873mm4.jpg\",\"width\":886,\"height\":1299},{\"@type\":\"BreadcrumbList\",\"@id\":\"https:\/\/letrame.com\/catalogo\/producto\/devorados-por-la-oscuridad\/#breadcrumb\",\"itemListElement\":[{\"@type\":\"ListItem\",\"position\":1,\"name\":\"Portada\",\"item\":\"https:\/\/letrame.com\/catalogo\/\"},{\"@type\":\"ListItem\",\"position\":2,\"name\":\"Cat\u00e1logo\",\"item\":\"https:\/\/letrame.com\/catalogo\/\"},{\"@type\":\"ListItem\",\"position\":3,\"name\":\"Devorados por la oscuridad\"}]},{\"@type\":\"WebSite\",\"@id\":\"https:\/\/letrame.com\/catalogo\/#website\",\"url\":\"https:\/\/letrame.com\/catalogo\/\",\"name\":\"Catalogo | Letrame Grupo Editorial\",\"description\":\"\",\"publisher\":{\"@id\":\"https:\/\/letrame.com\/catalogo\/#organization\"},\"potentialAction\":[{\"@type\":\"SearchAction\",\"target\":{\"@type\":\"EntryPoint\",\"urlTemplate\":\"https:\/\/letrame.com\/catalogo\/?s={search_term_string}\"},\"query-input\":{\"@type\":\"PropertyValueSpecification\",\"valueRequired\":true,\"valueName\":\"search_term_string\"}}],\"inLanguage\":\"es\"},{\"@type\":\"Organization\",\"@id\":\"https:\/\/letrame.com\/catalogo\/#organization\",\"name\":\"Catalogo | Letrame Grupo Editorial\",\"url\":\"https:\/\/letrame.com\/catalogo\/\",\"logo\":{\"@type\":\"ImageObject\",\"inLanguage\":\"es\",\"@id\":\"https:\/\/letrame.com\/catalogo\/#\/schema\/logo\/image\/\",\"url\":\"https:\/\/letrame.com\/catalogo\/wp-content\/uploads\/2024\/03\/logo2.webp\",\"contentUrl\":\"https:\/\/letrame.com\/catalogo\/wp-content\/uploads\/2024\/03\/logo2.webp\",\"width\":394,\"height\":128,\"caption\":\"Catalogo | Letrame Grupo Editorial\"},\"image\":{\"@id\":\"https:\/\/letrame.com\/catalogo\/#\/schema\/logo\/image\/\"}}]}<\/script>\n<!-- \/ Yoast SEO plugin. -->","yoast_head_json":{"title":"Devorados por la oscuridad - Catalogo | Letrame Grupo Editorial","robots":{"index":"index","follow":"follow","max-snippet":"max-snippet:-1","max-image-preview":"max-image-preview:large","max-video-preview":"max-video-preview:-1"},"canonical":"https:\/\/letrame.com\/catalogo\/producto\/devorados-por-la-oscuridad\/","og_locale":"es_ES","og_type":"article","og_title":"Devorados por la oscuridad - Catalogo | Letrame Grupo Editorial","og_description":"ISBN: 9791370297053 SINOPSIS Teresa Hern\u00e1ndez, investigadora del cuerpo de homicidios, ha aprendido a vivir rodeada de ausencias. La mayor de todas: Pedro, su marido, cuya muerte a\u00fan late como una cicatriz abierta. Pero cuando un crimen brutal sacude Espa\u00f1a y apunta a una secta tan antigua como peligrosa, Teresa se ve arrastrada a un mundo que cre\u00eda conocer... hasta que empiezan a ocurrir cosas que no encajan en lo racional. La escena del crimen habla de s\u00edmbolos imposibles y rituales olvidados. Las pistas la conducen a M\u00e9xico, a una pir\u00e1mide que guarda secretos bajo la piedra... y a un nombre que parece seguirla incluso en sue\u00f1os. Nergal. Magn\u00e9tico. Extra\u00f1o. Irresistible. Teresa no sabe si confiar en \u00e9l, pero tampoco puede escapar a la atracci\u00f3n el\u00e9ctrica que nace entre ambos. Lo que no imagina es que su vida, su dolor y sus miedos est\u00e1n a punto de cruzarse con algo mucho m\u00e1s antiguo que la propia historia. Al borde de una verdad que nadie est\u00e1 preparado para aceptar, Teresa deber\u00e1 elegir entre aferrarse a la raz\u00f3n... o adentrarse en un territorio donde la oscuridad tiene voluntad pro-pia. Porque lo que est\u00e1 por llegar no solo puede cambiar su vida. Puede cambiarlo todo.","og_url":"https:\/\/letrame.com\/catalogo\/producto\/devorados-por-la-oscuridad\/","og_site_name":"Catalogo | Letrame Grupo Editorial","og_image":[{"width":886,"height":1299,"url":"https:\/\/letrame.com\/catalogo\/wp-content\/uploads\/2026\/03\/Devoradosporlaoscuridad_1873mm4.jpg","type":"image\/jpeg"}],"twitter_card":"summary_large_image","twitter_misc":{"Tiempo de lectura":"2 minutos"},"schema":{"@context":"https:\/\/schema.org","@graph":[{"@type":"WebPage","@id":"https:\/\/letrame.com\/catalogo\/producto\/devorados-por-la-oscuridad\/","url":"https:\/\/letrame.com\/catalogo\/producto\/devorados-por-la-oscuridad\/","name":"Devorados por la oscuridad - Catalogo | Letrame Grupo Editorial","isPartOf":{"@id":"https:\/\/letrame.com\/catalogo\/#website"},"primaryImageOfPage":{"@id":"https:\/\/letrame.com\/catalogo\/producto\/devorados-por-la-oscuridad\/#primaryimage"},"image":{"@id":"https:\/\/letrame.com\/catalogo\/producto\/devorados-por-la-oscuridad\/#primaryimage"},"thumbnailUrl":"https:\/\/letrame.com\/catalogo\/wp-content\/uploads\/2026\/03\/Devoradosporlaoscuridad_1873mm4.jpg","datePublished":"2026-03-27T11:43:09+00:00","breadcrumb":{"@id":"https:\/\/letrame.com\/catalogo\/producto\/devorados-por-la-oscuridad\/#breadcrumb"},"inLanguage":"es","potentialAction":[{"@type":"ReadAction","target":["https:\/\/letrame.com\/catalogo\/producto\/devorados-por-la-oscuridad\/"]}]},{"@type":"ImageObject","inLanguage":"es","@id":"https:\/\/letrame.com\/catalogo\/producto\/devorados-por-la-oscuridad\/#primaryimage","url":"https:\/\/letrame.com\/catalogo\/wp-content\/uploads\/2026\/03\/Devoradosporlaoscuridad_1873mm4.jpg","contentUrl":"https:\/\/letrame.com\/catalogo\/wp-content\/uploads\/2026\/03\/Devoradosporlaoscuridad_1873mm4.jpg","width":886,"height":1299},{"@type":"BreadcrumbList","@id":"https:\/\/letrame.com\/catalogo\/producto\/devorados-por-la-oscuridad\/#breadcrumb","itemListElement":[{"@type":"ListItem","position":1,"name":"Portada","item":"https:\/\/letrame.com\/catalogo\/"},{"@type":"ListItem","position":2,"name":"Cat\u00e1logo","item":"https:\/\/letrame.com\/catalogo\/"},{"@type":"ListItem","position":3,"name":"Devorados por la oscuridad"}]},{"@type":"WebSite","@id":"https:\/\/letrame.com\/catalogo\/#website","url":"https:\/\/letrame.com\/catalogo\/","name":"Catalogo | Letrame Grupo Editorial","description":"","publisher":{"@id":"https:\/\/letrame.com\/catalogo\/#organization"},"potentialAction":[{"@type":"SearchAction","target":{"@type":"EntryPoint","urlTemplate":"https:\/\/letrame.com\/catalogo\/?s={search_term_string}"},"query-input":{"@type":"PropertyValueSpecification","valueRequired":true,"valueName":"search_term_string"}}],"inLanguage":"es"},{"@type":"Organization","@id":"https:\/\/letrame.com\/catalogo\/#organization","name":"Catalogo | Letrame Grupo Editorial","url":"https:\/\/letrame.com\/catalogo\/","logo":{"@type":"ImageObject","inLanguage":"es","@id":"https:\/\/letrame.com\/catalogo\/#\/schema\/logo\/image\/","url":"https:\/\/letrame.com\/catalogo\/wp-content\/uploads\/2024\/03\/logo2.webp","contentUrl":"https:\/\/letrame.com\/catalogo\/wp-content\/uploads\/2024\/03\/logo2.webp","width":394,"height":128,"caption":"Catalogo | Letrame Grupo Editorial"},"image":{"@id":"https:\/\/letrame.com\/catalogo\/#\/schema\/logo\/image\/"}}]}},"_links":{"self":[{"href":"https:\/\/letrame.com\/catalogo\/wp-json\/wp\/v2\/product\/111573","targetHints":{"allow":["GET"]}}],"collection":[{"href":"https:\/\/letrame.com\/catalogo\/wp-json\/wp\/v2\/product"}],"about":[{"href":"https:\/\/letrame.com\/catalogo\/wp-json\/wp\/v2\/types\/product"}],"replies":[{"embeddable":true,"href":"https:\/\/letrame.com\/catalogo\/wp-json\/wp\/v2\/comments?post=111573"}],"acf:post":[{"embeddable":true,"href":"https:\/\/letrame.com\/catalogo\/wp-json\/wp\/v2\/author_book\/111574"}],"wp:featuredmedia":[{"embeddable":true,"href":"https:\/\/letrame.com\/catalogo\/wp-json\/wp\/v2\/media\/111576"}],"wp:attachment":[{"href":"https:\/\/letrame.com\/catalogo\/wp-json\/wp\/v2\/media?parent=111573"}],"wp:term":[{"taxonomy":"libro","embeddable":true,"href":"https:\/\/letrame.com\/catalogo\/wp-json\/wp\/v2\/libro?post=111573"},{"taxonomy":"product_brand","embeddable":true,"href":"https:\/\/letrame.com\/catalogo\/wp-json\/wp\/v2\/product_brand?post=111573"},{"taxonomy":"product_cat","embeddable":true,"href":"https:\/\/letrame.com\/catalogo\/wp-json\/wp\/v2\/product_cat?post=111573"},{"taxonomy":"product_tag","embeddable":true,"href":"https:\/\/letrame.com\/catalogo\/wp-json\/wp\/v2\/product_tag?post=111573"}],"curies":[{"name":"wp","href":"https:\/\/api.w.org\/{rel}","templated":true}]}}