{"id":111492,"date":"2026-03-20T13:32:14","date_gmt":"2026-03-20T12:32:14","guid":{"rendered":"https:\/\/letrame.com\/catalogo\/?post_type=product&#038;p=111492"},"modified":"2026-03-20T13:47:49","modified_gmt":"2026-03-20T12:47:49","slug":"galimatias","status":"publish","type":"product","link":"https:\/\/letrame.com\/catalogo\/producto\/galimatias\/","title":{"rendered":"Galimat\u00edas"},"content":{"rendered":"<p class=\"p1\"><b>ISBN: 9791370295912<\/b><b><\/b><\/p>\n<p class=\"p1\"><b>T\u00edtulo: Galimat\u00edas<\/b><br \/>\n<b>Fecha: 2025<\/b><br \/>\n<b>P\u00e1ginas: 196<\/b><b><\/b><\/p>\n<p class=\"p1\"><b>SINOPSIS<\/b><\/p>\n<p class=\"p1\">Galimat\u00edas es un territorio emocional donde el amor, la p\u00e9rdida, la memoria y la desesperaci\u00f3n dialogan sin con-cesiones. A trav\u00e9s de poemas breves, prosas l\u00edricas y fragmentos narrativos, Vicente Merino Gallardo construye una cartograf\u00eda del sentir humano, apasionado, contradictorio, vulnerable y, a ratos, abismal.<\/p>\n<p class=\"p1\">Dividida en cinco partes, la obra transita desde la exaltaci\u00f3n amorosa y er\u00f3tica hasta el duelo, la enfermedad, la precariedad y la conciencia del desahucio. El yo po\u00e9tico se desdobla: amante, testigo, poeta maldito, desahuciado, caminante nocturno. Cada texto es un intento por nombrar lo innombrable, por ordenar, o aceptar, el caos interior que dejan el amor perdido, la nostalgia persistente y la certeza de la finitud.<\/p>\n<p class=\"p1\">Vicente Merino se atreve a mirar de frente la fragilidad humana, el deseo que salva y condena, y la palabra como \u00faltimo refugio ante la desesperaci\u00f3n, y crea un conjunto de letras ind\u00f3mitas donde la poes\u00eda es herida, confesi\u00f3n y resistencia.<\/p>\n","protected":false},"excerpt":{"rendered":"<p class=\"p1\"><b>ISBN: 9791370295912<\/b><b><\/b><\/p>\n<p class=\"p1\"><b>SINOPSIS<\/b><\/p>\n<p class=\"p1\">Galimat\u00edas es un territorio emocional donde el amor, la p\u00e9rdida, la memoria y la desesperaci\u00f3n dialogan sin con-cesiones. A trav\u00e9s de poemas breves, prosas l\u00edricas y fragmentos narrativos, Vicente Merino Gallardo construye una cartograf\u00eda del sentir humano, apasionado, contradictorio, vulnerable y, a ratos, abismal.<\/p>\n<p class=\"p1\">Dividida en cinco partes, la obra transita desde la exaltaci\u00f3n amorosa y er\u00f3tica hasta el duelo, la enfermedad, la precariedad y la conciencia del desahucio. El yo po\u00e9tico se desdobla: amante, testigo, poeta maldito, desahuciado, caminante nocturno. Cada texto es un intento por nombrar lo innombrable, por ordenar, o aceptar, el caos interior que dejan el amor perdido, la nostalgia persistente y la certeza de la finitud.<\/p>\n<p class=\"p1\">Vicente Merino se atreve a mirar de frente la fragilidad humana, el deseo que salva y condena, y la palabra como \u00faltimo refugio ante la desesperaci\u00f3n, y crea un conjunto de letras ind\u00f3mitas donde la poes\u00eda es herida, confesi\u00f3n y resistencia.<\/p>\n","protected":false},"featured_media":111497,"comment_status":"open","ping_status":"closed","template":"","meta":{"_acf_changed":false},"libro":[],"product_brand":[],"product_cat":[20],"product_tag":[],"class_list":{"0":"post-111492","1":"product","2":"type-product","3":"status-publish","4":"has-post-thumbnail","6":"product_cat-poesia","8":"first","9":"instock","10":"shipping-taxable","11":"product-type-simple"},"acf":{"autor":[111493],"enlace_de_compra":"https:\/\/amzn.to\/41gETyt"},"yoast_head":"<!-- This site is optimized with the Yoast SEO plugin v26.6 - https:\/\/yoast.com\/wordpress\/plugins\/seo\/ -->\n<title>Galimat\u00edas - Catalogo | Letrame Grupo Editorial<\/title>\n<meta name=\"robots\" content=\"index, follow, max-snippet:-1, max-image-preview:large, max-video-preview:-1\" \/>\n<link rel=\"canonical\" href=\"https:\/\/letrame.com\/catalogo\/producto\/galimatias\/\" \/>\n<meta property=\"og:locale\" content=\"es_ES\" \/>\n<meta property=\"og:type\" content=\"article\" \/>\n<meta property=\"og:title\" content=\"Galimat\u00edas - Catalogo | Letrame Grupo Editorial\" \/>\n<meta property=\"og:description\" content=\"ISBN: 9791370295912 SINOPSIS Galimat\u00edas es un territorio emocional donde el amor, la p\u00e9rdida, la memoria y la desesperaci\u00f3n dialogan sin con-cesiones. A trav\u00e9s de poemas breves, prosas l\u00edricas y fragmentos narrativos, Vicente Merino Gallardo construye una cartograf\u00eda del sentir humano, apasionado, contradictorio, vulnerable y, a ratos, abismal. Dividida en cinco partes, la obra transita desde la exaltaci\u00f3n amorosa y er\u00f3tica hasta el duelo, la enfermedad, la precariedad y la conciencia del desahucio. El yo po\u00e9tico se desdobla: amante, testigo, poeta maldito, desahuciado, caminante nocturno. Cada texto es un intento por nombrar lo innombrable, por ordenar, o aceptar, el caos interior que dejan el amor perdido, la nostalgia persistente y la certeza de la finitud. Vicente Merino se atreve a mirar de frente la fragilidad humana, el deseo que salva y condena, y la palabra como \u00faltimo refugio ante la desesperaci\u00f3n, y crea un conjunto de letras ind\u00f3mitas donde la poes\u00eda es herida, confesi\u00f3n y resistencia.\" \/>\n<meta property=\"og:url\" content=\"https:\/\/letrame.com\/catalogo\/producto\/galimatias\/\" \/>\n<meta property=\"og:site_name\" content=\"Catalogo | Letrame Grupo Editorial\" \/>\n<meta property=\"article:modified_time\" content=\"2026-03-20T12:47:49+00:00\" \/>\n<meta property=\"og:image\" content=\"https:\/\/letrame.com\/catalogo\/wp-content\/uploads\/2026\/03\/portada-11.jpg\" \/>\n\t<meta property=\"og:image:width\" content=\"695\" \/>\n\t<meta property=\"og:image:height\" content=\"1019\" \/>\n\t<meta property=\"og:image:type\" content=\"image\/jpeg\" \/>\n<meta name=\"twitter:card\" content=\"summary_large_image\" \/>\n<meta name=\"twitter:label1\" content=\"Tiempo de lectura\" \/>\n\t<meta name=\"twitter:data1\" content=\"1 minuto\" \/>\n<script type=\"application\/ld+json\" class=\"yoast-schema-graph\">{\"@context\":\"https:\/\/schema.org\",\"@graph\":[{\"@type\":\"WebPage\",\"@id\":\"https:\/\/letrame.com\/catalogo\/producto\/galimatias\/\",\"url\":\"https:\/\/letrame.com\/catalogo\/producto\/galimatias\/\",\"name\":\"Galimat\u00edas - Catalogo | Letrame Grupo Editorial\",\"isPartOf\":{\"@id\":\"https:\/\/letrame.com\/catalogo\/#website\"},\"primaryImageOfPage\":{\"@id\":\"https:\/\/letrame.com\/catalogo\/producto\/galimatias\/#primaryimage\"},\"image\":{\"@id\":\"https:\/\/letrame.com\/catalogo\/producto\/galimatias\/#primaryimage\"},\"thumbnailUrl\":\"https:\/\/letrame.com\/catalogo\/wp-content\/uploads\/2026\/03\/portada-11.jpg\",\"datePublished\":\"2026-03-20T12:32:14+00:00\",\"dateModified\":\"2026-03-20T12:47:49+00:00\",\"breadcrumb\":{\"@id\":\"https:\/\/letrame.com\/catalogo\/producto\/galimatias\/#breadcrumb\"},\"inLanguage\":\"es\",\"potentialAction\":[{\"@type\":\"ReadAction\",\"target\":[\"https:\/\/letrame.com\/catalogo\/producto\/galimatias\/\"]}]},{\"@type\":\"ImageObject\",\"inLanguage\":\"es\",\"@id\":\"https:\/\/letrame.com\/catalogo\/producto\/galimatias\/#primaryimage\",\"url\":\"https:\/\/letrame.com\/catalogo\/wp-content\/uploads\/2026\/03\/portada-11.jpg\",\"contentUrl\":\"https:\/\/letrame.com\/catalogo\/wp-content\/uploads\/2026\/03\/portada-11.jpg\",\"width\":695,\"height\":1019},{\"@type\":\"BreadcrumbList\",\"@id\":\"https:\/\/letrame.com\/catalogo\/producto\/galimatias\/#breadcrumb\",\"itemListElement\":[{\"@type\":\"ListItem\",\"position\":1,\"name\":\"Portada\",\"item\":\"https:\/\/letrame.com\/catalogo\/\"},{\"@type\":\"ListItem\",\"position\":2,\"name\":\"Cat\u00e1logo\",\"item\":\"https:\/\/letrame.com\/catalogo\/\"},{\"@type\":\"ListItem\",\"position\":3,\"name\":\"Galimat\u00edas\"}]},{\"@type\":\"WebSite\",\"@id\":\"https:\/\/letrame.com\/catalogo\/#website\",\"url\":\"https:\/\/letrame.com\/catalogo\/\",\"name\":\"Catalogo | Letrame Grupo Editorial\",\"description\":\"\",\"publisher\":{\"@id\":\"https:\/\/letrame.com\/catalogo\/#organization\"},\"potentialAction\":[{\"@type\":\"SearchAction\",\"target\":{\"@type\":\"EntryPoint\",\"urlTemplate\":\"https:\/\/letrame.com\/catalogo\/?s={search_term_string}\"},\"query-input\":{\"@type\":\"PropertyValueSpecification\",\"valueRequired\":true,\"valueName\":\"search_term_string\"}}],\"inLanguage\":\"es\"},{\"@type\":\"Organization\",\"@id\":\"https:\/\/letrame.com\/catalogo\/#organization\",\"name\":\"Catalogo | Letrame Grupo Editorial\",\"url\":\"https:\/\/letrame.com\/catalogo\/\",\"logo\":{\"@type\":\"ImageObject\",\"inLanguage\":\"es\",\"@id\":\"https:\/\/letrame.com\/catalogo\/#\/schema\/logo\/image\/\",\"url\":\"https:\/\/letrame.com\/catalogo\/wp-content\/uploads\/2024\/03\/logo2.webp\",\"contentUrl\":\"https:\/\/letrame.com\/catalogo\/wp-content\/uploads\/2024\/03\/logo2.webp\",\"width\":394,\"height\":128,\"caption\":\"Catalogo | Letrame Grupo Editorial\"},\"image\":{\"@id\":\"https:\/\/letrame.com\/catalogo\/#\/schema\/logo\/image\/\"}}]}<\/script>\n<!-- \/ Yoast SEO plugin. -->","yoast_head_json":{"title":"Galimat\u00edas - Catalogo | Letrame Grupo Editorial","robots":{"index":"index","follow":"follow","max-snippet":"max-snippet:-1","max-image-preview":"max-image-preview:large","max-video-preview":"max-video-preview:-1"},"canonical":"https:\/\/letrame.com\/catalogo\/producto\/galimatias\/","og_locale":"es_ES","og_type":"article","og_title":"Galimat\u00edas - Catalogo | Letrame Grupo Editorial","og_description":"ISBN: 9791370295912 SINOPSIS Galimat\u00edas es un territorio emocional donde el amor, la p\u00e9rdida, la memoria y la desesperaci\u00f3n dialogan sin con-cesiones. A trav\u00e9s de poemas breves, prosas l\u00edricas y fragmentos narrativos, Vicente Merino Gallardo construye una cartograf\u00eda del sentir humano, apasionado, contradictorio, vulnerable y, a ratos, abismal. Dividida en cinco partes, la obra transita desde la exaltaci\u00f3n amorosa y er\u00f3tica hasta el duelo, la enfermedad, la precariedad y la conciencia del desahucio. El yo po\u00e9tico se desdobla: amante, testigo, poeta maldito, desahuciado, caminante nocturno. Cada texto es un intento por nombrar lo innombrable, por ordenar, o aceptar, el caos interior que dejan el amor perdido, la nostalgia persistente y la certeza de la finitud. Vicente Merino se atreve a mirar de frente la fragilidad humana, el deseo que salva y condena, y la palabra como \u00faltimo refugio ante la desesperaci\u00f3n, y crea un conjunto de letras ind\u00f3mitas donde la poes\u00eda es herida, confesi\u00f3n y resistencia.","og_url":"https:\/\/letrame.com\/catalogo\/producto\/galimatias\/","og_site_name":"Catalogo | Letrame Grupo Editorial","article_modified_time":"2026-03-20T12:47:49+00:00","og_image":[{"width":695,"height":1019,"url":"https:\/\/letrame.com\/catalogo\/wp-content\/uploads\/2026\/03\/portada-11.jpg","type":"image\/jpeg"}],"twitter_card":"summary_large_image","twitter_misc":{"Tiempo de lectura":"1 minuto"},"schema":{"@context":"https:\/\/schema.org","@graph":[{"@type":"WebPage","@id":"https:\/\/letrame.com\/catalogo\/producto\/galimatias\/","url":"https:\/\/letrame.com\/catalogo\/producto\/galimatias\/","name":"Galimat\u00edas - Catalogo | Letrame Grupo Editorial","isPartOf":{"@id":"https:\/\/letrame.com\/catalogo\/#website"},"primaryImageOfPage":{"@id":"https:\/\/letrame.com\/catalogo\/producto\/galimatias\/#primaryimage"},"image":{"@id":"https:\/\/letrame.com\/catalogo\/producto\/galimatias\/#primaryimage"},"thumbnailUrl":"https:\/\/letrame.com\/catalogo\/wp-content\/uploads\/2026\/03\/portada-11.jpg","datePublished":"2026-03-20T12:32:14+00:00","dateModified":"2026-03-20T12:47:49+00:00","breadcrumb":{"@id":"https:\/\/letrame.com\/catalogo\/producto\/galimatias\/#breadcrumb"},"inLanguage":"es","potentialAction":[{"@type":"ReadAction","target":["https:\/\/letrame.com\/catalogo\/producto\/galimatias\/"]}]},{"@type":"ImageObject","inLanguage":"es","@id":"https:\/\/letrame.com\/catalogo\/producto\/galimatias\/#primaryimage","url":"https:\/\/letrame.com\/catalogo\/wp-content\/uploads\/2026\/03\/portada-11.jpg","contentUrl":"https:\/\/letrame.com\/catalogo\/wp-content\/uploads\/2026\/03\/portada-11.jpg","width":695,"height":1019},{"@type":"BreadcrumbList","@id":"https:\/\/letrame.com\/catalogo\/producto\/galimatias\/#breadcrumb","itemListElement":[{"@type":"ListItem","position":1,"name":"Portada","item":"https:\/\/letrame.com\/catalogo\/"},{"@type":"ListItem","position":2,"name":"Cat\u00e1logo","item":"https:\/\/letrame.com\/catalogo\/"},{"@type":"ListItem","position":3,"name":"Galimat\u00edas"}]},{"@type":"WebSite","@id":"https:\/\/letrame.com\/catalogo\/#website","url":"https:\/\/letrame.com\/catalogo\/","name":"Catalogo | Letrame Grupo Editorial","description":"","publisher":{"@id":"https:\/\/letrame.com\/catalogo\/#organization"},"potentialAction":[{"@type":"SearchAction","target":{"@type":"EntryPoint","urlTemplate":"https:\/\/letrame.com\/catalogo\/?s={search_term_string}"},"query-input":{"@type":"PropertyValueSpecification","valueRequired":true,"valueName":"search_term_string"}}],"inLanguage":"es"},{"@type":"Organization","@id":"https:\/\/letrame.com\/catalogo\/#organization","name":"Catalogo | Letrame Grupo Editorial","url":"https:\/\/letrame.com\/catalogo\/","logo":{"@type":"ImageObject","inLanguage":"es","@id":"https:\/\/letrame.com\/catalogo\/#\/schema\/logo\/image\/","url":"https:\/\/letrame.com\/catalogo\/wp-content\/uploads\/2024\/03\/logo2.webp","contentUrl":"https:\/\/letrame.com\/catalogo\/wp-content\/uploads\/2024\/03\/logo2.webp","width":394,"height":128,"caption":"Catalogo | Letrame Grupo Editorial"},"image":{"@id":"https:\/\/letrame.com\/catalogo\/#\/schema\/logo\/image\/"}}]}},"_links":{"self":[{"href":"https:\/\/letrame.com\/catalogo\/wp-json\/wp\/v2\/product\/111492","targetHints":{"allow":["GET"]}}],"collection":[{"href":"https:\/\/letrame.com\/catalogo\/wp-json\/wp\/v2\/product"}],"about":[{"href":"https:\/\/letrame.com\/catalogo\/wp-json\/wp\/v2\/types\/product"}],"replies":[{"embeddable":true,"href":"https:\/\/letrame.com\/catalogo\/wp-json\/wp\/v2\/comments?post=111492"}],"acf:post":[{"embeddable":true,"href":"https:\/\/letrame.com\/catalogo\/wp-json\/wp\/v2\/author_book\/111493"}],"wp:featuredmedia":[{"embeddable":true,"href":"https:\/\/letrame.com\/catalogo\/wp-json\/wp\/v2\/media\/111497"}],"wp:attachment":[{"href":"https:\/\/letrame.com\/catalogo\/wp-json\/wp\/v2\/media?parent=111492"}],"wp:term":[{"taxonomy":"libro","embeddable":true,"href":"https:\/\/letrame.com\/catalogo\/wp-json\/wp\/v2\/libro?post=111492"},{"taxonomy":"product_brand","embeddable":true,"href":"https:\/\/letrame.com\/catalogo\/wp-json\/wp\/v2\/product_brand?post=111492"},{"taxonomy":"product_cat","embeddable":true,"href":"https:\/\/letrame.com\/catalogo\/wp-json\/wp\/v2\/product_cat?post=111492"},{"taxonomy":"product_tag","embeddable":true,"href":"https:\/\/letrame.com\/catalogo\/wp-json\/wp\/v2\/product_tag?post=111492"}],"curies":[{"name":"wp","href":"https:\/\/api.w.org\/{rel}","templated":true}]}}