{"id":111431,"date":"2026-03-17T15:01:36","date_gmt":"2026-03-17T14:01:36","guid":{"rendered":"https:\/\/letrame.com\/catalogo\/?post_type=product&#038;p=111431"},"modified":"2026-03-17T15:01:36","modified_gmt":"2026-03-17T14:01:36","slug":"bellatrix","status":"publish","type":"product","link":"https:\/\/letrame.com\/catalogo\/producto\/bellatrix\/","title":{"rendered":"Bellatrix"},"content":{"rendered":"<p class=\"p1\"><b>ISBN: 9791370294809<\/b><b><\/b><\/p>\n<p class=\"p1\"><b>T\u00edtulo: Bellatrix<\/b><br \/>\n<b>Fecha: 2025<\/b><br \/>\n<b>P\u00e1ginas: 374<\/b><b><\/b><\/p>\n<p class=\"p1\"><b>SINOPSIS<\/b><\/p>\n<p class=\"p1\">En Bellatrix se entrelazan la narrativa y la emoci\u00f3n en las vidas de veinticinco mujeres que desafiaron la oscuridad<\/p>\n<p class=\"p1\">para dejar su legado en el mundo.<\/p>\n<p class=\"p1\">Con algunas licencias creativas, la autora conduce al lector desde Katherine Johnson, Sally Ride y Mae Jemison, que llevaron su genio m\u00e1s all\u00e1 de la atm\u00f3sfera, hasta Ada Lo-velace, Hedy Lamarr y Rosalind Franklin, capaces de imaginar futuros imposibles desde los m\u00e1rgenes de la ciencia; pasando por Ruth Bader Ginsburg, s\u00edmbolo de la justicia y de la conquista de derechos igualitarios.<\/p>\n<p class=\"p1\">La valent\u00eda, el poder alcanzado, los ideales y los colores de un mundo m\u00e1s justo se alzan aqu\u00ed a fuerza de tes\u00f3n. Cada relato es un retrato \u00edntimo y novelado de la lucha, el dolor, la pasi\u00f3n y la esperanza.<\/p>\n<p class=\"p1\">Este libro no es solo un homenaje: es un firmamento literario donde cada mujer se convierte en una estrella viva.<\/p>\n<p class=\"p1\">Todas laten en estas p\u00e1ginas y se erigen en faros que gu\u00edan, con su ejemplo, a quienes todav\u00eda sue\u00f1an con conquistar su propio cielo.<\/p>\n<p>&nbsp;<\/p>\n","protected":false},"excerpt":{"rendered":"<p class=\"p1\"><b>ISBN: 9791370294809<\/b><b><\/b><\/p>\n<p class=\"p1\"><b>SINOPSIS<\/b><\/p>\n<p class=\"p1\">En Bellatrix se entrelazan la narrativa y la emoci\u00f3n en las vidas de veinticinco mujeres que desafiaron la oscuridad<\/p>\n<p class=\"p1\">para dejar su legado en el mundo.<\/p>\n<p class=\"p1\">Con algunas licencias creativas, la autora conduce al lector desde Katherine Johnson, Sally Ride y Mae Jemison, que llevaron su genio m\u00e1s all\u00e1 de la atm\u00f3sfera, hasta Ada Lo-velace, Hedy Lamarr y Rosalind Franklin, capaces de imaginar futuros imposibles desde los m\u00e1rgenes de la ciencia; pasando por Ruth Bader Ginsburg, s\u00edmbolo de la justicia y de la conquista de derechos igualitarios.<\/p>\n<p class=\"p1\">La valent\u00eda, el poder alcanzado, los ideales y los colores de un mundo m\u00e1s justo se alzan aqu\u00ed a fuerza de tes\u00f3n. Cada relato es un retrato \u00edntimo y novelado de la lucha, el dolor, la pasi\u00f3n y la esperanza.<\/p>\n<p class=\"p1\">Este libro no es solo un homenaje: es un firmamento literario donde cada mujer se convierte en una estrella viva.<\/p>\n<p class=\"p1\">Todas laten en estas p\u00e1ginas y se erigen en faros que gu\u00edan, con su ejemplo, a quienes todav\u00eda sue\u00f1an con conquistar su propio cielo.<\/p>\n<p>&nbsp;<\/p>\n","protected":false},"featured_media":111432,"comment_status":"open","ping_status":"closed","template":"","meta":{"_acf_changed":false},"libro":[],"product_brand":[],"product_cat":[102],"product_tag":[],"class_list":{"0":"post-111431","1":"product","2":"type-product","3":"status-publish","4":"has-post-thumbnail","6":"product_cat-biografia","8":"first","9":"instock","10":"shipping-taxable","11":"product-type-simple"},"acf":{"autor":[77571],"enlace_de_compra":"https:\/\/amzn.to\/471iU1V"},"yoast_head":"<!-- This site is optimized with the Yoast SEO plugin v27.4 - https:\/\/yoast.com\/product\/yoast-seo-wordpress\/ -->\n<title>Bellatrix - Catalogo | Letrame Grupo Editorial<\/title>\n<meta name=\"robots\" content=\"index, follow, max-snippet:-1, max-image-preview:large, max-video-preview:-1\" \/>\n<link rel=\"canonical\" href=\"https:\/\/letrame.com\/catalogo\/producto\/bellatrix\/\" \/>\n<meta property=\"og:locale\" content=\"es_ES\" \/>\n<meta property=\"og:type\" content=\"article\" \/>\n<meta property=\"og:title\" content=\"Bellatrix - Catalogo | Letrame Grupo Editorial\" \/>\n<meta property=\"og:description\" content=\"ISBN: 9791370294809 SINOPSIS En Bellatrix se entrelazan la narrativa y la emoci\u00f3n en las vidas de veinticinco mujeres que desafiaron la oscuridad para dejar su legado en el mundo. Con algunas licencias creativas, la autora conduce al lector desde Katherine Johnson, Sally Ride y Mae Jemison, que llevaron su genio m\u00e1s all\u00e1 de la atm\u00f3sfera, hasta Ada Lo-velace, Hedy Lamarr y Rosalind Franklin, capaces de imaginar futuros imposibles desde los m\u00e1rgenes de la ciencia; pasando por Ruth Bader Ginsburg, s\u00edmbolo de la justicia y de la conquista de derechos igualitarios. La valent\u00eda, el poder alcanzado, los ideales y los colores de un mundo m\u00e1s justo se alzan aqu\u00ed a fuerza de tes\u00f3n. Cada relato es un retrato \u00edntimo y novelado de la lucha, el dolor, la pasi\u00f3n y la esperanza. Este libro no es solo un homenaje: es un firmamento literario donde cada mujer se convierte en una estrella viva. Todas laten en estas p\u00e1ginas y se erigen en faros que gu\u00edan, con su ejemplo, a quienes todav\u00eda sue\u00f1an con conquistar su propio cielo. &nbsp;\" \/>\n<meta property=\"og:url\" content=\"https:\/\/letrame.com\/catalogo\/producto\/bellatrix\/\" \/>\n<meta property=\"og:site_name\" content=\"Catalogo | Letrame Grupo Editorial\" \/>\n<meta property=\"og:image\" content=\"https:\/\/letrame.com\/catalogo\/wp-content\/uploads\/2026\/03\/portadacatalo-scaled.jpg\" \/>\n\t<meta property=\"og:image:width\" content=\"1828\" \/>\n\t<meta property=\"og:image:height\" content=\"2560\" \/>\n\t<meta property=\"og:image:type\" content=\"image\/jpeg\" \/>\n<meta name=\"twitter:card\" content=\"summary_large_image\" \/>\n<meta name=\"twitter:label1\" content=\"Tiempo de lectura\" \/>\n\t<meta name=\"twitter:data1\" content=\"2 minutos\" \/>\n<script type=\"application\/ld+json\" class=\"yoast-schema-graph\">{\"@context\":\"https:\\\/\\\/schema.org\",\"@graph\":[{\"@type\":\"WebPage\",\"@id\":\"https:\\\/\\\/letrame.com\\\/catalogo\\\/producto\\\/bellatrix\\\/\",\"url\":\"https:\\\/\\\/letrame.com\\\/catalogo\\\/producto\\\/bellatrix\\\/\",\"name\":\"Bellatrix - Catalogo | Letrame Grupo Editorial\",\"isPartOf\":{\"@id\":\"https:\\\/\\\/letrame.com\\\/catalogo\\\/#website\"},\"primaryImageOfPage\":{\"@id\":\"https:\\\/\\\/letrame.com\\\/catalogo\\\/producto\\\/bellatrix\\\/#primaryimage\"},\"image\":{\"@id\":\"https:\\\/\\\/letrame.com\\\/catalogo\\\/producto\\\/bellatrix\\\/#primaryimage\"},\"thumbnailUrl\":\"https:\\\/\\\/letrame.com\\\/catalogo\\\/wp-content\\\/uploads\\\/2026\\\/03\\\/portadacatalo-scaled.jpg\",\"datePublished\":\"2026-03-17T14:01:36+00:00\",\"breadcrumb\":{\"@id\":\"https:\\\/\\\/letrame.com\\\/catalogo\\\/producto\\\/bellatrix\\\/#breadcrumb\"},\"inLanguage\":\"es\",\"potentialAction\":[{\"@type\":\"ReadAction\",\"target\":[\"https:\\\/\\\/letrame.com\\\/catalogo\\\/producto\\\/bellatrix\\\/\"]}]},{\"@type\":\"ImageObject\",\"inLanguage\":\"es\",\"@id\":\"https:\\\/\\\/letrame.com\\\/catalogo\\\/producto\\\/bellatrix\\\/#primaryimage\",\"url\":\"https:\\\/\\\/letrame.com\\\/catalogo\\\/wp-content\\\/uploads\\\/2026\\\/03\\\/portadacatalo-scaled.jpg\",\"contentUrl\":\"https:\\\/\\\/letrame.com\\\/catalogo\\\/wp-content\\\/uploads\\\/2026\\\/03\\\/portadacatalo-scaled.jpg\",\"width\":1828,\"height\":2560},{\"@type\":\"BreadcrumbList\",\"@id\":\"https:\\\/\\\/letrame.com\\\/catalogo\\\/producto\\\/bellatrix\\\/#breadcrumb\",\"itemListElement\":[{\"@type\":\"ListItem\",\"position\":1,\"name\":\"Portada\",\"item\":\"https:\\\/\\\/letrame.com\\\/catalogo\\\/\"},{\"@type\":\"ListItem\",\"position\":2,\"name\":\"Cat\u00e1logo\",\"item\":\"https:\\\/\\\/letrame.com\\\/catalogo\\\/\"},{\"@type\":\"ListItem\",\"position\":3,\"name\":\"Bellatrix\"}]},{\"@type\":\"WebSite\",\"@id\":\"https:\\\/\\\/letrame.com\\\/catalogo\\\/#website\",\"url\":\"https:\\\/\\\/letrame.com\\\/catalogo\\\/\",\"name\":\"Catalogo | Letrame Grupo Editorial\",\"description\":\"\",\"publisher\":{\"@id\":\"https:\\\/\\\/letrame.com\\\/catalogo\\\/#organization\"},\"potentialAction\":[{\"@type\":\"SearchAction\",\"target\":{\"@type\":\"EntryPoint\",\"urlTemplate\":\"https:\\\/\\\/letrame.com\\\/catalogo\\\/?s={search_term_string}\"},\"query-input\":{\"@type\":\"PropertyValueSpecification\",\"valueRequired\":true,\"valueName\":\"search_term_string\"}}],\"inLanguage\":\"es\"},{\"@type\":\"Organization\",\"@id\":\"https:\\\/\\\/letrame.com\\\/catalogo\\\/#organization\",\"name\":\"Catalogo | Letrame Grupo Editorial\",\"url\":\"https:\\\/\\\/letrame.com\\\/catalogo\\\/\",\"logo\":{\"@type\":\"ImageObject\",\"inLanguage\":\"es\",\"@id\":\"https:\\\/\\\/letrame.com\\\/catalogo\\\/#\\\/schema\\\/logo\\\/image\\\/\",\"url\":\"https:\\\/\\\/letrame.com\\\/catalogo\\\/wp-content\\\/uploads\\\/2024\\\/03\\\/logo2.webp\",\"contentUrl\":\"https:\\\/\\\/letrame.com\\\/catalogo\\\/wp-content\\\/uploads\\\/2024\\\/03\\\/logo2.webp\",\"width\":394,\"height\":128,\"caption\":\"Catalogo | Letrame Grupo Editorial\"},\"image\":{\"@id\":\"https:\\\/\\\/letrame.com\\\/catalogo\\\/#\\\/schema\\\/logo\\\/image\\\/\"}}]}<\/script>\n<!-- \/ Yoast SEO plugin. -->","yoast_head_json":{"title":"Bellatrix - Catalogo | Letrame Grupo Editorial","robots":{"index":"index","follow":"follow","max-snippet":"max-snippet:-1","max-image-preview":"max-image-preview:large","max-video-preview":"max-video-preview:-1"},"canonical":"https:\/\/letrame.com\/catalogo\/producto\/bellatrix\/","og_locale":"es_ES","og_type":"article","og_title":"Bellatrix - Catalogo | Letrame Grupo Editorial","og_description":"ISBN: 9791370294809 SINOPSIS En Bellatrix se entrelazan la narrativa y la emoci\u00f3n en las vidas de veinticinco mujeres que desafiaron la oscuridad para dejar su legado en el mundo. Con algunas licencias creativas, la autora conduce al lector desde Katherine Johnson, Sally Ride y Mae Jemison, que llevaron su genio m\u00e1s all\u00e1 de la atm\u00f3sfera, hasta Ada Lo-velace, Hedy Lamarr y Rosalind Franklin, capaces de imaginar futuros imposibles desde los m\u00e1rgenes de la ciencia; pasando por Ruth Bader Ginsburg, s\u00edmbolo de la justicia y de la conquista de derechos igualitarios. La valent\u00eda, el poder alcanzado, los ideales y los colores de un mundo m\u00e1s justo se alzan aqu\u00ed a fuerza de tes\u00f3n. Cada relato es un retrato \u00edntimo y novelado de la lucha, el dolor, la pasi\u00f3n y la esperanza. Este libro no es solo un homenaje: es un firmamento literario donde cada mujer se convierte en una estrella viva. Todas laten en estas p\u00e1ginas y se erigen en faros que gu\u00edan, con su ejemplo, a quienes todav\u00eda sue\u00f1an con conquistar su propio cielo. &nbsp;","og_url":"https:\/\/letrame.com\/catalogo\/producto\/bellatrix\/","og_site_name":"Catalogo | Letrame Grupo Editorial","og_image":[{"width":1828,"height":2560,"url":"https:\/\/letrame.com\/catalogo\/wp-content\/uploads\/2026\/03\/portadacatalo-scaled.jpg","type":"image\/jpeg"}],"twitter_card":"summary_large_image","twitter_misc":{"Tiempo de lectura":"2 minutos"},"schema":{"@context":"https:\/\/schema.org","@graph":[{"@type":"WebPage","@id":"https:\/\/letrame.com\/catalogo\/producto\/bellatrix\/","url":"https:\/\/letrame.com\/catalogo\/producto\/bellatrix\/","name":"Bellatrix - Catalogo | Letrame Grupo Editorial","isPartOf":{"@id":"https:\/\/letrame.com\/catalogo\/#website"},"primaryImageOfPage":{"@id":"https:\/\/letrame.com\/catalogo\/producto\/bellatrix\/#primaryimage"},"image":{"@id":"https:\/\/letrame.com\/catalogo\/producto\/bellatrix\/#primaryimage"},"thumbnailUrl":"https:\/\/letrame.com\/catalogo\/wp-content\/uploads\/2026\/03\/portadacatalo-scaled.jpg","datePublished":"2026-03-17T14:01:36+00:00","breadcrumb":{"@id":"https:\/\/letrame.com\/catalogo\/producto\/bellatrix\/#breadcrumb"},"inLanguage":"es","potentialAction":[{"@type":"ReadAction","target":["https:\/\/letrame.com\/catalogo\/producto\/bellatrix\/"]}]},{"@type":"ImageObject","inLanguage":"es","@id":"https:\/\/letrame.com\/catalogo\/producto\/bellatrix\/#primaryimage","url":"https:\/\/letrame.com\/catalogo\/wp-content\/uploads\/2026\/03\/portadacatalo-scaled.jpg","contentUrl":"https:\/\/letrame.com\/catalogo\/wp-content\/uploads\/2026\/03\/portadacatalo-scaled.jpg","width":1828,"height":2560},{"@type":"BreadcrumbList","@id":"https:\/\/letrame.com\/catalogo\/producto\/bellatrix\/#breadcrumb","itemListElement":[{"@type":"ListItem","position":1,"name":"Portada","item":"https:\/\/letrame.com\/catalogo\/"},{"@type":"ListItem","position":2,"name":"Cat\u00e1logo","item":"https:\/\/letrame.com\/catalogo\/"},{"@type":"ListItem","position":3,"name":"Bellatrix"}]},{"@type":"WebSite","@id":"https:\/\/letrame.com\/catalogo\/#website","url":"https:\/\/letrame.com\/catalogo\/","name":"Catalogo | Letrame Grupo Editorial","description":"","publisher":{"@id":"https:\/\/letrame.com\/catalogo\/#organization"},"potentialAction":[{"@type":"SearchAction","target":{"@type":"EntryPoint","urlTemplate":"https:\/\/letrame.com\/catalogo\/?s={search_term_string}"},"query-input":{"@type":"PropertyValueSpecification","valueRequired":true,"valueName":"search_term_string"}}],"inLanguage":"es"},{"@type":"Organization","@id":"https:\/\/letrame.com\/catalogo\/#organization","name":"Catalogo | Letrame Grupo Editorial","url":"https:\/\/letrame.com\/catalogo\/","logo":{"@type":"ImageObject","inLanguage":"es","@id":"https:\/\/letrame.com\/catalogo\/#\/schema\/logo\/image\/","url":"https:\/\/letrame.com\/catalogo\/wp-content\/uploads\/2024\/03\/logo2.webp","contentUrl":"https:\/\/letrame.com\/catalogo\/wp-content\/uploads\/2024\/03\/logo2.webp","width":394,"height":128,"caption":"Catalogo | Letrame Grupo Editorial"},"image":{"@id":"https:\/\/letrame.com\/catalogo\/#\/schema\/logo\/image\/"}}]}},"_links":{"self":[{"href":"https:\/\/letrame.com\/catalogo\/wp-json\/wp\/v2\/product\/111431","targetHints":{"allow":["GET"]}}],"collection":[{"href":"https:\/\/letrame.com\/catalogo\/wp-json\/wp\/v2\/product"}],"about":[{"href":"https:\/\/letrame.com\/catalogo\/wp-json\/wp\/v2\/types\/product"}],"replies":[{"embeddable":true,"href":"https:\/\/letrame.com\/catalogo\/wp-json\/wp\/v2\/comments?post=111431"}],"acf:post":[{"embeddable":true,"href":"https:\/\/letrame.com\/catalogo\/wp-json\/wp\/v2\/author_book\/77571"}],"wp:featuredmedia":[{"embeddable":true,"href":"https:\/\/letrame.com\/catalogo\/wp-json\/wp\/v2\/media\/111432"}],"wp:attachment":[{"href":"https:\/\/letrame.com\/catalogo\/wp-json\/wp\/v2\/media?parent=111431"}],"wp:term":[{"taxonomy":"libro","embeddable":true,"href":"https:\/\/letrame.com\/catalogo\/wp-json\/wp\/v2\/libro?post=111431"},{"taxonomy":"product_brand","embeddable":true,"href":"https:\/\/letrame.com\/catalogo\/wp-json\/wp\/v2\/product_brand?post=111431"},{"taxonomy":"product_cat","embeddable":true,"href":"https:\/\/letrame.com\/catalogo\/wp-json\/wp\/v2\/product_cat?post=111431"},{"taxonomy":"product_tag","embeddable":true,"href":"https:\/\/letrame.com\/catalogo\/wp-json\/wp\/v2\/product_tag?post=111431"}],"curies":[{"name":"wp","href":"https:\/\/api.w.org\/{rel}","templated":true}]}}