{"id":111378,"date":"2026-03-11T12:07:11","date_gmt":"2026-03-11T11:07:11","guid":{"rendered":"https:\/\/letrame.com\/catalogo\/?post_type=product&#038;p=111378"},"modified":"2026-03-11T12:07:12","modified_gmt":"2026-03-11T11:07:12","slug":"iguana","status":"publish","type":"product","link":"https:\/\/letrame.com\/catalogo\/producto\/iguana\/","title":{"rendered":"Iguana"},"content":{"rendered":"<p><strong>ISBN: 9791370292959<\/strong><br \/>\n<strong>T\u00edtulo: Iguana<\/strong><br \/>\n<strong>Fecha: 2025<\/strong><br \/>\n<strong>P\u00e1ginas: 398<\/strong><\/p>\n<p><strong>SINOPSIS<\/strong><\/p>\n<p data-start=\"0\" data-end=\"562\">Tras el fin de una larga relaci\u00f3n y la muerte de sus padres durante la pandemia, Dawson Wozniak intenta reinventarse en M\u00e9xico. Como estadounidense privilegiado, puede continuar con su trabajo, trabajando a distancia como editor para una editorial de la Costa Oeste. Se adentra en este nuevo mundo, entablando amistad con expatriados y mexicanos, incluyendo a un autor superventas que ha abandonado la escritura; su esposa, que lo gu\u00eda en el camino de su nueva vida en un divertido pueblo costero; y un peculiar mexicano repatriado con ideales de la nueva era.<\/p>\n<p data-start=\"564\" data-end=\"986\">Una noche, durante una violenta tormenta, tiene un triste encuentro con una iguana y le roba un beso a un joven inseguro de su sexualidad. Un minuto despu\u00e9s, los dos hombres presencian la muerte de un joven mexicano al caer del tejado del edificio de Dawson. Estos eventos quedan para siempre conectados en su cabeza, trazando el rumbo de una relaci\u00f3n inestable con Iv\u00e1n, el padre divorciado con quien comparti\u00f3 el beso.<\/p>\n<p data-start=\"988\" data-end=\"1239\">Dawson se ve obligado a reflexionar sobre s\u00ed mismo y sobre lo que significa ser extranjero en M\u00e9xico, lo que lo lleva a tomar decisiones que complican su vida y la de Iv\u00e1n. Se ven sumidos en una mara\u00f1a de dilemas emocionales, psicol\u00f3gicos y morales.<\/p>\n<p data-start=\"1241\" data-end=\"1598\" data-is-last-node=\"\" data-is-only-node=\"\">A pesar de las complicaciones, Dawson cree que su nueva vida es el ant\u00eddoto a la vida insatisfactoria que dej\u00f3 atr\u00e1s en Estados Unidos. La enigm\u00e1tica atracci\u00f3n entre los dos hombres encuentra su propio ritmo y siguen volviendo el uno al otro contra todo pron\u00f3stico, mientras los dem\u00e1s amigos de Dawson alternan entre advertirle y aplaudir su nueva relaci\u00f3n.<\/p>\n","protected":false},"excerpt":{"rendered":"<p><strong>ISBN: 9791370292959<\/strong><\/p>\n<p><strong>SINOPSIS<\/strong><\/p>\n<p data-start=\"0\" data-end=\"562\">Tras el fin de una larga relaci\u00f3n y la muerte de sus padres durante la pandemia, Dawson Wozniak intenta reinventarse en M\u00e9xico. Como estadounidense privilegiado, puede continuar con su trabajo, trabajando a distancia como editor para una editorial de la Costa Oeste. Se adentra en este nuevo mundo, entablando amistad con expatriados y mexicanos, incluyendo a un autor superventas que ha abandonado la escritura; su esposa, que lo gu\u00eda en el camino de su nueva vida en un divertido pueblo costero; y un peculiar mexicano repatriado con ideales de la nueva era.<\/p>\n<p data-start=\"564\" data-end=\"986\">Una noche, durante una violenta tormenta, tiene un triste encuentro con una iguana y le roba un beso a un joven inseguro de su sexualidad. Un minuto despu\u00e9s, los dos hombres presencian la muerte de un joven mexicano al caer del tejado del edificio de Dawson. Estos eventos quedan para siempre conectados en su cabeza, trazando el rumbo de una relaci\u00f3n inestable con Iv\u00e1n, el padre divorciado con quien comparti\u00f3 el beso.<\/p>\n<p data-start=\"988\" data-end=\"1239\">Dawson se ve obligado a reflexionar sobre s\u00ed mismo y sobre lo que significa ser extranjero en M\u00e9xico, lo que lo lleva a tomar decisiones que complican su vida y la de Iv\u00e1n. Se ven sumidos en una mara\u00f1a de dilemas emocionales, psicol\u00f3gicos y morales.<\/p>\n<p data-start=\"1241\" data-end=\"1598\" data-is-last-node=\"\" data-is-only-node=\"\">A pesar de las complicaciones, Dawson cree que su nueva vida es el ant\u00eddoto a la vida insatisfactoria que dej\u00f3 atr\u00e1s en Estados Unidos. La enigm\u00e1tica atracci\u00f3n entre los dos hombres encuentra su propio ritmo y siguen volviendo el uno al otro contra todo pron\u00f3stico, mientras los dem\u00e1s amigos de Dawson alternan entre advertirle y aplaudir su nueva relaci\u00f3n.<\/p>\n","protected":false},"featured_media":111379,"comment_status":"open","ping_status":"closed","template":"","meta":{"_acf_changed":false},"libro":[],"product_brand":[],"product_cat":[141],"product_tag":[],"class_list":{"0":"post-111378","1":"product","2":"type-product","3":"status-publish","4":"has-post-thumbnail","6":"product_cat-ficcion","8":"first","9":"instock","10":"shipping-taxable","11":"product-type-simple"},"acf":{"autor":[111375],"enlace_de_compra":"https:\/\/amzn.to\/4rnTKBW"},"yoast_head":"<!-- This site is optimized with the Yoast SEO plugin v26.6 - https:\/\/yoast.com\/wordpress\/plugins\/seo\/ -->\n<title>Iguana - Catalogo | Letrame Grupo Editorial<\/title>\n<meta name=\"robots\" content=\"index, follow, max-snippet:-1, max-image-preview:large, max-video-preview:-1\" \/>\n<link rel=\"canonical\" href=\"https:\/\/letrame.com\/catalogo\/producto\/iguana\/\" \/>\n<meta property=\"og:locale\" content=\"es_ES\" \/>\n<meta property=\"og:type\" content=\"article\" \/>\n<meta property=\"og:title\" content=\"Iguana - Catalogo | Letrame Grupo Editorial\" \/>\n<meta property=\"og:description\" content=\"ISBN: 9791370292959  SINOPSIS Tras el fin de una larga relaci\u00f3n y la muerte de sus padres durante la pandemia, Dawson Wozniak intenta reinventarse en M\u00e9xico. Como estadounidense privilegiado, puede continuar con su trabajo, trabajando a distancia como editor para una editorial de la Costa Oeste. Se adentra en este nuevo mundo, entablando amistad con expatriados y mexicanos, incluyendo a un autor superventas que ha abandonado la escritura; su esposa, que lo gu\u00eda en el camino de su nueva vida en un divertido pueblo costero; y un peculiar mexicano repatriado con ideales de la nueva era. Una noche, durante una violenta tormenta, tiene un triste encuentro con una iguana y le roba un beso a un joven inseguro de su sexualidad. Un minuto despu\u00e9s, los dos hombres presencian la muerte de un joven mexicano al caer del tejado del edificio de Dawson. Estos eventos quedan para siempre conectados en su cabeza, trazando el rumbo de una relaci\u00f3n inestable con Iv\u00e1n, el padre divorciado con quien comparti\u00f3 el beso. Dawson se ve obligado a reflexionar sobre s\u00ed mismo y sobre lo que significa ser extranjero en M\u00e9xico, lo que lo lleva a tomar decisiones que complican su vida y la de Iv\u00e1n. Se ven sumidos en una mara\u00f1a de dilemas emocionales, psicol\u00f3gicos y morales. A pesar de las complicaciones, Dawson cree que su nueva vida es el ant\u00eddoto a la vida insatisfactoria que dej\u00f3 atr\u00e1s en Estados Unidos. La enigm\u00e1tica atracci\u00f3n entre los dos hombres encuentra su propio ritmo y siguen volviendo el uno al otro contra todo pron\u00f3stico, mientras los dem\u00e1s amigos de Dawson alternan entre advertirle y aplaudir su nueva relaci\u00f3n.\" \/>\n<meta property=\"og:url\" content=\"https:\/\/letrame.com\/catalogo\/producto\/iguana\/\" \/>\n<meta property=\"og:site_name\" content=\"Catalogo | Letrame Grupo Editorial\" \/>\n<meta property=\"article:modified_time\" content=\"2026-03-11T11:07:12+00:00\" \/>\n<meta property=\"og:image\" content=\"https:\/\/letrame.com\/catalogo\/wp-content\/uploads\/2026\/03\/portadacatalogo-21-scaled.jpg\" \/>\n\t<meta property=\"og:image:width\" content=\"1745\" \/>\n\t<meta property=\"og:image:height\" content=\"2560\" \/>\n\t<meta property=\"og:image:type\" content=\"image\/jpeg\" \/>\n<meta name=\"twitter:card\" content=\"summary_large_image\" \/>\n<meta name=\"twitter:label1\" content=\"Tiempo de lectura\" \/>\n\t<meta name=\"twitter:data1\" content=\"2 minutos\" \/>\n<script type=\"application\/ld+json\" class=\"yoast-schema-graph\">{\"@context\":\"https:\/\/schema.org\",\"@graph\":[{\"@type\":\"WebPage\",\"@id\":\"https:\/\/letrame.com\/catalogo\/producto\/iguana\/\",\"url\":\"https:\/\/letrame.com\/catalogo\/producto\/iguana\/\",\"name\":\"Iguana - Catalogo | Letrame Grupo Editorial\",\"isPartOf\":{\"@id\":\"https:\/\/letrame.com\/catalogo\/#website\"},\"primaryImageOfPage\":{\"@id\":\"https:\/\/letrame.com\/catalogo\/producto\/iguana\/#primaryimage\"},\"image\":{\"@id\":\"https:\/\/letrame.com\/catalogo\/producto\/iguana\/#primaryimage\"},\"thumbnailUrl\":\"https:\/\/letrame.com\/catalogo\/wp-content\/uploads\/2026\/03\/portadacatalogo-21-scaled.jpg\",\"datePublished\":\"2026-03-11T11:07:11+00:00\",\"dateModified\":\"2026-03-11T11:07:12+00:00\",\"breadcrumb\":{\"@id\":\"https:\/\/letrame.com\/catalogo\/producto\/iguana\/#breadcrumb\"},\"inLanguage\":\"es\",\"potentialAction\":[{\"@type\":\"ReadAction\",\"target\":[\"https:\/\/letrame.com\/catalogo\/producto\/iguana\/\"]}]},{\"@type\":\"ImageObject\",\"inLanguage\":\"es\",\"@id\":\"https:\/\/letrame.com\/catalogo\/producto\/iguana\/#primaryimage\",\"url\":\"https:\/\/letrame.com\/catalogo\/wp-content\/uploads\/2026\/03\/portadacatalogo-21-scaled.jpg\",\"contentUrl\":\"https:\/\/letrame.com\/catalogo\/wp-content\/uploads\/2026\/03\/portadacatalogo-21-scaled.jpg\",\"width\":1745,\"height\":2560},{\"@type\":\"BreadcrumbList\",\"@id\":\"https:\/\/letrame.com\/catalogo\/producto\/iguana\/#breadcrumb\",\"itemListElement\":[{\"@type\":\"ListItem\",\"position\":1,\"name\":\"Portada\",\"item\":\"https:\/\/letrame.com\/catalogo\/\"},{\"@type\":\"ListItem\",\"position\":2,\"name\":\"Cat\u00e1logo\",\"item\":\"https:\/\/letrame.com\/catalogo\/\"},{\"@type\":\"ListItem\",\"position\":3,\"name\":\"Iguana\"}]},{\"@type\":\"WebSite\",\"@id\":\"https:\/\/letrame.com\/catalogo\/#website\",\"url\":\"https:\/\/letrame.com\/catalogo\/\",\"name\":\"Catalogo | Letrame Grupo Editorial\",\"description\":\"\",\"publisher\":{\"@id\":\"https:\/\/letrame.com\/catalogo\/#organization\"},\"potentialAction\":[{\"@type\":\"SearchAction\",\"target\":{\"@type\":\"EntryPoint\",\"urlTemplate\":\"https:\/\/letrame.com\/catalogo\/?s={search_term_string}\"},\"query-input\":{\"@type\":\"PropertyValueSpecification\",\"valueRequired\":true,\"valueName\":\"search_term_string\"}}],\"inLanguage\":\"es\"},{\"@type\":\"Organization\",\"@id\":\"https:\/\/letrame.com\/catalogo\/#organization\",\"name\":\"Catalogo | Letrame Grupo Editorial\",\"url\":\"https:\/\/letrame.com\/catalogo\/\",\"logo\":{\"@type\":\"ImageObject\",\"inLanguage\":\"es\",\"@id\":\"https:\/\/letrame.com\/catalogo\/#\/schema\/logo\/image\/\",\"url\":\"https:\/\/letrame.com\/catalogo\/wp-content\/uploads\/2024\/03\/logo2.webp\",\"contentUrl\":\"https:\/\/letrame.com\/catalogo\/wp-content\/uploads\/2024\/03\/logo2.webp\",\"width\":394,\"height\":128,\"caption\":\"Catalogo | Letrame Grupo Editorial\"},\"image\":{\"@id\":\"https:\/\/letrame.com\/catalogo\/#\/schema\/logo\/image\/\"}}]}<\/script>\n<!-- \/ Yoast SEO plugin. -->","yoast_head_json":{"title":"Iguana - Catalogo | Letrame Grupo Editorial","robots":{"index":"index","follow":"follow","max-snippet":"max-snippet:-1","max-image-preview":"max-image-preview:large","max-video-preview":"max-video-preview:-1"},"canonical":"https:\/\/letrame.com\/catalogo\/producto\/iguana\/","og_locale":"es_ES","og_type":"article","og_title":"Iguana - Catalogo | Letrame Grupo Editorial","og_description":"ISBN: 9791370292959  SINOPSIS Tras el fin de una larga relaci\u00f3n y la muerte de sus padres durante la pandemia, Dawson Wozniak intenta reinventarse en M\u00e9xico. Como estadounidense privilegiado, puede continuar con su trabajo, trabajando a distancia como editor para una editorial de la Costa Oeste. Se adentra en este nuevo mundo, entablando amistad con expatriados y mexicanos, incluyendo a un autor superventas que ha abandonado la escritura; su esposa, que lo gu\u00eda en el camino de su nueva vida en un divertido pueblo costero; y un peculiar mexicano repatriado con ideales de la nueva era. Una noche, durante una violenta tormenta, tiene un triste encuentro con una iguana y le roba un beso a un joven inseguro de su sexualidad. Un minuto despu\u00e9s, los dos hombres presencian la muerte de un joven mexicano al caer del tejado del edificio de Dawson. Estos eventos quedan para siempre conectados en su cabeza, trazando el rumbo de una relaci\u00f3n inestable con Iv\u00e1n, el padre divorciado con quien comparti\u00f3 el beso. Dawson se ve obligado a reflexionar sobre s\u00ed mismo y sobre lo que significa ser extranjero en M\u00e9xico, lo que lo lleva a tomar decisiones que complican su vida y la de Iv\u00e1n. Se ven sumidos en una mara\u00f1a de dilemas emocionales, psicol\u00f3gicos y morales. A pesar de las complicaciones, Dawson cree que su nueva vida es el ant\u00eddoto a la vida insatisfactoria que dej\u00f3 atr\u00e1s en Estados Unidos. La enigm\u00e1tica atracci\u00f3n entre los dos hombres encuentra su propio ritmo y siguen volviendo el uno al otro contra todo pron\u00f3stico, mientras los dem\u00e1s amigos de Dawson alternan entre advertirle y aplaudir su nueva relaci\u00f3n.","og_url":"https:\/\/letrame.com\/catalogo\/producto\/iguana\/","og_site_name":"Catalogo | Letrame Grupo Editorial","article_modified_time":"2026-03-11T11:07:12+00:00","og_image":[{"width":1745,"height":2560,"url":"https:\/\/letrame.com\/catalogo\/wp-content\/uploads\/2026\/03\/portadacatalogo-21-scaled.jpg","type":"image\/jpeg"}],"twitter_card":"summary_large_image","twitter_misc":{"Tiempo de lectura":"2 minutos"},"schema":{"@context":"https:\/\/schema.org","@graph":[{"@type":"WebPage","@id":"https:\/\/letrame.com\/catalogo\/producto\/iguana\/","url":"https:\/\/letrame.com\/catalogo\/producto\/iguana\/","name":"Iguana - Catalogo | Letrame Grupo Editorial","isPartOf":{"@id":"https:\/\/letrame.com\/catalogo\/#website"},"primaryImageOfPage":{"@id":"https:\/\/letrame.com\/catalogo\/producto\/iguana\/#primaryimage"},"image":{"@id":"https:\/\/letrame.com\/catalogo\/producto\/iguana\/#primaryimage"},"thumbnailUrl":"https:\/\/letrame.com\/catalogo\/wp-content\/uploads\/2026\/03\/portadacatalogo-21-scaled.jpg","datePublished":"2026-03-11T11:07:11+00:00","dateModified":"2026-03-11T11:07:12+00:00","breadcrumb":{"@id":"https:\/\/letrame.com\/catalogo\/producto\/iguana\/#breadcrumb"},"inLanguage":"es","potentialAction":[{"@type":"ReadAction","target":["https:\/\/letrame.com\/catalogo\/producto\/iguana\/"]}]},{"@type":"ImageObject","inLanguage":"es","@id":"https:\/\/letrame.com\/catalogo\/producto\/iguana\/#primaryimage","url":"https:\/\/letrame.com\/catalogo\/wp-content\/uploads\/2026\/03\/portadacatalogo-21-scaled.jpg","contentUrl":"https:\/\/letrame.com\/catalogo\/wp-content\/uploads\/2026\/03\/portadacatalogo-21-scaled.jpg","width":1745,"height":2560},{"@type":"BreadcrumbList","@id":"https:\/\/letrame.com\/catalogo\/producto\/iguana\/#breadcrumb","itemListElement":[{"@type":"ListItem","position":1,"name":"Portada","item":"https:\/\/letrame.com\/catalogo\/"},{"@type":"ListItem","position":2,"name":"Cat\u00e1logo","item":"https:\/\/letrame.com\/catalogo\/"},{"@type":"ListItem","position":3,"name":"Iguana"}]},{"@type":"WebSite","@id":"https:\/\/letrame.com\/catalogo\/#website","url":"https:\/\/letrame.com\/catalogo\/","name":"Catalogo | Letrame Grupo Editorial","description":"","publisher":{"@id":"https:\/\/letrame.com\/catalogo\/#organization"},"potentialAction":[{"@type":"SearchAction","target":{"@type":"EntryPoint","urlTemplate":"https:\/\/letrame.com\/catalogo\/?s={search_term_string}"},"query-input":{"@type":"PropertyValueSpecification","valueRequired":true,"valueName":"search_term_string"}}],"inLanguage":"es"},{"@type":"Organization","@id":"https:\/\/letrame.com\/catalogo\/#organization","name":"Catalogo | Letrame Grupo Editorial","url":"https:\/\/letrame.com\/catalogo\/","logo":{"@type":"ImageObject","inLanguage":"es","@id":"https:\/\/letrame.com\/catalogo\/#\/schema\/logo\/image\/","url":"https:\/\/letrame.com\/catalogo\/wp-content\/uploads\/2024\/03\/logo2.webp","contentUrl":"https:\/\/letrame.com\/catalogo\/wp-content\/uploads\/2024\/03\/logo2.webp","width":394,"height":128,"caption":"Catalogo | Letrame Grupo Editorial"},"image":{"@id":"https:\/\/letrame.com\/catalogo\/#\/schema\/logo\/image\/"}}]}},"_links":{"self":[{"href":"https:\/\/letrame.com\/catalogo\/wp-json\/wp\/v2\/product\/111378","targetHints":{"allow":["GET"]}}],"collection":[{"href":"https:\/\/letrame.com\/catalogo\/wp-json\/wp\/v2\/product"}],"about":[{"href":"https:\/\/letrame.com\/catalogo\/wp-json\/wp\/v2\/types\/product"}],"replies":[{"embeddable":true,"href":"https:\/\/letrame.com\/catalogo\/wp-json\/wp\/v2\/comments?post=111378"}],"acf:post":[{"embeddable":true,"href":"https:\/\/letrame.com\/catalogo\/wp-json\/wp\/v2\/author_book\/111375"}],"wp:featuredmedia":[{"embeddable":true,"href":"https:\/\/letrame.com\/catalogo\/wp-json\/wp\/v2\/media\/111379"}],"wp:attachment":[{"href":"https:\/\/letrame.com\/catalogo\/wp-json\/wp\/v2\/media?parent=111378"}],"wp:term":[{"taxonomy":"libro","embeddable":true,"href":"https:\/\/letrame.com\/catalogo\/wp-json\/wp\/v2\/libro?post=111378"},{"taxonomy":"product_brand","embeddable":true,"href":"https:\/\/letrame.com\/catalogo\/wp-json\/wp\/v2\/product_brand?post=111378"},{"taxonomy":"product_cat","embeddable":true,"href":"https:\/\/letrame.com\/catalogo\/wp-json\/wp\/v2\/product_cat?post=111378"},{"taxonomy":"product_tag","embeddable":true,"href":"https:\/\/letrame.com\/catalogo\/wp-json\/wp\/v2\/product_tag?post=111378"}],"curies":[{"name":"wp","href":"https:\/\/api.w.org\/{rel}","templated":true}]}}