{"id":111340,"date":"2026-03-03T15:57:38","date_gmt":"2026-03-03T14:57:38","guid":{"rendered":"https:\/\/letrame.com\/catalogo\/?post_type=product&#038;p=111340"},"modified":"2026-03-03T15:57:39","modified_gmt":"2026-03-03T14:57:39","slug":"tras-la-linea-azul","status":"publish","type":"product","link":"https:\/\/letrame.com\/catalogo\/producto\/tras-la-linea-azul\/","title":{"rendered":"Tras la l\u00ednea azul"},"content":{"rendered":"<p class=\"p1\"><b>ISBN: 9791370294922<\/b><b><\/b><\/p>\n<p class=\"p1\"><b>T\u00edtulo: Tras la l\u00ednea azul<\/b><br \/>\n<b>Fecha: 2025<\/b><br \/>\n<b>P\u00e1ginas:\u00a0 174<\/b><b><\/b><\/p>\n<p class=\"p1\"><b>SINOPSIS<\/b><\/p>\n<p data-start=\"0\" data-end=\"143\">Tras la l\u00ednea azul es un testimonio real que va m\u00e1s all\u00e1 de la guerra para adentrarse en el territorio m\u00e1s complejo de todos: el alma humana.<\/p>\n<p data-start=\"145\" data-end=\"401\">A trav\u00e9s de una narraci\u00f3n honesta y profundamente emocional, Miguel E. S\u00e1nchez Robledo relata su experiencia como soldado del Ej\u00e9rcito espa\u00f1ol en la misi\u00f3n del L\u00edbano, donde cada jornada se mide m\u00e1s en miradas, silencios y manos tendidas que en disparos.<\/p>\n<p data-start=\"403\" data-end=\"659\">Con una mirada humana y reflexiva, el autor muestra la otra cara de la misi\u00f3n: la camarader\u00eda que nace en la distancia, la empat\u00eda como refugio y la fortaleza interior de quienes aprenden a seguir siendo personas all\u00ed donde todo invita a dejar de sentir.<\/p>\n<p data-start=\"661\" data-end=\"809\">Tras la l\u00ednea azul no es un libro sobre la guerra, sino sobre lo que permanece cuando el ruido se apaga: la conciencia, la compasi\u00f3n y la memoria.<\/p>\n<p data-start=\"811\" data-end=\"955\" data-is-last-node=\"\" data-is-only-node=\"\">Una historia real, sincera y profundamente conmovedora que nos recuerda que, incluso lejos de casa, la mayor victoria es no perder la humanidad.<\/p>\n","protected":false},"excerpt":{"rendered":"<p class=\"p1\"><b>ISBN: 9791370294922<\/b><b><\/b><\/p>\n<p class=\"p1\"><b>SINOPSIS<\/b><\/p>\n<p data-start=\"0\" data-end=\"143\">Tras la l\u00ednea azul es un testimonio real que va m\u00e1s all\u00e1 de la guerra para adentrarse en el territorio m\u00e1s complejo de todos: el alma humana.<\/p>\n<p data-start=\"145\" data-end=\"401\">A trav\u00e9s de una narraci\u00f3n honesta y profundamente emocional, Miguel E. S\u00e1nchez Robledo relata su experiencia como soldado del Ej\u00e9rcito espa\u00f1ol en la misi\u00f3n del L\u00edbano, donde cada jornada se mide m\u00e1s en miradas, silencios y manos tendidas que en disparos.<\/p>\n<p data-start=\"403\" data-end=\"659\">Con una mirada humana y reflexiva, el autor muestra la otra cara de la misi\u00f3n: la camarader\u00eda que nace en la distancia, la empat\u00eda como refugio y la fortaleza interior de quienes aprenden a seguir siendo personas all\u00ed donde todo invita a dejar de sentir.<\/p>\n<p data-start=\"661\" data-end=\"809\">Tras la l\u00ednea azul no es un libro sobre la guerra, sino sobre lo que permanece cuando el ruido se apaga: la conciencia, la compasi\u00f3n y la memoria.<\/p>\n<p data-start=\"811\" data-end=\"955\" data-is-last-node=\"\" data-is-only-node=\"\">Una historia real, sincera y profundamente conmovedora que nos recuerda que, incluso lejos de casa, la mayor victoria es no perder la humanidad.<\/p>\n","protected":false},"featured_media":111344,"comment_status":"open","ping_status":"closed","template":"","meta":{"_acf_changed":false},"libro":[],"product_brand":[],"product_cat":[102],"product_tag":[],"class_list":{"0":"post-111340","1":"product","2":"type-product","3":"status-publish","4":"has-post-thumbnail","6":"product_cat-biografia","8":"first","9":"instock","10":"shipping-taxable","11":"product-type-simple"},"acf":{"autor":[111341],"enlace_de_compra":"https:\/\/amzn.to\/407HWZj"},"yoast_head":"<!-- This site is optimized with the Yoast SEO plugin v26.6 - https:\/\/yoast.com\/wordpress\/plugins\/seo\/ -->\n<title>Tras la l\u00ednea azul - Catalogo | Letrame Grupo Editorial<\/title>\n<meta name=\"robots\" content=\"index, follow, max-snippet:-1, max-image-preview:large, max-video-preview:-1\" \/>\n<link rel=\"canonical\" href=\"https:\/\/letrame.com\/catalogo\/producto\/tras-la-linea-azul\/\" \/>\n<meta property=\"og:locale\" content=\"es_ES\" \/>\n<meta property=\"og:type\" content=\"article\" \/>\n<meta property=\"og:title\" content=\"Tras la l\u00ednea azul - Catalogo | Letrame Grupo Editorial\" \/>\n<meta property=\"og:description\" content=\"ISBN: 9791370294922 SINOPSIS Tras la l\u00ednea azul es un testimonio real que va m\u00e1s all\u00e1 de la guerra para adentrarse en el territorio m\u00e1s complejo de todos: el alma humana. A trav\u00e9s de una narraci\u00f3n honesta y profundamente emocional, Miguel E. S\u00e1nchez Robledo relata su experiencia como soldado del Ej\u00e9rcito espa\u00f1ol en la misi\u00f3n del L\u00edbano, donde cada jornada se mide m\u00e1s en miradas, silencios y manos tendidas que en disparos. Con una mirada humana y reflexiva, el autor muestra la otra cara de la misi\u00f3n: la camarader\u00eda que nace en la distancia, la empat\u00eda como refugio y la fortaleza interior de quienes aprenden a seguir siendo personas all\u00ed donde todo invita a dejar de sentir. Tras la l\u00ednea azul no es un libro sobre la guerra, sino sobre lo que permanece cuando el ruido se apaga: la conciencia, la compasi\u00f3n y la memoria. Una historia real, sincera y profundamente conmovedora que nos recuerda que, incluso lejos de casa, la mayor victoria es no perder la humanidad.\" \/>\n<meta property=\"og:url\" content=\"https:\/\/letrame.com\/catalogo\/producto\/tras-la-linea-azul\/\" \/>\n<meta property=\"og:site_name\" content=\"Catalogo | Letrame Grupo Editorial\" \/>\n<meta property=\"article:modified_time\" content=\"2026-03-03T14:57:39+00:00\" \/>\n<meta property=\"og:image\" content=\"https:\/\/letrame.com\/catalogo\/wp-content\/uploads\/2026\/03\/portadacatalogo-16-scaled.jpg\" \/>\n\t<meta property=\"og:image:width\" content=\"1849\" \/>\n\t<meta property=\"og:image:height\" content=\"2560\" \/>\n\t<meta property=\"og:image:type\" content=\"image\/jpeg\" \/>\n<meta name=\"twitter:card\" content=\"summary_large_image\" \/>\n<meta name=\"twitter:label1\" content=\"Tiempo de lectura\" \/>\n\t<meta name=\"twitter:data1\" content=\"2 minutos\" \/>\n<script type=\"application\/ld+json\" class=\"yoast-schema-graph\">{\"@context\":\"https:\/\/schema.org\",\"@graph\":[{\"@type\":\"WebPage\",\"@id\":\"https:\/\/letrame.com\/catalogo\/producto\/tras-la-linea-azul\/\",\"url\":\"https:\/\/letrame.com\/catalogo\/producto\/tras-la-linea-azul\/\",\"name\":\"Tras la l\u00ednea azul - Catalogo | Letrame Grupo Editorial\",\"isPartOf\":{\"@id\":\"https:\/\/letrame.com\/catalogo\/#website\"},\"primaryImageOfPage\":{\"@id\":\"https:\/\/letrame.com\/catalogo\/producto\/tras-la-linea-azul\/#primaryimage\"},\"image\":{\"@id\":\"https:\/\/letrame.com\/catalogo\/producto\/tras-la-linea-azul\/#primaryimage\"},\"thumbnailUrl\":\"https:\/\/letrame.com\/catalogo\/wp-content\/uploads\/2026\/03\/portadacatalogo-16-scaled.jpg\",\"datePublished\":\"2026-03-03T14:57:38+00:00\",\"dateModified\":\"2026-03-03T14:57:39+00:00\",\"breadcrumb\":{\"@id\":\"https:\/\/letrame.com\/catalogo\/producto\/tras-la-linea-azul\/#breadcrumb\"},\"inLanguage\":\"es\",\"potentialAction\":[{\"@type\":\"ReadAction\",\"target\":[\"https:\/\/letrame.com\/catalogo\/producto\/tras-la-linea-azul\/\"]}]},{\"@type\":\"ImageObject\",\"inLanguage\":\"es\",\"@id\":\"https:\/\/letrame.com\/catalogo\/producto\/tras-la-linea-azul\/#primaryimage\",\"url\":\"https:\/\/letrame.com\/catalogo\/wp-content\/uploads\/2026\/03\/portadacatalogo-16-scaled.jpg\",\"contentUrl\":\"https:\/\/letrame.com\/catalogo\/wp-content\/uploads\/2026\/03\/portadacatalogo-16-scaled.jpg\",\"width\":1849,\"height\":2560},{\"@type\":\"BreadcrumbList\",\"@id\":\"https:\/\/letrame.com\/catalogo\/producto\/tras-la-linea-azul\/#breadcrumb\",\"itemListElement\":[{\"@type\":\"ListItem\",\"position\":1,\"name\":\"Portada\",\"item\":\"https:\/\/letrame.com\/catalogo\/\"},{\"@type\":\"ListItem\",\"position\":2,\"name\":\"Cat\u00e1logo\",\"item\":\"https:\/\/letrame.com\/catalogo\/\"},{\"@type\":\"ListItem\",\"position\":3,\"name\":\"Tras la l\u00ednea azul\"}]},{\"@type\":\"WebSite\",\"@id\":\"https:\/\/letrame.com\/catalogo\/#website\",\"url\":\"https:\/\/letrame.com\/catalogo\/\",\"name\":\"Catalogo | Letrame Grupo Editorial\",\"description\":\"\",\"publisher\":{\"@id\":\"https:\/\/letrame.com\/catalogo\/#organization\"},\"potentialAction\":[{\"@type\":\"SearchAction\",\"target\":{\"@type\":\"EntryPoint\",\"urlTemplate\":\"https:\/\/letrame.com\/catalogo\/?s={search_term_string}\"},\"query-input\":{\"@type\":\"PropertyValueSpecification\",\"valueRequired\":true,\"valueName\":\"search_term_string\"}}],\"inLanguage\":\"es\"},{\"@type\":\"Organization\",\"@id\":\"https:\/\/letrame.com\/catalogo\/#organization\",\"name\":\"Catalogo | Letrame Grupo Editorial\",\"url\":\"https:\/\/letrame.com\/catalogo\/\",\"logo\":{\"@type\":\"ImageObject\",\"inLanguage\":\"es\",\"@id\":\"https:\/\/letrame.com\/catalogo\/#\/schema\/logo\/image\/\",\"url\":\"https:\/\/letrame.com\/catalogo\/wp-content\/uploads\/2024\/03\/logo2.webp\",\"contentUrl\":\"https:\/\/letrame.com\/catalogo\/wp-content\/uploads\/2024\/03\/logo2.webp\",\"width\":394,\"height\":128,\"caption\":\"Catalogo | Letrame Grupo Editorial\"},\"image\":{\"@id\":\"https:\/\/letrame.com\/catalogo\/#\/schema\/logo\/image\/\"}}]}<\/script>\n<!-- \/ Yoast SEO plugin. -->","yoast_head_json":{"title":"Tras la l\u00ednea azul - Catalogo | Letrame Grupo Editorial","robots":{"index":"index","follow":"follow","max-snippet":"max-snippet:-1","max-image-preview":"max-image-preview:large","max-video-preview":"max-video-preview:-1"},"canonical":"https:\/\/letrame.com\/catalogo\/producto\/tras-la-linea-azul\/","og_locale":"es_ES","og_type":"article","og_title":"Tras la l\u00ednea azul - Catalogo | Letrame Grupo Editorial","og_description":"ISBN: 9791370294922 SINOPSIS Tras la l\u00ednea azul es un testimonio real que va m\u00e1s all\u00e1 de la guerra para adentrarse en el territorio m\u00e1s complejo de todos: el alma humana. A trav\u00e9s de una narraci\u00f3n honesta y profundamente emocional, Miguel E. S\u00e1nchez Robledo relata su experiencia como soldado del Ej\u00e9rcito espa\u00f1ol en la misi\u00f3n del L\u00edbano, donde cada jornada se mide m\u00e1s en miradas, silencios y manos tendidas que en disparos. Con una mirada humana y reflexiva, el autor muestra la otra cara de la misi\u00f3n: la camarader\u00eda que nace en la distancia, la empat\u00eda como refugio y la fortaleza interior de quienes aprenden a seguir siendo personas all\u00ed donde todo invita a dejar de sentir. Tras la l\u00ednea azul no es un libro sobre la guerra, sino sobre lo que permanece cuando el ruido se apaga: la conciencia, la compasi\u00f3n y la memoria. Una historia real, sincera y profundamente conmovedora que nos recuerda que, incluso lejos de casa, la mayor victoria es no perder la humanidad.","og_url":"https:\/\/letrame.com\/catalogo\/producto\/tras-la-linea-azul\/","og_site_name":"Catalogo | Letrame Grupo Editorial","article_modified_time":"2026-03-03T14:57:39+00:00","og_image":[{"width":1849,"height":2560,"url":"https:\/\/letrame.com\/catalogo\/wp-content\/uploads\/2026\/03\/portadacatalogo-16-scaled.jpg","type":"image\/jpeg"}],"twitter_card":"summary_large_image","twitter_misc":{"Tiempo de lectura":"2 minutos"},"schema":{"@context":"https:\/\/schema.org","@graph":[{"@type":"WebPage","@id":"https:\/\/letrame.com\/catalogo\/producto\/tras-la-linea-azul\/","url":"https:\/\/letrame.com\/catalogo\/producto\/tras-la-linea-azul\/","name":"Tras la l\u00ednea azul - Catalogo | Letrame Grupo Editorial","isPartOf":{"@id":"https:\/\/letrame.com\/catalogo\/#website"},"primaryImageOfPage":{"@id":"https:\/\/letrame.com\/catalogo\/producto\/tras-la-linea-azul\/#primaryimage"},"image":{"@id":"https:\/\/letrame.com\/catalogo\/producto\/tras-la-linea-azul\/#primaryimage"},"thumbnailUrl":"https:\/\/letrame.com\/catalogo\/wp-content\/uploads\/2026\/03\/portadacatalogo-16-scaled.jpg","datePublished":"2026-03-03T14:57:38+00:00","dateModified":"2026-03-03T14:57:39+00:00","breadcrumb":{"@id":"https:\/\/letrame.com\/catalogo\/producto\/tras-la-linea-azul\/#breadcrumb"},"inLanguage":"es","potentialAction":[{"@type":"ReadAction","target":["https:\/\/letrame.com\/catalogo\/producto\/tras-la-linea-azul\/"]}]},{"@type":"ImageObject","inLanguage":"es","@id":"https:\/\/letrame.com\/catalogo\/producto\/tras-la-linea-azul\/#primaryimage","url":"https:\/\/letrame.com\/catalogo\/wp-content\/uploads\/2026\/03\/portadacatalogo-16-scaled.jpg","contentUrl":"https:\/\/letrame.com\/catalogo\/wp-content\/uploads\/2026\/03\/portadacatalogo-16-scaled.jpg","width":1849,"height":2560},{"@type":"BreadcrumbList","@id":"https:\/\/letrame.com\/catalogo\/producto\/tras-la-linea-azul\/#breadcrumb","itemListElement":[{"@type":"ListItem","position":1,"name":"Portada","item":"https:\/\/letrame.com\/catalogo\/"},{"@type":"ListItem","position":2,"name":"Cat\u00e1logo","item":"https:\/\/letrame.com\/catalogo\/"},{"@type":"ListItem","position":3,"name":"Tras la l\u00ednea azul"}]},{"@type":"WebSite","@id":"https:\/\/letrame.com\/catalogo\/#website","url":"https:\/\/letrame.com\/catalogo\/","name":"Catalogo | Letrame Grupo Editorial","description":"","publisher":{"@id":"https:\/\/letrame.com\/catalogo\/#organization"},"potentialAction":[{"@type":"SearchAction","target":{"@type":"EntryPoint","urlTemplate":"https:\/\/letrame.com\/catalogo\/?s={search_term_string}"},"query-input":{"@type":"PropertyValueSpecification","valueRequired":true,"valueName":"search_term_string"}}],"inLanguage":"es"},{"@type":"Organization","@id":"https:\/\/letrame.com\/catalogo\/#organization","name":"Catalogo | Letrame Grupo Editorial","url":"https:\/\/letrame.com\/catalogo\/","logo":{"@type":"ImageObject","inLanguage":"es","@id":"https:\/\/letrame.com\/catalogo\/#\/schema\/logo\/image\/","url":"https:\/\/letrame.com\/catalogo\/wp-content\/uploads\/2024\/03\/logo2.webp","contentUrl":"https:\/\/letrame.com\/catalogo\/wp-content\/uploads\/2024\/03\/logo2.webp","width":394,"height":128,"caption":"Catalogo | Letrame Grupo Editorial"},"image":{"@id":"https:\/\/letrame.com\/catalogo\/#\/schema\/logo\/image\/"}}]}},"_links":{"self":[{"href":"https:\/\/letrame.com\/catalogo\/wp-json\/wp\/v2\/product\/111340","targetHints":{"allow":["GET"]}}],"collection":[{"href":"https:\/\/letrame.com\/catalogo\/wp-json\/wp\/v2\/product"}],"about":[{"href":"https:\/\/letrame.com\/catalogo\/wp-json\/wp\/v2\/types\/product"}],"replies":[{"embeddable":true,"href":"https:\/\/letrame.com\/catalogo\/wp-json\/wp\/v2\/comments?post=111340"}],"acf:post":[{"embeddable":true,"href":"https:\/\/letrame.com\/catalogo\/wp-json\/wp\/v2\/author_book\/111341"}],"wp:featuredmedia":[{"embeddable":true,"href":"https:\/\/letrame.com\/catalogo\/wp-json\/wp\/v2\/media\/111344"}],"wp:attachment":[{"href":"https:\/\/letrame.com\/catalogo\/wp-json\/wp\/v2\/media?parent=111340"}],"wp:term":[{"taxonomy":"libro","embeddable":true,"href":"https:\/\/letrame.com\/catalogo\/wp-json\/wp\/v2\/libro?post=111340"},{"taxonomy":"product_brand","embeddable":true,"href":"https:\/\/letrame.com\/catalogo\/wp-json\/wp\/v2\/product_brand?post=111340"},{"taxonomy":"product_cat","embeddable":true,"href":"https:\/\/letrame.com\/catalogo\/wp-json\/wp\/v2\/product_cat?post=111340"},{"taxonomy":"product_tag","embeddable":true,"href":"https:\/\/letrame.com\/catalogo\/wp-json\/wp\/v2\/product_tag?post=111340"}],"curies":[{"name":"wp","href":"https:\/\/api.w.org\/{rel}","templated":true}]}}