{"id":111320,"date":"2026-03-03T15:22:21","date_gmt":"2026-03-03T14:22:21","guid":{"rendered":"https:\/\/letrame.com\/catalogo\/?post_type=product&#038;p=111320"},"modified":"2026-03-03T15:22:21","modified_gmt":"2026-03-03T14:22:21","slug":"para-amar-se-necesita-sufrir","status":"publish","type":"product","link":"https:\/\/letrame.com\/catalogo\/producto\/para-amar-se-necesita-sufrir\/","title":{"rendered":"Para amar se necesita sufrir"},"content":{"rendered":"<p class=\"p1\"><b>ISBN: 9791370295080<\/b><b><\/b><\/p>\n<p class=\"p1\"><b>T\u00edtulo: Para amar se necesita sufrir<\/b><br \/>\n<b>Fecha: 2025<\/b><br \/>\n<b>P\u00e1ginas: 236<\/b><b><\/b><\/p>\n<p class=\"p1\"><b>SINOPSIS<\/b><\/p>\n<p class=\"p1\">Desde ni\u00f1a, Susana ha conocido el rechazo, la humillaci\u00f3n y el dolor. Su vida parec\u00eda marcada por la p\u00e9rdida y el desamor, hasta que un d\u00eda decide escapar, sin rumbo, en busca de una esperanza que ni ella misma cree merecer. En su camino conocer\u00e1 la pobreza, la soledad y el miedo, pero tambi\u00e9n a personas capaces de cambiar su destino.<\/p>\n<p class=\"p1\">Entre ellas est\u00e1 Eduardo, un hombre de coraz\u00f3n noble que la rescata del abismo, y Uriel, el amor que llega para devolverle la ilusi\u00f3n&#8230; y ponerla de nuevo a prueba.<\/p>\n<p class=\"p1\">Porque en la vida de Susana nada es sencillo. Cuando el amor parece florecer, el pasado regresa con la violencia del destino.<\/p>\n<p class=\"p1\">Entre l\u00e1grimas y promesas rotas, comprender\u00e1 que amar no siempre significa ser correspondido, y que para aprender a amar de verdad primero hay que sobrevivir al sufrimiento.<\/p>\n<p class=\"p1\">Azucena Rosales comparte una historia intensa sobre la superaci\u00f3n, el perd\u00f3n y la fe. Un relato de vida que ense\u00f1a con cada ca\u00edda, transforma con cada herida y deja una huella imposible de borrar.<\/p>\n","protected":false},"excerpt":{"rendered":"<p class=\"p1\"><b>ISBN: 9791370295080<\/b><b><\/b><\/p>\n<p class=\"p1\"><b>SINOPSIS<\/b><\/p>\n<p class=\"p1\">Desde ni\u00f1a, Susana ha conocido el rechazo, la humillaci\u00f3n y el dolor. Su vida parec\u00eda marcada por la p\u00e9rdida y el desamor, hasta que un d\u00eda decide escapar, sin rumbo, en busca de una esperanza que ni ella misma cree merecer. En su camino conocer\u00e1 la pobreza, la soledad y el miedo, pero tambi\u00e9n a personas capaces de cambiar su destino.<\/p>\n<p class=\"p1\">Entre ellas est\u00e1 Eduardo, un hombre de coraz\u00f3n noble que la rescata del abismo, y Uriel, el amor que llega para devolverle la ilusi\u00f3n&#8230; y ponerla de nuevo a prueba.<\/p>\n<p class=\"p1\">Porque en la vida de Susana nada es sencillo. Cuando el amor parece florecer, el pasado regresa con la violencia del destino.<\/p>\n<p class=\"p1\">Entre l\u00e1grimas y promesas rotas, comprender\u00e1 que amar no siempre significa ser correspondido, y que para aprender a amar de verdad primero hay que sobrevivir al sufrimiento.<\/p>\n<p class=\"p1\">Azucena Rosales comparte una historia intensa sobre la superaci\u00f3n, el perd\u00f3n y la fe. Un relato de vida que ense\u00f1a con cada ca\u00edda, transforma con cada herida y deja una huella imposible de borrar.<\/p>\n","protected":false},"featured_media":111323,"comment_status":"open","ping_status":"closed","template":"","meta":{"_acf_changed":false},"libro":[],"product_brand":[],"product_cat":[147],"product_tag":[],"class_list":{"0":"post-111320","1":"product","2":"type-product","3":"status-publish","4":"has-post-thumbnail","6":"product_cat-romance","8":"first","9":"instock","10":"shipping-taxable","11":"product-type-simple"},"acf":{"autor":[111321],"enlace_de_compra":"https:\/\/amzn.to\/4l352tD"},"yoast_head":"<!-- This site is optimized with the Yoast SEO plugin v26.6 - https:\/\/yoast.com\/wordpress\/plugins\/seo\/ -->\n<title>Para amar se necesita sufrir - Catalogo | Letrame Grupo Editorial<\/title>\n<meta name=\"robots\" content=\"index, follow, max-snippet:-1, max-image-preview:large, max-video-preview:-1\" \/>\n<link rel=\"canonical\" href=\"https:\/\/letrame.com\/catalogo\/producto\/para-amar-se-necesita-sufrir\/\" \/>\n<meta property=\"og:locale\" content=\"es_ES\" \/>\n<meta property=\"og:type\" content=\"article\" \/>\n<meta property=\"og:title\" content=\"Para amar se necesita sufrir - Catalogo | Letrame Grupo Editorial\" \/>\n<meta property=\"og:description\" content=\"ISBN: 9791370295080 SINOPSIS Desde ni\u00f1a, Susana ha conocido el rechazo, la humillaci\u00f3n y el dolor. Su vida parec\u00eda marcada por la p\u00e9rdida y el desamor, hasta que un d\u00eda decide escapar, sin rumbo, en busca de una esperanza que ni ella misma cree merecer. En su camino conocer\u00e1 la pobreza, la soledad y el miedo, pero tambi\u00e9n a personas capaces de cambiar su destino. Entre ellas est\u00e1 Eduardo, un hombre de coraz\u00f3n noble que la rescata del abismo, y Uriel, el amor que llega para devolverle la ilusi\u00f3n... y ponerla de nuevo a prueba. Porque en la vida de Susana nada es sencillo. Cuando el amor parece florecer, el pasado regresa con la violencia del destino. Entre l\u00e1grimas y promesas rotas, comprender\u00e1 que amar no siempre significa ser correspondido, y que para aprender a amar de verdad primero hay que sobrevivir al sufrimiento. Azucena Rosales comparte una historia intensa sobre la superaci\u00f3n, el perd\u00f3n y la fe. Un relato de vida que ense\u00f1a con cada ca\u00edda, transforma con cada herida y deja una huella imposible de borrar.\" \/>\n<meta property=\"og:url\" content=\"https:\/\/letrame.com\/catalogo\/producto\/para-amar-se-necesita-sufrir\/\" \/>\n<meta property=\"og:site_name\" content=\"Catalogo | Letrame Grupo Editorial\" \/>\n<meta property=\"og:image\" content=\"https:\/\/letrame.com\/catalogo\/wp-content\/uploads\/2026\/03\/portadacatalogo-12-scaled.jpg\" \/>\n\t<meta property=\"og:image:width\" content=\"1745\" \/>\n\t<meta property=\"og:image:height\" content=\"2560\" \/>\n\t<meta property=\"og:image:type\" content=\"image\/jpeg\" \/>\n<meta name=\"twitter:card\" content=\"summary_large_image\" \/>\n<meta name=\"twitter:label1\" content=\"Tiempo de lectura\" \/>\n\t<meta name=\"twitter:data1\" content=\"2 minutos\" \/>\n<script type=\"application\/ld+json\" class=\"yoast-schema-graph\">{\"@context\":\"https:\/\/schema.org\",\"@graph\":[{\"@type\":\"WebPage\",\"@id\":\"https:\/\/letrame.com\/catalogo\/producto\/para-amar-se-necesita-sufrir\/\",\"url\":\"https:\/\/letrame.com\/catalogo\/producto\/para-amar-se-necesita-sufrir\/\",\"name\":\"Para amar se necesita sufrir - Catalogo | Letrame Grupo Editorial\",\"isPartOf\":{\"@id\":\"https:\/\/letrame.com\/catalogo\/#website\"},\"primaryImageOfPage\":{\"@id\":\"https:\/\/letrame.com\/catalogo\/producto\/para-amar-se-necesita-sufrir\/#primaryimage\"},\"image\":{\"@id\":\"https:\/\/letrame.com\/catalogo\/producto\/para-amar-se-necesita-sufrir\/#primaryimage\"},\"thumbnailUrl\":\"https:\/\/letrame.com\/catalogo\/wp-content\/uploads\/2026\/03\/portadacatalogo-12-scaled.jpg\",\"datePublished\":\"2026-03-03T14:22:21+00:00\",\"breadcrumb\":{\"@id\":\"https:\/\/letrame.com\/catalogo\/producto\/para-amar-se-necesita-sufrir\/#breadcrumb\"},\"inLanguage\":\"es\",\"potentialAction\":[{\"@type\":\"ReadAction\",\"target\":[\"https:\/\/letrame.com\/catalogo\/producto\/para-amar-se-necesita-sufrir\/\"]}]},{\"@type\":\"ImageObject\",\"inLanguage\":\"es\",\"@id\":\"https:\/\/letrame.com\/catalogo\/producto\/para-amar-se-necesita-sufrir\/#primaryimage\",\"url\":\"https:\/\/letrame.com\/catalogo\/wp-content\/uploads\/2026\/03\/portadacatalogo-12-scaled.jpg\",\"contentUrl\":\"https:\/\/letrame.com\/catalogo\/wp-content\/uploads\/2026\/03\/portadacatalogo-12-scaled.jpg\",\"width\":1745,\"height\":2560},{\"@type\":\"BreadcrumbList\",\"@id\":\"https:\/\/letrame.com\/catalogo\/producto\/para-amar-se-necesita-sufrir\/#breadcrumb\",\"itemListElement\":[{\"@type\":\"ListItem\",\"position\":1,\"name\":\"Portada\",\"item\":\"https:\/\/letrame.com\/catalogo\/\"},{\"@type\":\"ListItem\",\"position\":2,\"name\":\"Cat\u00e1logo\",\"item\":\"https:\/\/letrame.com\/catalogo\/\"},{\"@type\":\"ListItem\",\"position\":3,\"name\":\"Para amar se necesita sufrir\"}]},{\"@type\":\"WebSite\",\"@id\":\"https:\/\/letrame.com\/catalogo\/#website\",\"url\":\"https:\/\/letrame.com\/catalogo\/\",\"name\":\"Catalogo | Letrame Grupo Editorial\",\"description\":\"\",\"publisher\":{\"@id\":\"https:\/\/letrame.com\/catalogo\/#organization\"},\"potentialAction\":[{\"@type\":\"SearchAction\",\"target\":{\"@type\":\"EntryPoint\",\"urlTemplate\":\"https:\/\/letrame.com\/catalogo\/?s={search_term_string}\"},\"query-input\":{\"@type\":\"PropertyValueSpecification\",\"valueRequired\":true,\"valueName\":\"search_term_string\"}}],\"inLanguage\":\"es\"},{\"@type\":\"Organization\",\"@id\":\"https:\/\/letrame.com\/catalogo\/#organization\",\"name\":\"Catalogo | Letrame Grupo Editorial\",\"url\":\"https:\/\/letrame.com\/catalogo\/\",\"logo\":{\"@type\":\"ImageObject\",\"inLanguage\":\"es\",\"@id\":\"https:\/\/letrame.com\/catalogo\/#\/schema\/logo\/image\/\",\"url\":\"https:\/\/letrame.com\/catalogo\/wp-content\/uploads\/2024\/03\/logo2.webp\",\"contentUrl\":\"https:\/\/letrame.com\/catalogo\/wp-content\/uploads\/2024\/03\/logo2.webp\",\"width\":394,\"height\":128,\"caption\":\"Catalogo | Letrame Grupo Editorial\"},\"image\":{\"@id\":\"https:\/\/letrame.com\/catalogo\/#\/schema\/logo\/image\/\"}}]}<\/script>\n<!-- \/ Yoast SEO plugin. -->","yoast_head_json":{"title":"Para amar se necesita sufrir - Catalogo | Letrame Grupo Editorial","robots":{"index":"index","follow":"follow","max-snippet":"max-snippet:-1","max-image-preview":"max-image-preview:large","max-video-preview":"max-video-preview:-1"},"canonical":"https:\/\/letrame.com\/catalogo\/producto\/para-amar-se-necesita-sufrir\/","og_locale":"es_ES","og_type":"article","og_title":"Para amar se necesita sufrir - Catalogo | Letrame Grupo Editorial","og_description":"ISBN: 9791370295080 SINOPSIS Desde ni\u00f1a, Susana ha conocido el rechazo, la humillaci\u00f3n y el dolor. Su vida parec\u00eda marcada por la p\u00e9rdida y el desamor, hasta que un d\u00eda decide escapar, sin rumbo, en busca de una esperanza que ni ella misma cree merecer. En su camino conocer\u00e1 la pobreza, la soledad y el miedo, pero tambi\u00e9n a personas capaces de cambiar su destino. Entre ellas est\u00e1 Eduardo, un hombre de coraz\u00f3n noble que la rescata del abismo, y Uriel, el amor que llega para devolverle la ilusi\u00f3n... y ponerla de nuevo a prueba. Porque en la vida de Susana nada es sencillo. Cuando el amor parece florecer, el pasado regresa con la violencia del destino. Entre l\u00e1grimas y promesas rotas, comprender\u00e1 que amar no siempre significa ser correspondido, y que para aprender a amar de verdad primero hay que sobrevivir al sufrimiento. Azucena Rosales comparte una historia intensa sobre la superaci\u00f3n, el perd\u00f3n y la fe. Un relato de vida que ense\u00f1a con cada ca\u00edda, transforma con cada herida y deja una huella imposible de borrar.","og_url":"https:\/\/letrame.com\/catalogo\/producto\/para-amar-se-necesita-sufrir\/","og_site_name":"Catalogo | Letrame Grupo Editorial","og_image":[{"width":1745,"height":2560,"url":"https:\/\/letrame.com\/catalogo\/wp-content\/uploads\/2026\/03\/portadacatalogo-12-scaled.jpg","type":"image\/jpeg"}],"twitter_card":"summary_large_image","twitter_misc":{"Tiempo de lectura":"2 minutos"},"schema":{"@context":"https:\/\/schema.org","@graph":[{"@type":"WebPage","@id":"https:\/\/letrame.com\/catalogo\/producto\/para-amar-se-necesita-sufrir\/","url":"https:\/\/letrame.com\/catalogo\/producto\/para-amar-se-necesita-sufrir\/","name":"Para amar se necesita sufrir - Catalogo | Letrame Grupo Editorial","isPartOf":{"@id":"https:\/\/letrame.com\/catalogo\/#website"},"primaryImageOfPage":{"@id":"https:\/\/letrame.com\/catalogo\/producto\/para-amar-se-necesita-sufrir\/#primaryimage"},"image":{"@id":"https:\/\/letrame.com\/catalogo\/producto\/para-amar-se-necesita-sufrir\/#primaryimage"},"thumbnailUrl":"https:\/\/letrame.com\/catalogo\/wp-content\/uploads\/2026\/03\/portadacatalogo-12-scaled.jpg","datePublished":"2026-03-03T14:22:21+00:00","breadcrumb":{"@id":"https:\/\/letrame.com\/catalogo\/producto\/para-amar-se-necesita-sufrir\/#breadcrumb"},"inLanguage":"es","potentialAction":[{"@type":"ReadAction","target":["https:\/\/letrame.com\/catalogo\/producto\/para-amar-se-necesita-sufrir\/"]}]},{"@type":"ImageObject","inLanguage":"es","@id":"https:\/\/letrame.com\/catalogo\/producto\/para-amar-se-necesita-sufrir\/#primaryimage","url":"https:\/\/letrame.com\/catalogo\/wp-content\/uploads\/2026\/03\/portadacatalogo-12-scaled.jpg","contentUrl":"https:\/\/letrame.com\/catalogo\/wp-content\/uploads\/2026\/03\/portadacatalogo-12-scaled.jpg","width":1745,"height":2560},{"@type":"BreadcrumbList","@id":"https:\/\/letrame.com\/catalogo\/producto\/para-amar-se-necesita-sufrir\/#breadcrumb","itemListElement":[{"@type":"ListItem","position":1,"name":"Portada","item":"https:\/\/letrame.com\/catalogo\/"},{"@type":"ListItem","position":2,"name":"Cat\u00e1logo","item":"https:\/\/letrame.com\/catalogo\/"},{"@type":"ListItem","position":3,"name":"Para amar se necesita sufrir"}]},{"@type":"WebSite","@id":"https:\/\/letrame.com\/catalogo\/#website","url":"https:\/\/letrame.com\/catalogo\/","name":"Catalogo | Letrame Grupo Editorial","description":"","publisher":{"@id":"https:\/\/letrame.com\/catalogo\/#organization"},"potentialAction":[{"@type":"SearchAction","target":{"@type":"EntryPoint","urlTemplate":"https:\/\/letrame.com\/catalogo\/?s={search_term_string}"},"query-input":{"@type":"PropertyValueSpecification","valueRequired":true,"valueName":"search_term_string"}}],"inLanguage":"es"},{"@type":"Organization","@id":"https:\/\/letrame.com\/catalogo\/#organization","name":"Catalogo | Letrame Grupo Editorial","url":"https:\/\/letrame.com\/catalogo\/","logo":{"@type":"ImageObject","inLanguage":"es","@id":"https:\/\/letrame.com\/catalogo\/#\/schema\/logo\/image\/","url":"https:\/\/letrame.com\/catalogo\/wp-content\/uploads\/2024\/03\/logo2.webp","contentUrl":"https:\/\/letrame.com\/catalogo\/wp-content\/uploads\/2024\/03\/logo2.webp","width":394,"height":128,"caption":"Catalogo | Letrame Grupo Editorial"},"image":{"@id":"https:\/\/letrame.com\/catalogo\/#\/schema\/logo\/image\/"}}]}},"_links":{"self":[{"href":"https:\/\/letrame.com\/catalogo\/wp-json\/wp\/v2\/product\/111320","targetHints":{"allow":["GET"]}}],"collection":[{"href":"https:\/\/letrame.com\/catalogo\/wp-json\/wp\/v2\/product"}],"about":[{"href":"https:\/\/letrame.com\/catalogo\/wp-json\/wp\/v2\/types\/product"}],"replies":[{"embeddable":true,"href":"https:\/\/letrame.com\/catalogo\/wp-json\/wp\/v2\/comments?post=111320"}],"acf:post":[{"embeddable":true,"href":"https:\/\/letrame.com\/catalogo\/wp-json\/wp\/v2\/author_book\/111321"}],"wp:featuredmedia":[{"embeddable":true,"href":"https:\/\/letrame.com\/catalogo\/wp-json\/wp\/v2\/media\/111323"}],"wp:attachment":[{"href":"https:\/\/letrame.com\/catalogo\/wp-json\/wp\/v2\/media?parent=111320"}],"wp:term":[{"taxonomy":"libro","embeddable":true,"href":"https:\/\/letrame.com\/catalogo\/wp-json\/wp\/v2\/libro?post=111320"},{"taxonomy":"product_brand","embeddable":true,"href":"https:\/\/letrame.com\/catalogo\/wp-json\/wp\/v2\/product_brand?post=111320"},{"taxonomy":"product_cat","embeddable":true,"href":"https:\/\/letrame.com\/catalogo\/wp-json\/wp\/v2\/product_cat?post=111320"},{"taxonomy":"product_tag","embeddable":true,"href":"https:\/\/letrame.com\/catalogo\/wp-json\/wp\/v2\/product_tag?post=111320"}],"curies":[{"name":"wp","href":"https:\/\/api.w.org\/{rel}","templated":true}]}}