{"id":111266,"date":"2026-03-02T10:47:29","date_gmt":"2026-03-02T09:47:29","guid":{"rendered":"https:\/\/letrame.com\/catalogo\/?post_type=product&#038;p=111266"},"modified":"2026-03-02T10:47:30","modified_gmt":"2026-03-02T09:47:30","slug":"caminando-por-la-vida","status":"publish","type":"product","link":"https:\/\/letrame.com\/catalogo\/producto\/caminando-por-la-vida\/","title":{"rendered":"Caminando por la vida"},"content":{"rendered":"<p class=\"p1\"><b>ISBN: 9791370294694<\/b><b><\/b><\/p>\n<p class=\"p1\"><b>T\u00edtulo: Caminando por la vida<\/b><br \/>\n<b>Fecha: 2025<\/b><br \/>\n<b>P\u00e1ginas: 48<\/b><b><\/b><\/p>\n<p class=\"p1\"><b>SINOPSIS<\/b><\/p>\n<p class=\"p1\">El hilo conductor de este poemario ha sido la descripci\u00f3n de la barbarie contempor\u00e1nea que para el poeta ha significado una bajada a los infiernos, por utilizar las palabras del gran poeta franc\u00e9s A. RIMBAUD. Por esto mismo la primera parte del poemario es la impresi\u00f3n que me produce la restramisi\u00f3n \u00aben directo\u00bb de un holocausto, limpieza \u00e9tnica, masacre o genocidio -da igual el t\u00e9rmino que se utilice al ser el resultado el mismo-. Una Tierra Santa (para las tres religiones del Libro) arrasada y quemada por fundamentalismo en mano de poderosos y abandonada por los dioses. Es la continuaci\u00f3n de otra barbarie que me hizo recordar tiempos pasados (Ucrania) que me sirvi\u00f3 en la segunda parte de Noches tabernarias. La masacre que estamos viviendo en directo produce poemas como Juegos donde dos ni\u00f1os juegan en dicha tierra quemada con mirada perd\u00eda en un futuro inexistente. O unas Navidades que ya no ser\u00e1n nunca lo mismo ya que Cristo, Yavh\u00e9 o Al\u00e1 se olvidan de sus pueblos.<\/p>\n<p class=\"p1\">La segunda parte es el Desaliento que la barbarie produce en el poeta.<\/p>\n<p class=\"p1\">Por no ver a la paloma de la paz ya tendida en los campos de esta tierra quemada o arrasada y donde las flores son regadas por \u00abr\u00edos de sangre\u00bb.<\/p>\n<p class=\"p1\">Una tierra donde ni siquiera existen cementerios ya que el cementerio son los escombros. Es la tristeza al ver que la matanza no para. S\u00f3lo existe una esperanza o un hilo de aliento y este no puede ser otro que la vuelta de<\/p>\n<p class=\"p1\">Espartaco.<\/p>\n<p class=\"p1\">Quisiera dedicar este poemario a Jos\u00e9 Mar\u00eda Dom\u00ednguez Rodr\u00edguez; m\u00e1s que compa\u00f1ero, un hermano que durante cuarenta a\u00f1os me cogi\u00f3 de la mano. All\u00e1 donde est\u00e9, contin\u00faa caminado por las alamedas de para\u00edso que quisimos construir, y que las generaciones futuras puedan ver.<\/p>\n<p class=\"p1\">Javier M\u00e9ndez-Vigo Hern\u00e1ndez<\/p>\n<p class=\"p1\">jmendezvig040@gmail.com<\/p>\n","protected":false},"excerpt":{"rendered":"<p class=\"p1\"><b>ISBN: 9791370294694<\/b><b><\/b><\/p>\n<p class=\"p1\"><b>SINOPSIS<\/b><\/p>\n<p class=\"p1\">El hilo conductor de este poemario ha sido la descripci\u00f3n de la barbarie contempor\u00e1nea que para el poeta ha significado una bajada a los infiernos, por utilizar las palabras del gran poeta franc\u00e9s A. RIMBAUD. Por esto mismo la primera parte del poemario es la impresi\u00f3n que me produce la restramisi\u00f3n \u00aben directo\u00bb de un holocausto, limpieza \u00e9tnica, masacre o genocidio -da igual el t\u00e9rmino que se utilice al ser el resultado el mismo-. Una Tierra Santa (para las tres religiones del Libro) arrasada y quemada por fundamentalismo en mano de poderosos y abandonada por los dioses. Es la continuaci\u00f3n de otra barbarie que me hizo recordar tiempos pasados (Ucrania) que me sirvi\u00f3 en la segunda parte de Noches tabernarias. La masacre que estamos viviendo en directo produce poemas como Juegos donde dos ni\u00f1os juegan en dicha tierra quemada con mirada perd\u00eda en un futuro inexistente. O unas Navidades que ya no ser\u00e1n nunca lo mismo ya que Cristo, Yavh\u00e9 o Al\u00e1 se olvidan de sus pueblos.<\/p>\n<p class=\"p1\">La segunda parte es el Desaliento que la barbarie produce en el poeta.<\/p>\n<p class=\"p1\">Por no ver a la paloma de la paz ya tendida en los campos de esta tierra quemada o arrasada y donde las flores son regadas por \u00abr\u00edos de sangre\u00bb.<\/p>\n<p class=\"p1\">Una tierra donde ni siquiera existen cementerios ya que el cementerio son los escombros. Es la tristeza al ver que la matanza no para. S\u00f3lo existe una esperanza o un hilo de aliento y este no puede ser otro que la vuelta de<\/p>\n<p class=\"p1\">Espartaco.<\/p>\n<p class=\"p1\">Quisiera dedicar este poemario a Jos\u00e9 Mar\u00eda Dom\u00ednguez Rodr\u00edguez; m\u00e1s que compa\u00f1ero, un hermano que durante cuarenta a\u00f1os me cogi\u00f3 de la mano. All\u00e1 donde est\u00e9, contin\u00faa caminado por las alamedas de para\u00edso que quisimos construir, y que las generaciones futuras puedan ver.<\/p>\n<p class=\"p1\">Javier M\u00e9ndez-Vigo Hern\u00e1ndez<\/p>\n<p class=\"p1\">jmendezvig040@gmail.com<\/p>\n","protected":false},"featured_media":111267,"comment_status":"open","ping_status":"closed","template":"","meta":{"_acf_changed":false},"libro":[],"product_brand":[],"product_cat":[20],"product_tag":[],"class_list":{"0":"post-111266","1":"product","2":"type-product","3":"status-publish","4":"has-post-thumbnail","6":"product_cat-poesia","8":"first","9":"instock","10":"shipping-taxable","11":"product-type-simple"},"acf":{"autor":[77206],"enlace_de_compra":"https:\/\/amzn.to\/4aPbmQI"},"yoast_head":"<!-- This site is optimized with the Yoast SEO plugin v26.6 - https:\/\/yoast.com\/wordpress\/plugins\/seo\/ -->\n<title>Caminando por la vida - Catalogo | Letrame Grupo Editorial<\/title>\n<meta name=\"robots\" content=\"index, follow, max-snippet:-1, max-image-preview:large, max-video-preview:-1\" \/>\n<link rel=\"canonical\" href=\"https:\/\/letrame.com\/catalogo\/producto\/caminando-por-la-vida\/\" \/>\n<meta property=\"og:locale\" content=\"es_ES\" \/>\n<meta property=\"og:type\" content=\"article\" \/>\n<meta property=\"og:title\" content=\"Caminando por la vida - Catalogo | Letrame Grupo Editorial\" \/>\n<meta property=\"og:description\" content=\"ISBN: 9791370294694 SINOPSIS El hilo conductor de este poemario ha sido la descripci\u00f3n de la barbarie contempor\u00e1nea que para el poeta ha significado una bajada a los infiernos, por utilizar las palabras del gran poeta franc\u00e9s A. RIMBAUD. Por esto mismo la primera parte del poemario es la impresi\u00f3n que me produce la restramisi\u00f3n \u00aben directo\u00bb de un holocausto, limpieza \u00e9tnica, masacre o genocidio -da igual el t\u00e9rmino que se utilice al ser el resultado el mismo-. Una Tierra Santa (para las tres religiones del Libro) arrasada y quemada por fundamentalismo en mano de poderosos y abandonada por los dioses. Es la continuaci\u00f3n de otra barbarie que me hizo recordar tiempos pasados (Ucrania) que me sirvi\u00f3 en la segunda parte de Noches tabernarias. La masacre que estamos viviendo en directo produce poemas como Juegos donde dos ni\u00f1os juegan en dicha tierra quemada con mirada perd\u00eda en un futuro inexistente. O unas Navidades que ya no ser\u00e1n nunca lo mismo ya que Cristo, Yavh\u00e9 o Al\u00e1 se olvidan de sus pueblos. La segunda parte es el Desaliento que la barbarie produce en el poeta. Por no ver a la paloma de la paz ya tendida en los campos de esta tierra quemada o arrasada y donde las flores son regadas por \u00abr\u00edos de sangre\u00bb. Una tierra donde ni siquiera existen cementerios ya que el cementerio son los escombros. Es la tristeza al ver que la matanza no para. S\u00f3lo existe una esperanza o un hilo de aliento y este no puede ser otro que la vuelta de Espartaco. Quisiera dedicar este poemario a Jos\u00e9 Mar\u00eda Dom\u00ednguez Rodr\u00edguez; m\u00e1s que compa\u00f1ero, un hermano que durante cuarenta a\u00f1os me cogi\u00f3 de la mano. All\u00e1 donde est\u00e9, contin\u00faa caminado por las alamedas de para\u00edso que quisimos construir, y que las generaciones futuras puedan ver. Javier M\u00e9ndez-Vigo Hern\u00e1ndez jmendezvig040@gmail.com\" \/>\n<meta property=\"og:url\" content=\"https:\/\/letrame.com\/catalogo\/producto\/caminando-por-la-vida\/\" \/>\n<meta property=\"og:site_name\" content=\"Catalogo | Letrame Grupo Editorial\" \/>\n<meta property=\"article:modified_time\" content=\"2026-03-02T09:47:30+00:00\" \/>\n<meta property=\"og:image\" content=\"https:\/\/letrame.com\/catalogo\/wp-content\/uploads\/2026\/03\/portadacatalogo-scaled.jpg\" \/>\n\t<meta property=\"og:image:width\" content=\"1772\" \/>\n\t<meta property=\"og:image:height\" content=\"2560\" \/>\n\t<meta property=\"og:image:type\" content=\"image\/jpeg\" \/>\n<meta name=\"twitter:card\" content=\"summary_large_image\" \/>\n<meta name=\"twitter:label1\" content=\"Tiempo de lectura\" \/>\n\t<meta name=\"twitter:data1\" content=\"2 minutos\" \/>\n<script type=\"application\/ld+json\" class=\"yoast-schema-graph\">{\"@context\":\"https:\/\/schema.org\",\"@graph\":[{\"@type\":\"WebPage\",\"@id\":\"https:\/\/letrame.com\/catalogo\/producto\/caminando-por-la-vida\/\",\"url\":\"https:\/\/letrame.com\/catalogo\/producto\/caminando-por-la-vida\/\",\"name\":\"Caminando por la vida - Catalogo | Letrame Grupo Editorial\",\"isPartOf\":{\"@id\":\"https:\/\/letrame.com\/catalogo\/#website\"},\"primaryImageOfPage\":{\"@id\":\"https:\/\/letrame.com\/catalogo\/producto\/caminando-por-la-vida\/#primaryimage\"},\"image\":{\"@id\":\"https:\/\/letrame.com\/catalogo\/producto\/caminando-por-la-vida\/#primaryimage\"},\"thumbnailUrl\":\"https:\/\/letrame.com\/catalogo\/wp-content\/uploads\/2026\/03\/portadacatalogo-scaled.jpg\",\"datePublished\":\"2026-03-02T09:47:29+00:00\",\"dateModified\":\"2026-03-02T09:47:30+00:00\",\"breadcrumb\":{\"@id\":\"https:\/\/letrame.com\/catalogo\/producto\/caminando-por-la-vida\/#breadcrumb\"},\"inLanguage\":\"es\",\"potentialAction\":[{\"@type\":\"ReadAction\",\"target\":[\"https:\/\/letrame.com\/catalogo\/producto\/caminando-por-la-vida\/\"]}]},{\"@type\":\"ImageObject\",\"inLanguage\":\"es\",\"@id\":\"https:\/\/letrame.com\/catalogo\/producto\/caminando-por-la-vida\/#primaryimage\",\"url\":\"https:\/\/letrame.com\/catalogo\/wp-content\/uploads\/2026\/03\/portadacatalogo-scaled.jpg\",\"contentUrl\":\"https:\/\/letrame.com\/catalogo\/wp-content\/uploads\/2026\/03\/portadacatalogo-scaled.jpg\",\"width\":1772,\"height\":2560},{\"@type\":\"BreadcrumbList\",\"@id\":\"https:\/\/letrame.com\/catalogo\/producto\/caminando-por-la-vida\/#breadcrumb\",\"itemListElement\":[{\"@type\":\"ListItem\",\"position\":1,\"name\":\"Portada\",\"item\":\"https:\/\/letrame.com\/catalogo\/\"},{\"@type\":\"ListItem\",\"position\":2,\"name\":\"Cat\u00e1logo\",\"item\":\"https:\/\/letrame.com\/catalogo\/\"},{\"@type\":\"ListItem\",\"position\":3,\"name\":\"Caminando por la vida\"}]},{\"@type\":\"WebSite\",\"@id\":\"https:\/\/letrame.com\/catalogo\/#website\",\"url\":\"https:\/\/letrame.com\/catalogo\/\",\"name\":\"Catalogo | Letrame Grupo Editorial\",\"description\":\"\",\"publisher\":{\"@id\":\"https:\/\/letrame.com\/catalogo\/#organization\"},\"potentialAction\":[{\"@type\":\"SearchAction\",\"target\":{\"@type\":\"EntryPoint\",\"urlTemplate\":\"https:\/\/letrame.com\/catalogo\/?s={search_term_string}\"},\"query-input\":{\"@type\":\"PropertyValueSpecification\",\"valueRequired\":true,\"valueName\":\"search_term_string\"}}],\"inLanguage\":\"es\"},{\"@type\":\"Organization\",\"@id\":\"https:\/\/letrame.com\/catalogo\/#organization\",\"name\":\"Catalogo | Letrame Grupo Editorial\",\"url\":\"https:\/\/letrame.com\/catalogo\/\",\"logo\":{\"@type\":\"ImageObject\",\"inLanguage\":\"es\",\"@id\":\"https:\/\/letrame.com\/catalogo\/#\/schema\/logo\/image\/\",\"url\":\"https:\/\/letrame.com\/catalogo\/wp-content\/uploads\/2024\/03\/logo2.webp\",\"contentUrl\":\"https:\/\/letrame.com\/catalogo\/wp-content\/uploads\/2024\/03\/logo2.webp\",\"width\":394,\"height\":128,\"caption\":\"Catalogo | Letrame Grupo Editorial\"},\"image\":{\"@id\":\"https:\/\/letrame.com\/catalogo\/#\/schema\/logo\/image\/\"}}]}<\/script>\n<!-- \/ Yoast SEO plugin. -->","yoast_head_json":{"title":"Caminando por la vida - Catalogo | Letrame Grupo Editorial","robots":{"index":"index","follow":"follow","max-snippet":"max-snippet:-1","max-image-preview":"max-image-preview:large","max-video-preview":"max-video-preview:-1"},"canonical":"https:\/\/letrame.com\/catalogo\/producto\/caminando-por-la-vida\/","og_locale":"es_ES","og_type":"article","og_title":"Caminando por la vida - Catalogo | Letrame Grupo Editorial","og_description":"ISBN: 9791370294694 SINOPSIS El hilo conductor de este poemario ha sido la descripci\u00f3n de la barbarie contempor\u00e1nea que para el poeta ha significado una bajada a los infiernos, por utilizar las palabras del gran poeta franc\u00e9s A. RIMBAUD. Por esto mismo la primera parte del poemario es la impresi\u00f3n que me produce la restramisi\u00f3n \u00aben directo\u00bb de un holocausto, limpieza \u00e9tnica, masacre o genocidio -da igual el t\u00e9rmino que se utilice al ser el resultado el mismo-. Una Tierra Santa (para las tres religiones del Libro) arrasada y quemada por fundamentalismo en mano de poderosos y abandonada por los dioses. Es la continuaci\u00f3n de otra barbarie que me hizo recordar tiempos pasados (Ucrania) que me sirvi\u00f3 en la segunda parte de Noches tabernarias. La masacre que estamos viviendo en directo produce poemas como Juegos donde dos ni\u00f1os juegan en dicha tierra quemada con mirada perd\u00eda en un futuro inexistente. O unas Navidades que ya no ser\u00e1n nunca lo mismo ya que Cristo, Yavh\u00e9 o Al\u00e1 se olvidan de sus pueblos. La segunda parte es el Desaliento que la barbarie produce en el poeta. Por no ver a la paloma de la paz ya tendida en los campos de esta tierra quemada o arrasada y donde las flores son regadas por \u00abr\u00edos de sangre\u00bb. Una tierra donde ni siquiera existen cementerios ya que el cementerio son los escombros. Es la tristeza al ver que la matanza no para. S\u00f3lo existe una esperanza o un hilo de aliento y este no puede ser otro que la vuelta de Espartaco. Quisiera dedicar este poemario a Jos\u00e9 Mar\u00eda Dom\u00ednguez Rodr\u00edguez; m\u00e1s que compa\u00f1ero, un hermano que durante cuarenta a\u00f1os me cogi\u00f3 de la mano. All\u00e1 donde est\u00e9, contin\u00faa caminado por las alamedas de para\u00edso que quisimos construir, y que las generaciones futuras puedan ver. Javier M\u00e9ndez-Vigo Hern\u00e1ndez jmendezvig040@gmail.com","og_url":"https:\/\/letrame.com\/catalogo\/producto\/caminando-por-la-vida\/","og_site_name":"Catalogo | Letrame Grupo Editorial","article_modified_time":"2026-03-02T09:47:30+00:00","og_image":[{"width":1772,"height":2560,"url":"https:\/\/letrame.com\/catalogo\/wp-content\/uploads\/2026\/03\/portadacatalogo-scaled.jpg","type":"image\/jpeg"}],"twitter_card":"summary_large_image","twitter_misc":{"Tiempo de lectura":"2 minutos"},"schema":{"@context":"https:\/\/schema.org","@graph":[{"@type":"WebPage","@id":"https:\/\/letrame.com\/catalogo\/producto\/caminando-por-la-vida\/","url":"https:\/\/letrame.com\/catalogo\/producto\/caminando-por-la-vida\/","name":"Caminando por la vida - Catalogo | Letrame Grupo Editorial","isPartOf":{"@id":"https:\/\/letrame.com\/catalogo\/#website"},"primaryImageOfPage":{"@id":"https:\/\/letrame.com\/catalogo\/producto\/caminando-por-la-vida\/#primaryimage"},"image":{"@id":"https:\/\/letrame.com\/catalogo\/producto\/caminando-por-la-vida\/#primaryimage"},"thumbnailUrl":"https:\/\/letrame.com\/catalogo\/wp-content\/uploads\/2026\/03\/portadacatalogo-scaled.jpg","datePublished":"2026-03-02T09:47:29+00:00","dateModified":"2026-03-02T09:47:30+00:00","breadcrumb":{"@id":"https:\/\/letrame.com\/catalogo\/producto\/caminando-por-la-vida\/#breadcrumb"},"inLanguage":"es","potentialAction":[{"@type":"ReadAction","target":["https:\/\/letrame.com\/catalogo\/producto\/caminando-por-la-vida\/"]}]},{"@type":"ImageObject","inLanguage":"es","@id":"https:\/\/letrame.com\/catalogo\/producto\/caminando-por-la-vida\/#primaryimage","url":"https:\/\/letrame.com\/catalogo\/wp-content\/uploads\/2026\/03\/portadacatalogo-scaled.jpg","contentUrl":"https:\/\/letrame.com\/catalogo\/wp-content\/uploads\/2026\/03\/portadacatalogo-scaled.jpg","width":1772,"height":2560},{"@type":"BreadcrumbList","@id":"https:\/\/letrame.com\/catalogo\/producto\/caminando-por-la-vida\/#breadcrumb","itemListElement":[{"@type":"ListItem","position":1,"name":"Portada","item":"https:\/\/letrame.com\/catalogo\/"},{"@type":"ListItem","position":2,"name":"Cat\u00e1logo","item":"https:\/\/letrame.com\/catalogo\/"},{"@type":"ListItem","position":3,"name":"Caminando por la vida"}]},{"@type":"WebSite","@id":"https:\/\/letrame.com\/catalogo\/#website","url":"https:\/\/letrame.com\/catalogo\/","name":"Catalogo | Letrame Grupo Editorial","description":"","publisher":{"@id":"https:\/\/letrame.com\/catalogo\/#organization"},"potentialAction":[{"@type":"SearchAction","target":{"@type":"EntryPoint","urlTemplate":"https:\/\/letrame.com\/catalogo\/?s={search_term_string}"},"query-input":{"@type":"PropertyValueSpecification","valueRequired":true,"valueName":"search_term_string"}}],"inLanguage":"es"},{"@type":"Organization","@id":"https:\/\/letrame.com\/catalogo\/#organization","name":"Catalogo | Letrame Grupo Editorial","url":"https:\/\/letrame.com\/catalogo\/","logo":{"@type":"ImageObject","inLanguage":"es","@id":"https:\/\/letrame.com\/catalogo\/#\/schema\/logo\/image\/","url":"https:\/\/letrame.com\/catalogo\/wp-content\/uploads\/2024\/03\/logo2.webp","contentUrl":"https:\/\/letrame.com\/catalogo\/wp-content\/uploads\/2024\/03\/logo2.webp","width":394,"height":128,"caption":"Catalogo | Letrame Grupo Editorial"},"image":{"@id":"https:\/\/letrame.com\/catalogo\/#\/schema\/logo\/image\/"}}]}},"_links":{"self":[{"href":"https:\/\/letrame.com\/catalogo\/wp-json\/wp\/v2\/product\/111266","targetHints":{"allow":["GET"]}}],"collection":[{"href":"https:\/\/letrame.com\/catalogo\/wp-json\/wp\/v2\/product"}],"about":[{"href":"https:\/\/letrame.com\/catalogo\/wp-json\/wp\/v2\/types\/product"}],"replies":[{"embeddable":true,"href":"https:\/\/letrame.com\/catalogo\/wp-json\/wp\/v2\/comments?post=111266"}],"acf:post":[{"embeddable":true,"href":"https:\/\/letrame.com\/catalogo\/wp-json\/wp\/v2\/author_book\/77206"}],"wp:featuredmedia":[{"embeddable":true,"href":"https:\/\/letrame.com\/catalogo\/wp-json\/wp\/v2\/media\/111267"}],"wp:attachment":[{"href":"https:\/\/letrame.com\/catalogo\/wp-json\/wp\/v2\/media?parent=111266"}],"wp:term":[{"taxonomy":"libro","embeddable":true,"href":"https:\/\/letrame.com\/catalogo\/wp-json\/wp\/v2\/libro?post=111266"},{"taxonomy":"product_brand","embeddable":true,"href":"https:\/\/letrame.com\/catalogo\/wp-json\/wp\/v2\/product_brand?post=111266"},{"taxonomy":"product_cat","embeddable":true,"href":"https:\/\/letrame.com\/catalogo\/wp-json\/wp\/v2\/product_cat?post=111266"},{"taxonomy":"product_tag","embeddable":true,"href":"https:\/\/letrame.com\/catalogo\/wp-json\/wp\/v2\/product_tag?post=111266"}],"curies":[{"name":"wp","href":"https:\/\/api.w.org\/{rel}","templated":true}]}}