{"id":111256,"date":"2026-03-02T10:33:58","date_gmt":"2026-03-02T09:33:58","guid":{"rendered":"https:\/\/letrame.com\/catalogo\/?post_type=product&#038;p=111256"},"modified":"2026-03-02T10:33:59","modified_gmt":"2026-03-02T09:33:59","slug":"el-eco-de-lo-prohibido","status":"publish","type":"product","link":"https:\/\/letrame.com\/catalogo\/producto\/el-eco-de-lo-prohibido\/","title":{"rendered":"El eco de lo prohibido"},"content":{"rendered":"<p class=\"p1\"><b>ISBN:\u00a0<\/b>9791370295172<b><\/b><\/p>\n<p class=\"p1\"><b>T\u00edtulo:\u00a0<\/b>El eco de lo prohibido<br \/>\n<b>Fecha:<\/b> 2025<br \/>\n<b>P\u00e1ginas:\u00a0<\/b>224<b><\/b><\/p>\n<p class=\"p1\"><b>SINOPSIS<\/b><\/p>\n<p>Vera cree estar comenzando la vida que siempre so\u00f1\u00f3: un matrimonio reciente, la universidad, un futuro prometedor. Pero el mismo d\u00eda de su boda descubre que el hombre al que ama guarda un pasado silenciado que amenaza con resquebrajarlo todo. Lo que parec\u00eda una historia de amor se convierte en el inicio de una traves\u00eda marcada por secretos, decisiones irreversibles y verdades que nunca debieron permanecer ocultas.<br \/>\nA trav\u00e9s de varias voces y tiempos, El eco de lo prohibido entrelaza amor, traici\u00f3n y destino en un relato profundamente humano donde nada es casualidad. Emil, atrapado entre la herencia emocional de su familia y un amor que nunca termin\u00f3 de marcharse; Petra, una mujer conectada a un mundo invisible que desaf\u00eda la l\u00f3gica; y Vera, obligada a enfrentarse a una realidad para la que nadie la prepar\u00f3.<br \/>\nCon una prosa \u00edntima y envolvente, esta novela explora los l\u00edmites del amor, el peso de lo no dicho y la fuerza de la intuici\u00f3n frente a la raz\u00f3n. Porque hay v\u00ednculos que trascienden el tiempo, y verdades que, aunque prohibidas, siempre encuentran la forma de hacerse o\u00edr.<\/p>\n","protected":false},"excerpt":{"rendered":"<p class=\"p1\"><b>ISBN:\u00a0<\/b>9791370295172<b><\/b><\/p>\n<p class=\"p1\"><b>SINOPSIS<\/b><\/p>\n<p>Vera cree estar comenzando la vida que siempre so\u00f1\u00f3: un matrimonio reciente, la universidad, un futuro prometedor. Pero el mismo d\u00eda de su boda descubre que el hombre al que ama guarda un pasado silenciado que amenaza con resquebrajarlo todo. Lo que parec\u00eda una historia de amor se convierte en el inicio de una traves\u00eda marcada por secretos, decisiones irreversibles y verdades que nunca debieron permanecer ocultas.<br \/>\nA trav\u00e9s de varias voces y tiempos, El eco de lo prohibido entrelaza amor, traici\u00f3n y destino en un relato profundamente humano donde nada es casualidad. Emil, atrapado entre la herencia emocional de su familia y un amor que nunca termin\u00f3 de marcharse; Petra, una mujer conectada a un mundo invisible que desaf\u00eda la l\u00f3gica; y Vera, obligada a enfrentarse a una realidad para la que nadie la prepar\u00f3.<br \/>\nCon una prosa \u00edntima y envolvente, esta novela explora los l\u00edmites del amor, el peso de lo no dicho y la fuerza de la intuici\u00f3n frente a la raz\u00f3n. Porque hay v\u00ednculos que trascienden el tiempo, y verdades que, aunque prohibidas, siempre encuentran la forma de hacerse o\u00edr.<\/p>\n","protected":false},"featured_media":111259,"comment_status":"open","ping_status":"closed","template":"","meta":{"_acf_changed":false},"libro":[],"product_brand":[],"product_cat":[47],"product_tag":[],"class_list":{"0":"post-111256","1":"product","2":"type-product","3":"status-publish","4":"has-post-thumbnail","6":"product_cat-ciencia-ficcion-misterio","8":"first","9":"instock","10":"shipping-taxable","11":"product-type-simple"},"acf":{"autor":[111255],"enlace_de_compra":"https:\/\/amzn.to\/4l3XKpG"},"yoast_head":"<!-- This site is optimized with the Yoast SEO plugin v26.6 - https:\/\/yoast.com\/wordpress\/plugins\/seo\/ -->\n<title>El eco de lo prohibido - Catalogo | Letrame Grupo Editorial<\/title>\n<meta name=\"robots\" content=\"index, follow, max-snippet:-1, max-image-preview:large, max-video-preview:-1\" \/>\n<link rel=\"canonical\" href=\"https:\/\/letrame.com\/catalogo\/producto\/el-eco-de-lo-prohibido\/\" \/>\n<meta property=\"og:locale\" content=\"es_ES\" \/>\n<meta property=\"og:type\" content=\"article\" \/>\n<meta property=\"og:title\" content=\"El eco de lo prohibido - Catalogo | Letrame Grupo Editorial\" \/>\n<meta property=\"og:description\" content=\"ISBN:\u00a09791370295172 SINOPSIS Vera cree estar comenzando la vida que siempre so\u00f1\u00f3: un matrimonio reciente, la universidad, un futuro prometedor. Pero el mismo d\u00eda de su boda descubre que el hombre al que ama guarda un pasado silenciado que amenaza con resquebrajarlo todo. Lo que parec\u00eda una historia de amor se convierte en el inicio de una traves\u00eda marcada por secretos, decisiones irreversibles y verdades que nunca debieron permanecer ocultas. A trav\u00e9s de varias voces y tiempos, El eco de lo prohibido entrelaza amor, traici\u00f3n y destino en un relato profundamente humano donde nada es casualidad. Emil, atrapado entre la herencia emocional de su familia y un amor que nunca termin\u00f3 de marcharse; Petra, una mujer conectada a un mundo invisible que desaf\u00eda la l\u00f3gica; y Vera, obligada a enfrentarse a una realidad para la que nadie la prepar\u00f3. Con una prosa \u00edntima y envolvente, esta novela explora los l\u00edmites del amor, el peso de lo no dicho y la fuerza de la intuici\u00f3n frente a la raz\u00f3n. Porque hay v\u00ednculos que trascienden el tiempo, y verdades que, aunque prohibidas, siempre encuentran la forma de hacerse o\u00edr.\" \/>\n<meta property=\"og:url\" content=\"https:\/\/letrame.com\/catalogo\/producto\/el-eco-de-lo-prohibido\/\" \/>\n<meta property=\"og:site_name\" content=\"Catalogo | Letrame Grupo Editorial\" \/>\n<meta property=\"article:modified_time\" content=\"2026-03-02T09:33:59+00:00\" \/>\n<meta property=\"og:image\" content=\"https:\/\/letrame.com\/catalogo\/wp-content\/uploads\/2026\/03\/Captura-de-pantalla-2026-02-24-a-las-15.32.35.png\" \/>\n\t<meta property=\"og:image:width\" content=\"664\" \/>\n\t<meta property=\"og:image:height\" content=\"954\" \/>\n\t<meta property=\"og:image:type\" content=\"image\/png\" \/>\n<meta name=\"twitter:card\" content=\"summary_large_image\" \/>\n<meta name=\"twitter:label1\" content=\"Tiempo de lectura\" \/>\n\t<meta name=\"twitter:data1\" content=\"1 minuto\" \/>\n<script type=\"application\/ld+json\" class=\"yoast-schema-graph\">{\"@context\":\"https:\/\/schema.org\",\"@graph\":[{\"@type\":\"WebPage\",\"@id\":\"https:\/\/letrame.com\/catalogo\/producto\/el-eco-de-lo-prohibido\/\",\"url\":\"https:\/\/letrame.com\/catalogo\/producto\/el-eco-de-lo-prohibido\/\",\"name\":\"El eco de lo prohibido - Catalogo | Letrame Grupo Editorial\",\"isPartOf\":{\"@id\":\"https:\/\/letrame.com\/catalogo\/#website\"},\"primaryImageOfPage\":{\"@id\":\"https:\/\/letrame.com\/catalogo\/producto\/el-eco-de-lo-prohibido\/#primaryimage\"},\"image\":{\"@id\":\"https:\/\/letrame.com\/catalogo\/producto\/el-eco-de-lo-prohibido\/#primaryimage\"},\"thumbnailUrl\":\"https:\/\/letrame.com\/catalogo\/wp-content\/uploads\/2026\/03\/Captura-de-pantalla-2026-02-24-a-las-15.32.35.png\",\"datePublished\":\"2026-03-02T09:33:58+00:00\",\"dateModified\":\"2026-03-02T09:33:59+00:00\",\"breadcrumb\":{\"@id\":\"https:\/\/letrame.com\/catalogo\/producto\/el-eco-de-lo-prohibido\/#breadcrumb\"},\"inLanguage\":\"es\",\"potentialAction\":[{\"@type\":\"ReadAction\",\"target\":[\"https:\/\/letrame.com\/catalogo\/producto\/el-eco-de-lo-prohibido\/\"]}]},{\"@type\":\"ImageObject\",\"inLanguage\":\"es\",\"@id\":\"https:\/\/letrame.com\/catalogo\/producto\/el-eco-de-lo-prohibido\/#primaryimage\",\"url\":\"https:\/\/letrame.com\/catalogo\/wp-content\/uploads\/2026\/03\/Captura-de-pantalla-2026-02-24-a-las-15.32.35.png\",\"contentUrl\":\"https:\/\/letrame.com\/catalogo\/wp-content\/uploads\/2026\/03\/Captura-de-pantalla-2026-02-24-a-las-15.32.35.png\",\"width\":664,\"height\":954},{\"@type\":\"BreadcrumbList\",\"@id\":\"https:\/\/letrame.com\/catalogo\/producto\/el-eco-de-lo-prohibido\/#breadcrumb\",\"itemListElement\":[{\"@type\":\"ListItem\",\"position\":1,\"name\":\"Portada\",\"item\":\"https:\/\/letrame.com\/catalogo\/\"},{\"@type\":\"ListItem\",\"position\":2,\"name\":\"Cat\u00e1logo\",\"item\":\"https:\/\/letrame.com\/catalogo\/\"},{\"@type\":\"ListItem\",\"position\":3,\"name\":\"El eco de lo prohibido\"}]},{\"@type\":\"WebSite\",\"@id\":\"https:\/\/letrame.com\/catalogo\/#website\",\"url\":\"https:\/\/letrame.com\/catalogo\/\",\"name\":\"Catalogo | Letrame Grupo Editorial\",\"description\":\"\",\"publisher\":{\"@id\":\"https:\/\/letrame.com\/catalogo\/#organization\"},\"potentialAction\":[{\"@type\":\"SearchAction\",\"target\":{\"@type\":\"EntryPoint\",\"urlTemplate\":\"https:\/\/letrame.com\/catalogo\/?s={search_term_string}\"},\"query-input\":{\"@type\":\"PropertyValueSpecification\",\"valueRequired\":true,\"valueName\":\"search_term_string\"}}],\"inLanguage\":\"es\"},{\"@type\":\"Organization\",\"@id\":\"https:\/\/letrame.com\/catalogo\/#organization\",\"name\":\"Catalogo | Letrame Grupo Editorial\",\"url\":\"https:\/\/letrame.com\/catalogo\/\",\"logo\":{\"@type\":\"ImageObject\",\"inLanguage\":\"es\",\"@id\":\"https:\/\/letrame.com\/catalogo\/#\/schema\/logo\/image\/\",\"url\":\"https:\/\/letrame.com\/catalogo\/wp-content\/uploads\/2024\/03\/logo2.webp\",\"contentUrl\":\"https:\/\/letrame.com\/catalogo\/wp-content\/uploads\/2024\/03\/logo2.webp\",\"width\":394,\"height\":128,\"caption\":\"Catalogo | Letrame Grupo Editorial\"},\"image\":{\"@id\":\"https:\/\/letrame.com\/catalogo\/#\/schema\/logo\/image\/\"}}]}<\/script>\n<!-- \/ Yoast SEO plugin. -->","yoast_head_json":{"title":"El eco de lo prohibido - Catalogo | Letrame Grupo Editorial","robots":{"index":"index","follow":"follow","max-snippet":"max-snippet:-1","max-image-preview":"max-image-preview:large","max-video-preview":"max-video-preview:-1"},"canonical":"https:\/\/letrame.com\/catalogo\/producto\/el-eco-de-lo-prohibido\/","og_locale":"es_ES","og_type":"article","og_title":"El eco de lo prohibido - Catalogo | Letrame Grupo Editorial","og_description":"ISBN:\u00a09791370295172 SINOPSIS Vera cree estar comenzando la vida que siempre so\u00f1\u00f3: un matrimonio reciente, la universidad, un futuro prometedor. Pero el mismo d\u00eda de su boda descubre que el hombre al que ama guarda un pasado silenciado que amenaza con resquebrajarlo todo. Lo que parec\u00eda una historia de amor se convierte en el inicio de una traves\u00eda marcada por secretos, decisiones irreversibles y verdades que nunca debieron permanecer ocultas. A trav\u00e9s de varias voces y tiempos, El eco de lo prohibido entrelaza amor, traici\u00f3n y destino en un relato profundamente humano donde nada es casualidad. Emil, atrapado entre la herencia emocional de su familia y un amor que nunca termin\u00f3 de marcharse; Petra, una mujer conectada a un mundo invisible que desaf\u00eda la l\u00f3gica; y Vera, obligada a enfrentarse a una realidad para la que nadie la prepar\u00f3. Con una prosa \u00edntima y envolvente, esta novela explora los l\u00edmites del amor, el peso de lo no dicho y la fuerza de la intuici\u00f3n frente a la raz\u00f3n. Porque hay v\u00ednculos que trascienden el tiempo, y verdades que, aunque prohibidas, siempre encuentran la forma de hacerse o\u00edr.","og_url":"https:\/\/letrame.com\/catalogo\/producto\/el-eco-de-lo-prohibido\/","og_site_name":"Catalogo | Letrame Grupo Editorial","article_modified_time":"2026-03-02T09:33:59+00:00","og_image":[{"width":664,"height":954,"url":"https:\/\/letrame.com\/catalogo\/wp-content\/uploads\/2026\/03\/Captura-de-pantalla-2026-02-24-a-las-15.32.35.png","type":"image\/png"}],"twitter_card":"summary_large_image","twitter_misc":{"Tiempo de lectura":"1 minuto"},"schema":{"@context":"https:\/\/schema.org","@graph":[{"@type":"WebPage","@id":"https:\/\/letrame.com\/catalogo\/producto\/el-eco-de-lo-prohibido\/","url":"https:\/\/letrame.com\/catalogo\/producto\/el-eco-de-lo-prohibido\/","name":"El eco de lo prohibido - Catalogo | Letrame Grupo Editorial","isPartOf":{"@id":"https:\/\/letrame.com\/catalogo\/#website"},"primaryImageOfPage":{"@id":"https:\/\/letrame.com\/catalogo\/producto\/el-eco-de-lo-prohibido\/#primaryimage"},"image":{"@id":"https:\/\/letrame.com\/catalogo\/producto\/el-eco-de-lo-prohibido\/#primaryimage"},"thumbnailUrl":"https:\/\/letrame.com\/catalogo\/wp-content\/uploads\/2026\/03\/Captura-de-pantalla-2026-02-24-a-las-15.32.35.png","datePublished":"2026-03-02T09:33:58+00:00","dateModified":"2026-03-02T09:33:59+00:00","breadcrumb":{"@id":"https:\/\/letrame.com\/catalogo\/producto\/el-eco-de-lo-prohibido\/#breadcrumb"},"inLanguage":"es","potentialAction":[{"@type":"ReadAction","target":["https:\/\/letrame.com\/catalogo\/producto\/el-eco-de-lo-prohibido\/"]}]},{"@type":"ImageObject","inLanguage":"es","@id":"https:\/\/letrame.com\/catalogo\/producto\/el-eco-de-lo-prohibido\/#primaryimage","url":"https:\/\/letrame.com\/catalogo\/wp-content\/uploads\/2026\/03\/Captura-de-pantalla-2026-02-24-a-las-15.32.35.png","contentUrl":"https:\/\/letrame.com\/catalogo\/wp-content\/uploads\/2026\/03\/Captura-de-pantalla-2026-02-24-a-las-15.32.35.png","width":664,"height":954},{"@type":"BreadcrumbList","@id":"https:\/\/letrame.com\/catalogo\/producto\/el-eco-de-lo-prohibido\/#breadcrumb","itemListElement":[{"@type":"ListItem","position":1,"name":"Portada","item":"https:\/\/letrame.com\/catalogo\/"},{"@type":"ListItem","position":2,"name":"Cat\u00e1logo","item":"https:\/\/letrame.com\/catalogo\/"},{"@type":"ListItem","position":3,"name":"El eco de lo prohibido"}]},{"@type":"WebSite","@id":"https:\/\/letrame.com\/catalogo\/#website","url":"https:\/\/letrame.com\/catalogo\/","name":"Catalogo | Letrame Grupo Editorial","description":"","publisher":{"@id":"https:\/\/letrame.com\/catalogo\/#organization"},"potentialAction":[{"@type":"SearchAction","target":{"@type":"EntryPoint","urlTemplate":"https:\/\/letrame.com\/catalogo\/?s={search_term_string}"},"query-input":{"@type":"PropertyValueSpecification","valueRequired":true,"valueName":"search_term_string"}}],"inLanguage":"es"},{"@type":"Organization","@id":"https:\/\/letrame.com\/catalogo\/#organization","name":"Catalogo | Letrame Grupo Editorial","url":"https:\/\/letrame.com\/catalogo\/","logo":{"@type":"ImageObject","inLanguage":"es","@id":"https:\/\/letrame.com\/catalogo\/#\/schema\/logo\/image\/","url":"https:\/\/letrame.com\/catalogo\/wp-content\/uploads\/2024\/03\/logo2.webp","contentUrl":"https:\/\/letrame.com\/catalogo\/wp-content\/uploads\/2024\/03\/logo2.webp","width":394,"height":128,"caption":"Catalogo | Letrame Grupo Editorial"},"image":{"@id":"https:\/\/letrame.com\/catalogo\/#\/schema\/logo\/image\/"}}]}},"_links":{"self":[{"href":"https:\/\/letrame.com\/catalogo\/wp-json\/wp\/v2\/product\/111256","targetHints":{"allow":["GET"]}}],"collection":[{"href":"https:\/\/letrame.com\/catalogo\/wp-json\/wp\/v2\/product"}],"about":[{"href":"https:\/\/letrame.com\/catalogo\/wp-json\/wp\/v2\/types\/product"}],"replies":[{"embeddable":true,"href":"https:\/\/letrame.com\/catalogo\/wp-json\/wp\/v2\/comments?post=111256"}],"acf:post":[{"embeddable":true,"href":"https:\/\/letrame.com\/catalogo\/wp-json\/wp\/v2\/author_book\/111255"}],"wp:featuredmedia":[{"embeddable":true,"href":"https:\/\/letrame.com\/catalogo\/wp-json\/wp\/v2\/media\/111259"}],"wp:attachment":[{"href":"https:\/\/letrame.com\/catalogo\/wp-json\/wp\/v2\/media?parent=111256"}],"wp:term":[{"taxonomy":"libro","embeddable":true,"href":"https:\/\/letrame.com\/catalogo\/wp-json\/wp\/v2\/libro?post=111256"},{"taxonomy":"product_brand","embeddable":true,"href":"https:\/\/letrame.com\/catalogo\/wp-json\/wp\/v2\/product_brand?post=111256"},{"taxonomy":"product_cat","embeddable":true,"href":"https:\/\/letrame.com\/catalogo\/wp-json\/wp\/v2\/product_cat?post=111256"},{"taxonomy":"product_tag","embeddable":true,"href":"https:\/\/letrame.com\/catalogo\/wp-json\/wp\/v2\/product_tag?post=111256"}],"curies":[{"name":"wp","href":"https:\/\/api.w.org\/{rel}","templated":true}]}}