{"id":111216,"date":"2026-02-26T15:17:43","date_gmt":"2026-02-26T14:17:43","guid":{"rendered":"https:\/\/letrame.com\/catalogo\/?post_type=product&#038;p=111216"},"modified":"2026-02-26T15:17:44","modified_gmt":"2026-02-26T14:17:44","slug":"las-palabras-no-se-las-lleva-el-viento","status":"publish","type":"product","link":"https:\/\/letrame.com\/catalogo\/producto\/las-palabras-no-se-las-lleva-el-viento\/","title":{"rendered":"Las palabras no se las lleva el viento"},"content":{"rendered":"<p class=\"p1\"><b>ISBN: 9791370129088<\/b><b><\/b><\/p>\n<p class=\"p1\"><b>T\u00edtulo: Las palabras no se las lleva el viento<\/b><br \/>\n<b>Fecha: 2025<\/b><br \/>\n<b>P\u00e1ginas: 86<\/b><b><\/b><\/p>\n<p class=\"p1\">\u00a0<b>SINOPSIS<\/b><\/p>\n<p class=\"p1\">Puedo escuchar como tejes, no s\u00e9 donde est\u00e1s, pero puedes quedarte. Habitas quiz\u00e1s, entre los libros, en el techo o en mi alma, pero tu brillo de hilos&#8230;sostiene mis pesadilas en calma. No temo tu presencia; somos parecidas, tejo tambi\u00e9n lo que no se ve: sue\u00f1os, heridas, promesas, en este mismo espacio.<\/p>\n<p class=\"p1\">Catedral con cimientos de espera, situada entre la pared y el techo. En contraste con la luz, puedo ver tu sombra.<\/p>\n<p class=\"p1\">No tienes prisa, tu elegancia es mi musa. Avanzas despacio, tu paciencia me ense\u00f1a. En el ritual de las ocho patas&#8230;te mantienes inm\u00f3vil. En unos de tus extremos, las primeras alas ya atrapas.<\/p>\n<p class=\"p1\">El universo por ti creado, tiembla, y de puntillas te acercas a tu presa. Tu seguridad, tu templanza, demuestran que no temes su huida. Mientras todos te temen, yo te miro, y en tu centro, reconozco el m\u00edo: Pausa, en calma, pero en alerta.<\/p>\n<p class=\"p1\">No s\u00f3lo soy testigo de tu belleza, con tu permiso, me uno a tu oficio, tejo con palabras&#8230;como t\u00fa lo haces con instinto.<\/p>\n<p class=\"p1\">Sobrevivo entre estrofas, y t\u00fa entre motas de polvo. Eres bienvenida bajo mi techo, para seguir tejiendo juntas.<\/p>\n","protected":false},"excerpt":{"rendered":"<p class=\"p1\"><b>ISBN: 9791370129088<\/b><b><\/b><\/p>\n<p class=\"p1\"><b>SINOPSIS<\/b><\/p>\n<p class=\"p1\">Puedo escuchar como tejes, no s\u00e9 donde est\u00e1s, pero puedes quedarte. Habitas quiz\u00e1s, entre los libros, en el techo o en mi alma, pero tu brillo de hilos&#8230;sostiene mis pesadilas en calma. No temo tu presencia; somos parecidas, tejo tambi\u00e9n lo que no se ve: sue\u00f1os, heridas, promesas, en este mismo espacio.<\/p>\n<p class=\"p1\">Catedral con cimientos de espera, situada entre la pared y el techo. En contraste con la luz, puedo ver tu sombra.<\/p>\n<p class=\"p1\">No tienes prisa, tu elegancia es mi musa. Avanzas despacio, tu paciencia me ense\u00f1a. En el ritual de las ocho patas&#8230;te mantienes inm\u00f3vil. En unos de tus extremos, las primeras alas ya atrapas.<\/p>\n<p class=\"p1\">El universo por ti creado, tiembla, y de puntillas te acercas a tu presa. Tu seguridad, tu templanza, demuestran que no temes su huida. Mientras todos te temen, yo te miro, y en tu centro, reconozco el m\u00edo: Pausa, en calma, pero en alerta.<\/p>\n<p class=\"p1\">No s\u00f3lo soy testigo de tu belleza, con tu permiso, me uno a tu oficio, tejo con palabras&#8230;como t\u00fa lo haces con instinto.<\/p>\n<p class=\"p1\">Sobrevivo entre estrofas, y t\u00fa entre motas de polvo. Eres bienvenida bajo mi techo, para seguir tejiendo juntas.<\/p>\n","protected":false},"featured_media":111220,"comment_status":"open","ping_status":"closed","template":"","meta":{"_acf_changed":false},"libro":[],"product_brand":[],"product_cat":[20],"product_tag":[],"class_list":{"0":"post-111216","1":"product","2":"type-product","3":"status-publish","4":"has-post-thumbnail","6":"product_cat-poesia","8":"first","9":"instock","10":"shipping-taxable","11":"product-type-simple"},"acf":{"autor":[111217],"enlace_de_compra":"https:\/\/amzn.to\/4tWFtyp"},"yoast_head":"<!-- This site is optimized with the Yoast SEO plugin v26.6 - https:\/\/yoast.com\/wordpress\/plugins\/seo\/ -->\n<title>Las palabras no se las lleva el viento - Catalogo | Letrame Grupo Editorial<\/title>\n<meta name=\"robots\" content=\"index, follow, max-snippet:-1, max-image-preview:large, max-video-preview:-1\" \/>\n<link rel=\"canonical\" href=\"https:\/\/letrame.com\/catalogo\/producto\/las-palabras-no-se-las-lleva-el-viento\/\" \/>\n<meta property=\"og:locale\" content=\"es_ES\" \/>\n<meta property=\"og:type\" content=\"article\" \/>\n<meta property=\"og:title\" content=\"Las palabras no se las lleva el viento - Catalogo | Letrame Grupo Editorial\" \/>\n<meta property=\"og:description\" content=\"ISBN: 9791370129088 SINOPSIS Puedo escuchar como tejes, no s\u00e9 donde est\u00e1s, pero puedes quedarte. Habitas quiz\u00e1s, entre los libros, en el techo o en mi alma, pero tu brillo de hilos...sostiene mis pesadilas en calma. No temo tu presencia; somos parecidas, tejo tambi\u00e9n lo que no se ve: sue\u00f1os, heridas, promesas, en este mismo espacio. Catedral con cimientos de espera, situada entre la pared y el techo. En contraste con la luz, puedo ver tu sombra. No tienes prisa, tu elegancia es mi musa. Avanzas despacio, tu paciencia me ense\u00f1a. En el ritual de las ocho patas...te mantienes inm\u00f3vil. En unos de tus extremos, las primeras alas ya atrapas. El universo por ti creado, tiembla, y de puntillas te acercas a tu presa. Tu seguridad, tu templanza, demuestran que no temes su huida. Mientras todos te temen, yo te miro, y en tu centro, reconozco el m\u00edo: Pausa, en calma, pero en alerta. No s\u00f3lo soy testigo de tu belleza, con tu permiso, me uno a tu oficio, tejo con palabras...como t\u00fa lo haces con instinto. Sobrevivo entre estrofas, y t\u00fa entre motas de polvo. Eres bienvenida bajo mi techo, para seguir tejiendo juntas.\" \/>\n<meta property=\"og:url\" content=\"https:\/\/letrame.com\/catalogo\/producto\/las-palabras-no-se-las-lleva-el-viento\/\" \/>\n<meta property=\"og:site_name\" content=\"Catalogo | Letrame Grupo Editorial\" \/>\n<meta property=\"article:modified_time\" content=\"2026-02-26T14:17:44+00:00\" \/>\n<meta property=\"og:image\" content=\"https:\/\/letrame.com\/catalogo\/wp-content\/uploads\/2026\/02\/portadacatalogo-23-scaled.jpg\" \/>\n\t<meta property=\"og:image:width\" content=\"1745\" \/>\n\t<meta property=\"og:image:height\" content=\"2560\" \/>\n\t<meta property=\"og:image:type\" content=\"image\/jpeg\" \/>\n<meta name=\"twitter:card\" content=\"summary_large_image\" \/>\n<meta name=\"twitter:label1\" content=\"Tiempo de lectura\" \/>\n\t<meta name=\"twitter:data1\" content=\"2 minutos\" \/>\n<script type=\"application\/ld+json\" class=\"yoast-schema-graph\">{\"@context\":\"https:\/\/schema.org\",\"@graph\":[{\"@type\":\"WebPage\",\"@id\":\"https:\/\/letrame.com\/catalogo\/producto\/las-palabras-no-se-las-lleva-el-viento\/\",\"url\":\"https:\/\/letrame.com\/catalogo\/producto\/las-palabras-no-se-las-lleva-el-viento\/\",\"name\":\"Las palabras no se las lleva el viento - Catalogo | Letrame Grupo Editorial\",\"isPartOf\":{\"@id\":\"https:\/\/letrame.com\/catalogo\/#website\"},\"primaryImageOfPage\":{\"@id\":\"https:\/\/letrame.com\/catalogo\/producto\/las-palabras-no-se-las-lleva-el-viento\/#primaryimage\"},\"image\":{\"@id\":\"https:\/\/letrame.com\/catalogo\/producto\/las-palabras-no-se-las-lleva-el-viento\/#primaryimage\"},\"thumbnailUrl\":\"https:\/\/letrame.com\/catalogo\/wp-content\/uploads\/2026\/02\/portadacatalogo-23-scaled.jpg\",\"datePublished\":\"2026-02-26T14:17:43+00:00\",\"dateModified\":\"2026-02-26T14:17:44+00:00\",\"breadcrumb\":{\"@id\":\"https:\/\/letrame.com\/catalogo\/producto\/las-palabras-no-se-las-lleva-el-viento\/#breadcrumb\"},\"inLanguage\":\"es\",\"potentialAction\":[{\"@type\":\"ReadAction\",\"target\":[\"https:\/\/letrame.com\/catalogo\/producto\/las-palabras-no-se-las-lleva-el-viento\/\"]}]},{\"@type\":\"ImageObject\",\"inLanguage\":\"es\",\"@id\":\"https:\/\/letrame.com\/catalogo\/producto\/las-palabras-no-se-las-lleva-el-viento\/#primaryimage\",\"url\":\"https:\/\/letrame.com\/catalogo\/wp-content\/uploads\/2026\/02\/portadacatalogo-23-scaled.jpg\",\"contentUrl\":\"https:\/\/letrame.com\/catalogo\/wp-content\/uploads\/2026\/02\/portadacatalogo-23-scaled.jpg\",\"width\":1745,\"height\":2560},{\"@type\":\"BreadcrumbList\",\"@id\":\"https:\/\/letrame.com\/catalogo\/producto\/las-palabras-no-se-las-lleva-el-viento\/#breadcrumb\",\"itemListElement\":[{\"@type\":\"ListItem\",\"position\":1,\"name\":\"Portada\",\"item\":\"https:\/\/letrame.com\/catalogo\/\"},{\"@type\":\"ListItem\",\"position\":2,\"name\":\"Cat\u00e1logo\",\"item\":\"https:\/\/letrame.com\/catalogo\/\"},{\"@type\":\"ListItem\",\"position\":3,\"name\":\"Las palabras no se las lleva el viento\"}]},{\"@type\":\"WebSite\",\"@id\":\"https:\/\/letrame.com\/catalogo\/#website\",\"url\":\"https:\/\/letrame.com\/catalogo\/\",\"name\":\"Catalogo | Letrame Grupo Editorial\",\"description\":\"\",\"publisher\":{\"@id\":\"https:\/\/letrame.com\/catalogo\/#organization\"},\"potentialAction\":[{\"@type\":\"SearchAction\",\"target\":{\"@type\":\"EntryPoint\",\"urlTemplate\":\"https:\/\/letrame.com\/catalogo\/?s={search_term_string}\"},\"query-input\":{\"@type\":\"PropertyValueSpecification\",\"valueRequired\":true,\"valueName\":\"search_term_string\"}}],\"inLanguage\":\"es\"},{\"@type\":\"Organization\",\"@id\":\"https:\/\/letrame.com\/catalogo\/#organization\",\"name\":\"Catalogo | Letrame Grupo Editorial\",\"url\":\"https:\/\/letrame.com\/catalogo\/\",\"logo\":{\"@type\":\"ImageObject\",\"inLanguage\":\"es\",\"@id\":\"https:\/\/letrame.com\/catalogo\/#\/schema\/logo\/image\/\",\"url\":\"https:\/\/letrame.com\/catalogo\/wp-content\/uploads\/2024\/03\/logo2.webp\",\"contentUrl\":\"https:\/\/letrame.com\/catalogo\/wp-content\/uploads\/2024\/03\/logo2.webp\",\"width\":394,\"height\":128,\"caption\":\"Catalogo | Letrame Grupo Editorial\"},\"image\":{\"@id\":\"https:\/\/letrame.com\/catalogo\/#\/schema\/logo\/image\/\"}}]}<\/script>\n<!-- \/ Yoast SEO plugin. -->","yoast_head_json":{"title":"Las palabras no se las lleva el viento - Catalogo | Letrame Grupo Editorial","robots":{"index":"index","follow":"follow","max-snippet":"max-snippet:-1","max-image-preview":"max-image-preview:large","max-video-preview":"max-video-preview:-1"},"canonical":"https:\/\/letrame.com\/catalogo\/producto\/las-palabras-no-se-las-lleva-el-viento\/","og_locale":"es_ES","og_type":"article","og_title":"Las palabras no se las lleva el viento - Catalogo | Letrame Grupo Editorial","og_description":"ISBN: 9791370129088 SINOPSIS Puedo escuchar como tejes, no s\u00e9 donde est\u00e1s, pero puedes quedarte. Habitas quiz\u00e1s, entre los libros, en el techo o en mi alma, pero tu brillo de hilos...sostiene mis pesadilas en calma. No temo tu presencia; somos parecidas, tejo tambi\u00e9n lo que no se ve: sue\u00f1os, heridas, promesas, en este mismo espacio. Catedral con cimientos de espera, situada entre la pared y el techo. En contraste con la luz, puedo ver tu sombra. No tienes prisa, tu elegancia es mi musa. Avanzas despacio, tu paciencia me ense\u00f1a. En el ritual de las ocho patas...te mantienes inm\u00f3vil. En unos de tus extremos, las primeras alas ya atrapas. El universo por ti creado, tiembla, y de puntillas te acercas a tu presa. Tu seguridad, tu templanza, demuestran que no temes su huida. Mientras todos te temen, yo te miro, y en tu centro, reconozco el m\u00edo: Pausa, en calma, pero en alerta. No s\u00f3lo soy testigo de tu belleza, con tu permiso, me uno a tu oficio, tejo con palabras...como t\u00fa lo haces con instinto. Sobrevivo entre estrofas, y t\u00fa entre motas de polvo. Eres bienvenida bajo mi techo, para seguir tejiendo juntas.","og_url":"https:\/\/letrame.com\/catalogo\/producto\/las-palabras-no-se-las-lleva-el-viento\/","og_site_name":"Catalogo | Letrame Grupo Editorial","article_modified_time":"2026-02-26T14:17:44+00:00","og_image":[{"width":1745,"height":2560,"url":"https:\/\/letrame.com\/catalogo\/wp-content\/uploads\/2026\/02\/portadacatalogo-23-scaled.jpg","type":"image\/jpeg"}],"twitter_card":"summary_large_image","twitter_misc":{"Tiempo de lectura":"2 minutos"},"schema":{"@context":"https:\/\/schema.org","@graph":[{"@type":"WebPage","@id":"https:\/\/letrame.com\/catalogo\/producto\/las-palabras-no-se-las-lleva-el-viento\/","url":"https:\/\/letrame.com\/catalogo\/producto\/las-palabras-no-se-las-lleva-el-viento\/","name":"Las palabras no se las lleva el viento - Catalogo | Letrame Grupo Editorial","isPartOf":{"@id":"https:\/\/letrame.com\/catalogo\/#website"},"primaryImageOfPage":{"@id":"https:\/\/letrame.com\/catalogo\/producto\/las-palabras-no-se-las-lleva-el-viento\/#primaryimage"},"image":{"@id":"https:\/\/letrame.com\/catalogo\/producto\/las-palabras-no-se-las-lleva-el-viento\/#primaryimage"},"thumbnailUrl":"https:\/\/letrame.com\/catalogo\/wp-content\/uploads\/2026\/02\/portadacatalogo-23-scaled.jpg","datePublished":"2026-02-26T14:17:43+00:00","dateModified":"2026-02-26T14:17:44+00:00","breadcrumb":{"@id":"https:\/\/letrame.com\/catalogo\/producto\/las-palabras-no-se-las-lleva-el-viento\/#breadcrumb"},"inLanguage":"es","potentialAction":[{"@type":"ReadAction","target":["https:\/\/letrame.com\/catalogo\/producto\/las-palabras-no-se-las-lleva-el-viento\/"]}]},{"@type":"ImageObject","inLanguage":"es","@id":"https:\/\/letrame.com\/catalogo\/producto\/las-palabras-no-se-las-lleva-el-viento\/#primaryimage","url":"https:\/\/letrame.com\/catalogo\/wp-content\/uploads\/2026\/02\/portadacatalogo-23-scaled.jpg","contentUrl":"https:\/\/letrame.com\/catalogo\/wp-content\/uploads\/2026\/02\/portadacatalogo-23-scaled.jpg","width":1745,"height":2560},{"@type":"BreadcrumbList","@id":"https:\/\/letrame.com\/catalogo\/producto\/las-palabras-no-se-las-lleva-el-viento\/#breadcrumb","itemListElement":[{"@type":"ListItem","position":1,"name":"Portada","item":"https:\/\/letrame.com\/catalogo\/"},{"@type":"ListItem","position":2,"name":"Cat\u00e1logo","item":"https:\/\/letrame.com\/catalogo\/"},{"@type":"ListItem","position":3,"name":"Las palabras no se las lleva el viento"}]},{"@type":"WebSite","@id":"https:\/\/letrame.com\/catalogo\/#website","url":"https:\/\/letrame.com\/catalogo\/","name":"Catalogo | Letrame Grupo Editorial","description":"","publisher":{"@id":"https:\/\/letrame.com\/catalogo\/#organization"},"potentialAction":[{"@type":"SearchAction","target":{"@type":"EntryPoint","urlTemplate":"https:\/\/letrame.com\/catalogo\/?s={search_term_string}"},"query-input":{"@type":"PropertyValueSpecification","valueRequired":true,"valueName":"search_term_string"}}],"inLanguage":"es"},{"@type":"Organization","@id":"https:\/\/letrame.com\/catalogo\/#organization","name":"Catalogo | Letrame Grupo Editorial","url":"https:\/\/letrame.com\/catalogo\/","logo":{"@type":"ImageObject","inLanguage":"es","@id":"https:\/\/letrame.com\/catalogo\/#\/schema\/logo\/image\/","url":"https:\/\/letrame.com\/catalogo\/wp-content\/uploads\/2024\/03\/logo2.webp","contentUrl":"https:\/\/letrame.com\/catalogo\/wp-content\/uploads\/2024\/03\/logo2.webp","width":394,"height":128,"caption":"Catalogo | Letrame Grupo Editorial"},"image":{"@id":"https:\/\/letrame.com\/catalogo\/#\/schema\/logo\/image\/"}}]}},"_links":{"self":[{"href":"https:\/\/letrame.com\/catalogo\/wp-json\/wp\/v2\/product\/111216","targetHints":{"allow":["GET"]}}],"collection":[{"href":"https:\/\/letrame.com\/catalogo\/wp-json\/wp\/v2\/product"}],"about":[{"href":"https:\/\/letrame.com\/catalogo\/wp-json\/wp\/v2\/types\/product"}],"replies":[{"embeddable":true,"href":"https:\/\/letrame.com\/catalogo\/wp-json\/wp\/v2\/comments?post=111216"}],"acf:post":[{"embeddable":true,"href":"https:\/\/letrame.com\/catalogo\/wp-json\/wp\/v2\/author_book\/111217"}],"wp:featuredmedia":[{"embeddable":true,"href":"https:\/\/letrame.com\/catalogo\/wp-json\/wp\/v2\/media\/111220"}],"wp:attachment":[{"href":"https:\/\/letrame.com\/catalogo\/wp-json\/wp\/v2\/media?parent=111216"}],"wp:term":[{"taxonomy":"libro","embeddable":true,"href":"https:\/\/letrame.com\/catalogo\/wp-json\/wp\/v2\/libro?post=111216"},{"taxonomy":"product_brand","embeddable":true,"href":"https:\/\/letrame.com\/catalogo\/wp-json\/wp\/v2\/product_brand?post=111216"},{"taxonomy":"product_cat","embeddable":true,"href":"https:\/\/letrame.com\/catalogo\/wp-json\/wp\/v2\/product_cat?post=111216"},{"taxonomy":"product_tag","embeddable":true,"href":"https:\/\/letrame.com\/catalogo\/wp-json\/wp\/v2\/product_tag?post=111216"}],"curies":[{"name":"wp","href":"https:\/\/api.w.org\/{rel}","templated":true}]}}