{"id":111185,"date":"2026-02-26T13:29:37","date_gmt":"2026-02-26T12:29:37","guid":{"rendered":"https:\/\/letrame.com\/catalogo\/?post_type=product&#038;p=111185"},"modified":"2026-02-26T13:29:38","modified_gmt":"2026-02-26T12:29:38","slug":"ritual-cubano","status":"publish","type":"product","link":"https:\/\/letrame.com\/catalogo\/producto\/ritual-cubano\/","title":{"rendered":"Ritual cubano"},"content":{"rendered":"<p class=\"p1\"><b>ISBN: 9791370128890<\/b><b><\/b><\/p>\n<p class=\"p1\"><b>T\u00edtulo: Ritual cubano<\/b><br \/>\n<b>Fecha: 2025<\/b><br \/>\n<b>P\u00e1ginas: 100<\/b><b><\/b><\/p>\n<p class=\"p1\"><b>SINOPSIS<\/b><b><\/b><\/p>\n<p class=\"p1\">Tres piezas dramaticas emergen desde lo mas profundo de<\/p>\n<p class=\"p1\">Cuba, su gente y su historia.<\/p>\n<p class=\"p1\">\u00bfQu\u00e9 ha significado ser negro en Cuba?<\/p>\n<p class=\"p1\">\u00bfQu\u00e9 ha significado ser un negro cubano en el mundo?<\/p>\n<p class=\"p1\">Sus personajes, son voces colectivas, portadoras de una complejidad identitaria abrazada por tensiones sociales, pol\u00edticas y espirituales. A estos rituales esc\u00e9nicos le acompa\u00f1an el teatro pol\u00edtico, la religiosidad y un notable simbolismo.<\/p>\n<p class=\"p1\">Todo ello con el objetivo de arrojar algo m\u00e1s de luz sobre una raza en el proceso de creaci\u00f3n de una identidad nacional, y como parte de un mundo que a\u00fan lucha contra los estigmas y la discriminaci\u00f3n racial.<\/p>\n","protected":false},"excerpt":{"rendered":"<p class=\"p1\"><b>ISBN: 9791370128890<\/b><b><\/b><\/p>\n<p class=\"p1\"><b>SINOPSIS<\/b><b><\/b><\/p>\n<p class=\"p1\">Tres piezas dramaticas emergen desde lo mas profundo de<\/p>\n<p class=\"p1\">Cuba, su gente y su historia.<\/p>\n<p class=\"p1\">\u00bfQu\u00e9 ha significado ser negro en Cuba?<\/p>\n<p class=\"p1\">\u00bfQu\u00e9 ha significado ser un negro cubano en el mundo?<\/p>\n<p class=\"p1\">Sus personajes, son voces colectivas, portadoras de una complejidad identitaria abrazada por tensiones sociales, pol\u00edticas y espirituales. A estos rituales esc\u00e9nicos le acompa\u00f1an el teatro pol\u00edtico, la religiosidad y un notable simbolismo.<\/p>\n<p class=\"p1\">Todo ello con el objetivo de arrojar algo m\u00e1s de luz sobre una raza en el proceso de creaci\u00f3n de una identidad nacional, y como parte de un mundo que a\u00fan lucha contra los estigmas y la discriminaci\u00f3n racial.<\/p>\n","protected":false},"featured_media":111189,"comment_status":"open","ping_status":"closed","template":"","meta":{"_acf_changed":false},"libro":[],"product_brand":[],"product_cat":[46],"product_tag":[],"class_list":{"0":"post-111185","1":"product","2":"type-product","3":"status-publish","4":"has-post-thumbnail","6":"product_cat-teatro","8":"first","9":"instock","10":"shipping-taxable","11":"product-type-simple"},"acf":{"autor":[111186],"enlace_de_compra":"https:\/\/amzn.to\/4rCAYYi"},"yoast_head":"<!-- This site is optimized with the Yoast SEO plugin v27.4 - https:\/\/yoast.com\/product\/yoast-seo-wordpress\/ -->\n<title>Ritual cubano - Catalogo | Letrame Grupo Editorial<\/title>\n<meta name=\"robots\" content=\"index, follow, max-snippet:-1, max-image-preview:large, max-video-preview:-1\" \/>\n<link rel=\"canonical\" href=\"https:\/\/letrame.com\/catalogo\/producto\/ritual-cubano\/\" \/>\n<meta property=\"og:locale\" content=\"es_ES\" \/>\n<meta property=\"og:type\" content=\"article\" \/>\n<meta property=\"og:title\" content=\"Ritual cubano - Catalogo | Letrame Grupo Editorial\" \/>\n<meta property=\"og:description\" content=\"ISBN: 9791370128890 SINOPSIS Tres piezas dramaticas emergen desde lo mas profundo de Cuba, su gente y su historia. \u00bfQu\u00e9 ha significado ser negro en Cuba? \u00bfQu\u00e9 ha significado ser un negro cubano en el mundo? Sus personajes, son voces colectivas, portadoras de una complejidad identitaria abrazada por tensiones sociales, pol\u00edticas y espirituales. A estos rituales esc\u00e9nicos le acompa\u00f1an el teatro pol\u00edtico, la religiosidad y un notable simbolismo. Todo ello con el objetivo de arrojar algo m\u00e1s de luz sobre una raza en el proceso de creaci\u00f3n de una identidad nacional, y como parte de un mundo que a\u00fan lucha contra los estigmas y la discriminaci\u00f3n racial.\" \/>\n<meta property=\"og:url\" content=\"https:\/\/letrame.com\/catalogo\/producto\/ritual-cubano\/\" \/>\n<meta property=\"og:site_name\" content=\"Catalogo | Letrame Grupo Editorial\" \/>\n<meta property=\"article:modified_time\" content=\"2026-02-26T12:29:38+00:00\" \/>\n<meta property=\"og:image\" content=\"https:\/\/letrame.com\/catalogo\/wp-content\/uploads\/2026\/02\/portadacartel-scaled.jpg\" \/>\n\t<meta property=\"og:image:width\" content=\"1746\" \/>\n\t<meta property=\"og:image:height\" content=\"2560\" \/>\n\t<meta property=\"og:image:type\" content=\"image\/jpeg\" \/>\n<meta name=\"twitter:card\" content=\"summary_large_image\" \/>\n<meta name=\"twitter:label1\" content=\"Tiempo de lectura\" \/>\n\t<meta name=\"twitter:data1\" content=\"1 minuto\" \/>\n<script type=\"application\/ld+json\" class=\"yoast-schema-graph\">{\"@context\":\"https:\\\/\\\/schema.org\",\"@graph\":[{\"@type\":\"WebPage\",\"@id\":\"https:\\\/\\\/letrame.com\\\/catalogo\\\/producto\\\/ritual-cubano\\\/\",\"url\":\"https:\\\/\\\/letrame.com\\\/catalogo\\\/producto\\\/ritual-cubano\\\/\",\"name\":\"Ritual cubano - Catalogo | Letrame Grupo Editorial\",\"isPartOf\":{\"@id\":\"https:\\\/\\\/letrame.com\\\/catalogo\\\/#website\"},\"primaryImageOfPage\":{\"@id\":\"https:\\\/\\\/letrame.com\\\/catalogo\\\/producto\\\/ritual-cubano\\\/#primaryimage\"},\"image\":{\"@id\":\"https:\\\/\\\/letrame.com\\\/catalogo\\\/producto\\\/ritual-cubano\\\/#primaryimage\"},\"thumbnailUrl\":\"https:\\\/\\\/letrame.com\\\/catalogo\\\/wp-content\\\/uploads\\\/2026\\\/02\\\/portadacartel-scaled.jpg\",\"datePublished\":\"2026-02-26T12:29:37+00:00\",\"dateModified\":\"2026-02-26T12:29:38+00:00\",\"breadcrumb\":{\"@id\":\"https:\\\/\\\/letrame.com\\\/catalogo\\\/producto\\\/ritual-cubano\\\/#breadcrumb\"},\"inLanguage\":\"es\",\"potentialAction\":[{\"@type\":\"ReadAction\",\"target\":[\"https:\\\/\\\/letrame.com\\\/catalogo\\\/producto\\\/ritual-cubano\\\/\"]}]},{\"@type\":\"ImageObject\",\"inLanguage\":\"es\",\"@id\":\"https:\\\/\\\/letrame.com\\\/catalogo\\\/producto\\\/ritual-cubano\\\/#primaryimage\",\"url\":\"https:\\\/\\\/letrame.com\\\/catalogo\\\/wp-content\\\/uploads\\\/2026\\\/02\\\/portadacartel-scaled.jpg\",\"contentUrl\":\"https:\\\/\\\/letrame.com\\\/catalogo\\\/wp-content\\\/uploads\\\/2026\\\/02\\\/portadacartel-scaled.jpg\",\"width\":1746,\"height\":2560},{\"@type\":\"BreadcrumbList\",\"@id\":\"https:\\\/\\\/letrame.com\\\/catalogo\\\/producto\\\/ritual-cubano\\\/#breadcrumb\",\"itemListElement\":[{\"@type\":\"ListItem\",\"position\":1,\"name\":\"Portada\",\"item\":\"https:\\\/\\\/letrame.com\\\/catalogo\\\/\"},{\"@type\":\"ListItem\",\"position\":2,\"name\":\"Cat\u00e1logo\",\"item\":\"https:\\\/\\\/letrame.com\\\/catalogo\\\/\"},{\"@type\":\"ListItem\",\"position\":3,\"name\":\"Ritual cubano\"}]},{\"@type\":\"WebSite\",\"@id\":\"https:\\\/\\\/letrame.com\\\/catalogo\\\/#website\",\"url\":\"https:\\\/\\\/letrame.com\\\/catalogo\\\/\",\"name\":\"Catalogo | Letrame Grupo Editorial\",\"description\":\"\",\"publisher\":{\"@id\":\"https:\\\/\\\/letrame.com\\\/catalogo\\\/#organization\"},\"potentialAction\":[{\"@type\":\"SearchAction\",\"target\":{\"@type\":\"EntryPoint\",\"urlTemplate\":\"https:\\\/\\\/letrame.com\\\/catalogo\\\/?s={search_term_string}\"},\"query-input\":{\"@type\":\"PropertyValueSpecification\",\"valueRequired\":true,\"valueName\":\"search_term_string\"}}],\"inLanguage\":\"es\"},{\"@type\":\"Organization\",\"@id\":\"https:\\\/\\\/letrame.com\\\/catalogo\\\/#organization\",\"name\":\"Catalogo | Letrame Grupo Editorial\",\"url\":\"https:\\\/\\\/letrame.com\\\/catalogo\\\/\",\"logo\":{\"@type\":\"ImageObject\",\"inLanguage\":\"es\",\"@id\":\"https:\\\/\\\/letrame.com\\\/catalogo\\\/#\\\/schema\\\/logo\\\/image\\\/\",\"url\":\"https:\\\/\\\/letrame.com\\\/catalogo\\\/wp-content\\\/uploads\\\/2024\\\/03\\\/logo2.webp\",\"contentUrl\":\"https:\\\/\\\/letrame.com\\\/catalogo\\\/wp-content\\\/uploads\\\/2024\\\/03\\\/logo2.webp\",\"width\":394,\"height\":128,\"caption\":\"Catalogo | Letrame Grupo Editorial\"},\"image\":{\"@id\":\"https:\\\/\\\/letrame.com\\\/catalogo\\\/#\\\/schema\\\/logo\\\/image\\\/\"}}]}<\/script>\n<!-- \/ Yoast SEO plugin. -->","yoast_head_json":{"title":"Ritual cubano - Catalogo | Letrame Grupo Editorial","robots":{"index":"index","follow":"follow","max-snippet":"max-snippet:-1","max-image-preview":"max-image-preview:large","max-video-preview":"max-video-preview:-1"},"canonical":"https:\/\/letrame.com\/catalogo\/producto\/ritual-cubano\/","og_locale":"es_ES","og_type":"article","og_title":"Ritual cubano - Catalogo | Letrame Grupo Editorial","og_description":"ISBN: 9791370128890 SINOPSIS Tres piezas dramaticas emergen desde lo mas profundo de Cuba, su gente y su historia. \u00bfQu\u00e9 ha significado ser negro en Cuba? \u00bfQu\u00e9 ha significado ser un negro cubano en el mundo? Sus personajes, son voces colectivas, portadoras de una complejidad identitaria abrazada por tensiones sociales, pol\u00edticas y espirituales. A estos rituales esc\u00e9nicos le acompa\u00f1an el teatro pol\u00edtico, la religiosidad y un notable simbolismo. Todo ello con el objetivo de arrojar algo m\u00e1s de luz sobre una raza en el proceso de creaci\u00f3n de una identidad nacional, y como parte de un mundo que a\u00fan lucha contra los estigmas y la discriminaci\u00f3n racial.","og_url":"https:\/\/letrame.com\/catalogo\/producto\/ritual-cubano\/","og_site_name":"Catalogo | Letrame Grupo Editorial","article_modified_time":"2026-02-26T12:29:38+00:00","og_image":[{"width":1746,"height":2560,"url":"https:\/\/letrame.com\/catalogo\/wp-content\/uploads\/2026\/02\/portadacartel-scaled.jpg","type":"image\/jpeg"}],"twitter_card":"summary_large_image","twitter_misc":{"Tiempo de lectura":"1 minuto"},"schema":{"@context":"https:\/\/schema.org","@graph":[{"@type":"WebPage","@id":"https:\/\/letrame.com\/catalogo\/producto\/ritual-cubano\/","url":"https:\/\/letrame.com\/catalogo\/producto\/ritual-cubano\/","name":"Ritual cubano - Catalogo | Letrame Grupo Editorial","isPartOf":{"@id":"https:\/\/letrame.com\/catalogo\/#website"},"primaryImageOfPage":{"@id":"https:\/\/letrame.com\/catalogo\/producto\/ritual-cubano\/#primaryimage"},"image":{"@id":"https:\/\/letrame.com\/catalogo\/producto\/ritual-cubano\/#primaryimage"},"thumbnailUrl":"https:\/\/letrame.com\/catalogo\/wp-content\/uploads\/2026\/02\/portadacartel-scaled.jpg","datePublished":"2026-02-26T12:29:37+00:00","dateModified":"2026-02-26T12:29:38+00:00","breadcrumb":{"@id":"https:\/\/letrame.com\/catalogo\/producto\/ritual-cubano\/#breadcrumb"},"inLanguage":"es","potentialAction":[{"@type":"ReadAction","target":["https:\/\/letrame.com\/catalogo\/producto\/ritual-cubano\/"]}]},{"@type":"ImageObject","inLanguage":"es","@id":"https:\/\/letrame.com\/catalogo\/producto\/ritual-cubano\/#primaryimage","url":"https:\/\/letrame.com\/catalogo\/wp-content\/uploads\/2026\/02\/portadacartel-scaled.jpg","contentUrl":"https:\/\/letrame.com\/catalogo\/wp-content\/uploads\/2026\/02\/portadacartel-scaled.jpg","width":1746,"height":2560},{"@type":"BreadcrumbList","@id":"https:\/\/letrame.com\/catalogo\/producto\/ritual-cubano\/#breadcrumb","itemListElement":[{"@type":"ListItem","position":1,"name":"Portada","item":"https:\/\/letrame.com\/catalogo\/"},{"@type":"ListItem","position":2,"name":"Cat\u00e1logo","item":"https:\/\/letrame.com\/catalogo\/"},{"@type":"ListItem","position":3,"name":"Ritual cubano"}]},{"@type":"WebSite","@id":"https:\/\/letrame.com\/catalogo\/#website","url":"https:\/\/letrame.com\/catalogo\/","name":"Catalogo | Letrame Grupo Editorial","description":"","publisher":{"@id":"https:\/\/letrame.com\/catalogo\/#organization"},"potentialAction":[{"@type":"SearchAction","target":{"@type":"EntryPoint","urlTemplate":"https:\/\/letrame.com\/catalogo\/?s={search_term_string}"},"query-input":{"@type":"PropertyValueSpecification","valueRequired":true,"valueName":"search_term_string"}}],"inLanguage":"es"},{"@type":"Organization","@id":"https:\/\/letrame.com\/catalogo\/#organization","name":"Catalogo | Letrame Grupo Editorial","url":"https:\/\/letrame.com\/catalogo\/","logo":{"@type":"ImageObject","inLanguage":"es","@id":"https:\/\/letrame.com\/catalogo\/#\/schema\/logo\/image\/","url":"https:\/\/letrame.com\/catalogo\/wp-content\/uploads\/2024\/03\/logo2.webp","contentUrl":"https:\/\/letrame.com\/catalogo\/wp-content\/uploads\/2024\/03\/logo2.webp","width":394,"height":128,"caption":"Catalogo | Letrame Grupo Editorial"},"image":{"@id":"https:\/\/letrame.com\/catalogo\/#\/schema\/logo\/image\/"}}]}},"_links":{"self":[{"href":"https:\/\/letrame.com\/catalogo\/wp-json\/wp\/v2\/product\/111185","targetHints":{"allow":["GET"]}}],"collection":[{"href":"https:\/\/letrame.com\/catalogo\/wp-json\/wp\/v2\/product"}],"about":[{"href":"https:\/\/letrame.com\/catalogo\/wp-json\/wp\/v2\/types\/product"}],"replies":[{"embeddable":true,"href":"https:\/\/letrame.com\/catalogo\/wp-json\/wp\/v2\/comments?post=111185"}],"acf:post":[{"embeddable":true,"href":"https:\/\/letrame.com\/catalogo\/wp-json\/wp\/v2\/author_book\/111186"}],"wp:featuredmedia":[{"embeddable":true,"href":"https:\/\/letrame.com\/catalogo\/wp-json\/wp\/v2\/media\/111189"}],"wp:attachment":[{"href":"https:\/\/letrame.com\/catalogo\/wp-json\/wp\/v2\/media?parent=111185"}],"wp:term":[{"taxonomy":"libro","embeddable":true,"href":"https:\/\/letrame.com\/catalogo\/wp-json\/wp\/v2\/libro?post=111185"},{"taxonomy":"product_brand","embeddable":true,"href":"https:\/\/letrame.com\/catalogo\/wp-json\/wp\/v2\/product_brand?post=111185"},{"taxonomy":"product_cat","embeddable":true,"href":"https:\/\/letrame.com\/catalogo\/wp-json\/wp\/v2\/product_cat?post=111185"},{"taxonomy":"product_tag","embeddable":true,"href":"https:\/\/letrame.com\/catalogo\/wp-json\/wp\/v2\/product_tag?post=111185"}],"curies":[{"name":"wp","href":"https:\/\/api.w.org\/{rel}","templated":true}]}}

<p class="p1"><b>ISBN: 9791370128890</b><b></b></p>
<p class="p1"><b>Título: Ritual cubano</b><br />
<b>Fecha: 2025</b><br />
<b>Páginas: 100</b><b></b></p>
<p class="p1"><b>SINOPSIS</b><b></b></p>
<p class="p1">Tres piezas dramaticas emergen desde lo mas profundo de</p>
<p class="p1">Cuba, su gente y su historia.</p>
<p class="p1">¿Qué ha significado ser negro en Cuba?</p>
<p class="p1">¿Qué ha significado ser un negro cubano en el mundo?</p>
<p class="p1">Sus personajes, son voces colectivas, portadoras de una complejidad identitaria abrazada por tensiones sociales, políticas y espirituales. A estos rituales escénicos le acompañan el teatro político, la religiosidad y un notable simbolismo.</p>
<p class="p1">Todo ello con el objetivo de arrojar algo más de luz sobre una raza en el proceso de creación de una identidad nacional, y como parte de un mundo que aún lucha contra los estigmas y la discriminación racial.</p>

<p class="p1"><b>ISBN: 9791370128890</b><b></b></p>
<p class="p1"><b>SINOPSIS</b><b></b></p>
<p class="p1">Tres piezas dramaticas emergen desde lo mas profundo de</p>
<p class="p1">Cuba, su gente y su historia.</p>
<p class="p1">¿Qué ha significado ser negro en Cuba?</p>
<p class="p1">¿Qué ha significado ser un negro cubano en el mundo?</p>
<p class="p1">Sus personajes, son voces colectivas, portadoras de una complejidad identitaria abrazada por tensiones sociales, políticas y espirituales. A estos rituales escénicos le acompañan el teatro político, la religiosidad y un notable simbolismo.</p>
<p class="p1">Todo ello con el objetivo de arrojar algo más de luz sobre una raza en el proceso de creación de una identidad nacional, y como parte de un mundo que aún lucha contra los estigmas y la discriminación racial.</p>

<!-- This site is optimized with the Yoast SEO plugin v27.4 - https://yoast.com/product/yoast-seo-wordpress/ -->
<title>Ritual cubano - Catalogo | Letrame Grupo Editorial</title>
<meta name="robots" content="index, follow, max-snippet:-1, max-image-preview:large, max-video-preview:-1" />
<link rel="canonical" href="https://letrame.com/catalogo/producto/ritual-cubano/" />
<meta property="og:locale" content="es_ES" />
<meta property="og:type" content="article" />
<meta property="og:title" content="Ritual cubano - Catalogo | Letrame Grupo Editorial" />
<meta property="og:description" content="ISBN: 9791370128890 SINOPSIS Tres piezas dramaticas emergen desde lo mas profundo de Cuba, su gente y su historia. ¿Qué ha significado ser negro en Cuba? ¿Qué ha significado ser un negro cubano en el mundo? Sus personajes, son voces colectivas, portadoras de una complejidad identitaria abrazada por tensiones sociales, políticas y espirituales. A estos rituales escénicos le acompañan el teatro político, la religiosidad y un notable simbolismo. Todo ello con el objetivo de arrojar algo más de luz sobre una raza en el proceso de creación de una identidad nacional, y como parte de un mundo que aún lucha contra los estigmas y la discriminación racial." />
<meta property="og:url" content="https://letrame.com/catalogo/producto/ritual-cubano/" />
<meta property="og:site_name" content="Catalogo | Letrame Grupo Editorial" />
<meta property="article:modified_time" content="2026-02-26T12:29:38+00:00" />
<meta property="og:image" content="https://letrame.com/catalogo/wp-content/uploads/2026/02/portadacartel-scaled.jpg" />
	<meta property="og:image:width" content="1746" />
	<meta property="og:image:height" content="2560" />
	<meta property="og:image:type" content="image/jpeg" />
<meta name="twitter:card" content="summary_large_image" />
<meta name="twitter:label1" content="Tiempo de lectura" />
	<meta name="twitter:data1" content="1 minuto" />
<script type="application/ld+json" class="yoast-schema-graph">{"@context":"https:\/\/schema.org","@graph":[{"@type":"WebPage","@id":"https:\/\/letrame.com\/catalogo\/producto\/ritual-cubano\/","url":"https:\/\/letrame.com\/catalogo\/producto\/ritual-cubano\/","name":"Ritual cubano - Catalogo | Letrame Grupo Editorial","isPartOf":{"@id":"https:\/\/letrame.com\/catalogo\/#website"},"primaryImageOfPage":{"@id":"https:\/\/letrame.com\/catalogo\/producto\/ritual-cubano\/#primaryimage"},"image":{"@id":"https:\/\/letrame.com\/catalogo\/producto\/ritual-cubano\/#primaryimage"},"thumbnailUrl":"https:\/\/letrame.com\/catalogo\/wp-content\/uploads\/2026\/02\/portadacartel-scaled.jpg","datePublished":"2026-02-26T12:29:37+00:00","dateModified":"2026-02-26T12:29:38+00:00","breadcrumb":{"@id":"https:\/\/letrame.com\/catalogo\/producto\/ritual-cubano\/#breadcrumb"},"inLanguage":"es","potentialAction":[{"@type":"ReadAction","target":["https:\/\/letrame.com\/catalogo\/producto\/ritual-cubano\/"]}]},{"@type":"ImageObject","inLanguage":"es","@id":"https:\/\/letrame.com\/catalogo\/producto\/ritual-cubano\/#primaryimage","url":"https:\/\/letrame.com\/catalogo\/wp-content\/uploads\/2026\/02\/portadacartel-scaled.jpg","contentUrl":"https:\/\/letrame.com\/catalogo\/wp-content\/uploads\/2026\/02\/portadacartel-scaled.jpg","width":1746,"height":2560},{"@type":"BreadcrumbList","@id":"https:\/\/letrame.com\/catalogo\/producto\/ritual-cubano\/#breadcrumb","itemListElement":[{"@type":"ListItem","position":1,"name":"Portada","item":"https:\/\/letrame.com\/catalogo\/"},{"@type":"ListItem","position":2,"name":"Catálogo","item":"https:\/\/letrame.com\/catalogo\/"},{"@type":"ListItem","position":3,"name":"Ritual cubano"}]},{"@type":"WebSite","@id":"https:\/\/letrame.com\/catalogo\/#website","url":"https:\/\/letrame.com\/catalogo\/","name":"Catalogo | Letrame Grupo Editorial","description":"","publisher":{"@id":"https:\/\/letrame.com\/catalogo\/#organization"},"potentialAction":[{"@type":"SearchAction","target":{"@type":"EntryPoint","urlTemplate":"https:\/\/letrame.com\/catalogo\/?s={search_term_string}"},"query-input":{"@type":"PropertyValueSpecification","valueRequired":true,"valueName":"search_term_string"}}],"inLanguage":"es"},{"@type":"Organization","@id":"https:\/\/letrame.com\/catalogo\/#organization","name":"Catalogo | Letrame Grupo Editorial","url":"https:\/\/letrame.com\/catalogo\/","logo":{"@type":"ImageObject","inLanguage":"es","@id":"https:\/\/letrame.com\/catalogo\/#\/schema\/logo\/image\/","url":"https:\/\/letrame.com\/catalogo\/wp-content\/uploads\/2024\/03\/logo2.webp","contentUrl":"https:\/\/letrame.com\/catalogo\/wp-content\/uploads\/2024\/03\/logo2.webp","width":394,"height":128,"caption":"Catalogo | Letrame Grupo Editorial"},"image":{"@id":"https:\/\/letrame.com\/catalogo\/#\/schema\/logo\/image\/"}}]}</script>
<!-- / Yoast SEO plugin. -->

ISBN: 9791370128890 SINOPSIS Tres piezas dramaticas emergen desde lo mas profundo de Cuba, su gente y su historia. ¿Qué ha significado ser negro en Cuba? ¿Qué ha significado ser un negro cubano en el mundo? Sus personajes, son voces colectivas, portadoras de una complejidad identitaria abrazada por tensiones sociales, políticas y espirituales. A estos rituales escénicos le acompañan el teatro político, la religiosidad y un notable simbolismo. Todo ello con el objetivo de arrojar algo más de luz sobre una raza en el proceso de creación de una identidad nacional, y como parte de un mundo que aún lucha contra los estigmas y la discriminación racial.

Catálogo
