{"id":111162,"date":"2026-02-26T12:46:28","date_gmt":"2026-02-26T11:46:28","guid":{"rendered":"https:\/\/letrame.com\/catalogo\/?post_type=product&#038;p=111162"},"modified":"2026-02-26T12:46:28","modified_gmt":"2026-02-26T11:46:28","slug":"dias-de-ilusiones","status":"publish","type":"product","link":"https:\/\/letrame.com\/catalogo\/producto\/dias-de-ilusiones\/","title":{"rendered":"D\u00edas de ilusiones"},"content":{"rendered":"<p class=\"p1\"><b>ISBN: 9791370290962<\/b><b><\/b><\/p>\n<p class=\"p1\"><b>T\u00edtulo: D\u00edas de ilusiones<\/b><br \/>\n<b>Fecha: 2025<\/b><br \/>\n<b>P\u00e1ginas: 125<\/b><b><\/b><\/p>\n<p class=\"p1\"><b>SINOPSIS<\/b><b><\/b><\/p>\n<p class=\"p1\">El sentir como cumbre del esp\u00edritu. El poema es un altar. El poeta, su guar-di\u00e1n. Pero el sentir&#8230; El sentir es la divinidad que lo habita. No vengo a escribir poemas. Vengo a respirarlos. A tocarlos con el alma. A dejar que me atraviesen como rel\u00e1mpagos de luz. A sentirlos hasta que me duelan. Porque el sentir no es emoci\u00f3n. Es su transfiguraci\u00f3n. Es el Everest del alma, el doctorado del esp\u00edritu, la forma m\u00e1s alta de la sensibilidad humana. Y por eso nace la senties\u00eda: una corriente que no se escribe, se encarna. Que no se recita, se vive. Que no se limita a la palabra, sino que la desborda, la desarma, la trasciende. Yo soy un sentieta. Y mis textos son sentiarios, sentiemas: caminos escritos a diario con el pulso del alma, con la voz robada al poeta y las letras prestadas por la poes\u00eda. D\u00eda a d\u00eda.<\/p>\n","protected":false},"excerpt":{"rendered":"<p class=\"p1\"><b>ISBN: 9791370290962<\/b><b><\/b><\/p>\n<p class=\"p1\"><b>SINOPSIS<\/b><b><\/b><\/p>\n<p class=\"p1\">El sentir como cumbre del esp\u00edritu. El poema es un altar. El poeta, su guar-di\u00e1n. Pero el sentir&#8230; El sentir es la divinidad que lo habita. No vengo a escribir poemas. Vengo a respirarlos. A tocarlos con el alma. A dejar que me atraviesen como rel\u00e1mpagos de luz. A sentirlos hasta que me duelan. Porque el sentir no es emoci\u00f3n. Es su transfiguraci\u00f3n. Es el Everest del alma, el doctorado del esp\u00edritu, la forma m\u00e1s alta de la sensibilidad humana. Y por eso nace la senties\u00eda: una corriente que no se escribe, se encarna. Que no se recita, se vive. Que no se limita a la palabra, sino que la desborda, la desarma, la trasciende. Yo soy un sentieta. Y mis textos son sentiarios, sentiemas: caminos escritos a diario con el pulso del alma, con la voz robada al poeta y las letras prestadas por la poes\u00eda. D\u00eda a d\u00eda.<\/p>\n","protected":false},"featured_media":111166,"comment_status":"open","ping_status":"closed","template":"","meta":{"_acf_changed":false},"libro":[],"product_brand":[],"product_cat":[20],"product_tag":[],"class_list":{"0":"post-111162","1":"product","2":"type-product","3":"status-publish","4":"has-post-thumbnail","6":"product_cat-poesia","8":"first","9":"instock","10":"shipping-taxable","11":"product-type-simple"},"acf":{"autor":[111163],"enlace_de_compra":"https:\/\/amzn.to\/3MSZ5Tr"},"yoast_head":"<!-- This site is optimized with the Yoast SEO plugin v26.6 - https:\/\/yoast.com\/wordpress\/plugins\/seo\/ -->\n<title>D\u00edas de ilusiones - Catalogo | Letrame Grupo Editorial<\/title>\n<meta name=\"robots\" content=\"index, follow, max-snippet:-1, max-image-preview:large, max-video-preview:-1\" \/>\n<link rel=\"canonical\" href=\"https:\/\/letrame.com\/catalogo\/producto\/dias-de-ilusiones\/\" \/>\n<meta property=\"og:locale\" content=\"es_ES\" \/>\n<meta property=\"og:type\" content=\"article\" \/>\n<meta property=\"og:title\" content=\"D\u00edas de ilusiones - Catalogo | Letrame Grupo Editorial\" \/>\n<meta property=\"og:description\" content=\"ISBN: 9791370290962 SINOPSIS El sentir como cumbre del esp\u00edritu. El poema es un altar. El poeta, su guar-di\u00e1n. Pero el sentir... El sentir es la divinidad que lo habita. No vengo a escribir poemas. Vengo a respirarlos. A tocarlos con el alma. A dejar que me atraviesen como rel\u00e1mpagos de luz. A sentirlos hasta que me duelan. Porque el sentir no es emoci\u00f3n. Es su transfiguraci\u00f3n. Es el Everest del alma, el doctorado del esp\u00edritu, la forma m\u00e1s alta de la sensibilidad humana. Y por eso nace la senties\u00eda: una corriente que no se escribe, se encarna. Que no se recita, se vive. Que no se limita a la palabra, sino que la desborda, la desarma, la trasciende. Yo soy un sentieta. Y mis textos son sentiarios, sentiemas: caminos escritos a diario con el pulso del alma, con la voz robada al poeta y las letras prestadas por la poes\u00eda. D\u00eda a d\u00eda.\" \/>\n<meta property=\"og:url\" content=\"https:\/\/letrame.com\/catalogo\/producto\/dias-de-ilusiones\/\" \/>\n<meta property=\"og:site_name\" content=\"Catalogo | Letrame Grupo Editorial\" \/>\n<meta property=\"og:image\" content=\"https:\/\/letrame.com\/catalogo\/wp-content\/uploads\/2026\/02\/portadacatalogo-12-scaled.jpg\" \/>\n\t<meta property=\"og:image:width\" content=\"1745\" \/>\n\t<meta property=\"og:image:height\" content=\"2560\" \/>\n\t<meta property=\"og:image:type\" content=\"image\/jpeg\" \/>\n<meta name=\"twitter:card\" content=\"summary_large_image\" \/>\n<meta name=\"twitter:label1\" content=\"Tiempo de lectura\" \/>\n\t<meta name=\"twitter:data1\" content=\"1 minuto\" \/>\n<script type=\"application\/ld+json\" class=\"yoast-schema-graph\">{\"@context\":\"https:\/\/schema.org\",\"@graph\":[{\"@type\":\"WebPage\",\"@id\":\"https:\/\/letrame.com\/catalogo\/producto\/dias-de-ilusiones\/\",\"url\":\"https:\/\/letrame.com\/catalogo\/producto\/dias-de-ilusiones\/\",\"name\":\"D\u00edas de ilusiones - Catalogo | Letrame Grupo Editorial\",\"isPartOf\":{\"@id\":\"https:\/\/letrame.com\/catalogo\/#website\"},\"primaryImageOfPage\":{\"@id\":\"https:\/\/letrame.com\/catalogo\/producto\/dias-de-ilusiones\/#primaryimage\"},\"image\":{\"@id\":\"https:\/\/letrame.com\/catalogo\/producto\/dias-de-ilusiones\/#primaryimage\"},\"thumbnailUrl\":\"https:\/\/letrame.com\/catalogo\/wp-content\/uploads\/2026\/02\/portadacatalogo-12-scaled.jpg\",\"datePublished\":\"2026-02-26T11:46:28+00:00\",\"breadcrumb\":{\"@id\":\"https:\/\/letrame.com\/catalogo\/producto\/dias-de-ilusiones\/#breadcrumb\"},\"inLanguage\":\"es\",\"potentialAction\":[{\"@type\":\"ReadAction\",\"target\":[\"https:\/\/letrame.com\/catalogo\/producto\/dias-de-ilusiones\/\"]}]},{\"@type\":\"ImageObject\",\"inLanguage\":\"es\",\"@id\":\"https:\/\/letrame.com\/catalogo\/producto\/dias-de-ilusiones\/#primaryimage\",\"url\":\"https:\/\/letrame.com\/catalogo\/wp-content\/uploads\/2026\/02\/portadacatalogo-12-scaled.jpg\",\"contentUrl\":\"https:\/\/letrame.com\/catalogo\/wp-content\/uploads\/2026\/02\/portadacatalogo-12-scaled.jpg\",\"width\":1745,\"height\":2560},{\"@type\":\"BreadcrumbList\",\"@id\":\"https:\/\/letrame.com\/catalogo\/producto\/dias-de-ilusiones\/#breadcrumb\",\"itemListElement\":[{\"@type\":\"ListItem\",\"position\":1,\"name\":\"Portada\",\"item\":\"https:\/\/letrame.com\/catalogo\/\"},{\"@type\":\"ListItem\",\"position\":2,\"name\":\"Cat\u00e1logo\",\"item\":\"https:\/\/letrame.com\/catalogo\/\"},{\"@type\":\"ListItem\",\"position\":3,\"name\":\"D\u00edas de ilusiones\"}]},{\"@type\":\"WebSite\",\"@id\":\"https:\/\/letrame.com\/catalogo\/#website\",\"url\":\"https:\/\/letrame.com\/catalogo\/\",\"name\":\"Catalogo | Letrame Grupo Editorial\",\"description\":\"\",\"publisher\":{\"@id\":\"https:\/\/letrame.com\/catalogo\/#organization\"},\"potentialAction\":[{\"@type\":\"SearchAction\",\"target\":{\"@type\":\"EntryPoint\",\"urlTemplate\":\"https:\/\/letrame.com\/catalogo\/?s={search_term_string}\"},\"query-input\":{\"@type\":\"PropertyValueSpecification\",\"valueRequired\":true,\"valueName\":\"search_term_string\"}}],\"inLanguage\":\"es\"},{\"@type\":\"Organization\",\"@id\":\"https:\/\/letrame.com\/catalogo\/#organization\",\"name\":\"Catalogo | Letrame Grupo Editorial\",\"url\":\"https:\/\/letrame.com\/catalogo\/\",\"logo\":{\"@type\":\"ImageObject\",\"inLanguage\":\"es\",\"@id\":\"https:\/\/letrame.com\/catalogo\/#\/schema\/logo\/image\/\",\"url\":\"https:\/\/letrame.com\/catalogo\/wp-content\/uploads\/2024\/03\/logo2.webp\",\"contentUrl\":\"https:\/\/letrame.com\/catalogo\/wp-content\/uploads\/2024\/03\/logo2.webp\",\"width\":394,\"height\":128,\"caption\":\"Catalogo | Letrame Grupo Editorial\"},\"image\":{\"@id\":\"https:\/\/letrame.com\/catalogo\/#\/schema\/logo\/image\/\"}}]}<\/script>\n<!-- \/ Yoast SEO plugin. -->","yoast_head_json":{"title":"D\u00edas de ilusiones - Catalogo | Letrame Grupo Editorial","robots":{"index":"index","follow":"follow","max-snippet":"max-snippet:-1","max-image-preview":"max-image-preview:large","max-video-preview":"max-video-preview:-1"},"canonical":"https:\/\/letrame.com\/catalogo\/producto\/dias-de-ilusiones\/","og_locale":"es_ES","og_type":"article","og_title":"D\u00edas de ilusiones - Catalogo | Letrame Grupo Editorial","og_description":"ISBN: 9791370290962 SINOPSIS El sentir como cumbre del esp\u00edritu. El poema es un altar. El poeta, su guar-di\u00e1n. Pero el sentir... El sentir es la divinidad que lo habita. No vengo a escribir poemas. Vengo a respirarlos. A tocarlos con el alma. A dejar que me atraviesen como rel\u00e1mpagos de luz. A sentirlos hasta que me duelan. Porque el sentir no es emoci\u00f3n. Es su transfiguraci\u00f3n. Es el Everest del alma, el doctorado del esp\u00edritu, la forma m\u00e1s alta de la sensibilidad humana. Y por eso nace la senties\u00eda: una corriente que no se escribe, se encarna. Que no se recita, se vive. Que no se limita a la palabra, sino que la desborda, la desarma, la trasciende. Yo soy un sentieta. Y mis textos son sentiarios, sentiemas: caminos escritos a diario con el pulso del alma, con la voz robada al poeta y las letras prestadas por la poes\u00eda. D\u00eda a d\u00eda.","og_url":"https:\/\/letrame.com\/catalogo\/producto\/dias-de-ilusiones\/","og_site_name":"Catalogo | Letrame Grupo Editorial","og_image":[{"width":1745,"height":2560,"url":"https:\/\/letrame.com\/catalogo\/wp-content\/uploads\/2026\/02\/portadacatalogo-12-scaled.jpg","type":"image\/jpeg"}],"twitter_card":"summary_large_image","twitter_misc":{"Tiempo de lectura":"1 minuto"},"schema":{"@context":"https:\/\/schema.org","@graph":[{"@type":"WebPage","@id":"https:\/\/letrame.com\/catalogo\/producto\/dias-de-ilusiones\/","url":"https:\/\/letrame.com\/catalogo\/producto\/dias-de-ilusiones\/","name":"D\u00edas de ilusiones - Catalogo | Letrame Grupo Editorial","isPartOf":{"@id":"https:\/\/letrame.com\/catalogo\/#website"},"primaryImageOfPage":{"@id":"https:\/\/letrame.com\/catalogo\/producto\/dias-de-ilusiones\/#primaryimage"},"image":{"@id":"https:\/\/letrame.com\/catalogo\/producto\/dias-de-ilusiones\/#primaryimage"},"thumbnailUrl":"https:\/\/letrame.com\/catalogo\/wp-content\/uploads\/2026\/02\/portadacatalogo-12-scaled.jpg","datePublished":"2026-02-26T11:46:28+00:00","breadcrumb":{"@id":"https:\/\/letrame.com\/catalogo\/producto\/dias-de-ilusiones\/#breadcrumb"},"inLanguage":"es","potentialAction":[{"@type":"ReadAction","target":["https:\/\/letrame.com\/catalogo\/producto\/dias-de-ilusiones\/"]}]},{"@type":"ImageObject","inLanguage":"es","@id":"https:\/\/letrame.com\/catalogo\/producto\/dias-de-ilusiones\/#primaryimage","url":"https:\/\/letrame.com\/catalogo\/wp-content\/uploads\/2026\/02\/portadacatalogo-12-scaled.jpg","contentUrl":"https:\/\/letrame.com\/catalogo\/wp-content\/uploads\/2026\/02\/portadacatalogo-12-scaled.jpg","width":1745,"height":2560},{"@type":"BreadcrumbList","@id":"https:\/\/letrame.com\/catalogo\/producto\/dias-de-ilusiones\/#breadcrumb","itemListElement":[{"@type":"ListItem","position":1,"name":"Portada","item":"https:\/\/letrame.com\/catalogo\/"},{"@type":"ListItem","position":2,"name":"Cat\u00e1logo","item":"https:\/\/letrame.com\/catalogo\/"},{"@type":"ListItem","position":3,"name":"D\u00edas de ilusiones"}]},{"@type":"WebSite","@id":"https:\/\/letrame.com\/catalogo\/#website","url":"https:\/\/letrame.com\/catalogo\/","name":"Catalogo | Letrame Grupo Editorial","description":"","publisher":{"@id":"https:\/\/letrame.com\/catalogo\/#organization"},"potentialAction":[{"@type":"SearchAction","target":{"@type":"EntryPoint","urlTemplate":"https:\/\/letrame.com\/catalogo\/?s={search_term_string}"},"query-input":{"@type":"PropertyValueSpecification","valueRequired":true,"valueName":"search_term_string"}}],"inLanguage":"es"},{"@type":"Organization","@id":"https:\/\/letrame.com\/catalogo\/#organization","name":"Catalogo | Letrame Grupo Editorial","url":"https:\/\/letrame.com\/catalogo\/","logo":{"@type":"ImageObject","inLanguage":"es","@id":"https:\/\/letrame.com\/catalogo\/#\/schema\/logo\/image\/","url":"https:\/\/letrame.com\/catalogo\/wp-content\/uploads\/2024\/03\/logo2.webp","contentUrl":"https:\/\/letrame.com\/catalogo\/wp-content\/uploads\/2024\/03\/logo2.webp","width":394,"height":128,"caption":"Catalogo | Letrame Grupo Editorial"},"image":{"@id":"https:\/\/letrame.com\/catalogo\/#\/schema\/logo\/image\/"}}]}},"_links":{"self":[{"href":"https:\/\/letrame.com\/catalogo\/wp-json\/wp\/v2\/product\/111162","targetHints":{"allow":["GET"]}}],"collection":[{"href":"https:\/\/letrame.com\/catalogo\/wp-json\/wp\/v2\/product"}],"about":[{"href":"https:\/\/letrame.com\/catalogo\/wp-json\/wp\/v2\/types\/product"}],"replies":[{"embeddable":true,"href":"https:\/\/letrame.com\/catalogo\/wp-json\/wp\/v2\/comments?post=111162"}],"acf:post":[{"embeddable":true,"href":"https:\/\/letrame.com\/catalogo\/wp-json\/wp\/v2\/author_book\/111163"}],"wp:featuredmedia":[{"embeddable":true,"href":"https:\/\/letrame.com\/catalogo\/wp-json\/wp\/v2\/media\/111166"}],"wp:attachment":[{"href":"https:\/\/letrame.com\/catalogo\/wp-json\/wp\/v2\/media?parent=111162"}],"wp:term":[{"taxonomy":"libro","embeddable":true,"href":"https:\/\/letrame.com\/catalogo\/wp-json\/wp\/v2\/libro?post=111162"},{"taxonomy":"product_brand","embeddable":true,"href":"https:\/\/letrame.com\/catalogo\/wp-json\/wp\/v2\/product_brand?post=111162"},{"taxonomy":"product_cat","embeddable":true,"href":"https:\/\/letrame.com\/catalogo\/wp-json\/wp\/v2\/product_cat?post=111162"},{"taxonomy":"product_tag","embeddable":true,"href":"https:\/\/letrame.com\/catalogo\/wp-json\/wp\/v2\/product_tag?post=111162"}],"curies":[{"name":"wp","href":"https:\/\/api.w.org\/{rel}","templated":true}]}}