{"id":111049,"date":"2026-02-19T12:09:00","date_gmt":"2026-02-19T11:09:00","guid":{"rendered":"https:\/\/letrame.com\/catalogo\/?post_type=product&#038;p=111049"},"modified":"2026-02-19T12:09:01","modified_gmt":"2026-02-19T11:09:01","slug":"el-velo-de-los-dragones","status":"publish","type":"product","link":"https:\/\/letrame.com\/catalogo\/producto\/el-velo-de-los-dragones\/","title":{"rendered":"El velo de los dragones"},"content":{"rendered":"<p class=\"p1\"><b>ISBN:\u00a0<\/b>9791370293352<b><\/b><\/p>\n<p class=\"p1\"><b>T\u00edtulo:\u00a0<\/b>El velo de los dragones<br \/>\n<b>Fecha:<\/b> 2025<br \/>\n<b>P\u00e1ginas:\u00a0<\/b>448<b><\/b><\/p>\n<p class=\"p1\"><b>SINOPSIS<\/b><\/p>\n<p>En los albores de un mundo dividido entre la luz y la sombra, dos dragones eternos, Akunori y Sunanori, mantienen el equilibrio que separa la creaci\u00f3n de la destrucci\u00f3n. De ese fr\u00e1gil orden nacen los on\u00edricos, guardianes de la voluntad de los dioses, y los humanos, herederos de un poder que han olvidado.<\/p>\n<p>Siglos despu\u00e9s, la sacerdotisa Sango y su hermano Kaito, \u00faltimo guardi\u00e1n del clan de la luna, emprenden una peregrinaci\u00f3n sagrada marcada por una antigua promesa: mientras el ritual se cumpla, el mal no despertar\u00e1. Pero en las minas del sur, algo ha comenzado a corromper las piedras espirituales; los hombres se transforman en bestias y las viejas heridas entre razas vuelven a sangrar.<\/p>\n<p>Entre dioses que callan, imperios que oprimen y sombras que resurgen, Sango y Kaito deber\u00e1n enfrentarse al enemigo que devora el mundo y al velo que separa la fe del fanatismo, la lealtad del sacrificio y la luz de su propio abismo.<\/p>\n<p>El velo de los dragones es una historia \u00e9pica y emocional sobre el deber, el amor y el precio de proteger aquello que se ama, donde cada batalla deja una huella y cada juramento puede convertirse en condena.<\/p>\n","protected":false},"excerpt":{"rendered":"<p class=\"p1\"><b>ISBN:\u00a0<\/b>9791370293352<b><\/b><\/p>\n<p class=\"p1\"><b>SINOPSIS<\/b><\/p>\n<p>En los albores de un mundo dividido entre la luz y la sombra, dos dragones eternos, Akunori y Sunanori, mantienen el equilibrio que separa la creaci\u00f3n de la destrucci\u00f3n. De ese fr\u00e1gil orden nacen los on\u00edricos, guardianes de la voluntad de los dioses, y los humanos, herederos de un poder que han olvidado.<\/p>\n<p>Siglos despu\u00e9s, la sacerdotisa Sango y su hermano Kaito, \u00faltimo guardi\u00e1n del clan de la luna, emprenden una peregrinaci\u00f3n sagrada marcada por una antigua promesa: mientras el ritual se cumpla, el mal no despertar\u00e1. Pero en las minas del sur, algo ha comenzado a corromper las piedras espirituales; los hombres se transforman en bestias y las viejas heridas entre razas vuelven a sangrar.<\/p>\n<p>Entre dioses que callan, imperios que oprimen y sombras que resurgen, Sango y Kaito deber\u00e1n enfrentarse al enemigo que devora el mundo y al velo que separa la fe del fanatismo, la lealtad del sacrificio y la luz de su propio abismo.<\/p>\n<p>El velo de los dragones es una historia \u00e9pica y emocional sobre el deber, el amor y el precio de proteger aquello que se ama, donde cada batalla deja una huella y cada juramento puede convertirse en condena.<\/p>\n","protected":false},"featured_media":111052,"comment_status":"open","ping_status":"closed","template":"","meta":{"_acf_changed":false},"libro":[],"product_brand":[],"product_cat":[118],"product_tag":[],"class_list":{"0":"post-111049","1":"product","2":"type-product","3":"status-publish","4":"has-post-thumbnail","6":"product_cat-fantasia","8":"first","9":"instock","10":"shipping-taxable","11":"product-type-simple"},"acf":{"autor":[111048],"enlace_de_compra":"https:\/\/amzn.to\/4tPiN3o"},"yoast_head":"<!-- This site is optimized with the Yoast SEO plugin v27.4 - https:\/\/yoast.com\/product\/yoast-seo-wordpress\/ -->\n<title>El velo de los dragones - Catalogo | Letrame Grupo Editorial<\/title>\n<meta name=\"robots\" content=\"index, follow, max-snippet:-1, max-image-preview:large, max-video-preview:-1\" \/>\n<link rel=\"canonical\" href=\"https:\/\/letrame.com\/catalogo\/producto\/el-velo-de-los-dragones\/\" \/>\n<meta property=\"og:locale\" content=\"es_ES\" \/>\n<meta property=\"og:type\" content=\"article\" \/>\n<meta property=\"og:title\" content=\"El velo de los dragones - Catalogo | Letrame Grupo Editorial\" \/>\n<meta property=\"og:description\" content=\"ISBN:\u00a09791370293352 SINOPSIS En los albores de un mundo dividido entre la luz y la sombra, dos dragones eternos, Akunori y Sunanori, mantienen el equilibrio que separa la creaci\u00f3n de la destrucci\u00f3n. De ese fr\u00e1gil orden nacen los on\u00edricos, guardianes de la voluntad de los dioses, y los humanos, herederos de un poder que han olvidado.  Siglos despu\u00e9s, la sacerdotisa Sango y su hermano Kaito, \u00faltimo guardi\u00e1n del clan de la luna, emprenden una peregrinaci\u00f3n sagrada marcada por una antigua promesa: mientras el ritual se cumpla, el mal no despertar\u00e1. Pero en las minas del sur, algo ha comenzado a corromper las piedras espirituales; los hombres se transforman en bestias y las viejas heridas entre razas vuelven a sangrar.  Entre dioses que callan, imperios que oprimen y sombras que resurgen, Sango y Kaito deber\u00e1n enfrentarse al enemigo que devora el mundo y al velo que separa la fe del fanatismo, la lealtad del sacrificio y la luz de su propio abismo.  El velo de los dragones es una historia \u00e9pica y emocional sobre el deber, el amor y el precio de proteger aquello que se ama, donde cada batalla deja una huella y cada juramento puede convertirse en condena.\" \/>\n<meta property=\"og:url\" content=\"https:\/\/letrame.com\/catalogo\/producto\/el-velo-de-los-dragones\/\" \/>\n<meta property=\"og:site_name\" content=\"Catalogo | Letrame Grupo Editorial\" \/>\n<meta property=\"article:modified_time\" content=\"2026-02-19T11:09:01+00:00\" \/>\n<meta property=\"og:image\" content=\"https:\/\/letrame.com\/catalogo\/wp-content\/uploads\/2026\/02\/elvelodelosdragones_2174mm4-scaled.jpg\" \/>\n\t<meta property=\"og:image:width\" content=\"1814\" \/>\n\t<meta property=\"og:image:height\" content=\"2560\" \/>\n\t<meta property=\"og:image:type\" content=\"image\/jpeg\" \/>\n<meta name=\"twitter:card\" content=\"summary_large_image\" \/>\n<meta name=\"twitter:label1\" content=\"Tiempo de lectura\" \/>\n\t<meta name=\"twitter:data1\" content=\"2 minutos\" \/>\n<script type=\"application\/ld+json\" class=\"yoast-schema-graph\">{\"@context\":\"https:\\\/\\\/schema.org\",\"@graph\":[{\"@type\":\"WebPage\",\"@id\":\"https:\\\/\\\/letrame.com\\\/catalogo\\\/producto\\\/el-velo-de-los-dragones\\\/\",\"url\":\"https:\\\/\\\/letrame.com\\\/catalogo\\\/producto\\\/el-velo-de-los-dragones\\\/\",\"name\":\"El velo de los dragones - Catalogo | Letrame Grupo Editorial\",\"isPartOf\":{\"@id\":\"https:\\\/\\\/letrame.com\\\/catalogo\\\/#website\"},\"primaryImageOfPage\":{\"@id\":\"https:\\\/\\\/letrame.com\\\/catalogo\\\/producto\\\/el-velo-de-los-dragones\\\/#primaryimage\"},\"image\":{\"@id\":\"https:\\\/\\\/letrame.com\\\/catalogo\\\/producto\\\/el-velo-de-los-dragones\\\/#primaryimage\"},\"thumbnailUrl\":\"https:\\\/\\\/letrame.com\\\/catalogo\\\/wp-content\\\/uploads\\\/2026\\\/02\\\/elvelodelosdragones_2174mm4-scaled.jpg\",\"datePublished\":\"2026-02-19T11:09:00+00:00\",\"dateModified\":\"2026-02-19T11:09:01+00:00\",\"breadcrumb\":{\"@id\":\"https:\\\/\\\/letrame.com\\\/catalogo\\\/producto\\\/el-velo-de-los-dragones\\\/#breadcrumb\"},\"inLanguage\":\"es\",\"potentialAction\":[{\"@type\":\"ReadAction\",\"target\":[\"https:\\\/\\\/letrame.com\\\/catalogo\\\/producto\\\/el-velo-de-los-dragones\\\/\"]}]},{\"@type\":\"ImageObject\",\"inLanguage\":\"es\",\"@id\":\"https:\\\/\\\/letrame.com\\\/catalogo\\\/producto\\\/el-velo-de-los-dragones\\\/#primaryimage\",\"url\":\"https:\\\/\\\/letrame.com\\\/catalogo\\\/wp-content\\\/uploads\\\/2026\\\/02\\\/elvelodelosdragones_2174mm4-scaled.jpg\",\"contentUrl\":\"https:\\\/\\\/letrame.com\\\/catalogo\\\/wp-content\\\/uploads\\\/2026\\\/02\\\/elvelodelosdragones_2174mm4-scaled.jpg\",\"width\":1814,\"height\":2560},{\"@type\":\"BreadcrumbList\",\"@id\":\"https:\\\/\\\/letrame.com\\\/catalogo\\\/producto\\\/el-velo-de-los-dragones\\\/#breadcrumb\",\"itemListElement\":[{\"@type\":\"ListItem\",\"position\":1,\"name\":\"Portada\",\"item\":\"https:\\\/\\\/letrame.com\\\/catalogo\\\/\"},{\"@type\":\"ListItem\",\"position\":2,\"name\":\"Cat\u00e1logo\",\"item\":\"https:\\\/\\\/letrame.com\\\/catalogo\\\/\"},{\"@type\":\"ListItem\",\"position\":3,\"name\":\"El velo de los dragones\"}]},{\"@type\":\"WebSite\",\"@id\":\"https:\\\/\\\/letrame.com\\\/catalogo\\\/#website\",\"url\":\"https:\\\/\\\/letrame.com\\\/catalogo\\\/\",\"name\":\"Catalogo | Letrame Grupo Editorial\",\"description\":\"\",\"publisher\":{\"@id\":\"https:\\\/\\\/letrame.com\\\/catalogo\\\/#organization\"},\"potentialAction\":[{\"@type\":\"SearchAction\",\"target\":{\"@type\":\"EntryPoint\",\"urlTemplate\":\"https:\\\/\\\/letrame.com\\\/catalogo\\\/?s={search_term_string}\"},\"query-input\":{\"@type\":\"PropertyValueSpecification\",\"valueRequired\":true,\"valueName\":\"search_term_string\"}}],\"inLanguage\":\"es\"},{\"@type\":\"Organization\",\"@id\":\"https:\\\/\\\/letrame.com\\\/catalogo\\\/#organization\",\"name\":\"Catalogo | Letrame Grupo Editorial\",\"url\":\"https:\\\/\\\/letrame.com\\\/catalogo\\\/\",\"logo\":{\"@type\":\"ImageObject\",\"inLanguage\":\"es\",\"@id\":\"https:\\\/\\\/letrame.com\\\/catalogo\\\/#\\\/schema\\\/logo\\\/image\\\/\",\"url\":\"https:\\\/\\\/letrame.com\\\/catalogo\\\/wp-content\\\/uploads\\\/2024\\\/03\\\/logo2.webp\",\"contentUrl\":\"https:\\\/\\\/letrame.com\\\/catalogo\\\/wp-content\\\/uploads\\\/2024\\\/03\\\/logo2.webp\",\"width\":394,\"height\":128,\"caption\":\"Catalogo | Letrame Grupo Editorial\"},\"image\":{\"@id\":\"https:\\\/\\\/letrame.com\\\/catalogo\\\/#\\\/schema\\\/logo\\\/image\\\/\"}}]}<\/script>\n<!-- \/ Yoast SEO plugin. -->","yoast_head_json":{"title":"El velo de los dragones - Catalogo | Letrame Grupo Editorial","robots":{"index":"index","follow":"follow","max-snippet":"max-snippet:-1","max-image-preview":"max-image-preview:large","max-video-preview":"max-video-preview:-1"},"canonical":"https:\/\/letrame.com\/catalogo\/producto\/el-velo-de-los-dragones\/","og_locale":"es_ES","og_type":"article","og_title":"El velo de los dragones - Catalogo | Letrame Grupo Editorial","og_description":"ISBN:\u00a09791370293352 SINOPSIS En los albores de un mundo dividido entre la luz y la sombra, dos dragones eternos, Akunori y Sunanori, mantienen el equilibrio que separa la creaci\u00f3n de la destrucci\u00f3n. De ese fr\u00e1gil orden nacen los on\u00edricos, guardianes de la voluntad de los dioses, y los humanos, herederos de un poder que han olvidado.  Siglos despu\u00e9s, la sacerdotisa Sango y su hermano Kaito, \u00faltimo guardi\u00e1n del clan de la luna, emprenden una peregrinaci\u00f3n sagrada marcada por una antigua promesa: mientras el ritual se cumpla, el mal no despertar\u00e1. Pero en las minas del sur, algo ha comenzado a corromper las piedras espirituales; los hombres se transforman en bestias y las viejas heridas entre razas vuelven a sangrar.  Entre dioses que callan, imperios que oprimen y sombras que resurgen, Sango y Kaito deber\u00e1n enfrentarse al enemigo que devora el mundo y al velo que separa la fe del fanatismo, la lealtad del sacrificio y la luz de su propio abismo.  El velo de los dragones es una historia \u00e9pica y emocional sobre el deber, el amor y el precio de proteger aquello que se ama, donde cada batalla deja una huella y cada juramento puede convertirse en condena.","og_url":"https:\/\/letrame.com\/catalogo\/producto\/el-velo-de-los-dragones\/","og_site_name":"Catalogo | Letrame Grupo Editorial","article_modified_time":"2026-02-19T11:09:01+00:00","og_image":[{"width":1814,"height":2560,"url":"https:\/\/letrame.com\/catalogo\/wp-content\/uploads\/2026\/02\/elvelodelosdragones_2174mm4-scaled.jpg","type":"image\/jpeg"}],"twitter_card":"summary_large_image","twitter_misc":{"Tiempo de lectura":"2 minutos"},"schema":{"@context":"https:\/\/schema.org","@graph":[{"@type":"WebPage","@id":"https:\/\/letrame.com\/catalogo\/producto\/el-velo-de-los-dragones\/","url":"https:\/\/letrame.com\/catalogo\/producto\/el-velo-de-los-dragones\/","name":"El velo de los dragones - Catalogo | Letrame Grupo Editorial","isPartOf":{"@id":"https:\/\/letrame.com\/catalogo\/#website"},"primaryImageOfPage":{"@id":"https:\/\/letrame.com\/catalogo\/producto\/el-velo-de-los-dragones\/#primaryimage"},"image":{"@id":"https:\/\/letrame.com\/catalogo\/producto\/el-velo-de-los-dragones\/#primaryimage"},"thumbnailUrl":"https:\/\/letrame.com\/catalogo\/wp-content\/uploads\/2026\/02\/elvelodelosdragones_2174mm4-scaled.jpg","datePublished":"2026-02-19T11:09:00+00:00","dateModified":"2026-02-19T11:09:01+00:00","breadcrumb":{"@id":"https:\/\/letrame.com\/catalogo\/producto\/el-velo-de-los-dragones\/#breadcrumb"},"inLanguage":"es","potentialAction":[{"@type":"ReadAction","target":["https:\/\/letrame.com\/catalogo\/producto\/el-velo-de-los-dragones\/"]}]},{"@type":"ImageObject","inLanguage":"es","@id":"https:\/\/letrame.com\/catalogo\/producto\/el-velo-de-los-dragones\/#primaryimage","url":"https:\/\/letrame.com\/catalogo\/wp-content\/uploads\/2026\/02\/elvelodelosdragones_2174mm4-scaled.jpg","contentUrl":"https:\/\/letrame.com\/catalogo\/wp-content\/uploads\/2026\/02\/elvelodelosdragones_2174mm4-scaled.jpg","width":1814,"height":2560},{"@type":"BreadcrumbList","@id":"https:\/\/letrame.com\/catalogo\/producto\/el-velo-de-los-dragones\/#breadcrumb","itemListElement":[{"@type":"ListItem","position":1,"name":"Portada","item":"https:\/\/letrame.com\/catalogo\/"},{"@type":"ListItem","position":2,"name":"Cat\u00e1logo","item":"https:\/\/letrame.com\/catalogo\/"},{"@type":"ListItem","position":3,"name":"El velo de los dragones"}]},{"@type":"WebSite","@id":"https:\/\/letrame.com\/catalogo\/#website","url":"https:\/\/letrame.com\/catalogo\/","name":"Catalogo | Letrame Grupo Editorial","description":"","publisher":{"@id":"https:\/\/letrame.com\/catalogo\/#organization"},"potentialAction":[{"@type":"SearchAction","target":{"@type":"EntryPoint","urlTemplate":"https:\/\/letrame.com\/catalogo\/?s={search_term_string}"},"query-input":{"@type":"PropertyValueSpecification","valueRequired":true,"valueName":"search_term_string"}}],"inLanguage":"es"},{"@type":"Organization","@id":"https:\/\/letrame.com\/catalogo\/#organization","name":"Catalogo | Letrame Grupo Editorial","url":"https:\/\/letrame.com\/catalogo\/","logo":{"@type":"ImageObject","inLanguage":"es","@id":"https:\/\/letrame.com\/catalogo\/#\/schema\/logo\/image\/","url":"https:\/\/letrame.com\/catalogo\/wp-content\/uploads\/2024\/03\/logo2.webp","contentUrl":"https:\/\/letrame.com\/catalogo\/wp-content\/uploads\/2024\/03\/logo2.webp","width":394,"height":128,"caption":"Catalogo | Letrame Grupo Editorial"},"image":{"@id":"https:\/\/letrame.com\/catalogo\/#\/schema\/logo\/image\/"}}]}},"_links":{"self":[{"href":"https:\/\/letrame.com\/catalogo\/wp-json\/wp\/v2\/product\/111049","targetHints":{"allow":["GET"]}}],"collection":[{"href":"https:\/\/letrame.com\/catalogo\/wp-json\/wp\/v2\/product"}],"about":[{"href":"https:\/\/letrame.com\/catalogo\/wp-json\/wp\/v2\/types\/product"}],"replies":[{"embeddable":true,"href":"https:\/\/letrame.com\/catalogo\/wp-json\/wp\/v2\/comments?post=111049"}],"acf:post":[{"embeddable":true,"href":"https:\/\/letrame.com\/catalogo\/wp-json\/wp\/v2\/author_book\/111048"}],"wp:featuredmedia":[{"embeddable":true,"href":"https:\/\/letrame.com\/catalogo\/wp-json\/wp\/v2\/media\/111052"}],"wp:attachment":[{"href":"https:\/\/letrame.com\/catalogo\/wp-json\/wp\/v2\/media?parent=111049"}],"wp:term":[{"taxonomy":"libro","embeddable":true,"href":"https:\/\/letrame.com\/catalogo\/wp-json\/wp\/v2\/libro?post=111049"},{"taxonomy":"product_brand","embeddable":true,"href":"https:\/\/letrame.com\/catalogo\/wp-json\/wp\/v2\/product_brand?post=111049"},{"taxonomy":"product_cat","embeddable":true,"href":"https:\/\/letrame.com\/catalogo\/wp-json\/wp\/v2\/product_cat?post=111049"},{"taxonomy":"product_tag","embeddable":true,"href":"https:\/\/letrame.com\/catalogo\/wp-json\/wp\/v2\/product_tag?post=111049"}],"curies":[{"name":"wp","href":"https:\/\/api.w.org\/{rel}","templated":true}]}}