{"id":110888,"date":"2026-01-28T16:18:45","date_gmt":"2026-01-28T15:18:45","guid":{"rendered":"https:\/\/letrame.com\/catalogo\/?post_type=product&#038;p=110888"},"modified":"2026-01-28T16:18:46","modified_gmt":"2026-01-28T15:18:46","slug":"penelope-2a-edicion","status":"publish","type":"product","link":"https:\/\/letrame.com\/catalogo\/producto\/penelope-2a-edicion\/","title":{"rendered":"Pen\u00e9lope. 2\u00aa edici\u00f3n"},"content":{"rendered":"<p class=\"p1\"><b>ISBN:\u00a0 <\/b>979-13-7012-962-0<\/p>\n<p class=\"p1\"><b>T\u00edtulo: <\/b>Pen\u00e9lope. 2\u00aa edici\u00f3n<br \/>\n<b>Fecha:<\/b> 2025<br \/>\n<b>P\u00e1ginas: <\/b>538<b><\/b><\/p>\n<p class=\"p1\"><b>SINOPSIS<\/b><\/p>\n<p>En medio del caos, ella es la \u00fanica esperanza.En un campamento m\u00e9dico cerca de la frontera somal\u00ed, la doctoraPen\u00e9lope Garc\u00eda sobrevive a un ataque armado devastador que trans-forma su vida para siempre. Mientras lucha por reconstruirse, seenfrenta a una red de corrupci\u00f3n y drogas liderada por Phi-lippe Straperlo, un infl uyente y desleal miembrode la ONU.Atrapada entre el deber y el peligro, Pen\u00e9lope en-cuentra un inesperado aliado en Daniel Ariza, un piloto humanitariocuyo amor se convertir\u00e1 en un faro en medio de la oscuridad. Perola traici\u00f3n acecha en cada rinc\u00f3n, y los secretos de quienes la rodeanpondr\u00e1n a prueba su resiliencia.Con una narrativa vibrante y giros que desaf\u00edan las expectativas, Pe-n\u00e9lope no solo es un apasionante thriller, sino tambi\u00e9n una refl exi\u00f3nconmovedora sobre la esperanza, el sacrifi cio y la lucha por la justiciaen los rincones m\u00e1s sombr\u00edos del mundo.<\/p>\n","protected":false},"excerpt":{"rendered":"<p class=\"p1\"><b>ISBN:\u00a0 <\/b>979-13-7012-962-0<\/p>\n<p class=\"p1\"><b>SINOPSIS<\/b><\/p>\n<p>En medio del caos, ella es la \u00fanica esperanza.En un campamento m\u00e9dico cerca de la frontera somal\u00ed, la doctoraPen\u00e9lope Garc\u00eda sobrevive a un ataque armado devastador que trans-forma su vida para siempre. Mientras lucha por reconstruirse, seenfrenta a una red de corrupci\u00f3n y drogas liderada por Phi-lippe Straperlo, un infl uyente y desleal miembrode la ONU.Atrapada entre el deber y el peligro, Pen\u00e9lope en-cuentra un inesperado aliado en Daniel Ariza, un piloto humanitariocuyo amor se convertir\u00e1 en un faro en medio de la oscuridad. Perola traici\u00f3n acecha en cada rinc\u00f3n, y los secretos de quienes la rodeanpondr\u00e1n a prueba su resiliencia.Con una narrativa vibrante y giros que desaf\u00edan las expectativas, Pe-n\u00e9lope no solo es un apasionante thriller, sino tambi\u00e9n una refl exi\u00f3nconmovedora sobre la esperanza, el sacrifi cio y la lucha por la justiciaen los rincones m\u00e1s sombr\u00edos del mundo.<\/p>\n","protected":false},"featured_media":110889,"comment_status":"open","ping_status":"closed","template":"","meta":{"_acf_changed":false},"libro":[],"product_brand":[],"product_cat":[111],"product_tag":[],"class_list":{"0":"post-110888","1":"product","2":"type-product","3":"status-publish","4":"has-post-thumbnail","6":"product_cat-thriller","8":"first","9":"instock","10":"shipping-taxable","11":"product-type-simple"},"acf":{"autor":[72937],"enlace_de_compra":"https:\/\/www.amazon.es\/Pen%C3%A9lope-2%C2%AA-edici%C3%B3n-Mara-Moll%C3%A1\/dp\/B0FVV2BPJW\/ref=sr_1_1?__mk_es_ES=%C3%85M%C3%85%C5%BD%C3%95%C3%91&crid=30YVBOO6MDDUJ&dib=eyJ2IjoiMSJ9.dbb_vvSDIGK3-MlVeqJJ6w.yatw1i4O3vY-BYo-12Ju7fl8KvN0CQ-r1ouVQYQiy8c&dib_tag=se&keywords=9791370129620&qid=1769613240&sprefix=9791370129620%2Caps%2C263&sr=8-1"},"yoast_head":"<!-- This site is optimized with the Yoast SEO plugin v26.6 - https:\/\/yoast.com\/wordpress\/plugins\/seo\/ -->\n<title>Pen\u00e9lope. 2\u00aa edici\u00f3n - Catalogo | Letrame Grupo Editorial<\/title>\n<meta name=\"robots\" content=\"index, follow, max-snippet:-1, max-image-preview:large, max-video-preview:-1\" \/>\n<link rel=\"canonical\" href=\"https:\/\/letrame.com\/catalogo\/producto\/penelope-2a-edicion\/\" \/>\n<meta property=\"og:locale\" content=\"es_ES\" \/>\n<meta property=\"og:type\" content=\"article\" \/>\n<meta property=\"og:title\" content=\"Pen\u00e9lope. 2\u00aa edici\u00f3n - Catalogo | Letrame Grupo Editorial\" \/>\n<meta property=\"og:description\" content=\"ISBN:\u00a0 979-13-7012-962-0 SINOPSIS En medio del caos, ella es la \u00fanica esperanza.En un campamento m\u00e9dico cerca de la frontera somal\u00ed, la doctoraPen\u00e9lope Garc\u00eda sobrevive a un ataque armado devastador que trans-forma su vida para siempre. Mientras lucha por reconstruirse, seenfrenta a una red de corrupci\u00f3n y drogas liderada por Phi-lippe Straperlo, un infl uyente y desleal miembrode la ONU.Atrapada entre el deber y el peligro, Pen\u00e9lope en-cuentra un inesperado aliado en Daniel Ariza, un piloto humanitariocuyo amor se convertir\u00e1 en un faro en medio de la oscuridad. Perola traici\u00f3n acecha en cada rinc\u00f3n, y los secretos de quienes la rodeanpondr\u00e1n a prueba su resiliencia.Con una narrativa vibrante y giros que desaf\u00edan las expectativas, Pe-n\u00e9lope no solo es un apasionante thriller, sino tambi\u00e9n una refl exi\u00f3nconmovedora sobre la esperanza, el sacrifi cio y la lucha por la justiciaen los rincones m\u00e1s sombr\u00edos del mundo.\" \/>\n<meta property=\"og:url\" content=\"https:\/\/letrame.com\/catalogo\/producto\/penelope-2a-edicion\/\" \/>\n<meta property=\"og:site_name\" content=\"Catalogo | Letrame Grupo Editorial\" \/>\n<meta property=\"article:modified_time\" content=\"2026-01-28T15:18:46+00:00\" \/>\n<meta property=\"og:image\" content=\"https:\/\/letrame.com\/catalogo\/wp-content\/uploads\/2026\/01\/PPenelope_2588mm4-scaled.jpg\" \/>\n\t<meta property=\"og:image:width\" content=\"1828\" \/>\n\t<meta property=\"og:image:height\" content=\"2560\" \/>\n\t<meta property=\"og:image:type\" content=\"image\/jpeg\" \/>\n<meta name=\"twitter:card\" content=\"summary_large_image\" \/>\n<meta name=\"twitter:label1\" content=\"Tiempo de lectura\" \/>\n\t<meta name=\"twitter:data1\" content=\"1 minuto\" \/>\n<script type=\"application\/ld+json\" class=\"yoast-schema-graph\">{\"@context\":\"https:\/\/schema.org\",\"@graph\":[{\"@type\":\"WebPage\",\"@id\":\"https:\/\/letrame.com\/catalogo\/producto\/penelope-2a-edicion\/\",\"url\":\"https:\/\/letrame.com\/catalogo\/producto\/penelope-2a-edicion\/\",\"name\":\"Pen\u00e9lope. 2\u00aa edici\u00f3n - Catalogo | Letrame Grupo Editorial\",\"isPartOf\":{\"@id\":\"https:\/\/letrame.com\/catalogo\/#website\"},\"primaryImageOfPage\":{\"@id\":\"https:\/\/letrame.com\/catalogo\/producto\/penelope-2a-edicion\/#primaryimage\"},\"image\":{\"@id\":\"https:\/\/letrame.com\/catalogo\/producto\/penelope-2a-edicion\/#primaryimage\"},\"thumbnailUrl\":\"https:\/\/letrame.com\/catalogo\/wp-content\/uploads\/2026\/01\/PPenelope_2588mm4-scaled.jpg\",\"datePublished\":\"2026-01-28T15:18:45+00:00\",\"dateModified\":\"2026-01-28T15:18:46+00:00\",\"breadcrumb\":{\"@id\":\"https:\/\/letrame.com\/catalogo\/producto\/penelope-2a-edicion\/#breadcrumb\"},\"inLanguage\":\"es\",\"potentialAction\":[{\"@type\":\"ReadAction\",\"target\":[\"https:\/\/letrame.com\/catalogo\/producto\/penelope-2a-edicion\/\"]}]},{\"@type\":\"ImageObject\",\"inLanguage\":\"es\",\"@id\":\"https:\/\/letrame.com\/catalogo\/producto\/penelope-2a-edicion\/#primaryimage\",\"url\":\"https:\/\/letrame.com\/catalogo\/wp-content\/uploads\/2026\/01\/PPenelope_2588mm4-scaled.jpg\",\"contentUrl\":\"https:\/\/letrame.com\/catalogo\/wp-content\/uploads\/2026\/01\/PPenelope_2588mm4-scaled.jpg\",\"width\":1828,\"height\":2560},{\"@type\":\"BreadcrumbList\",\"@id\":\"https:\/\/letrame.com\/catalogo\/producto\/penelope-2a-edicion\/#breadcrumb\",\"itemListElement\":[{\"@type\":\"ListItem\",\"position\":1,\"name\":\"Portada\",\"item\":\"https:\/\/letrame.com\/catalogo\/\"},{\"@type\":\"ListItem\",\"position\":2,\"name\":\"Cat\u00e1logo\",\"item\":\"https:\/\/letrame.com\/catalogo\/\"},{\"@type\":\"ListItem\",\"position\":3,\"name\":\"Pen\u00e9lope. 2\u00aa edici\u00f3n\"}]},{\"@type\":\"WebSite\",\"@id\":\"https:\/\/letrame.com\/catalogo\/#website\",\"url\":\"https:\/\/letrame.com\/catalogo\/\",\"name\":\"Catalogo | Letrame Grupo Editorial\",\"description\":\"\",\"publisher\":{\"@id\":\"https:\/\/letrame.com\/catalogo\/#organization\"},\"potentialAction\":[{\"@type\":\"SearchAction\",\"target\":{\"@type\":\"EntryPoint\",\"urlTemplate\":\"https:\/\/letrame.com\/catalogo\/?s={search_term_string}\"},\"query-input\":{\"@type\":\"PropertyValueSpecification\",\"valueRequired\":true,\"valueName\":\"search_term_string\"}}],\"inLanguage\":\"es\"},{\"@type\":\"Organization\",\"@id\":\"https:\/\/letrame.com\/catalogo\/#organization\",\"name\":\"Catalogo | Letrame Grupo Editorial\",\"url\":\"https:\/\/letrame.com\/catalogo\/\",\"logo\":{\"@type\":\"ImageObject\",\"inLanguage\":\"es\",\"@id\":\"https:\/\/letrame.com\/catalogo\/#\/schema\/logo\/image\/\",\"url\":\"https:\/\/letrame.com\/catalogo\/wp-content\/uploads\/2024\/03\/logo2.webp\",\"contentUrl\":\"https:\/\/letrame.com\/catalogo\/wp-content\/uploads\/2024\/03\/logo2.webp\",\"width\":394,\"height\":128,\"caption\":\"Catalogo | Letrame Grupo Editorial\"},\"image\":{\"@id\":\"https:\/\/letrame.com\/catalogo\/#\/schema\/logo\/image\/\"}}]}<\/script>\n<!-- \/ Yoast SEO plugin. -->","yoast_head_json":{"title":"Pen\u00e9lope. 2\u00aa edici\u00f3n - Catalogo | Letrame Grupo Editorial","robots":{"index":"index","follow":"follow","max-snippet":"max-snippet:-1","max-image-preview":"max-image-preview:large","max-video-preview":"max-video-preview:-1"},"canonical":"https:\/\/letrame.com\/catalogo\/producto\/penelope-2a-edicion\/","og_locale":"es_ES","og_type":"article","og_title":"Pen\u00e9lope. 2\u00aa edici\u00f3n - Catalogo | Letrame Grupo Editorial","og_description":"ISBN:\u00a0 979-13-7012-962-0 SINOPSIS En medio del caos, ella es la \u00fanica esperanza.En un campamento m\u00e9dico cerca de la frontera somal\u00ed, la doctoraPen\u00e9lope Garc\u00eda sobrevive a un ataque armado devastador que trans-forma su vida para siempre. Mientras lucha por reconstruirse, seenfrenta a una red de corrupci\u00f3n y drogas liderada por Phi-lippe Straperlo, un infl uyente y desleal miembrode la ONU.Atrapada entre el deber y el peligro, Pen\u00e9lope en-cuentra un inesperado aliado en Daniel Ariza, un piloto humanitariocuyo amor se convertir\u00e1 en un faro en medio de la oscuridad. Perola traici\u00f3n acecha en cada rinc\u00f3n, y los secretos de quienes la rodeanpondr\u00e1n a prueba su resiliencia.Con una narrativa vibrante y giros que desaf\u00edan las expectativas, Pe-n\u00e9lope no solo es un apasionante thriller, sino tambi\u00e9n una refl exi\u00f3nconmovedora sobre la esperanza, el sacrifi cio y la lucha por la justiciaen los rincones m\u00e1s sombr\u00edos del mundo.","og_url":"https:\/\/letrame.com\/catalogo\/producto\/penelope-2a-edicion\/","og_site_name":"Catalogo | Letrame Grupo Editorial","article_modified_time":"2026-01-28T15:18:46+00:00","og_image":[{"width":1828,"height":2560,"url":"https:\/\/letrame.com\/catalogo\/wp-content\/uploads\/2026\/01\/PPenelope_2588mm4-scaled.jpg","type":"image\/jpeg"}],"twitter_card":"summary_large_image","twitter_misc":{"Tiempo de lectura":"1 minuto"},"schema":{"@context":"https:\/\/schema.org","@graph":[{"@type":"WebPage","@id":"https:\/\/letrame.com\/catalogo\/producto\/penelope-2a-edicion\/","url":"https:\/\/letrame.com\/catalogo\/producto\/penelope-2a-edicion\/","name":"Pen\u00e9lope. 2\u00aa edici\u00f3n - Catalogo | Letrame Grupo Editorial","isPartOf":{"@id":"https:\/\/letrame.com\/catalogo\/#website"},"primaryImageOfPage":{"@id":"https:\/\/letrame.com\/catalogo\/producto\/penelope-2a-edicion\/#primaryimage"},"image":{"@id":"https:\/\/letrame.com\/catalogo\/producto\/penelope-2a-edicion\/#primaryimage"},"thumbnailUrl":"https:\/\/letrame.com\/catalogo\/wp-content\/uploads\/2026\/01\/PPenelope_2588mm4-scaled.jpg","datePublished":"2026-01-28T15:18:45+00:00","dateModified":"2026-01-28T15:18:46+00:00","breadcrumb":{"@id":"https:\/\/letrame.com\/catalogo\/producto\/penelope-2a-edicion\/#breadcrumb"},"inLanguage":"es","potentialAction":[{"@type":"ReadAction","target":["https:\/\/letrame.com\/catalogo\/producto\/penelope-2a-edicion\/"]}]},{"@type":"ImageObject","inLanguage":"es","@id":"https:\/\/letrame.com\/catalogo\/producto\/penelope-2a-edicion\/#primaryimage","url":"https:\/\/letrame.com\/catalogo\/wp-content\/uploads\/2026\/01\/PPenelope_2588mm4-scaled.jpg","contentUrl":"https:\/\/letrame.com\/catalogo\/wp-content\/uploads\/2026\/01\/PPenelope_2588mm4-scaled.jpg","width":1828,"height":2560},{"@type":"BreadcrumbList","@id":"https:\/\/letrame.com\/catalogo\/producto\/penelope-2a-edicion\/#breadcrumb","itemListElement":[{"@type":"ListItem","position":1,"name":"Portada","item":"https:\/\/letrame.com\/catalogo\/"},{"@type":"ListItem","position":2,"name":"Cat\u00e1logo","item":"https:\/\/letrame.com\/catalogo\/"},{"@type":"ListItem","position":3,"name":"Pen\u00e9lope. 2\u00aa edici\u00f3n"}]},{"@type":"WebSite","@id":"https:\/\/letrame.com\/catalogo\/#website","url":"https:\/\/letrame.com\/catalogo\/","name":"Catalogo | Letrame Grupo Editorial","description":"","publisher":{"@id":"https:\/\/letrame.com\/catalogo\/#organization"},"potentialAction":[{"@type":"SearchAction","target":{"@type":"EntryPoint","urlTemplate":"https:\/\/letrame.com\/catalogo\/?s={search_term_string}"},"query-input":{"@type":"PropertyValueSpecification","valueRequired":true,"valueName":"search_term_string"}}],"inLanguage":"es"},{"@type":"Organization","@id":"https:\/\/letrame.com\/catalogo\/#organization","name":"Catalogo | Letrame Grupo Editorial","url":"https:\/\/letrame.com\/catalogo\/","logo":{"@type":"ImageObject","inLanguage":"es","@id":"https:\/\/letrame.com\/catalogo\/#\/schema\/logo\/image\/","url":"https:\/\/letrame.com\/catalogo\/wp-content\/uploads\/2024\/03\/logo2.webp","contentUrl":"https:\/\/letrame.com\/catalogo\/wp-content\/uploads\/2024\/03\/logo2.webp","width":394,"height":128,"caption":"Catalogo | Letrame Grupo Editorial"},"image":{"@id":"https:\/\/letrame.com\/catalogo\/#\/schema\/logo\/image\/"}}]}},"_links":{"self":[{"href":"https:\/\/letrame.com\/catalogo\/wp-json\/wp\/v2\/product\/110888","targetHints":{"allow":["GET"]}}],"collection":[{"href":"https:\/\/letrame.com\/catalogo\/wp-json\/wp\/v2\/product"}],"about":[{"href":"https:\/\/letrame.com\/catalogo\/wp-json\/wp\/v2\/types\/product"}],"replies":[{"embeddable":true,"href":"https:\/\/letrame.com\/catalogo\/wp-json\/wp\/v2\/comments?post=110888"}],"acf:post":[{"embeddable":true,"href":"https:\/\/letrame.com\/catalogo\/wp-json\/wp\/v2\/author_book\/72937"}],"wp:featuredmedia":[{"embeddable":true,"href":"https:\/\/letrame.com\/catalogo\/wp-json\/wp\/v2\/media\/110889"}],"wp:attachment":[{"href":"https:\/\/letrame.com\/catalogo\/wp-json\/wp\/v2\/media?parent=110888"}],"wp:term":[{"taxonomy":"libro","embeddable":true,"href":"https:\/\/letrame.com\/catalogo\/wp-json\/wp\/v2\/libro?post=110888"},{"taxonomy":"product_brand","embeddable":true,"href":"https:\/\/letrame.com\/catalogo\/wp-json\/wp\/v2\/product_brand?post=110888"},{"taxonomy":"product_cat","embeddable":true,"href":"https:\/\/letrame.com\/catalogo\/wp-json\/wp\/v2\/product_cat?post=110888"},{"taxonomy":"product_tag","embeddable":true,"href":"https:\/\/letrame.com\/catalogo\/wp-json\/wp\/v2\/product_tag?post=110888"}],"curies":[{"name":"wp","href":"https:\/\/api.w.org\/{rel}","templated":true}]}}