{"id":110769,"date":"2026-01-12T13:10:49","date_gmt":"2026-01-12T12:10:49","guid":{"rendered":"https:\/\/letrame.com\/catalogo\/?post_type=product&#038;p=110769"},"modified":"2026-01-12T13:10:50","modified_gmt":"2026-01-12T12:10:50","slug":"el-brazalete-de-dagda","status":"publish","type":"product","link":"https:\/\/letrame.com\/catalogo\/producto\/el-brazalete-de-dagda\/","title":{"rendered":"El brazalete de Dagda"},"content":{"rendered":"<p class=\"p1\"><b>ISBN:\u00a0 \u00a0<\/b>979-13-7029-250-8<\/p>\n<p class=\"p1\"><b>T\u00edtulo: <\/b>El brazalete de Dagda<br \/>\n<b>Fecha:\u00a0<\/b>2025<br \/>\n<b>P\u00e1ginas:\u00a0<\/b>210<b><\/b><\/p>\n<p class=\"p1\"><b>SINOPSIS<\/b><\/p>\n<p>Un verano cualquiera.<br \/>\nUn hallazgo imposible.<br \/>\nUn brazalete que conecta el presente con antiguas batallas y dioses olvidados.<br \/>\nCuando \u00c1lex y sus amigos tropiezan con un objeto ca\u00eddo del tiempo, las vacaciones se transforman en un viaje hacia lo desconocido. Entre ruinas, secretos y perseguidores invisibles, descubrir\u00e1n que algunas leyendas nunca mueren&#8230; y que el destino puede estar escrito en la plata de un brazalete.<br \/>\nLo que comenz\u00f3 como una simple excursi\u00f3n juvenil se convierte en una persecuci\u00f3n de sombras, una b\u00fasqueda que los llevar\u00e1 a bibliotecas ocultas, a paisajes cargados de s\u00edmbolos y a mitos que resurgen con la fuerza de lo real. El pasado celta y vikingo reclama su lugar, y los j\u00f3venes deber\u00e1n decidir si escuchan la llamada de los dioses o si huyen de ella.<br \/>\nEl brazalete de Dagda es un puente entre mundos, una llave hacia secretos que nunca debieron salir a la luz. Y quienes lo portan descubrir\u00e1n que crecer no siempre significa elegir un futuro&#8230; a veces significa cargar con el peso de un destino escrito mucho antes de nacer.<\/p>\n","protected":false},"excerpt":{"rendered":"<p class=\"p1\"><b>ISBN:\u00a0 \u00a0<\/b>979-13-7029-250-8<\/p>\n<p class=\"p1\"><b>SINOPSIS<\/b><\/p>\n<p>Un verano cualquiera.<br \/>\nUn hallazgo imposible.<br \/>\nUn brazalete que conecta el presente con antiguas batallas y dioses olvidados.<br \/>\nCuando \u00c1lex y sus amigos tropiezan con un objeto ca\u00eddo del tiempo, las vacaciones se transforman en un viaje hacia lo desconocido. Entre ruinas, secretos y perseguidores invisibles, descubrir\u00e1n que algunas leyendas nunca mueren&#8230; y que el destino puede estar escrito en la plata de un brazalete.<br \/>\nLo que comenz\u00f3 como una simple excursi\u00f3n juvenil se convierte en una persecuci\u00f3n de sombras, una b\u00fasqueda que los llevar\u00e1 a bibliotecas ocultas, a paisajes cargados de s\u00edmbolos y a mitos que resurgen con la fuerza de lo real. El pasado celta y vikingo reclama su lugar, y los j\u00f3venes deber\u00e1n decidir si escuchan la llamada de los dioses o si huyen de ella.<br \/>\nEl brazalete de Dagda es un puente entre mundos, una llave hacia secretos que nunca debieron salir a la luz. Y quienes lo portan descubrir\u00e1n que crecer no siempre significa elegir un futuro&#8230; a veces significa cargar con el peso de un destino escrito mucho antes de nacer.<\/p>\n","protected":false},"featured_media":110770,"comment_status":"open","ping_status":"closed","template":"","meta":{"_acf_changed":false},"libro":[],"product_brand":[],"product_cat":[43],"product_tag":[],"class_list":{"0":"post-110769","1":"product","2":"type-product","3":"status-publish","4":"has-post-thumbnail","6":"product_cat-aventura","8":"first","9":"instock","10":"shipping-taxable","11":"product-type-simple"},"acf":{"autor":[110767],"enlace_de_compra":"https:\/\/www.amazon.es\/El-brazalete-Dagda-1-Aventura\/dp\/B0G52WQZRP\/ref=sr_1_1?crid=4EFLBKV3DJFZ&dib=eyJ2IjoiMSJ9.SXwso18_SH0Ngh4seRUsug.PJWDCBAVPvwqmtYGxCYSEEba0ExHCIYA8B3rFx5oLJk&dib_tag=se&keywords=el+brazalete+de+dagda&qid=1768219120&sprefix=el+brazalete+de+%2Caps%2C268&sr=8-1"},"yoast_head":"<!-- This site is optimized with the Yoast SEO plugin v27.4 - https:\/\/yoast.com\/product\/yoast-seo-wordpress\/ -->\n<title>El brazalete de Dagda - Catalogo | Letrame Grupo Editorial<\/title>\n<meta name=\"robots\" content=\"index, follow, max-snippet:-1, max-image-preview:large, max-video-preview:-1\" \/>\n<link rel=\"canonical\" href=\"https:\/\/letrame.com\/catalogo\/producto\/el-brazalete-de-dagda\/\" \/>\n<meta property=\"og:locale\" content=\"es_ES\" \/>\n<meta property=\"og:type\" content=\"article\" \/>\n<meta property=\"og:title\" content=\"El brazalete de Dagda - Catalogo | Letrame Grupo Editorial\" \/>\n<meta property=\"og:description\" content=\"ISBN:\u00a0 \u00a0979-13-7029-250-8 SINOPSIS Un verano cualquiera. Un hallazgo imposible. Un brazalete que conecta el presente con antiguas batallas y dioses olvidados. Cuando \u00c1lex y sus amigos tropiezan con un objeto ca\u00eddo del tiempo, las vacaciones se transforman en un viaje hacia lo desconocido. Entre ruinas, secretos y perseguidores invisibles, descubrir\u00e1n que algunas leyendas nunca mueren... y que el destino puede estar escrito en la plata de un brazalete. Lo que comenz\u00f3 como una simple excursi\u00f3n juvenil se convierte en una persecuci\u00f3n de sombras, una b\u00fasqueda que los llevar\u00e1 a bibliotecas ocultas, a paisajes cargados de s\u00edmbolos y a mitos que resurgen con la fuerza de lo real. El pasado celta y vikingo reclama su lugar, y los j\u00f3venes deber\u00e1n decidir si escuchan la llamada de los dioses o si huyen de ella. El brazalete de Dagda es un puente entre mundos, una llave hacia secretos que nunca debieron salir a la luz. Y quienes lo portan descubrir\u00e1n que crecer no siempre significa elegir un futuro... a veces significa cargar con el peso de un destino escrito mucho antes de nacer.\" \/>\n<meta property=\"og:url\" content=\"https:\/\/letrame.com\/catalogo\/producto\/el-brazalete-de-dagda\/\" \/>\n<meta property=\"og:site_name\" content=\"Catalogo | Letrame Grupo Editorial\" \/>\n<meta property=\"article:modified_time\" content=\"2026-01-12T12:10:50+00:00\" \/>\n<meta property=\"og:image\" content=\"https:\/\/letrame.com\/catalogo\/wp-content\/uploads\/2026\/01\/elbrazaletededagda_1048mm4-scaled.jpg\" \/>\n\t<meta property=\"og:image:width\" content=\"1828\" \/>\n\t<meta property=\"og:image:height\" content=\"2560\" \/>\n\t<meta property=\"og:image:type\" content=\"image\/jpeg\" \/>\n<meta name=\"twitter:card\" content=\"summary_large_image\" \/>\n<meta name=\"twitter:label1\" content=\"Tiempo de lectura\" \/>\n\t<meta name=\"twitter:data1\" content=\"2 minutos\" \/>\n<script type=\"application\/ld+json\" class=\"yoast-schema-graph\">{\"@context\":\"https:\\\/\\\/schema.org\",\"@graph\":[{\"@type\":\"WebPage\",\"@id\":\"https:\\\/\\\/letrame.com\\\/catalogo\\\/producto\\\/el-brazalete-de-dagda\\\/\",\"url\":\"https:\\\/\\\/letrame.com\\\/catalogo\\\/producto\\\/el-brazalete-de-dagda\\\/\",\"name\":\"El brazalete de Dagda - Catalogo | Letrame Grupo Editorial\",\"isPartOf\":{\"@id\":\"https:\\\/\\\/letrame.com\\\/catalogo\\\/#website\"},\"primaryImageOfPage\":{\"@id\":\"https:\\\/\\\/letrame.com\\\/catalogo\\\/producto\\\/el-brazalete-de-dagda\\\/#primaryimage\"},\"image\":{\"@id\":\"https:\\\/\\\/letrame.com\\\/catalogo\\\/producto\\\/el-brazalete-de-dagda\\\/#primaryimage\"},\"thumbnailUrl\":\"https:\\\/\\\/letrame.com\\\/catalogo\\\/wp-content\\\/uploads\\\/2026\\\/01\\\/elbrazaletededagda_1048mm4-scaled.jpg\",\"datePublished\":\"2026-01-12T12:10:49+00:00\",\"dateModified\":\"2026-01-12T12:10:50+00:00\",\"breadcrumb\":{\"@id\":\"https:\\\/\\\/letrame.com\\\/catalogo\\\/producto\\\/el-brazalete-de-dagda\\\/#breadcrumb\"},\"inLanguage\":\"es\",\"potentialAction\":[{\"@type\":\"ReadAction\",\"target\":[\"https:\\\/\\\/letrame.com\\\/catalogo\\\/producto\\\/el-brazalete-de-dagda\\\/\"]}]},{\"@type\":\"ImageObject\",\"inLanguage\":\"es\",\"@id\":\"https:\\\/\\\/letrame.com\\\/catalogo\\\/producto\\\/el-brazalete-de-dagda\\\/#primaryimage\",\"url\":\"https:\\\/\\\/letrame.com\\\/catalogo\\\/wp-content\\\/uploads\\\/2026\\\/01\\\/elbrazaletededagda_1048mm4-scaled.jpg\",\"contentUrl\":\"https:\\\/\\\/letrame.com\\\/catalogo\\\/wp-content\\\/uploads\\\/2026\\\/01\\\/elbrazaletededagda_1048mm4-scaled.jpg\",\"width\":1828,\"height\":2560},{\"@type\":\"BreadcrumbList\",\"@id\":\"https:\\\/\\\/letrame.com\\\/catalogo\\\/producto\\\/el-brazalete-de-dagda\\\/#breadcrumb\",\"itemListElement\":[{\"@type\":\"ListItem\",\"position\":1,\"name\":\"Portada\",\"item\":\"https:\\\/\\\/letrame.com\\\/catalogo\\\/\"},{\"@type\":\"ListItem\",\"position\":2,\"name\":\"Cat\u00e1logo\",\"item\":\"https:\\\/\\\/letrame.com\\\/catalogo\\\/\"},{\"@type\":\"ListItem\",\"position\":3,\"name\":\"El brazalete de Dagda\"}]},{\"@type\":\"WebSite\",\"@id\":\"https:\\\/\\\/letrame.com\\\/catalogo\\\/#website\",\"url\":\"https:\\\/\\\/letrame.com\\\/catalogo\\\/\",\"name\":\"Catalogo | Letrame Grupo Editorial\",\"description\":\"\",\"publisher\":{\"@id\":\"https:\\\/\\\/letrame.com\\\/catalogo\\\/#organization\"},\"potentialAction\":[{\"@type\":\"SearchAction\",\"target\":{\"@type\":\"EntryPoint\",\"urlTemplate\":\"https:\\\/\\\/letrame.com\\\/catalogo\\\/?s={search_term_string}\"},\"query-input\":{\"@type\":\"PropertyValueSpecification\",\"valueRequired\":true,\"valueName\":\"search_term_string\"}}],\"inLanguage\":\"es\"},{\"@type\":\"Organization\",\"@id\":\"https:\\\/\\\/letrame.com\\\/catalogo\\\/#organization\",\"name\":\"Catalogo | Letrame Grupo Editorial\",\"url\":\"https:\\\/\\\/letrame.com\\\/catalogo\\\/\",\"logo\":{\"@type\":\"ImageObject\",\"inLanguage\":\"es\",\"@id\":\"https:\\\/\\\/letrame.com\\\/catalogo\\\/#\\\/schema\\\/logo\\\/image\\\/\",\"url\":\"https:\\\/\\\/letrame.com\\\/catalogo\\\/wp-content\\\/uploads\\\/2024\\\/03\\\/logo2.webp\",\"contentUrl\":\"https:\\\/\\\/letrame.com\\\/catalogo\\\/wp-content\\\/uploads\\\/2024\\\/03\\\/logo2.webp\",\"width\":394,\"height\":128,\"caption\":\"Catalogo | Letrame Grupo Editorial\"},\"image\":{\"@id\":\"https:\\\/\\\/letrame.com\\\/catalogo\\\/#\\\/schema\\\/logo\\\/image\\\/\"}}]}<\/script>\n<!-- \/ Yoast SEO plugin. -->","yoast_head_json":{"title":"El brazalete de Dagda - Catalogo | Letrame Grupo Editorial","robots":{"index":"index","follow":"follow","max-snippet":"max-snippet:-1","max-image-preview":"max-image-preview:large","max-video-preview":"max-video-preview:-1"},"canonical":"https:\/\/letrame.com\/catalogo\/producto\/el-brazalete-de-dagda\/","og_locale":"es_ES","og_type":"article","og_title":"El brazalete de Dagda - Catalogo | Letrame Grupo Editorial","og_description":"ISBN:\u00a0 \u00a0979-13-7029-250-8 SINOPSIS Un verano cualquiera. Un hallazgo imposible. Un brazalete que conecta el presente con antiguas batallas y dioses olvidados. Cuando \u00c1lex y sus amigos tropiezan con un objeto ca\u00eddo del tiempo, las vacaciones se transforman en un viaje hacia lo desconocido. Entre ruinas, secretos y perseguidores invisibles, descubrir\u00e1n que algunas leyendas nunca mueren... y que el destino puede estar escrito en la plata de un brazalete. Lo que comenz\u00f3 como una simple excursi\u00f3n juvenil se convierte en una persecuci\u00f3n de sombras, una b\u00fasqueda que los llevar\u00e1 a bibliotecas ocultas, a paisajes cargados de s\u00edmbolos y a mitos que resurgen con la fuerza de lo real. El pasado celta y vikingo reclama su lugar, y los j\u00f3venes deber\u00e1n decidir si escuchan la llamada de los dioses o si huyen de ella. El brazalete de Dagda es un puente entre mundos, una llave hacia secretos que nunca debieron salir a la luz. Y quienes lo portan descubrir\u00e1n que crecer no siempre significa elegir un futuro... a veces significa cargar con el peso de un destino escrito mucho antes de nacer.","og_url":"https:\/\/letrame.com\/catalogo\/producto\/el-brazalete-de-dagda\/","og_site_name":"Catalogo | Letrame Grupo Editorial","article_modified_time":"2026-01-12T12:10:50+00:00","og_image":[{"width":1828,"height":2560,"url":"https:\/\/letrame.com\/catalogo\/wp-content\/uploads\/2026\/01\/elbrazaletededagda_1048mm4-scaled.jpg","type":"image\/jpeg"}],"twitter_card":"summary_large_image","twitter_misc":{"Tiempo de lectura":"2 minutos"},"schema":{"@context":"https:\/\/schema.org","@graph":[{"@type":"WebPage","@id":"https:\/\/letrame.com\/catalogo\/producto\/el-brazalete-de-dagda\/","url":"https:\/\/letrame.com\/catalogo\/producto\/el-brazalete-de-dagda\/","name":"El brazalete de Dagda - Catalogo | Letrame Grupo Editorial","isPartOf":{"@id":"https:\/\/letrame.com\/catalogo\/#website"},"primaryImageOfPage":{"@id":"https:\/\/letrame.com\/catalogo\/producto\/el-brazalete-de-dagda\/#primaryimage"},"image":{"@id":"https:\/\/letrame.com\/catalogo\/producto\/el-brazalete-de-dagda\/#primaryimage"},"thumbnailUrl":"https:\/\/letrame.com\/catalogo\/wp-content\/uploads\/2026\/01\/elbrazaletededagda_1048mm4-scaled.jpg","datePublished":"2026-01-12T12:10:49+00:00","dateModified":"2026-01-12T12:10:50+00:00","breadcrumb":{"@id":"https:\/\/letrame.com\/catalogo\/producto\/el-brazalete-de-dagda\/#breadcrumb"},"inLanguage":"es","potentialAction":[{"@type":"ReadAction","target":["https:\/\/letrame.com\/catalogo\/producto\/el-brazalete-de-dagda\/"]}]},{"@type":"ImageObject","inLanguage":"es","@id":"https:\/\/letrame.com\/catalogo\/producto\/el-brazalete-de-dagda\/#primaryimage","url":"https:\/\/letrame.com\/catalogo\/wp-content\/uploads\/2026\/01\/elbrazaletededagda_1048mm4-scaled.jpg","contentUrl":"https:\/\/letrame.com\/catalogo\/wp-content\/uploads\/2026\/01\/elbrazaletededagda_1048mm4-scaled.jpg","width":1828,"height":2560},{"@type":"BreadcrumbList","@id":"https:\/\/letrame.com\/catalogo\/producto\/el-brazalete-de-dagda\/#breadcrumb","itemListElement":[{"@type":"ListItem","position":1,"name":"Portada","item":"https:\/\/letrame.com\/catalogo\/"},{"@type":"ListItem","position":2,"name":"Cat\u00e1logo","item":"https:\/\/letrame.com\/catalogo\/"},{"@type":"ListItem","position":3,"name":"El brazalete de Dagda"}]},{"@type":"WebSite","@id":"https:\/\/letrame.com\/catalogo\/#website","url":"https:\/\/letrame.com\/catalogo\/","name":"Catalogo | Letrame Grupo Editorial","description":"","publisher":{"@id":"https:\/\/letrame.com\/catalogo\/#organization"},"potentialAction":[{"@type":"SearchAction","target":{"@type":"EntryPoint","urlTemplate":"https:\/\/letrame.com\/catalogo\/?s={search_term_string}"},"query-input":{"@type":"PropertyValueSpecification","valueRequired":true,"valueName":"search_term_string"}}],"inLanguage":"es"},{"@type":"Organization","@id":"https:\/\/letrame.com\/catalogo\/#organization","name":"Catalogo | Letrame Grupo Editorial","url":"https:\/\/letrame.com\/catalogo\/","logo":{"@type":"ImageObject","inLanguage":"es","@id":"https:\/\/letrame.com\/catalogo\/#\/schema\/logo\/image\/","url":"https:\/\/letrame.com\/catalogo\/wp-content\/uploads\/2024\/03\/logo2.webp","contentUrl":"https:\/\/letrame.com\/catalogo\/wp-content\/uploads\/2024\/03\/logo2.webp","width":394,"height":128,"caption":"Catalogo | Letrame Grupo Editorial"},"image":{"@id":"https:\/\/letrame.com\/catalogo\/#\/schema\/logo\/image\/"}}]}},"_links":{"self":[{"href":"https:\/\/letrame.com\/catalogo\/wp-json\/wp\/v2\/product\/110769","targetHints":{"allow":["GET"]}}],"collection":[{"href":"https:\/\/letrame.com\/catalogo\/wp-json\/wp\/v2\/product"}],"about":[{"href":"https:\/\/letrame.com\/catalogo\/wp-json\/wp\/v2\/types\/product"}],"replies":[{"embeddable":true,"href":"https:\/\/letrame.com\/catalogo\/wp-json\/wp\/v2\/comments?post=110769"}],"acf:post":[{"embeddable":true,"href":"https:\/\/letrame.com\/catalogo\/wp-json\/wp\/v2\/author_book\/110767"}],"wp:featuredmedia":[{"embeddable":true,"href":"https:\/\/letrame.com\/catalogo\/wp-json\/wp\/v2\/media\/110770"}],"wp:attachment":[{"href":"https:\/\/letrame.com\/catalogo\/wp-json\/wp\/v2\/media?parent=110769"}],"wp:term":[{"taxonomy":"libro","embeddable":true,"href":"https:\/\/letrame.com\/catalogo\/wp-json\/wp\/v2\/libro?post=110769"},{"taxonomy":"product_brand","embeddable":true,"href":"https:\/\/letrame.com\/catalogo\/wp-json\/wp\/v2\/product_brand?post=110769"},{"taxonomy":"product_cat","embeddable":true,"href":"https:\/\/letrame.com\/catalogo\/wp-json\/wp\/v2\/product_cat?post=110769"},{"taxonomy":"product_tag","embeddable":true,"href":"https:\/\/letrame.com\/catalogo\/wp-json\/wp\/v2\/product_tag?post=110769"}],"curies":[{"name":"wp","href":"https:\/\/api.w.org\/{rel}","templated":true}]}}