{"id":110726,"date":"2026-01-09T13:11:50","date_gmt":"2026-01-09T12:11:50","guid":{"rendered":"https:\/\/letrame.com\/catalogo\/?post_type=product&#038;p=110726"},"modified":"2026-01-09T13:11:50","modified_gmt":"2026-01-09T12:11:50","slug":"espejos-del-sol","status":"publish","type":"product","link":"https:\/\/letrame.com\/catalogo\/producto\/espejos-del-sol\/","title":{"rendered":"Espejos del Sol"},"content":{"rendered":"<p class=\"p1\"><b>ISBN: <\/b>979-13-7029-106-8<\/p>\n<p class=\"p1\"><b>T\u00edtulo:\u00a0<\/b>Espejos del Sol<br \/>\n<b>Fecha:\u00a0<\/b>2025<br \/>\n<b>P\u00e1ginas:\u00a0<\/b>150<b><\/b><\/p>\n<p class=\"p1\"><b>SINOPSIS<\/b><\/p>\n<p>Espejos del Sol, cr\u00f3nicas de un viaje m\u00edstico narra la existencia de una ruta espiritual; una peregrinaci\u00f3n hacia lugares sagrados del planeta, conocidos como \u00abEspejos Solares\u00bb.<br \/>\nGuiada por la intuici\u00f3n y sabios conocedores, la autora recorri\u00f3 estos espectaculares centros planetarios, logrando revelar un camino que trae un profundo descubrimiento espiritual, sanaci\u00f3n y transformaci\u00f3n personal.<br \/>\nUn libro para quienes buscan conocer el sentido m\u00e1s elevado de la existencia y para los esp\u00edritus inquietos que anhelan un reencuentro con su interior. Espejos del Sol es mucho m\u00e1s que una lectura: es una viaje y experiencia reveladora de gran conocimiento aplicable para estos d\u00edas.<\/p>\n","protected":false},"excerpt":{"rendered":"<p class=\"p1\"><b>ISBN: <\/b>979-13-7029-106-8<\/p>\n<p class=\"p1\"><b>SINOPSIS<\/b><\/p>\n<p>Espejos del Sol, cr\u00f3nicas de un viaje m\u00edstico narra la existencia de una ruta espiritual; una peregrinaci\u00f3n hacia lugares sagrados del planeta, conocidos como \u00abEspejos Solares\u00bb.<br \/>\nGuiada por la intuici\u00f3n y sabios conocedores, la autora recorri\u00f3 estos espectaculares centros planetarios, logrando revelar un camino que trae un profundo descubrimiento espiritual, sanaci\u00f3n y transformaci\u00f3n personal.<br \/>\nUn libro para quienes buscan conocer el sentido m\u00e1s elevado de la existencia y para los esp\u00edritus inquietos que anhelan un reencuentro con su interior. Espejos del Sol es mucho m\u00e1s que una lectura: es una viaje y experiencia reveladora de gran conocimiento aplicable para estos d\u00edas.<\/p>\n","protected":false},"featured_media":110729,"comment_status":"open","ping_status":"closed","template":"","meta":{"_acf_changed":false},"libro":[],"product_brand":[],"product_cat":[25],"product_tag":[],"class_list":{"0":"post-110726","1":"product","2":"type-product","3":"status-publish","4":"has-post-thumbnail","6":"product_cat-religion-y-espiritualidad","8":"first","9":"instock","10":"shipping-taxable","11":"product-type-simple"},"acf":{"autor":[110725],"enlace_de_compra":"https:\/\/www.amazon.es\/Espejos-del-Loreto-Nordenflycht-Vidal\/dp\/B0GFHGSTKL\/ref=sr_1_1?__mk_es_ES=%C3%85M%C3%85%C5%BD%C3%95%C3%91&crid=1SAIMXQ0ZU4OM&dib=eyJ2IjoiMSJ9.MRxCe4pF1URlaaBkRnkXiDhzbXBNjV8lnQWlR8DpooIvSLg5phIDS0fycX6siN49OLt9eLk3QQ9Zwi_R0nlvsoJw0GaTlKj3ErpU_PPqSRU6ipsOSfCHuYBjwFSB8eOkAYngZAihHeA0Gmn4sTcdVzKlaHQHT-85LhzTIt0xCJLW_DnV2NbBmQZUNIJt3Cx989xbAxPFdhHEOhkVgVLlRPChHuvmcFXLd-xi1iUVbMhe3bO4ineMP-ZxbfSU62wgGSCcVcrV0F3L2b0931HZnG7uRvNaltXvWgDgFEsvXg0.mGQbNrDtz1wbjDlFTwrO9NqYm7mcUI-vZvFQrcVFruI&dib_tag=se&keywords=espejos+de+sol+Letrame&qid=1767960498&sprefix=espejos+de+sol+letra%2Caps%2C246&sr=8-1"},"yoast_head":"<!-- This site is optimized with the Yoast SEO plugin v26.6 - https:\/\/yoast.com\/wordpress\/plugins\/seo\/ -->\n<title>Espejos del Sol - Catalogo | Letrame Grupo Editorial<\/title>\n<meta name=\"robots\" content=\"index, follow, max-snippet:-1, max-image-preview:large, max-video-preview:-1\" \/>\n<link rel=\"canonical\" href=\"https:\/\/letrame.com\/catalogo\/producto\/espejos-del-sol\/\" \/>\n<meta property=\"og:locale\" content=\"es_ES\" \/>\n<meta property=\"og:type\" content=\"article\" \/>\n<meta property=\"og:title\" content=\"Espejos del Sol - Catalogo | Letrame Grupo Editorial\" \/>\n<meta property=\"og:description\" content=\"ISBN: 979-13-7029-106-8 SINOPSIS Espejos del Sol, cr\u00f3nicas de un viaje m\u00edstico narra la existencia de una ruta espiritual; una peregrinaci\u00f3n hacia lugares sagrados del planeta, conocidos como \u00abEspejos Solares\u00bb. Guiada por la intuici\u00f3n y sabios conocedores, la autora recorri\u00f3 estos espectaculares centros planetarios, logrando revelar un camino que trae un profundo descubrimiento espiritual, sanaci\u00f3n y transformaci\u00f3n personal. Un libro para quienes buscan conocer el sentido m\u00e1s elevado de la existencia y para los esp\u00edritus inquietos que anhelan un reencuentro con su interior. Espejos del Sol es mucho m\u00e1s que una lectura: es una viaje y experiencia reveladora de gran conocimiento aplicable para estos d\u00edas.\" \/>\n<meta property=\"og:url\" content=\"https:\/\/letrame.com\/catalogo\/producto\/espejos-del-sol\/\" \/>\n<meta property=\"og:site_name\" content=\"Catalogo | Letrame Grupo Editorial\" \/>\n<meta property=\"og:image\" content=\"https:\/\/letrame.com\/catalogo\/wp-content\/uploads\/2026\/01\/espejosdelsol_896mm4-scaled.jpg\" \/>\n\t<meta property=\"og:image:width\" content=\"1828\" \/>\n\t<meta property=\"og:image:height\" content=\"2560\" \/>\n\t<meta property=\"og:image:type\" content=\"image\/jpeg\" \/>\n<meta name=\"twitter:card\" content=\"summary_large_image\" \/>\n<meta name=\"twitter:label1\" content=\"Tiempo de lectura\" \/>\n\t<meta name=\"twitter:data1\" content=\"1 minuto\" \/>\n<script type=\"application\/ld+json\" class=\"yoast-schema-graph\">{\"@context\":\"https:\/\/schema.org\",\"@graph\":[{\"@type\":\"WebPage\",\"@id\":\"https:\/\/letrame.com\/catalogo\/producto\/espejos-del-sol\/\",\"url\":\"https:\/\/letrame.com\/catalogo\/producto\/espejos-del-sol\/\",\"name\":\"Espejos del Sol - Catalogo | Letrame Grupo Editorial\",\"isPartOf\":{\"@id\":\"https:\/\/letrame.com\/catalogo\/#website\"},\"primaryImageOfPage\":{\"@id\":\"https:\/\/letrame.com\/catalogo\/producto\/espejos-del-sol\/#primaryimage\"},\"image\":{\"@id\":\"https:\/\/letrame.com\/catalogo\/producto\/espejos-del-sol\/#primaryimage\"},\"thumbnailUrl\":\"https:\/\/letrame.com\/catalogo\/wp-content\/uploads\/2026\/01\/espejosdelsol_896mm4-scaled.jpg\",\"datePublished\":\"2026-01-09T12:11:50+00:00\",\"breadcrumb\":{\"@id\":\"https:\/\/letrame.com\/catalogo\/producto\/espejos-del-sol\/#breadcrumb\"},\"inLanguage\":\"es\",\"potentialAction\":[{\"@type\":\"ReadAction\",\"target\":[\"https:\/\/letrame.com\/catalogo\/producto\/espejos-del-sol\/\"]}]},{\"@type\":\"ImageObject\",\"inLanguage\":\"es\",\"@id\":\"https:\/\/letrame.com\/catalogo\/producto\/espejos-del-sol\/#primaryimage\",\"url\":\"https:\/\/letrame.com\/catalogo\/wp-content\/uploads\/2026\/01\/espejosdelsol_896mm4-scaled.jpg\",\"contentUrl\":\"https:\/\/letrame.com\/catalogo\/wp-content\/uploads\/2026\/01\/espejosdelsol_896mm4-scaled.jpg\",\"width\":1828,\"height\":2560},{\"@type\":\"BreadcrumbList\",\"@id\":\"https:\/\/letrame.com\/catalogo\/producto\/espejos-del-sol\/#breadcrumb\",\"itemListElement\":[{\"@type\":\"ListItem\",\"position\":1,\"name\":\"Portada\",\"item\":\"https:\/\/letrame.com\/catalogo\/\"},{\"@type\":\"ListItem\",\"position\":2,\"name\":\"Cat\u00e1logo\",\"item\":\"https:\/\/letrame.com\/catalogo\/\"},{\"@type\":\"ListItem\",\"position\":3,\"name\":\"Espejos del Sol\"}]},{\"@type\":\"WebSite\",\"@id\":\"https:\/\/letrame.com\/catalogo\/#website\",\"url\":\"https:\/\/letrame.com\/catalogo\/\",\"name\":\"Catalogo | Letrame Grupo Editorial\",\"description\":\"\",\"publisher\":{\"@id\":\"https:\/\/letrame.com\/catalogo\/#organization\"},\"potentialAction\":[{\"@type\":\"SearchAction\",\"target\":{\"@type\":\"EntryPoint\",\"urlTemplate\":\"https:\/\/letrame.com\/catalogo\/?s={search_term_string}\"},\"query-input\":{\"@type\":\"PropertyValueSpecification\",\"valueRequired\":true,\"valueName\":\"search_term_string\"}}],\"inLanguage\":\"es\"},{\"@type\":\"Organization\",\"@id\":\"https:\/\/letrame.com\/catalogo\/#organization\",\"name\":\"Catalogo | Letrame Grupo Editorial\",\"url\":\"https:\/\/letrame.com\/catalogo\/\",\"logo\":{\"@type\":\"ImageObject\",\"inLanguage\":\"es\",\"@id\":\"https:\/\/letrame.com\/catalogo\/#\/schema\/logo\/image\/\",\"url\":\"https:\/\/letrame.com\/catalogo\/wp-content\/uploads\/2024\/03\/logo2.webp\",\"contentUrl\":\"https:\/\/letrame.com\/catalogo\/wp-content\/uploads\/2024\/03\/logo2.webp\",\"width\":394,\"height\":128,\"caption\":\"Catalogo | Letrame Grupo Editorial\"},\"image\":{\"@id\":\"https:\/\/letrame.com\/catalogo\/#\/schema\/logo\/image\/\"}}]}<\/script>\n<!-- \/ Yoast SEO plugin. -->","yoast_head_json":{"title":"Espejos del Sol - Catalogo | Letrame Grupo Editorial","robots":{"index":"index","follow":"follow","max-snippet":"max-snippet:-1","max-image-preview":"max-image-preview:large","max-video-preview":"max-video-preview:-1"},"canonical":"https:\/\/letrame.com\/catalogo\/producto\/espejos-del-sol\/","og_locale":"es_ES","og_type":"article","og_title":"Espejos del Sol - Catalogo | Letrame Grupo Editorial","og_description":"ISBN: 979-13-7029-106-8 SINOPSIS Espejos del Sol, cr\u00f3nicas de un viaje m\u00edstico narra la existencia de una ruta espiritual; una peregrinaci\u00f3n hacia lugares sagrados del planeta, conocidos como \u00abEspejos Solares\u00bb. Guiada por la intuici\u00f3n y sabios conocedores, la autora recorri\u00f3 estos espectaculares centros planetarios, logrando revelar un camino que trae un profundo descubrimiento espiritual, sanaci\u00f3n y transformaci\u00f3n personal. Un libro para quienes buscan conocer el sentido m\u00e1s elevado de la existencia y para los esp\u00edritus inquietos que anhelan un reencuentro con su interior. Espejos del Sol es mucho m\u00e1s que una lectura: es una viaje y experiencia reveladora de gran conocimiento aplicable para estos d\u00edas.","og_url":"https:\/\/letrame.com\/catalogo\/producto\/espejos-del-sol\/","og_site_name":"Catalogo | Letrame Grupo Editorial","og_image":[{"width":1828,"height":2560,"url":"https:\/\/letrame.com\/catalogo\/wp-content\/uploads\/2026\/01\/espejosdelsol_896mm4-scaled.jpg","type":"image\/jpeg"}],"twitter_card":"summary_large_image","twitter_misc":{"Tiempo de lectura":"1 minuto"},"schema":{"@context":"https:\/\/schema.org","@graph":[{"@type":"WebPage","@id":"https:\/\/letrame.com\/catalogo\/producto\/espejos-del-sol\/","url":"https:\/\/letrame.com\/catalogo\/producto\/espejos-del-sol\/","name":"Espejos del Sol - Catalogo | Letrame Grupo Editorial","isPartOf":{"@id":"https:\/\/letrame.com\/catalogo\/#website"},"primaryImageOfPage":{"@id":"https:\/\/letrame.com\/catalogo\/producto\/espejos-del-sol\/#primaryimage"},"image":{"@id":"https:\/\/letrame.com\/catalogo\/producto\/espejos-del-sol\/#primaryimage"},"thumbnailUrl":"https:\/\/letrame.com\/catalogo\/wp-content\/uploads\/2026\/01\/espejosdelsol_896mm4-scaled.jpg","datePublished":"2026-01-09T12:11:50+00:00","breadcrumb":{"@id":"https:\/\/letrame.com\/catalogo\/producto\/espejos-del-sol\/#breadcrumb"},"inLanguage":"es","potentialAction":[{"@type":"ReadAction","target":["https:\/\/letrame.com\/catalogo\/producto\/espejos-del-sol\/"]}]},{"@type":"ImageObject","inLanguage":"es","@id":"https:\/\/letrame.com\/catalogo\/producto\/espejos-del-sol\/#primaryimage","url":"https:\/\/letrame.com\/catalogo\/wp-content\/uploads\/2026\/01\/espejosdelsol_896mm4-scaled.jpg","contentUrl":"https:\/\/letrame.com\/catalogo\/wp-content\/uploads\/2026\/01\/espejosdelsol_896mm4-scaled.jpg","width":1828,"height":2560},{"@type":"BreadcrumbList","@id":"https:\/\/letrame.com\/catalogo\/producto\/espejos-del-sol\/#breadcrumb","itemListElement":[{"@type":"ListItem","position":1,"name":"Portada","item":"https:\/\/letrame.com\/catalogo\/"},{"@type":"ListItem","position":2,"name":"Cat\u00e1logo","item":"https:\/\/letrame.com\/catalogo\/"},{"@type":"ListItem","position":3,"name":"Espejos del Sol"}]},{"@type":"WebSite","@id":"https:\/\/letrame.com\/catalogo\/#website","url":"https:\/\/letrame.com\/catalogo\/","name":"Catalogo | Letrame Grupo Editorial","description":"","publisher":{"@id":"https:\/\/letrame.com\/catalogo\/#organization"},"potentialAction":[{"@type":"SearchAction","target":{"@type":"EntryPoint","urlTemplate":"https:\/\/letrame.com\/catalogo\/?s={search_term_string}"},"query-input":{"@type":"PropertyValueSpecification","valueRequired":true,"valueName":"search_term_string"}}],"inLanguage":"es"},{"@type":"Organization","@id":"https:\/\/letrame.com\/catalogo\/#organization","name":"Catalogo | Letrame Grupo Editorial","url":"https:\/\/letrame.com\/catalogo\/","logo":{"@type":"ImageObject","inLanguage":"es","@id":"https:\/\/letrame.com\/catalogo\/#\/schema\/logo\/image\/","url":"https:\/\/letrame.com\/catalogo\/wp-content\/uploads\/2024\/03\/logo2.webp","contentUrl":"https:\/\/letrame.com\/catalogo\/wp-content\/uploads\/2024\/03\/logo2.webp","width":394,"height":128,"caption":"Catalogo | Letrame Grupo Editorial"},"image":{"@id":"https:\/\/letrame.com\/catalogo\/#\/schema\/logo\/image\/"}}]}},"_links":{"self":[{"href":"https:\/\/letrame.com\/catalogo\/wp-json\/wp\/v2\/product\/110726","targetHints":{"allow":["GET"]}}],"collection":[{"href":"https:\/\/letrame.com\/catalogo\/wp-json\/wp\/v2\/product"}],"about":[{"href":"https:\/\/letrame.com\/catalogo\/wp-json\/wp\/v2\/types\/product"}],"replies":[{"embeddable":true,"href":"https:\/\/letrame.com\/catalogo\/wp-json\/wp\/v2\/comments?post=110726"}],"acf:post":[{"embeddable":true,"href":"https:\/\/letrame.com\/catalogo\/wp-json\/wp\/v2\/author_book\/110725"}],"wp:featuredmedia":[{"embeddable":true,"href":"https:\/\/letrame.com\/catalogo\/wp-json\/wp\/v2\/media\/110729"}],"wp:attachment":[{"href":"https:\/\/letrame.com\/catalogo\/wp-json\/wp\/v2\/media?parent=110726"}],"wp:term":[{"taxonomy":"libro","embeddable":true,"href":"https:\/\/letrame.com\/catalogo\/wp-json\/wp\/v2\/libro?post=110726"},{"taxonomy":"product_brand","embeddable":true,"href":"https:\/\/letrame.com\/catalogo\/wp-json\/wp\/v2\/product_brand?post=110726"},{"taxonomy":"product_cat","embeddable":true,"href":"https:\/\/letrame.com\/catalogo\/wp-json\/wp\/v2\/product_cat?post=110726"},{"taxonomy":"product_tag","embeddable":true,"href":"https:\/\/letrame.com\/catalogo\/wp-json\/wp\/v2\/product_tag?post=110726"}],"curies":[{"name":"wp","href":"https:\/\/api.w.org\/{rel}","templated":true}]}}