{"id":110672,"date":"2025-12-30T16:23:04","date_gmt":"2025-12-30T15:23:04","guid":{"rendered":"https:\/\/letrame.com\/catalogo\/?post_type=product&#038;p=110672"},"modified":"2025-12-30T16:23:05","modified_gmt":"2025-12-30T15:23:05","slug":"suenos-que-quitan-el-sueno","status":"publish","type":"product","link":"https:\/\/letrame.com\/catalogo\/producto\/suenos-que-quitan-el-sueno\/","title":{"rendered":"Sue\u00f1os que quitan el Sue\u00f1o"},"content":{"rendered":"<p class=\"p1\"><b>ISBN: <\/b>979-13-7012-358-1<\/p>\n<p class=\"p1\"><b>T\u00edtulo:<\/b>Sue\u00f1os que quitan el Sue\u00f1o<br \/>\n<b>Fecha:\u00a0<\/b>2025<br \/>\n<b>P\u00e1ginas: <\/b>112<b><\/b><\/p>\n<p class=\"p1\"><b>SINOPSIS<\/b><\/p>\n<p>Me duermo y el mundo cambia, \u00bfes real o solamente est\u00e1 en mi cabeza? Ambas cosas, eso s\u00ed, quiero despertar; no siempre es f\u00e1cil, es una c\u00e1rcel psicol\u00f3gica, son gritos desesperados del inconsciente. Si me voy, no ser\u00e1 solo, te llevar\u00e9 conmigo.<\/p>\n<p>Ven, te mostrar\u00e9 mis miedos y algunos traumas, vive a mi lado cada sue\u00f1o, cada pesadilla; no te puedo decir qu\u00e9 encontrar\u00e1s, ni yo lo s\u00e9. Veas lo que veas, o sientas lo que sientas, recuerda que no puede hacerte da\u00f1o, al menos, eso es lo que me repito al despertar gritando o llorando, a veces funciona.<\/p>\n<p>\u00bfTe atreves a entrar a la oscuridad de este rinc\u00f3n? No lo hagas antes de dormir, puede que no despiertes.<\/p>\n","protected":false},"excerpt":{"rendered":"<p class=\"p1\"><b>ISBN: <\/b>979-13-7012-358-1<\/p>\n<p class=\"p1\"><b>SINOPSIS<\/b><\/p>\n<p>Me duermo y el mundo cambia, \u00bfes real o solamente est\u00e1 en mi cabeza? Ambas cosas, eso s\u00ed, quiero despertar; no siempre es f\u00e1cil, es una c\u00e1rcel psicol\u00f3gica, son gritos desesperados del inconsciente. Si me voy, no ser\u00e1 solo, te llevar\u00e9 conmigo.<\/p>\n<p>Ven, te mostrar\u00e9 mis miedos y algunos traumas, vive a mi lado cada sue\u00f1o, cada pesadilla; no te puedo decir qu\u00e9 encontrar\u00e1s, ni yo lo s\u00e9. Veas lo que veas, o sientas lo que sientas, recuerda que no puede hacerte da\u00f1o, al menos, eso es lo que me repito al despertar gritando o llorando, a veces funciona.<\/p>\n<p>\u00bfTe atreves a entrar a la oscuridad de este rinc\u00f3n? No lo hagas antes de dormir, puede que no despiertes.<\/p>\n","protected":false},"featured_media":110675,"comment_status":"open","ping_status":"closed","template":"","meta":{"_acf_changed":false},"libro":[],"product_brand":[],"product_cat":[57],"product_tag":[],"class_list":{"0":"post-110672","1":"product","2":"type-product","3":"status-publish","4":"has-post-thumbnail","6":"product_cat-suspenso","8":"first","9":"instock","10":"shipping-taxable","11":"product-type-simple"},"acf":{"autor":[110671],"enlace_de_compra":"https:\/\/www.amazon.es\/Sue%C3%B1os-que-quitan-el-Sue%C3%B1o\/dp\/B0FH1HJNBD\/ref=sr_1_1?__mk_es_ES=%C3%85M%C3%85%C5%BD%C3%95%C3%91&crid=LP1J3G8YKHOI&dib=eyJ2IjoiMSJ9.iLjJqbuKRapVL5btLuXNbNq6I_2QWQDqlEZr5heCjE3BMj1bNBelzMSPMlJS-LpMFmpCLbxCF1ZhQrlKDE_BEI7c9rdmdw2dtdV7_I1N_14jMmRhM8pkLRJL_u_4uBwg3zoRXvak17tSmflBizcP-wUxc2cAf5E1W7sNFRJzAvYqu0ciosPpxnA4suhCW2lgSNchOpBAE4gEERmzKsQBTPFtMg-xx7xcE5CXoJwh7AmED-4vwxWZaXsjMBGGg9imUcsZsL-jc7s8PB8rL5G8X_5LFMwNrWbDJv3dmTw3RrA.Af9bRmcpEbMfrNhRxUi3TNcEP8pBjzOZAIz7Wb9bINM&dib_tag=se&keywords=Sue%C3%B1os+que+quitan+el+Sue%C3%B1o&qid=1767107960&sprefix=sue%C3%B1os+que+quitan+el+sue%C3%B1o%2Caps%2C262&sr=8-1"},"yoast_head":"<!-- This site is optimized with the Yoast SEO plugin v27.4 - https:\/\/yoast.com\/product\/yoast-seo-wordpress\/ -->\n<title>Sue\u00f1os que quitan el Sue\u00f1o - Catalogo | Letrame Grupo Editorial<\/title>\n<meta name=\"robots\" content=\"index, follow, max-snippet:-1, max-image-preview:large, max-video-preview:-1\" \/>\n<link rel=\"canonical\" href=\"https:\/\/letrame.com\/catalogo\/producto\/suenos-que-quitan-el-sueno\/\" \/>\n<meta property=\"og:locale\" content=\"es_ES\" \/>\n<meta property=\"og:type\" content=\"article\" \/>\n<meta property=\"og:title\" content=\"Sue\u00f1os que quitan el Sue\u00f1o - Catalogo | Letrame Grupo Editorial\" \/>\n<meta property=\"og:description\" content=\"ISBN: 979-13-7012-358-1 SINOPSIS Me duermo y el mundo cambia, \u00bfes real o solamente est\u00e1 en mi cabeza? Ambas cosas, eso s\u00ed, quiero despertar; no siempre es f\u00e1cil, es una c\u00e1rcel psicol\u00f3gica, son gritos desesperados del inconsciente. Si me voy, no ser\u00e1 solo, te llevar\u00e9 conmigo.  Ven, te mostrar\u00e9 mis miedos y algunos traumas, vive a mi lado cada sue\u00f1o, cada pesadilla; no te puedo decir qu\u00e9 encontrar\u00e1s, ni yo lo s\u00e9. Veas lo que veas, o sientas lo que sientas, recuerda que no puede hacerte da\u00f1o, al menos, eso es lo que me repito al despertar gritando o llorando, a veces funciona.  \u00bfTe atreves a entrar a la oscuridad de este rinc\u00f3n? No lo hagas antes de dormir, puede que no despiertes.\" \/>\n<meta property=\"og:url\" content=\"https:\/\/letrame.com\/catalogo\/producto\/suenos-que-quitan-el-sueno\/\" \/>\n<meta property=\"og:site_name\" content=\"Catalogo | Letrame Grupo Editorial\" \/>\n<meta property=\"article:modified_time\" content=\"2025-12-30T15:23:05+00:00\" \/>\n<meta property=\"og:image\" content=\"https:\/\/letrame.com\/catalogo\/wp-content\/uploads\/2025\/12\/Suenosquequitanelsueno_6.24mm4.jpg\" \/>\n\t<meta property=\"og:image:width\" content=\"1772\" \/>\n\t<meta property=\"og:image:height\" content=\"2480\" \/>\n\t<meta property=\"og:image:type\" content=\"image\/jpeg\" \/>\n<meta name=\"twitter:card\" content=\"summary_large_image\" \/>\n<meta name=\"twitter:label1\" content=\"Tiempo de lectura\" \/>\n\t<meta name=\"twitter:data1\" content=\"1 minuto\" \/>\n<script type=\"application\/ld+json\" class=\"yoast-schema-graph\">{\"@context\":\"https:\\\/\\\/schema.org\",\"@graph\":[{\"@type\":\"WebPage\",\"@id\":\"https:\\\/\\\/letrame.com\\\/catalogo\\\/producto\\\/suenos-que-quitan-el-sueno\\\/\",\"url\":\"https:\\\/\\\/letrame.com\\\/catalogo\\\/producto\\\/suenos-que-quitan-el-sueno\\\/\",\"name\":\"Sue\u00f1os que quitan el Sue\u00f1o - Catalogo | Letrame Grupo Editorial\",\"isPartOf\":{\"@id\":\"https:\\\/\\\/letrame.com\\\/catalogo\\\/#website\"},\"primaryImageOfPage\":{\"@id\":\"https:\\\/\\\/letrame.com\\\/catalogo\\\/producto\\\/suenos-que-quitan-el-sueno\\\/#primaryimage\"},\"image\":{\"@id\":\"https:\\\/\\\/letrame.com\\\/catalogo\\\/producto\\\/suenos-que-quitan-el-sueno\\\/#primaryimage\"},\"thumbnailUrl\":\"https:\\\/\\\/letrame.com\\\/catalogo\\\/wp-content\\\/uploads\\\/2025\\\/12\\\/Suenosquequitanelsueno_6.24mm4.jpg\",\"datePublished\":\"2025-12-30T15:23:04+00:00\",\"dateModified\":\"2025-12-30T15:23:05+00:00\",\"breadcrumb\":{\"@id\":\"https:\\\/\\\/letrame.com\\\/catalogo\\\/producto\\\/suenos-que-quitan-el-sueno\\\/#breadcrumb\"},\"inLanguage\":\"es\",\"potentialAction\":[{\"@type\":\"ReadAction\",\"target\":[\"https:\\\/\\\/letrame.com\\\/catalogo\\\/producto\\\/suenos-que-quitan-el-sueno\\\/\"]}]},{\"@type\":\"ImageObject\",\"inLanguage\":\"es\",\"@id\":\"https:\\\/\\\/letrame.com\\\/catalogo\\\/producto\\\/suenos-que-quitan-el-sueno\\\/#primaryimage\",\"url\":\"https:\\\/\\\/letrame.com\\\/catalogo\\\/wp-content\\\/uploads\\\/2025\\\/12\\\/Suenosquequitanelsueno_6.24mm4.jpg\",\"contentUrl\":\"https:\\\/\\\/letrame.com\\\/catalogo\\\/wp-content\\\/uploads\\\/2025\\\/12\\\/Suenosquequitanelsueno_6.24mm4.jpg\",\"width\":1772,\"height\":2480},{\"@type\":\"BreadcrumbList\",\"@id\":\"https:\\\/\\\/letrame.com\\\/catalogo\\\/producto\\\/suenos-que-quitan-el-sueno\\\/#breadcrumb\",\"itemListElement\":[{\"@type\":\"ListItem\",\"position\":1,\"name\":\"Portada\",\"item\":\"https:\\\/\\\/letrame.com\\\/catalogo\\\/\"},{\"@type\":\"ListItem\",\"position\":2,\"name\":\"Cat\u00e1logo\",\"item\":\"https:\\\/\\\/letrame.com\\\/catalogo\\\/\"},{\"@type\":\"ListItem\",\"position\":3,\"name\":\"Sue\u00f1os que quitan el Sue\u00f1o\"}]},{\"@type\":\"WebSite\",\"@id\":\"https:\\\/\\\/letrame.com\\\/catalogo\\\/#website\",\"url\":\"https:\\\/\\\/letrame.com\\\/catalogo\\\/\",\"name\":\"Catalogo | Letrame Grupo Editorial\",\"description\":\"\",\"publisher\":{\"@id\":\"https:\\\/\\\/letrame.com\\\/catalogo\\\/#organization\"},\"potentialAction\":[{\"@type\":\"SearchAction\",\"target\":{\"@type\":\"EntryPoint\",\"urlTemplate\":\"https:\\\/\\\/letrame.com\\\/catalogo\\\/?s={search_term_string}\"},\"query-input\":{\"@type\":\"PropertyValueSpecification\",\"valueRequired\":true,\"valueName\":\"search_term_string\"}}],\"inLanguage\":\"es\"},{\"@type\":\"Organization\",\"@id\":\"https:\\\/\\\/letrame.com\\\/catalogo\\\/#organization\",\"name\":\"Catalogo | Letrame Grupo Editorial\",\"url\":\"https:\\\/\\\/letrame.com\\\/catalogo\\\/\",\"logo\":{\"@type\":\"ImageObject\",\"inLanguage\":\"es\",\"@id\":\"https:\\\/\\\/letrame.com\\\/catalogo\\\/#\\\/schema\\\/logo\\\/image\\\/\",\"url\":\"https:\\\/\\\/letrame.com\\\/catalogo\\\/wp-content\\\/uploads\\\/2024\\\/03\\\/logo2.webp\",\"contentUrl\":\"https:\\\/\\\/letrame.com\\\/catalogo\\\/wp-content\\\/uploads\\\/2024\\\/03\\\/logo2.webp\",\"width\":394,\"height\":128,\"caption\":\"Catalogo | Letrame Grupo Editorial\"},\"image\":{\"@id\":\"https:\\\/\\\/letrame.com\\\/catalogo\\\/#\\\/schema\\\/logo\\\/image\\\/\"}}]}<\/script>\n<!-- \/ Yoast SEO plugin. -->","yoast_head_json":{"title":"Sue\u00f1os que quitan el Sue\u00f1o - Catalogo | Letrame Grupo Editorial","robots":{"index":"index","follow":"follow","max-snippet":"max-snippet:-1","max-image-preview":"max-image-preview:large","max-video-preview":"max-video-preview:-1"},"canonical":"https:\/\/letrame.com\/catalogo\/producto\/suenos-que-quitan-el-sueno\/","og_locale":"es_ES","og_type":"article","og_title":"Sue\u00f1os que quitan el Sue\u00f1o - Catalogo | Letrame Grupo Editorial","og_description":"ISBN: 979-13-7012-358-1 SINOPSIS Me duermo y el mundo cambia, \u00bfes real o solamente est\u00e1 en mi cabeza? Ambas cosas, eso s\u00ed, quiero despertar; no siempre es f\u00e1cil, es una c\u00e1rcel psicol\u00f3gica, son gritos desesperados del inconsciente. Si me voy, no ser\u00e1 solo, te llevar\u00e9 conmigo.  Ven, te mostrar\u00e9 mis miedos y algunos traumas, vive a mi lado cada sue\u00f1o, cada pesadilla; no te puedo decir qu\u00e9 encontrar\u00e1s, ni yo lo s\u00e9. Veas lo que veas, o sientas lo que sientas, recuerda que no puede hacerte da\u00f1o, al menos, eso es lo que me repito al despertar gritando o llorando, a veces funciona.  \u00bfTe atreves a entrar a la oscuridad de este rinc\u00f3n? No lo hagas antes de dormir, puede que no despiertes.","og_url":"https:\/\/letrame.com\/catalogo\/producto\/suenos-que-quitan-el-sueno\/","og_site_name":"Catalogo | Letrame Grupo Editorial","article_modified_time":"2025-12-30T15:23:05+00:00","og_image":[{"width":1772,"height":2480,"url":"https:\/\/letrame.com\/catalogo\/wp-content\/uploads\/2025\/12\/Suenosquequitanelsueno_6.24mm4.jpg","type":"image\/jpeg"}],"twitter_card":"summary_large_image","twitter_misc":{"Tiempo de lectura":"1 minuto"},"schema":{"@context":"https:\/\/schema.org","@graph":[{"@type":"WebPage","@id":"https:\/\/letrame.com\/catalogo\/producto\/suenos-que-quitan-el-sueno\/","url":"https:\/\/letrame.com\/catalogo\/producto\/suenos-que-quitan-el-sueno\/","name":"Sue\u00f1os que quitan el Sue\u00f1o - Catalogo | Letrame Grupo Editorial","isPartOf":{"@id":"https:\/\/letrame.com\/catalogo\/#website"},"primaryImageOfPage":{"@id":"https:\/\/letrame.com\/catalogo\/producto\/suenos-que-quitan-el-sueno\/#primaryimage"},"image":{"@id":"https:\/\/letrame.com\/catalogo\/producto\/suenos-que-quitan-el-sueno\/#primaryimage"},"thumbnailUrl":"https:\/\/letrame.com\/catalogo\/wp-content\/uploads\/2025\/12\/Suenosquequitanelsueno_6.24mm4.jpg","datePublished":"2025-12-30T15:23:04+00:00","dateModified":"2025-12-30T15:23:05+00:00","breadcrumb":{"@id":"https:\/\/letrame.com\/catalogo\/producto\/suenos-que-quitan-el-sueno\/#breadcrumb"},"inLanguage":"es","potentialAction":[{"@type":"ReadAction","target":["https:\/\/letrame.com\/catalogo\/producto\/suenos-que-quitan-el-sueno\/"]}]},{"@type":"ImageObject","inLanguage":"es","@id":"https:\/\/letrame.com\/catalogo\/producto\/suenos-que-quitan-el-sueno\/#primaryimage","url":"https:\/\/letrame.com\/catalogo\/wp-content\/uploads\/2025\/12\/Suenosquequitanelsueno_6.24mm4.jpg","contentUrl":"https:\/\/letrame.com\/catalogo\/wp-content\/uploads\/2025\/12\/Suenosquequitanelsueno_6.24mm4.jpg","width":1772,"height":2480},{"@type":"BreadcrumbList","@id":"https:\/\/letrame.com\/catalogo\/producto\/suenos-que-quitan-el-sueno\/#breadcrumb","itemListElement":[{"@type":"ListItem","position":1,"name":"Portada","item":"https:\/\/letrame.com\/catalogo\/"},{"@type":"ListItem","position":2,"name":"Cat\u00e1logo","item":"https:\/\/letrame.com\/catalogo\/"},{"@type":"ListItem","position":3,"name":"Sue\u00f1os que quitan el Sue\u00f1o"}]},{"@type":"WebSite","@id":"https:\/\/letrame.com\/catalogo\/#website","url":"https:\/\/letrame.com\/catalogo\/","name":"Catalogo | Letrame Grupo Editorial","description":"","publisher":{"@id":"https:\/\/letrame.com\/catalogo\/#organization"},"potentialAction":[{"@type":"SearchAction","target":{"@type":"EntryPoint","urlTemplate":"https:\/\/letrame.com\/catalogo\/?s={search_term_string}"},"query-input":{"@type":"PropertyValueSpecification","valueRequired":true,"valueName":"search_term_string"}}],"inLanguage":"es"},{"@type":"Organization","@id":"https:\/\/letrame.com\/catalogo\/#organization","name":"Catalogo | Letrame Grupo Editorial","url":"https:\/\/letrame.com\/catalogo\/","logo":{"@type":"ImageObject","inLanguage":"es","@id":"https:\/\/letrame.com\/catalogo\/#\/schema\/logo\/image\/","url":"https:\/\/letrame.com\/catalogo\/wp-content\/uploads\/2024\/03\/logo2.webp","contentUrl":"https:\/\/letrame.com\/catalogo\/wp-content\/uploads\/2024\/03\/logo2.webp","width":394,"height":128,"caption":"Catalogo | Letrame Grupo Editorial"},"image":{"@id":"https:\/\/letrame.com\/catalogo\/#\/schema\/logo\/image\/"}}]}},"_links":{"self":[{"href":"https:\/\/letrame.com\/catalogo\/wp-json\/wp\/v2\/product\/110672","targetHints":{"allow":["GET"]}}],"collection":[{"href":"https:\/\/letrame.com\/catalogo\/wp-json\/wp\/v2\/product"}],"about":[{"href":"https:\/\/letrame.com\/catalogo\/wp-json\/wp\/v2\/types\/product"}],"replies":[{"embeddable":true,"href":"https:\/\/letrame.com\/catalogo\/wp-json\/wp\/v2\/comments?post=110672"}],"acf:post":[{"embeddable":true,"href":"https:\/\/letrame.com\/catalogo\/wp-json\/wp\/v2\/author_book\/110671"}],"wp:featuredmedia":[{"embeddable":true,"href":"https:\/\/letrame.com\/catalogo\/wp-json\/wp\/v2\/media\/110675"}],"wp:attachment":[{"href":"https:\/\/letrame.com\/catalogo\/wp-json\/wp\/v2\/media?parent=110672"}],"wp:term":[{"taxonomy":"libro","embeddable":true,"href":"https:\/\/letrame.com\/catalogo\/wp-json\/wp\/v2\/libro?post=110672"},{"taxonomy":"product_brand","embeddable":true,"href":"https:\/\/letrame.com\/catalogo\/wp-json\/wp\/v2\/product_brand?post=110672"},{"taxonomy":"product_cat","embeddable":true,"href":"https:\/\/letrame.com\/catalogo\/wp-json\/wp\/v2\/product_cat?post=110672"},{"taxonomy":"product_tag","embeddable":true,"href":"https:\/\/letrame.com\/catalogo\/wp-json\/wp\/v2\/product_tag?post=110672"}],"curies":[{"name":"wp","href":"https:\/\/api.w.org\/{rel}","templated":true}]}}