{"id":110517,"date":"2025-12-29T13:11:31","date_gmt":"2025-12-29T12:11:31","guid":{"rendered":"https:\/\/letrame.com\/catalogo\/?post_type=product&#038;p=110517"},"modified":"2025-12-29T13:11:32","modified_gmt":"2025-12-29T12:11:32","slug":"me-hubiese-quedado-contigo-para-siempre","status":"publish","type":"product","link":"https:\/\/letrame.com\/catalogo\/producto\/me-hubiese-quedado-contigo-para-siempre\/","title":{"rendered":"Me hubiese quedado contigo para siempre"},"content":{"rendered":"<p class=\"p1\"><b>ISBN:\u00a0<\/b>979-13-7012-292-8<\/p>\n<p class=\"p1\"><b>T\u00edtulo:\u00a0<\/b>Me hubiese quedado contigo para siempre<br \/>\n<b>Fecha:\u00a0<\/b>2025<br \/>\n<b>P\u00e1ginas: <\/b>506<b><\/b><\/p>\n<p class=\"p1\"><b>SINOPSIS<\/b><\/p>\n<p class=\"s3\"><span class=\"s2\">Cuando entend\u00ed su juego, pude sentir el momento exacto en el que mi vida se destroz\u00f3. Mi mundo, tal y como lo conoc\u00eda, dej\u00f3 de existir. Ya no sab\u00eda distinguir entre lo que era real y lo que fue una fantas\u00eda. <\/span><span class=\"s2\">\u00bf<\/span><span class=\"s2\">Me quiso? <\/span><span class=\"s2\">\u00bf<\/span><span class=\"s2\">Le import\u00e9 alguna vez? Mi mente empez\u00f3 a distorsionar mi realidad y me perd\u00ed en esa oscuridad <\/span><span class=\"s4\">de la que a\u00fan hoy trato de escapar.<\/span><\/p>\n<p class=\"s5\"><span class=\"s4\">Pero en las sombras a veces entran rayitos de sol, y esa luz trae a mi memoria las palabras que alguien me dijo una vez: <\/span><span class=\"s4\">\u00abL<\/span><span class=\"s4\">as cosas tienen el valor que nosotros les damos<\/span><span class=\"s4\">\u00bb<\/span><span class=\"s4\">.<\/span><\/p>\n<p class=\"s5\"><span class=\"s4\">Quiz\u00e1 da igual c<\/span><span class=\"s4\">\u00f3<\/span><span class=\"s4\">mo \u00e9l me quiso o si acaso lleg\u00f3 a quererme en alg\u00fan momento. Tal vez lo \u00fanico que necesito entender es que<\/span><span class=\"s4\">,<\/span><span class=\"s4\"> gracias a su rechazo, yo me encontr\u00e9 y aprend\u00ed a amarme de la forma en la que \u00e9l nunca lo hizo.<\/span><\/p>\n","protected":false},"excerpt":{"rendered":"<p class=\"p1\"><b>ISBN:\u00a0<\/b>979-13-7012-292-8<\/p>\n<p class=\"p1\"><b>SINOPSIS<\/b><\/p>\n<p class=\"s3\"><span class=\"s2\">Cuando entend\u00ed su juego, pude sentir el momento exacto en el que mi vida se destroz\u00f3. Mi mundo, tal y como lo conoc\u00eda, dej\u00f3 de existir. Ya no sab\u00eda distinguir entre lo que era real y lo que fue una fantas\u00eda. <\/span><span class=\"s2\">\u00bf<\/span><span class=\"s2\">Me quiso? <\/span><span class=\"s2\">\u00bf<\/span><span class=\"s2\">Le import\u00e9 alguna vez? Mi mente empez\u00f3 a distorsionar mi realidad y me perd\u00ed en esa oscuridad <\/span><span class=\"s4\">de la que a\u00fan hoy trato de escapar.<\/span><\/p>\n<p class=\"s5\"><span class=\"s4\">Pero en las sombras a veces entran rayitos de sol, y esa luz trae a mi memoria las palabras que alguien me dijo una vez: <\/span><span class=\"s4\">\u00abL<\/span><span class=\"s4\">as cosas tienen el valor que nosotros les damos<\/span><span class=\"s4\">\u00bb<\/span><span class=\"s4\">.<\/span><\/p>\n<p class=\"s5\"><span class=\"s4\">Quiz\u00e1 da igual c<\/span><span class=\"s4\">\u00f3<\/span><span class=\"s4\">mo \u00e9l me quiso o si acaso lleg\u00f3 a quererme en alg\u00fan momento. Tal vez lo \u00fanico que necesito entender es que<\/span><span class=\"s4\">,<\/span><span class=\"s4\"> gracias a su rechazo, yo me encontr\u00e9 y aprend\u00ed a amarme de la forma en la que \u00e9l nunca lo hizo.<\/span><\/p>\n","protected":false},"featured_media":110520,"comment_status":"open","ping_status":"closed","template":"","meta":{"_acf_changed":false},"libro":[],"product_brand":[],"product_cat":[18],"product_tag":[],"class_list":{"0":"post-110517","1":"product","2":"type-product","3":"status-publish","4":"has-post-thumbnail","6":"product_cat-autoayuda","8":"first","9":"instock","10":"shipping-taxable","11":"product-type-simple"},"acf":{"autor":[110518],"enlace_de_compra":"https:\/\/www.amazon.es\/hubiese-quedado-contigo-para-siempre\/dp\/B0FNQZ7CDY\/ref=sr_1_1?__mk_es_ES=%C3%85M%C3%85%C5%BD%C3%95%C3%91&crid=2AKTAYUX2X8I6&dib=eyJ2IjoiMSJ9.OUSxSBaVdzzOMj7tbtlWfksoTNaI3BmkSgOfKUdTxAY.aYTATi7CvQG-cVAPy0ZAmKWl-s5ajZcumMV24ENjRdE&dib_tag=se&keywords=Me+hubiese+quedado+contigo+para+siempre&qid=1767010049&sprefix=me+hubiese+quedado+contigo+para+siempre%2Caps%2C308&sr=8-1"},"yoast_head":"<!-- This site is optimized with the Yoast SEO plugin v26.6 - https:\/\/yoast.com\/wordpress\/plugins\/seo\/ -->\n<title>Me hubiese quedado contigo para siempre - Catalogo | Letrame Grupo Editorial<\/title>\n<meta name=\"robots\" content=\"index, follow, max-snippet:-1, max-image-preview:large, max-video-preview:-1\" \/>\n<link rel=\"canonical\" href=\"https:\/\/letrame.com\/catalogo\/producto\/me-hubiese-quedado-contigo-para-siempre\/\" \/>\n<meta property=\"og:locale\" content=\"es_ES\" \/>\n<meta property=\"og:type\" content=\"article\" \/>\n<meta property=\"og:title\" content=\"Me hubiese quedado contigo para siempre - Catalogo | Letrame Grupo Editorial\" \/>\n<meta property=\"og:description\" content=\"ISBN:\u00a0979-13-7012-292-8 SINOPSIS Cuando entend\u00ed su juego, pude sentir el momento exacto en el que mi vida se destroz\u00f3. Mi mundo, tal y como lo conoc\u00eda, dej\u00f3 de existir. Ya no sab\u00eda distinguir entre lo que era real y lo que fue una fantas\u00eda. \u00bfMe quiso? \u00bfLe import\u00e9 alguna vez? Mi mente empez\u00f3 a distorsionar mi realidad y me perd\u00ed en esa oscuridad de la que a\u00fan hoy trato de escapar. Pero en las sombras a veces entran rayitos de sol, y esa luz trae a mi memoria las palabras que alguien me dijo una vez: \u00abLas cosas tienen el valor que nosotros les damos\u00bb. Quiz\u00e1 da igual c\u00f3mo \u00e9l me quiso o si acaso lleg\u00f3 a quererme en alg\u00fan momento. Tal vez lo \u00fanico que necesito entender es que, gracias a su rechazo, yo me encontr\u00e9 y aprend\u00ed a amarme de la forma en la que \u00e9l nunca lo hizo.\" \/>\n<meta property=\"og:url\" content=\"https:\/\/letrame.com\/catalogo\/producto\/me-hubiese-quedado-contigo-para-siempre\/\" \/>\n<meta property=\"og:site_name\" content=\"Catalogo | Letrame Grupo Editorial\" \/>\n<meta property=\"article:modified_time\" content=\"2025-12-29T12:11:32+00:00\" \/>\n<meta property=\"og:image\" content=\"https:\/\/letrame.com\/catalogo\/wp-content\/uploads\/2025\/12\/mehubiesequedadocontigo_2441mm4.jpg\" \/>\n\t<meta property=\"og:image:width\" content=\"1772\" \/>\n\t<meta property=\"og:image:height\" content=\"2480\" \/>\n\t<meta property=\"og:image:type\" content=\"image\/jpeg\" \/>\n<meta name=\"twitter:card\" content=\"summary_large_image\" \/>\n<meta name=\"twitter:label1\" content=\"Tiempo de lectura\" \/>\n\t<meta name=\"twitter:data1\" content=\"1 minuto\" \/>\n<script type=\"application\/ld+json\" class=\"yoast-schema-graph\">{\"@context\":\"https:\/\/schema.org\",\"@graph\":[{\"@type\":\"WebPage\",\"@id\":\"https:\/\/letrame.com\/catalogo\/producto\/me-hubiese-quedado-contigo-para-siempre\/\",\"url\":\"https:\/\/letrame.com\/catalogo\/producto\/me-hubiese-quedado-contigo-para-siempre\/\",\"name\":\"Me hubiese quedado contigo para siempre - Catalogo | Letrame Grupo Editorial\",\"isPartOf\":{\"@id\":\"https:\/\/letrame.com\/catalogo\/#website\"},\"primaryImageOfPage\":{\"@id\":\"https:\/\/letrame.com\/catalogo\/producto\/me-hubiese-quedado-contigo-para-siempre\/#primaryimage\"},\"image\":{\"@id\":\"https:\/\/letrame.com\/catalogo\/producto\/me-hubiese-quedado-contigo-para-siempre\/#primaryimage\"},\"thumbnailUrl\":\"https:\/\/letrame.com\/catalogo\/wp-content\/uploads\/2025\/12\/mehubiesequedadocontigo_2441mm4.jpg\",\"datePublished\":\"2025-12-29T12:11:31+00:00\",\"dateModified\":\"2025-12-29T12:11:32+00:00\",\"breadcrumb\":{\"@id\":\"https:\/\/letrame.com\/catalogo\/producto\/me-hubiese-quedado-contigo-para-siempre\/#breadcrumb\"},\"inLanguage\":\"es\",\"potentialAction\":[{\"@type\":\"ReadAction\",\"target\":[\"https:\/\/letrame.com\/catalogo\/producto\/me-hubiese-quedado-contigo-para-siempre\/\"]}]},{\"@type\":\"ImageObject\",\"inLanguage\":\"es\",\"@id\":\"https:\/\/letrame.com\/catalogo\/producto\/me-hubiese-quedado-contigo-para-siempre\/#primaryimage\",\"url\":\"https:\/\/letrame.com\/catalogo\/wp-content\/uploads\/2025\/12\/mehubiesequedadocontigo_2441mm4.jpg\",\"contentUrl\":\"https:\/\/letrame.com\/catalogo\/wp-content\/uploads\/2025\/12\/mehubiesequedadocontigo_2441mm4.jpg\",\"width\":1772,\"height\":2480},{\"@type\":\"BreadcrumbList\",\"@id\":\"https:\/\/letrame.com\/catalogo\/producto\/me-hubiese-quedado-contigo-para-siempre\/#breadcrumb\",\"itemListElement\":[{\"@type\":\"ListItem\",\"position\":1,\"name\":\"Portada\",\"item\":\"https:\/\/letrame.com\/catalogo\/\"},{\"@type\":\"ListItem\",\"position\":2,\"name\":\"Cat\u00e1logo\",\"item\":\"https:\/\/letrame.com\/catalogo\/\"},{\"@type\":\"ListItem\",\"position\":3,\"name\":\"Me hubiese quedado contigo para siempre\"}]},{\"@type\":\"WebSite\",\"@id\":\"https:\/\/letrame.com\/catalogo\/#website\",\"url\":\"https:\/\/letrame.com\/catalogo\/\",\"name\":\"Catalogo | Letrame Grupo Editorial\",\"description\":\"\",\"publisher\":{\"@id\":\"https:\/\/letrame.com\/catalogo\/#organization\"},\"potentialAction\":[{\"@type\":\"SearchAction\",\"target\":{\"@type\":\"EntryPoint\",\"urlTemplate\":\"https:\/\/letrame.com\/catalogo\/?s={search_term_string}\"},\"query-input\":{\"@type\":\"PropertyValueSpecification\",\"valueRequired\":true,\"valueName\":\"search_term_string\"}}],\"inLanguage\":\"es\"},{\"@type\":\"Organization\",\"@id\":\"https:\/\/letrame.com\/catalogo\/#organization\",\"name\":\"Catalogo | Letrame Grupo Editorial\",\"url\":\"https:\/\/letrame.com\/catalogo\/\",\"logo\":{\"@type\":\"ImageObject\",\"inLanguage\":\"es\",\"@id\":\"https:\/\/letrame.com\/catalogo\/#\/schema\/logo\/image\/\",\"url\":\"https:\/\/letrame.com\/catalogo\/wp-content\/uploads\/2024\/03\/logo2.webp\",\"contentUrl\":\"https:\/\/letrame.com\/catalogo\/wp-content\/uploads\/2024\/03\/logo2.webp\",\"width\":394,\"height\":128,\"caption\":\"Catalogo | Letrame Grupo Editorial\"},\"image\":{\"@id\":\"https:\/\/letrame.com\/catalogo\/#\/schema\/logo\/image\/\"}}]}<\/script>\n<!-- \/ Yoast SEO plugin. -->","yoast_head_json":{"title":"Me hubiese quedado contigo para siempre - Catalogo | Letrame Grupo Editorial","robots":{"index":"index","follow":"follow","max-snippet":"max-snippet:-1","max-image-preview":"max-image-preview:large","max-video-preview":"max-video-preview:-1"},"canonical":"https:\/\/letrame.com\/catalogo\/producto\/me-hubiese-quedado-contigo-para-siempre\/","og_locale":"es_ES","og_type":"article","og_title":"Me hubiese quedado contigo para siempre - Catalogo | Letrame Grupo Editorial","og_description":"ISBN:\u00a0979-13-7012-292-8 SINOPSIS Cuando entend\u00ed su juego, pude sentir el momento exacto en el que mi vida se destroz\u00f3. Mi mundo, tal y como lo conoc\u00eda, dej\u00f3 de existir. Ya no sab\u00eda distinguir entre lo que era real y lo que fue una fantas\u00eda. \u00bfMe quiso? \u00bfLe import\u00e9 alguna vez? Mi mente empez\u00f3 a distorsionar mi realidad y me perd\u00ed en esa oscuridad de la que a\u00fan hoy trato de escapar. Pero en las sombras a veces entran rayitos de sol, y esa luz trae a mi memoria las palabras que alguien me dijo una vez: \u00abLas cosas tienen el valor que nosotros les damos\u00bb. Quiz\u00e1 da igual c\u00f3mo \u00e9l me quiso o si acaso lleg\u00f3 a quererme en alg\u00fan momento. Tal vez lo \u00fanico que necesito entender es que, gracias a su rechazo, yo me encontr\u00e9 y aprend\u00ed a amarme de la forma en la que \u00e9l nunca lo hizo.","og_url":"https:\/\/letrame.com\/catalogo\/producto\/me-hubiese-quedado-contigo-para-siempre\/","og_site_name":"Catalogo | Letrame Grupo Editorial","article_modified_time":"2025-12-29T12:11:32+00:00","og_image":[{"width":1772,"height":2480,"url":"https:\/\/letrame.com\/catalogo\/wp-content\/uploads\/2025\/12\/mehubiesequedadocontigo_2441mm4.jpg","type":"image\/jpeg"}],"twitter_card":"summary_large_image","twitter_misc":{"Tiempo de lectura":"1 minuto"},"schema":{"@context":"https:\/\/schema.org","@graph":[{"@type":"WebPage","@id":"https:\/\/letrame.com\/catalogo\/producto\/me-hubiese-quedado-contigo-para-siempre\/","url":"https:\/\/letrame.com\/catalogo\/producto\/me-hubiese-quedado-contigo-para-siempre\/","name":"Me hubiese quedado contigo para siempre - Catalogo | Letrame Grupo Editorial","isPartOf":{"@id":"https:\/\/letrame.com\/catalogo\/#website"},"primaryImageOfPage":{"@id":"https:\/\/letrame.com\/catalogo\/producto\/me-hubiese-quedado-contigo-para-siempre\/#primaryimage"},"image":{"@id":"https:\/\/letrame.com\/catalogo\/producto\/me-hubiese-quedado-contigo-para-siempre\/#primaryimage"},"thumbnailUrl":"https:\/\/letrame.com\/catalogo\/wp-content\/uploads\/2025\/12\/mehubiesequedadocontigo_2441mm4.jpg","datePublished":"2025-12-29T12:11:31+00:00","dateModified":"2025-12-29T12:11:32+00:00","breadcrumb":{"@id":"https:\/\/letrame.com\/catalogo\/producto\/me-hubiese-quedado-contigo-para-siempre\/#breadcrumb"},"inLanguage":"es","potentialAction":[{"@type":"ReadAction","target":["https:\/\/letrame.com\/catalogo\/producto\/me-hubiese-quedado-contigo-para-siempre\/"]}]},{"@type":"ImageObject","inLanguage":"es","@id":"https:\/\/letrame.com\/catalogo\/producto\/me-hubiese-quedado-contigo-para-siempre\/#primaryimage","url":"https:\/\/letrame.com\/catalogo\/wp-content\/uploads\/2025\/12\/mehubiesequedadocontigo_2441mm4.jpg","contentUrl":"https:\/\/letrame.com\/catalogo\/wp-content\/uploads\/2025\/12\/mehubiesequedadocontigo_2441mm4.jpg","width":1772,"height":2480},{"@type":"BreadcrumbList","@id":"https:\/\/letrame.com\/catalogo\/producto\/me-hubiese-quedado-contigo-para-siempre\/#breadcrumb","itemListElement":[{"@type":"ListItem","position":1,"name":"Portada","item":"https:\/\/letrame.com\/catalogo\/"},{"@type":"ListItem","position":2,"name":"Cat\u00e1logo","item":"https:\/\/letrame.com\/catalogo\/"},{"@type":"ListItem","position":3,"name":"Me hubiese quedado contigo para siempre"}]},{"@type":"WebSite","@id":"https:\/\/letrame.com\/catalogo\/#website","url":"https:\/\/letrame.com\/catalogo\/","name":"Catalogo | Letrame Grupo Editorial","description":"","publisher":{"@id":"https:\/\/letrame.com\/catalogo\/#organization"},"potentialAction":[{"@type":"SearchAction","target":{"@type":"EntryPoint","urlTemplate":"https:\/\/letrame.com\/catalogo\/?s={search_term_string}"},"query-input":{"@type":"PropertyValueSpecification","valueRequired":true,"valueName":"search_term_string"}}],"inLanguage":"es"},{"@type":"Organization","@id":"https:\/\/letrame.com\/catalogo\/#organization","name":"Catalogo | Letrame Grupo Editorial","url":"https:\/\/letrame.com\/catalogo\/","logo":{"@type":"ImageObject","inLanguage":"es","@id":"https:\/\/letrame.com\/catalogo\/#\/schema\/logo\/image\/","url":"https:\/\/letrame.com\/catalogo\/wp-content\/uploads\/2024\/03\/logo2.webp","contentUrl":"https:\/\/letrame.com\/catalogo\/wp-content\/uploads\/2024\/03\/logo2.webp","width":394,"height":128,"caption":"Catalogo | Letrame Grupo Editorial"},"image":{"@id":"https:\/\/letrame.com\/catalogo\/#\/schema\/logo\/image\/"}}]}},"_links":{"self":[{"href":"https:\/\/letrame.com\/catalogo\/wp-json\/wp\/v2\/product\/110517","targetHints":{"allow":["GET"]}}],"collection":[{"href":"https:\/\/letrame.com\/catalogo\/wp-json\/wp\/v2\/product"}],"about":[{"href":"https:\/\/letrame.com\/catalogo\/wp-json\/wp\/v2\/types\/product"}],"replies":[{"embeddable":true,"href":"https:\/\/letrame.com\/catalogo\/wp-json\/wp\/v2\/comments?post=110517"}],"acf:post":[{"embeddable":true,"href":"https:\/\/letrame.com\/catalogo\/wp-json\/wp\/v2\/author_book\/110518"}],"wp:featuredmedia":[{"embeddable":true,"href":"https:\/\/letrame.com\/catalogo\/wp-json\/wp\/v2\/media\/110520"}],"wp:attachment":[{"href":"https:\/\/letrame.com\/catalogo\/wp-json\/wp\/v2\/media?parent=110517"}],"wp:term":[{"taxonomy":"libro","embeddable":true,"href":"https:\/\/letrame.com\/catalogo\/wp-json\/wp\/v2\/libro?post=110517"},{"taxonomy":"product_brand","embeddable":true,"href":"https:\/\/letrame.com\/catalogo\/wp-json\/wp\/v2\/product_brand?post=110517"},{"taxonomy":"product_cat","embeddable":true,"href":"https:\/\/letrame.com\/catalogo\/wp-json\/wp\/v2\/product_cat?post=110517"},{"taxonomy":"product_tag","embeddable":true,"href":"https:\/\/letrame.com\/catalogo\/wp-json\/wp\/v2\/product_tag?post=110517"}],"curies":[{"name":"wp","href":"https:\/\/api.w.org\/{rel}","templated":true}]}}