{"id":110416,"date":"2025-12-26T13:46:24","date_gmt":"2025-12-26T12:46:24","guid":{"rendered":"https:\/\/letrame.com\/catalogo\/?post_type=product&#038;p=110416"},"modified":"2025-12-26T13:46:35","modified_gmt":"2025-12-26T12:46:35","slug":"el-umbral-del-pasado","status":"publish","type":"product","link":"https:\/\/letrame.com\/catalogo\/producto\/el-umbral-del-pasado\/","title":{"rendered":"El umbral del pasado"},"content":{"rendered":"<p class=\"p1\"><b>ISBN:\u00a0<\/b>979-13-7012-281-2<\/p>\n<p class=\"p1\"><b>T\u00edtulo:\u00a0<\/b>El umbral del pasado<br \/>\n<b>Fecha:\u00a0<\/b>2025<br \/>\n<b>P\u00e1ginas:\u00a0<\/b>228<b><\/b><\/p>\n<p class=\"p1\"><b>SINOPSIS<\/b><\/p>\n<p>Un hallazgo inesperado conduce a una mujer del presente a un pueblo olvidado en el tiempo. All\u00ed, el pasado cobra vida con una fuerza que cambiar\u00e1 su destino. Un t\u00fanel secreto y un cuaderno antiguo desvelan una historia dormida. Lo que parec\u00eda un sue\u00f1o pronto se vuelve real.<\/p>\n<p>En medio de una \u00e9poca marcada por la guerra, la joven descubre el valor, la amistad y el peso de las decisiones. Tambi\u00e9n se enfrenta a verdades que la descolocan y la obligan a mirar con otros ojos. Cada d\u00eda trae una nueva revelaci\u00f3n. Nada es lo que parec\u00eda al principio.<\/p>\n<p>Mientras ella se adapta a un mundo que no es el suyo, alguien cercano sigue su rastro desde el presente. El mismo t\u00fanel, las mismas preguntas, y un deseo firme de encontrar respuestas. Lo que parec\u00eda imposible, se repite con otras huellas. Y el pasado vuelve a abrirse, una vez m\u00e1s.<\/p>\n<p>El umbral del pasado es una novela de viajes en el tiempo, emociones profundas y v\u00ednculos familiares. Una historia donde lo real y lo imposible se entrelazan con naturalidad. Pasado y presente se dan la mano. Y nadie regresar\u00e1 siendo el mismo.<\/p>\n","protected":false},"excerpt":{"rendered":"<p class=\"p1\"><b>ISBN:\u00a0<\/b>979-13-7012-281-2<\/p>\n<p class=\"p1\"><b>SINOPSIS<\/b><\/p>\n<p>Un hallazgo inesperado conduce a una mujer del presente a un pueblo olvidado en el tiempo. All\u00ed, el pasado cobra vida con una fuerza que cambiar\u00e1 su destino. Un t\u00fanel secreto y un cuaderno antiguo desvelan una historia dormida. Lo que parec\u00eda un sue\u00f1o pronto se vuelve real.<\/p>\n<p>En medio de una \u00e9poca marcada por la guerra, la joven descubre el valor, la amistad y el peso de las decisiones. Tambi\u00e9n se enfrenta a verdades que la descolocan y la obligan a mirar con otros ojos. Cada d\u00eda trae una nueva revelaci\u00f3n. Nada es lo que parec\u00eda al principio.<\/p>\n<p>Mientras ella se adapta a un mundo que no es el suyo, alguien cercano sigue su rastro desde el presente. El mismo t\u00fanel, las mismas preguntas, y un deseo firme de encontrar respuestas. Lo que parec\u00eda imposible, se repite con otras huellas. Y el pasado vuelve a abrirse, una vez m\u00e1s.<\/p>\n<p>El umbral del pasado es una novela de viajes en el tiempo, emociones profundas y v\u00ednculos familiares. Una historia donde lo real y lo imposible se entrelazan con naturalidad. Pasado y presente se dan la mano. Y nadie regresar\u00e1 siendo el mismo.<\/p>\n","protected":false},"featured_media":110418,"comment_status":"open","ping_status":"closed","template":"","meta":{"_acf_changed":false},"libro":[],"product_brand":[],"product_cat":[141],"product_tag":[],"class_list":{"0":"post-110416","1":"product","2":"type-product","3":"status-publish","4":"has-post-thumbnail","6":"product_cat-ficcion","8":"first","9":"instock","10":"shipping-taxable","11":"product-type-simple"},"acf":{"autor":[110415],"enlace_de_compra":"https:\/\/www.amazon.es\/El-umbral-del-pasado-Ficci%C3%B3n\/dp\/B0FBF7GPP3\/ref=sr_1_1?__mk_es_ES=%C3%85M%C3%85%C5%BD%C3%95%C3%91&crid=2AHRT44QREHWV&dib=eyJ2IjoiMSJ9.NQSWLQD0RjkDWG3dQW_oeZqAdgBchIWA_Qqh_f-2AcfGxexAsnUOXYqGEu2O2T4diQC-MWvmDu9NALDuwHJ4h9HZYWOmyOVuGEoiueKeZYKpG9Ehp5Udn4lFrlcpHkeMnAWBvEJj2UYL32N3eoGVsv68J7ED8FgzbISKOOBP3EkQgEznrnCdbZz9GZZezQde.PjfpUNbUhc8UbWXdgyV7fTdZ0JRDNeF4bKoWW9-81oM&dib_tag=se&keywords=El+umbral+del+pasado&qid=1766752491&s=books&sprefix=el+umbral+del+pasado%2Cstripbooks%2C241&sr=1-1"},"yoast_head":"<!-- This site is optimized with the Yoast SEO plugin v26.6 - https:\/\/yoast.com\/wordpress\/plugins\/seo\/ -->\n<title>El umbral del pasado - Catalogo | Letrame Grupo Editorial<\/title>\n<meta name=\"robots\" content=\"index, follow, max-snippet:-1, max-image-preview:large, max-video-preview:-1\" \/>\n<link rel=\"canonical\" href=\"https:\/\/letrame.com\/catalogo\/producto\/el-umbral-del-pasado\/\" \/>\n<meta property=\"og:locale\" content=\"es_ES\" \/>\n<meta property=\"og:type\" content=\"article\" \/>\n<meta property=\"og:title\" content=\"El umbral del pasado - Catalogo | Letrame Grupo Editorial\" \/>\n<meta property=\"og:description\" content=\"ISBN:\u00a0979-13-7012-281-2 SINOPSIS Un hallazgo inesperado conduce a una mujer del presente a un pueblo olvidado en el tiempo. All\u00ed, el pasado cobra vida con una fuerza que cambiar\u00e1 su destino. Un t\u00fanel secreto y un cuaderno antiguo desvelan una historia dormida. Lo que parec\u00eda un sue\u00f1o pronto se vuelve real.  En medio de una \u00e9poca marcada por la guerra, la joven descubre el valor, la amistad y el peso de las decisiones. Tambi\u00e9n se enfrenta a verdades que la descolocan y la obligan a mirar con otros ojos. Cada d\u00eda trae una nueva revelaci\u00f3n. Nada es lo que parec\u00eda al principio.  Mientras ella se adapta a un mundo que no es el suyo, alguien cercano sigue su rastro desde el presente. El mismo t\u00fanel, las mismas preguntas, y un deseo firme de encontrar respuestas. Lo que parec\u00eda imposible, se repite con otras huellas. Y el pasado vuelve a abrirse, una vez m\u00e1s.  El umbral del pasado es una novela de viajes en el tiempo, emociones profundas y v\u00ednculos familiares. Una historia donde lo real y lo imposible se entrelazan con naturalidad. Pasado y presente se dan la mano. Y nadie regresar\u00e1 siendo el mismo.\" \/>\n<meta property=\"og:url\" content=\"https:\/\/letrame.com\/catalogo\/producto\/el-umbral-del-pasado\/\" \/>\n<meta property=\"og:site_name\" content=\"Catalogo | Letrame Grupo Editorial\" \/>\n<meta property=\"article:modified_time\" content=\"2025-12-26T12:46:35+00:00\" \/>\n<meta property=\"og:image\" content=\"https:\/\/letrame.com\/catalogo\/wp-content\/uploads\/2025\/12\/Elumbraldelpasado_1159mm4-scaled.jpg\" \/>\n\t<meta property=\"og:image:width\" content=\"1746\" \/>\n\t<meta property=\"og:image:height\" content=\"2560\" \/>\n\t<meta property=\"og:image:type\" content=\"image\/jpeg\" \/>\n<meta name=\"twitter:card\" content=\"summary_large_image\" \/>\n<meta name=\"twitter:label1\" content=\"Tiempo de lectura\" \/>\n\t<meta name=\"twitter:data1\" content=\"2 minutos\" \/>\n<script type=\"application\/ld+json\" class=\"yoast-schema-graph\">{\"@context\":\"https:\/\/schema.org\",\"@graph\":[{\"@type\":\"WebPage\",\"@id\":\"https:\/\/letrame.com\/catalogo\/producto\/el-umbral-del-pasado\/\",\"url\":\"https:\/\/letrame.com\/catalogo\/producto\/el-umbral-del-pasado\/\",\"name\":\"El umbral del pasado - Catalogo | Letrame Grupo Editorial\",\"isPartOf\":{\"@id\":\"https:\/\/letrame.com\/catalogo\/#website\"},\"primaryImageOfPage\":{\"@id\":\"https:\/\/letrame.com\/catalogo\/producto\/el-umbral-del-pasado\/#primaryimage\"},\"image\":{\"@id\":\"https:\/\/letrame.com\/catalogo\/producto\/el-umbral-del-pasado\/#primaryimage\"},\"thumbnailUrl\":\"https:\/\/letrame.com\/catalogo\/wp-content\/uploads\/2025\/12\/Elumbraldelpasado_1159mm4-scaled.jpg\",\"datePublished\":\"2025-12-26T12:46:24+00:00\",\"dateModified\":\"2025-12-26T12:46:35+00:00\",\"breadcrumb\":{\"@id\":\"https:\/\/letrame.com\/catalogo\/producto\/el-umbral-del-pasado\/#breadcrumb\"},\"inLanguage\":\"es\",\"potentialAction\":[{\"@type\":\"ReadAction\",\"target\":[\"https:\/\/letrame.com\/catalogo\/producto\/el-umbral-del-pasado\/\"]}]},{\"@type\":\"ImageObject\",\"inLanguage\":\"es\",\"@id\":\"https:\/\/letrame.com\/catalogo\/producto\/el-umbral-del-pasado\/#primaryimage\",\"url\":\"https:\/\/letrame.com\/catalogo\/wp-content\/uploads\/2025\/12\/Elumbraldelpasado_1159mm4-scaled.jpg\",\"contentUrl\":\"https:\/\/letrame.com\/catalogo\/wp-content\/uploads\/2025\/12\/Elumbraldelpasado_1159mm4-scaled.jpg\",\"width\":1746,\"height\":2560},{\"@type\":\"BreadcrumbList\",\"@id\":\"https:\/\/letrame.com\/catalogo\/producto\/el-umbral-del-pasado\/#breadcrumb\",\"itemListElement\":[{\"@type\":\"ListItem\",\"position\":1,\"name\":\"Portada\",\"item\":\"https:\/\/letrame.com\/catalogo\/\"},{\"@type\":\"ListItem\",\"position\":2,\"name\":\"Cat\u00e1logo\",\"item\":\"https:\/\/letrame.com\/catalogo\/\"},{\"@type\":\"ListItem\",\"position\":3,\"name\":\"El umbral del pasado\"}]},{\"@type\":\"WebSite\",\"@id\":\"https:\/\/letrame.com\/catalogo\/#website\",\"url\":\"https:\/\/letrame.com\/catalogo\/\",\"name\":\"Catalogo | Letrame Grupo Editorial\",\"description\":\"\",\"publisher\":{\"@id\":\"https:\/\/letrame.com\/catalogo\/#organization\"},\"potentialAction\":[{\"@type\":\"SearchAction\",\"target\":{\"@type\":\"EntryPoint\",\"urlTemplate\":\"https:\/\/letrame.com\/catalogo\/?s={search_term_string}\"},\"query-input\":{\"@type\":\"PropertyValueSpecification\",\"valueRequired\":true,\"valueName\":\"search_term_string\"}}],\"inLanguage\":\"es\"},{\"@type\":\"Organization\",\"@id\":\"https:\/\/letrame.com\/catalogo\/#organization\",\"name\":\"Catalogo | Letrame Grupo Editorial\",\"url\":\"https:\/\/letrame.com\/catalogo\/\",\"logo\":{\"@type\":\"ImageObject\",\"inLanguage\":\"es\",\"@id\":\"https:\/\/letrame.com\/catalogo\/#\/schema\/logo\/image\/\",\"url\":\"https:\/\/letrame.com\/catalogo\/wp-content\/uploads\/2024\/03\/logo2.webp\",\"contentUrl\":\"https:\/\/letrame.com\/catalogo\/wp-content\/uploads\/2024\/03\/logo2.webp\",\"width\":394,\"height\":128,\"caption\":\"Catalogo | Letrame Grupo Editorial\"},\"image\":{\"@id\":\"https:\/\/letrame.com\/catalogo\/#\/schema\/logo\/image\/\"}}]}<\/script>\n<!-- \/ Yoast SEO plugin. -->","yoast_head_json":{"title":"El umbral del pasado - Catalogo | Letrame Grupo Editorial","robots":{"index":"index","follow":"follow","max-snippet":"max-snippet:-1","max-image-preview":"max-image-preview:large","max-video-preview":"max-video-preview:-1"},"canonical":"https:\/\/letrame.com\/catalogo\/producto\/el-umbral-del-pasado\/","og_locale":"es_ES","og_type":"article","og_title":"El umbral del pasado - Catalogo | Letrame Grupo Editorial","og_description":"ISBN:\u00a0979-13-7012-281-2 SINOPSIS Un hallazgo inesperado conduce a una mujer del presente a un pueblo olvidado en el tiempo. All\u00ed, el pasado cobra vida con una fuerza que cambiar\u00e1 su destino. Un t\u00fanel secreto y un cuaderno antiguo desvelan una historia dormida. Lo que parec\u00eda un sue\u00f1o pronto se vuelve real.  En medio de una \u00e9poca marcada por la guerra, la joven descubre el valor, la amistad y el peso de las decisiones. Tambi\u00e9n se enfrenta a verdades que la descolocan y la obligan a mirar con otros ojos. Cada d\u00eda trae una nueva revelaci\u00f3n. Nada es lo que parec\u00eda al principio.  Mientras ella se adapta a un mundo que no es el suyo, alguien cercano sigue su rastro desde el presente. El mismo t\u00fanel, las mismas preguntas, y un deseo firme de encontrar respuestas. Lo que parec\u00eda imposible, se repite con otras huellas. Y el pasado vuelve a abrirse, una vez m\u00e1s.  El umbral del pasado es una novela de viajes en el tiempo, emociones profundas y v\u00ednculos familiares. Una historia donde lo real y lo imposible se entrelazan con naturalidad. Pasado y presente se dan la mano. Y nadie regresar\u00e1 siendo el mismo.","og_url":"https:\/\/letrame.com\/catalogo\/producto\/el-umbral-del-pasado\/","og_site_name":"Catalogo | Letrame Grupo Editorial","article_modified_time":"2025-12-26T12:46:35+00:00","og_image":[{"width":1746,"height":2560,"url":"https:\/\/letrame.com\/catalogo\/wp-content\/uploads\/2025\/12\/Elumbraldelpasado_1159mm4-scaled.jpg","type":"image\/jpeg"}],"twitter_card":"summary_large_image","twitter_misc":{"Tiempo de lectura":"2 minutos"},"schema":{"@context":"https:\/\/schema.org","@graph":[{"@type":"WebPage","@id":"https:\/\/letrame.com\/catalogo\/producto\/el-umbral-del-pasado\/","url":"https:\/\/letrame.com\/catalogo\/producto\/el-umbral-del-pasado\/","name":"El umbral del pasado - Catalogo | Letrame Grupo Editorial","isPartOf":{"@id":"https:\/\/letrame.com\/catalogo\/#website"},"primaryImageOfPage":{"@id":"https:\/\/letrame.com\/catalogo\/producto\/el-umbral-del-pasado\/#primaryimage"},"image":{"@id":"https:\/\/letrame.com\/catalogo\/producto\/el-umbral-del-pasado\/#primaryimage"},"thumbnailUrl":"https:\/\/letrame.com\/catalogo\/wp-content\/uploads\/2025\/12\/Elumbraldelpasado_1159mm4-scaled.jpg","datePublished":"2025-12-26T12:46:24+00:00","dateModified":"2025-12-26T12:46:35+00:00","breadcrumb":{"@id":"https:\/\/letrame.com\/catalogo\/producto\/el-umbral-del-pasado\/#breadcrumb"},"inLanguage":"es","potentialAction":[{"@type":"ReadAction","target":["https:\/\/letrame.com\/catalogo\/producto\/el-umbral-del-pasado\/"]}]},{"@type":"ImageObject","inLanguage":"es","@id":"https:\/\/letrame.com\/catalogo\/producto\/el-umbral-del-pasado\/#primaryimage","url":"https:\/\/letrame.com\/catalogo\/wp-content\/uploads\/2025\/12\/Elumbraldelpasado_1159mm4-scaled.jpg","contentUrl":"https:\/\/letrame.com\/catalogo\/wp-content\/uploads\/2025\/12\/Elumbraldelpasado_1159mm4-scaled.jpg","width":1746,"height":2560},{"@type":"BreadcrumbList","@id":"https:\/\/letrame.com\/catalogo\/producto\/el-umbral-del-pasado\/#breadcrumb","itemListElement":[{"@type":"ListItem","position":1,"name":"Portada","item":"https:\/\/letrame.com\/catalogo\/"},{"@type":"ListItem","position":2,"name":"Cat\u00e1logo","item":"https:\/\/letrame.com\/catalogo\/"},{"@type":"ListItem","position":3,"name":"El umbral del pasado"}]},{"@type":"WebSite","@id":"https:\/\/letrame.com\/catalogo\/#website","url":"https:\/\/letrame.com\/catalogo\/","name":"Catalogo | Letrame Grupo Editorial","description":"","publisher":{"@id":"https:\/\/letrame.com\/catalogo\/#organization"},"potentialAction":[{"@type":"SearchAction","target":{"@type":"EntryPoint","urlTemplate":"https:\/\/letrame.com\/catalogo\/?s={search_term_string}"},"query-input":{"@type":"PropertyValueSpecification","valueRequired":true,"valueName":"search_term_string"}}],"inLanguage":"es"},{"@type":"Organization","@id":"https:\/\/letrame.com\/catalogo\/#organization","name":"Catalogo | Letrame Grupo Editorial","url":"https:\/\/letrame.com\/catalogo\/","logo":{"@type":"ImageObject","inLanguage":"es","@id":"https:\/\/letrame.com\/catalogo\/#\/schema\/logo\/image\/","url":"https:\/\/letrame.com\/catalogo\/wp-content\/uploads\/2024\/03\/logo2.webp","contentUrl":"https:\/\/letrame.com\/catalogo\/wp-content\/uploads\/2024\/03\/logo2.webp","width":394,"height":128,"caption":"Catalogo | Letrame Grupo Editorial"},"image":{"@id":"https:\/\/letrame.com\/catalogo\/#\/schema\/logo\/image\/"}}]}},"_links":{"self":[{"href":"https:\/\/letrame.com\/catalogo\/wp-json\/wp\/v2\/product\/110416","targetHints":{"allow":["GET"]}}],"collection":[{"href":"https:\/\/letrame.com\/catalogo\/wp-json\/wp\/v2\/product"}],"about":[{"href":"https:\/\/letrame.com\/catalogo\/wp-json\/wp\/v2\/types\/product"}],"replies":[{"embeddable":true,"href":"https:\/\/letrame.com\/catalogo\/wp-json\/wp\/v2\/comments?post=110416"}],"acf:post":[{"embeddable":true,"href":"https:\/\/letrame.com\/catalogo\/wp-json\/wp\/v2\/author_book\/110415"}],"wp:featuredmedia":[{"embeddable":true,"href":"https:\/\/letrame.com\/catalogo\/wp-json\/wp\/v2\/media\/110418"}],"wp:attachment":[{"href":"https:\/\/letrame.com\/catalogo\/wp-json\/wp\/v2\/media?parent=110416"}],"wp:term":[{"taxonomy":"libro","embeddable":true,"href":"https:\/\/letrame.com\/catalogo\/wp-json\/wp\/v2\/libro?post=110416"},{"taxonomy":"product_brand","embeddable":true,"href":"https:\/\/letrame.com\/catalogo\/wp-json\/wp\/v2\/product_brand?post=110416"},{"taxonomy":"product_cat","embeddable":true,"href":"https:\/\/letrame.com\/catalogo\/wp-json\/wp\/v2\/product_cat?post=110416"},{"taxonomy":"product_tag","embeddable":true,"href":"https:\/\/letrame.com\/catalogo\/wp-json\/wp\/v2\/product_tag?post=110416"}],"curies":[{"name":"wp","href":"https:\/\/api.w.org\/{rel}","templated":true}]}}