{"id":110385,"date":"2025-12-26T12:52:01","date_gmt":"2025-12-26T11:52:01","guid":{"rendered":"https:\/\/letrame.com\/catalogo\/?post_type=product&#038;p=110385"},"modified":"2025-12-26T12:52:01","modified_gmt":"2025-12-26T11:52:01","slug":"el-sabor-de-la-tierra","status":"publish","type":"product","link":"https:\/\/letrame.com\/catalogo\/producto\/el-sabor-de-la-tierra\/","title":{"rendered":"El Sabor de la Tierra"},"content":{"rendered":"<p class=\"p1\"><b>ISBN:\u00a0<\/b>979-13-7012-343-7<\/p>\n<p class=\"p1\"><b>T\u00edtulo:\u00a0<\/b>El Sabor de la Tierra<br \/>\n<b>Fecha:\u00a0<\/b>2025<br \/>\n<b>P\u00e1ginas:\u00a0<\/b>120<b><\/b><\/p>\n<p class=\"p1\"><b>SINOPSIS<\/b><\/p>\n<p>\u00abEl sabor de la tierra\u00bb es una saga coral, profundamente humana, que transita entre la s\u00e1tira, la poes\u00eda y la cr\u00edtica social. Es una novela sobre la identidad, la memoria, la soledad del poder y el absurdo de los grandes discursos cuando se enfrentan al barro cotidiano.<\/p>\n<p>Una obra cargada de humor negro, ternura y una melancol\u00eda que atraviesa generaciones.<\/p>\n","protected":false},"excerpt":{"rendered":"<p class=\"p1\"><b>ISBN:\u00a0<\/b>979-13-7012-343-7<\/p>\n<p class=\"p1\"><b>SINOPSIS<\/b><\/p>\n<p>\u00abEl sabor de la tierra\u00bb es una saga coral, profundamente humana, que transita entre la s\u00e1tira, la poes\u00eda y la cr\u00edtica social. Es una novela sobre la identidad, la memoria, la soledad del poder y el absurdo de los grandes discursos cuando se enfrentan al barro cotidiano.<\/p>\n<p>Una obra cargada de humor negro, ternura y una melancol\u00eda que atraviesa generaciones.<\/p>\n","protected":false},"featured_media":110388,"comment_status":"open","ping_status":"closed","template":"","meta":{"_acf_changed":false},"libro":[],"product_brand":[],"product_cat":[141],"product_tag":[],"class_list":["post-110385","product","type-product","status-publish","has-post-thumbnail","product_cat-ficcion","first","instock","shipping-taxable","product-type-simple"],"acf":{"autor":[110384],"enlace_de_compra":"https:\/\/www.amazon.es\/Sabor-Tierra-Ernesto-Aguado-Morillas\/dp\/B0FH4LV6Y2\/ref=tmm_pap_swatch_0?_encoding=UTF8&dib_tag=se&dib=eyJ2IjoiMSJ9.IFsyy6CY8t_NAriMYUueDO1CZ1_72D07iaQCXmEdYbePAivNAjVvL_bzdPrfOI1b2zDtANWcQCZMjTSvhuqO-ADqx3ISPf0KFabcv1G4QoX06fcUgXlqHk9h9V-MBIOhqA2VgiY6tq9DEts-fT-kdA.xRA3f6CsJyXXl36IXZIOrArhYCYHTdHn3CfRBIHInDI&qid=1766749348&sr=1-2"},"yoast_head":"<!-- This site is optimized with the Yoast SEO plugin v27.4 - https:\/\/yoast.com\/product\/yoast-seo-wordpress\/ -->\n<title>El Sabor de la Tierra - Catalogo | Letrame Grupo Editorial<\/title>\n<meta name=\"robots\" content=\"index, follow, max-snippet:-1, max-image-preview:large, max-video-preview:-1\" \/>\n<link rel=\"canonical\" href=\"https:\/\/letrame.com\/catalogo\/producto\/el-sabor-de-la-tierra\/\" \/>\n<meta property=\"og:locale\" content=\"es_ES\" \/>\n<meta property=\"og:type\" content=\"article\" \/>\n<meta property=\"og:title\" content=\"El Sabor de la Tierra - Catalogo | Letrame Grupo Editorial\" \/>\n<meta property=\"og:description\" content=\"ISBN:\u00a0979-13-7012-343-7 SINOPSIS &quot;El sabor de la tierra&quot; es una saga coral, profundamente humana, que transita entre la s\u00e1tira, la poes\u00eda y la cr\u00edtica social. Es una novela sobre la identidad, la memoria, la soledad del poder y el absurdo de los grandes discursos cuando se enfrentan al barro cotidiano.  Una obra cargada de humor negro, ternura y una melancol\u00eda que atraviesa generaciones.\" \/>\n<meta property=\"og:url\" content=\"https:\/\/letrame.com\/catalogo\/producto\/el-sabor-de-la-tierra\/\" \/>\n<meta property=\"og:site_name\" content=\"Catalogo | Letrame Grupo Editorial\" \/>\n<meta property=\"og:image\" content=\"https:\/\/letrame.com\/catalogo\/wp-content\/uploads\/2025\/12\/elsabordelatierra_661mm3.jpg\" \/>\n\t<meta property=\"og:image:width\" content=\"1772\" \/>\n\t<meta property=\"og:image:height\" content=\"2480\" \/>\n\t<meta property=\"og:image:type\" content=\"image\/jpeg\" \/>\n<meta name=\"twitter:card\" content=\"summary_large_image\" \/>\n<meta name=\"twitter:label1\" content=\"Tiempo de lectura\" \/>\n\t<meta name=\"twitter:data1\" content=\"1 minuto\" \/>\n<script type=\"application\/ld+json\" class=\"yoast-schema-graph\">{\"@context\":\"https:\\\/\\\/schema.org\",\"@graph\":[{\"@type\":\"WebPage\",\"@id\":\"https:\\\/\\\/letrame.com\\\/catalogo\\\/producto\\\/el-sabor-de-la-tierra\\\/\",\"url\":\"https:\\\/\\\/letrame.com\\\/catalogo\\\/producto\\\/el-sabor-de-la-tierra\\\/\",\"name\":\"El Sabor de la Tierra - Catalogo | Letrame Grupo Editorial\",\"isPartOf\":{\"@id\":\"https:\\\/\\\/letrame.com\\\/catalogo\\\/#website\"},\"primaryImageOfPage\":{\"@id\":\"https:\\\/\\\/letrame.com\\\/catalogo\\\/producto\\\/el-sabor-de-la-tierra\\\/#primaryimage\"},\"image\":{\"@id\":\"https:\\\/\\\/letrame.com\\\/catalogo\\\/producto\\\/el-sabor-de-la-tierra\\\/#primaryimage\"},\"thumbnailUrl\":\"https:\\\/\\\/letrame.com\\\/catalogo\\\/wp-content\\\/uploads\\\/2025\\\/12\\\/elsabordelatierra_661mm3.jpg\",\"datePublished\":\"2025-12-26T11:52:01+00:00\",\"breadcrumb\":{\"@id\":\"https:\\\/\\\/letrame.com\\\/catalogo\\\/producto\\\/el-sabor-de-la-tierra\\\/#breadcrumb\"},\"inLanguage\":\"es\",\"potentialAction\":[{\"@type\":\"ReadAction\",\"target\":[\"https:\\\/\\\/letrame.com\\\/catalogo\\\/producto\\\/el-sabor-de-la-tierra\\\/\"]}]},{\"@type\":\"ImageObject\",\"inLanguage\":\"es\",\"@id\":\"https:\\\/\\\/letrame.com\\\/catalogo\\\/producto\\\/el-sabor-de-la-tierra\\\/#primaryimage\",\"url\":\"https:\\\/\\\/letrame.com\\\/catalogo\\\/wp-content\\\/uploads\\\/2025\\\/12\\\/elsabordelatierra_661mm3.jpg\",\"contentUrl\":\"https:\\\/\\\/letrame.com\\\/catalogo\\\/wp-content\\\/uploads\\\/2025\\\/12\\\/elsabordelatierra_661mm3.jpg\",\"width\":1772,\"height\":2480},{\"@type\":\"BreadcrumbList\",\"@id\":\"https:\\\/\\\/letrame.com\\\/catalogo\\\/producto\\\/el-sabor-de-la-tierra\\\/#breadcrumb\",\"itemListElement\":[{\"@type\":\"ListItem\",\"position\":1,\"name\":\"Portada\",\"item\":\"https:\\\/\\\/letrame.com\\\/catalogo\\\/\"},{\"@type\":\"ListItem\",\"position\":2,\"name\":\"Cat\u00e1logo\",\"item\":\"https:\\\/\\\/letrame.com\\\/catalogo\\\/\"},{\"@type\":\"ListItem\",\"position\":3,\"name\":\"El Sabor de la Tierra\"}]},{\"@type\":\"WebSite\",\"@id\":\"https:\\\/\\\/letrame.com\\\/catalogo\\\/#website\",\"url\":\"https:\\\/\\\/letrame.com\\\/catalogo\\\/\",\"name\":\"Catalogo | Letrame Grupo Editorial\",\"description\":\"\",\"publisher\":{\"@id\":\"https:\\\/\\\/letrame.com\\\/catalogo\\\/#organization\"},\"potentialAction\":[{\"@type\":\"SearchAction\",\"target\":{\"@type\":\"EntryPoint\",\"urlTemplate\":\"https:\\\/\\\/letrame.com\\\/catalogo\\\/?s={search_term_string}\"},\"query-input\":{\"@type\":\"PropertyValueSpecification\",\"valueRequired\":true,\"valueName\":\"search_term_string\"}}],\"inLanguage\":\"es\"},{\"@type\":\"Organization\",\"@id\":\"https:\\\/\\\/letrame.com\\\/catalogo\\\/#organization\",\"name\":\"Catalogo | Letrame Grupo Editorial\",\"url\":\"https:\\\/\\\/letrame.com\\\/catalogo\\\/\",\"logo\":{\"@type\":\"ImageObject\",\"inLanguage\":\"es\",\"@id\":\"https:\\\/\\\/letrame.com\\\/catalogo\\\/#\\\/schema\\\/logo\\\/image\\\/\",\"url\":\"https:\\\/\\\/letrame.com\\\/catalogo\\\/wp-content\\\/uploads\\\/2024\\\/03\\\/logo2.webp\",\"contentUrl\":\"https:\\\/\\\/letrame.com\\\/catalogo\\\/wp-content\\\/uploads\\\/2024\\\/03\\\/logo2.webp\",\"width\":394,\"height\":128,\"caption\":\"Catalogo | Letrame Grupo Editorial\"},\"image\":{\"@id\":\"https:\\\/\\\/letrame.com\\\/catalogo\\\/#\\\/schema\\\/logo\\\/image\\\/\"}}]}<\/script>\n<!-- \/ Yoast SEO plugin. -->","yoast_head_json":{"title":"El Sabor de la Tierra - Catalogo | Letrame Grupo Editorial","robots":{"index":"index","follow":"follow","max-snippet":"max-snippet:-1","max-image-preview":"max-image-preview:large","max-video-preview":"max-video-preview:-1"},"canonical":"https:\/\/letrame.com\/catalogo\/producto\/el-sabor-de-la-tierra\/","og_locale":"es_ES","og_type":"article","og_title":"El Sabor de la Tierra - Catalogo | Letrame Grupo Editorial","og_description":"ISBN:\u00a0979-13-7012-343-7 SINOPSIS \"El sabor de la tierra\" es una saga coral, profundamente humana, que transita entre la s\u00e1tira, la poes\u00eda y la cr\u00edtica social. Es una novela sobre la identidad, la memoria, la soledad del poder y el absurdo de los grandes discursos cuando se enfrentan al barro cotidiano.  Una obra cargada de humor negro, ternura y una melancol\u00eda que atraviesa generaciones.","og_url":"https:\/\/letrame.com\/catalogo\/producto\/el-sabor-de-la-tierra\/","og_site_name":"Catalogo | Letrame Grupo Editorial","og_image":[{"width":1772,"height":2480,"url":"https:\/\/letrame.com\/catalogo\/wp-content\/uploads\/2025\/12\/elsabordelatierra_661mm3.jpg","type":"image\/jpeg"}],"twitter_card":"summary_large_image","twitter_misc":{"Tiempo de lectura":"1 minuto"},"schema":{"@context":"https:\/\/schema.org","@graph":[{"@type":"WebPage","@id":"https:\/\/letrame.com\/catalogo\/producto\/el-sabor-de-la-tierra\/","url":"https:\/\/letrame.com\/catalogo\/producto\/el-sabor-de-la-tierra\/","name":"El Sabor de la Tierra - Catalogo | Letrame Grupo Editorial","isPartOf":{"@id":"https:\/\/letrame.com\/catalogo\/#website"},"primaryImageOfPage":{"@id":"https:\/\/letrame.com\/catalogo\/producto\/el-sabor-de-la-tierra\/#primaryimage"},"image":{"@id":"https:\/\/letrame.com\/catalogo\/producto\/el-sabor-de-la-tierra\/#primaryimage"},"thumbnailUrl":"https:\/\/letrame.com\/catalogo\/wp-content\/uploads\/2025\/12\/elsabordelatierra_661mm3.jpg","datePublished":"2025-12-26T11:52:01+00:00","breadcrumb":{"@id":"https:\/\/letrame.com\/catalogo\/producto\/el-sabor-de-la-tierra\/#breadcrumb"},"inLanguage":"es","potentialAction":[{"@type":"ReadAction","target":["https:\/\/letrame.com\/catalogo\/producto\/el-sabor-de-la-tierra\/"]}]},{"@type":"ImageObject","inLanguage":"es","@id":"https:\/\/letrame.com\/catalogo\/producto\/el-sabor-de-la-tierra\/#primaryimage","url":"https:\/\/letrame.com\/catalogo\/wp-content\/uploads\/2025\/12\/elsabordelatierra_661mm3.jpg","contentUrl":"https:\/\/letrame.com\/catalogo\/wp-content\/uploads\/2025\/12\/elsabordelatierra_661mm3.jpg","width":1772,"height":2480},{"@type":"BreadcrumbList","@id":"https:\/\/letrame.com\/catalogo\/producto\/el-sabor-de-la-tierra\/#breadcrumb","itemListElement":[{"@type":"ListItem","position":1,"name":"Portada","item":"https:\/\/letrame.com\/catalogo\/"},{"@type":"ListItem","position":2,"name":"Cat\u00e1logo","item":"https:\/\/letrame.com\/catalogo\/"},{"@type":"ListItem","position":3,"name":"El Sabor de la Tierra"}]},{"@type":"WebSite","@id":"https:\/\/letrame.com\/catalogo\/#website","url":"https:\/\/letrame.com\/catalogo\/","name":"Catalogo | Letrame Grupo Editorial","description":"","publisher":{"@id":"https:\/\/letrame.com\/catalogo\/#organization"},"potentialAction":[{"@type":"SearchAction","target":{"@type":"EntryPoint","urlTemplate":"https:\/\/letrame.com\/catalogo\/?s={search_term_string}"},"query-input":{"@type":"PropertyValueSpecification","valueRequired":true,"valueName":"search_term_string"}}],"inLanguage":"es"},{"@type":"Organization","@id":"https:\/\/letrame.com\/catalogo\/#organization","name":"Catalogo | Letrame Grupo Editorial","url":"https:\/\/letrame.com\/catalogo\/","logo":{"@type":"ImageObject","inLanguage":"es","@id":"https:\/\/letrame.com\/catalogo\/#\/schema\/logo\/image\/","url":"https:\/\/letrame.com\/catalogo\/wp-content\/uploads\/2024\/03\/logo2.webp","contentUrl":"https:\/\/letrame.com\/catalogo\/wp-content\/uploads\/2024\/03\/logo2.webp","width":394,"height":128,"caption":"Catalogo | Letrame Grupo Editorial"},"image":{"@id":"https:\/\/letrame.com\/catalogo\/#\/schema\/logo\/image\/"}}]}},"_links":{"self":[{"href":"https:\/\/letrame.com\/catalogo\/wp-json\/wp\/v2\/product\/110385","targetHints":{"allow":["GET"]}}],"collection":[{"href":"https:\/\/letrame.com\/catalogo\/wp-json\/wp\/v2\/product"}],"about":[{"href":"https:\/\/letrame.com\/catalogo\/wp-json\/wp\/v2\/types\/product"}],"replies":[{"embeddable":true,"href":"https:\/\/letrame.com\/catalogo\/wp-json\/wp\/v2\/comments?post=110385"}],"acf:post":[{"embeddable":true,"href":"https:\/\/letrame.com\/catalogo\/wp-json\/wp\/v2\/author_book\/110384"}],"wp:featuredmedia":[{"embeddable":true,"href":"https:\/\/letrame.com\/catalogo\/wp-json\/wp\/v2\/media\/110388"}],"wp:attachment":[{"href":"https:\/\/letrame.com\/catalogo\/wp-json\/wp\/v2\/media?parent=110385"}],"wp:term":[{"taxonomy":"libro","embeddable":true,"href":"https:\/\/letrame.com\/catalogo\/wp-json\/wp\/v2\/libro?post=110385"},{"taxonomy":"product_brand","embeddable":true,"href":"https:\/\/letrame.com\/catalogo\/wp-json\/wp\/v2\/product_brand?post=110385"},{"taxonomy":"product_cat","embeddable":true,"href":"https:\/\/letrame.com\/catalogo\/wp-json\/wp\/v2\/product_cat?post=110385"},{"taxonomy":"product_tag","embeddable":true,"href":"https:\/\/letrame.com\/catalogo\/wp-json\/wp\/v2\/product_tag?post=110385"}],"curies":[{"name":"wp","href":"https:\/\/api.w.org\/{rel}","templated":true}]}}

<p class="p1"><b>ISBN: </b>979-13-7012-343-7</p>
<p class="p1"><b>Título: </b>El Sabor de la Tierra<br />
<b>Fecha: </b>2025<br />
<b>Páginas: </b>120<b></b></p>
<p class="p1"><b>SINOPSIS</b></p>
<p>«El sabor de la tierra» es una saga coral, profundamente humana, que transita entre la sátira, la poesía y la crítica social. Es una novela sobre la identidad, la memoria, la soledad del poder y el absurdo de los grandes discursos cuando se enfrentan al barro cotidiano.</p>
<p>Una obra cargada de humor negro, ternura y una melancolía que atraviesa generaciones.</p>

<p class="p1"><b>ISBN: </b>979-13-7012-343-7</p>
<p class="p1"><b>SINOPSIS</b></p>
<p>«El sabor de la tierra» es una saga coral, profundamente humana, que transita entre la sátira, la poesía y la crítica social. Es una novela sobre la identidad, la memoria, la soledad del poder y el absurdo de los grandes discursos cuando se enfrentan al barro cotidiano.</p>
<p>Una obra cargada de humor negro, ternura y una melancolía que atraviesa generaciones.</p>

<!-- This site is optimized with the Yoast SEO plugin v27.4 - https://yoast.com/product/yoast-seo-wordpress/ -->
<title>El Sabor de la Tierra - Catalogo | Letrame Grupo Editorial</title>
<meta name="robots" content="index, follow, max-snippet:-1, max-image-preview:large, max-video-preview:-1" />
<link rel="canonical" href="https://letrame.com/catalogo/producto/el-sabor-de-la-tierra/" />
<meta property="og:locale" content="es_ES" />
<meta property="og:type" content="article" />
<meta property="og:title" content="El Sabor de la Tierra - Catalogo | Letrame Grupo Editorial" />
<meta property="og:description" content="ISBN: 979-13-7012-343-7 SINOPSIS &quot;El sabor de la tierra&quot; es una saga coral, profundamente humana, que transita entre la sátira, la poesía y la crítica social. Es una novela sobre la identidad, la memoria, la soledad del poder y el absurdo de los grandes discursos cuando se enfrentan al barro cotidiano.  Una obra cargada de humor negro, ternura y una melancolía que atraviesa generaciones." />
<meta property="og:url" content="https://letrame.com/catalogo/producto/el-sabor-de-la-tierra/" />
<meta property="og:site_name" content="Catalogo | Letrame Grupo Editorial" />
<meta property="og:image" content="https://letrame.com/catalogo/wp-content/uploads/2025/12/elsabordelatierra_661mm3.jpg" />
	<meta property="og:image:width" content="1772" />
	<meta property="og:image:height" content="2480" />
	<meta property="og:image:type" content="image/jpeg" />
<meta name="twitter:card" content="summary_large_image" />
<meta name="twitter:label1" content="Tiempo de lectura" />
	<meta name="twitter:data1" content="1 minuto" />
<script type="application/ld+json" class="yoast-schema-graph">{"@context":"https:\/\/schema.org","@graph":[{"@type":"WebPage","@id":"https:\/\/letrame.com\/catalogo\/producto\/el-sabor-de-la-tierra\/","url":"https:\/\/letrame.com\/catalogo\/producto\/el-sabor-de-la-tierra\/","name":"El Sabor de la Tierra - Catalogo | Letrame Grupo Editorial","isPartOf":{"@id":"https:\/\/letrame.com\/catalogo\/#website"},"primaryImageOfPage":{"@id":"https:\/\/letrame.com\/catalogo\/producto\/el-sabor-de-la-tierra\/#primaryimage"},"image":{"@id":"https:\/\/letrame.com\/catalogo\/producto\/el-sabor-de-la-tierra\/#primaryimage"},"thumbnailUrl":"https:\/\/letrame.com\/catalogo\/wp-content\/uploads\/2025\/12\/elsabordelatierra_661mm3.jpg","datePublished":"2025-12-26T11:52:01+00:00","breadcrumb":{"@id":"https:\/\/letrame.com\/catalogo\/producto\/el-sabor-de-la-tierra\/#breadcrumb"},"inLanguage":"es","potentialAction":[{"@type":"ReadAction","target":["https:\/\/letrame.com\/catalogo\/producto\/el-sabor-de-la-tierra\/"]}]},{"@type":"ImageObject","inLanguage":"es","@id":"https:\/\/letrame.com\/catalogo\/producto\/el-sabor-de-la-tierra\/#primaryimage","url":"https:\/\/letrame.com\/catalogo\/wp-content\/uploads\/2025\/12\/elsabordelatierra_661mm3.jpg","contentUrl":"https:\/\/letrame.com\/catalogo\/wp-content\/uploads\/2025\/12\/elsabordelatierra_661mm3.jpg","width":1772,"height":2480},{"@type":"BreadcrumbList","@id":"https:\/\/letrame.com\/catalogo\/producto\/el-sabor-de-la-tierra\/#breadcrumb","itemListElement":[{"@type":"ListItem","position":1,"name":"Portada","item":"https:\/\/letrame.com\/catalogo\/"},{"@type":"ListItem","position":2,"name":"Catálogo","item":"https:\/\/letrame.com\/catalogo\/"},{"@type":"ListItem","position":3,"name":"El Sabor de la Tierra"}]},{"@type":"WebSite","@id":"https:\/\/letrame.com\/catalogo\/#website","url":"https:\/\/letrame.com\/catalogo\/","name":"Catalogo | Letrame Grupo Editorial","description":"","publisher":{"@id":"https:\/\/letrame.com\/catalogo\/#organization"},"potentialAction":[{"@type":"SearchAction","target":{"@type":"EntryPoint","urlTemplate":"https:\/\/letrame.com\/catalogo\/?s={search_term_string}"},"query-input":{"@type":"PropertyValueSpecification","valueRequired":true,"valueName":"search_term_string"}}],"inLanguage":"es"},{"@type":"Organization","@id":"https:\/\/letrame.com\/catalogo\/#organization","name":"Catalogo | Letrame Grupo Editorial","url":"https:\/\/letrame.com\/catalogo\/","logo":{"@type":"ImageObject","inLanguage":"es","@id":"https:\/\/letrame.com\/catalogo\/#\/schema\/logo\/image\/","url":"https:\/\/letrame.com\/catalogo\/wp-content\/uploads\/2024\/03\/logo2.webp","contentUrl":"https:\/\/letrame.com\/catalogo\/wp-content\/uploads\/2024\/03\/logo2.webp","width":394,"height":128,"caption":"Catalogo | Letrame Grupo Editorial"},"image":{"@id":"https:\/\/letrame.com\/catalogo\/#\/schema\/logo\/image\/"}}]}</script>
<!-- / Yoast SEO plugin. -->

ISBN: 979-13-7012-343-7 SINOPSIS "El sabor de la tierra" es una saga coral, profundamente humana, que transita entre la sátira, la poesía y la crítica social. Es una novela sobre la identidad, la memoria, la soledad del poder y el absurdo de los grandes discursos cuando se enfrentan al barro cotidiano.  Una obra cargada de humor negro, ternura y una melancolía que atraviesa generaciones.

Catálogo
