{"id":110294,"date":"2025-12-24T12:02:59","date_gmt":"2025-12-24T11:02:59","guid":{"rendered":"https:\/\/letrame.com\/catalogo\/?post_type=product&#038;p=110294"},"modified":"2025-12-24T12:03:00","modified_gmt":"2025-12-24T11:03:00","slug":"la-semilla-de-un-arbol-divino","status":"publish","type":"product","link":"https:\/\/letrame.com\/catalogo\/producto\/la-semilla-de-un-arbol-divino\/","title":{"rendered":"La semilla de un \u00e1rbol divino"},"content":{"rendered":"<p class=\"p1\"><b>ISBN:\u00a0<\/b>979-13-7012-531-8<\/p>\n<p class=\"p1\"><b>T\u00edtulo:\u00a0<\/b><span id=\"productTitle\" class=\"a-size-large celwidget\" data-csa-c-id=\"dphiaj-3aiphy-pr6tro-ep0htj\" data-cel-widget=\"productTitle\">La semilla de un \u00e1rbol divino<\/span><\/p>\n<p class=\"p1\">\n<b>Fecha:\u00a0<\/b>2025<br \/>\n<b>P\u00e1ginas:\u00a0<\/b>82<b><\/b><\/p>\n<p class=\"p1\"><b>SINOPSIS<\/b><b><\/b><\/p>\n<p>Uno de los problemas de los seres humanos en este mundo.<br \/>\nQue no plantan la semilla divina dentro de s\u00ed mismos, porque en el mundo real est\u00e1n m\u00e1s enfocados a lo que muestra el mundo.La semilla que plantas dentro de tu ser, esa semilla crecer\u00e1 como un \u00e1rbol para bien o para mal. Aprenderemos a adaptarnos como \u00e1rboles<br \/>\nHexibles que se mueven con el viento sin quebrantarse.<br \/>\nTe invito a ver tu vida como un ecosistema en constante evoluci\u00f3n.<br \/>\nTal como un \u00e1rbol que se adapta a diferentes condiciones.<\/p>\n","protected":false},"excerpt":{"rendered":"<p class=\"p1\"><b>ISBN:\u00a0<\/b>979-13-7012-531-8<\/p>\n<p class=\"p1\"><b>SINOPSIS<\/b><b><\/b><\/p>\n<p>Uno de los problemas de los seres humanos en este mundo.<br \/>\nQue no plantan la semilla divina dentro de s\u00ed mismos, porque en el mundo real est\u00e1n m\u00e1s enfocados a lo que muestra el mundo.La semilla que plantas dentro de tu ser, esa semilla crecer\u00e1 como un \u00e1rbol para bien o para mal. Aprenderemos a adaptarnos como \u00e1rboles<br \/>\nHexibles que se mueven con el viento sin quebrantarse.<br \/>\nTe invito a ver tu vida como un ecosistema en constante evoluci\u00f3n.<br \/>\nTal como un \u00e1rbol que se adapta a diferentes condiciones.<\/p>\n","protected":false},"featured_media":110297,"comment_status":"open","ping_status":"closed","template":"","meta":{"_acf_changed":false},"libro":[],"product_brand":[],"product_cat":[18],"product_tag":[],"class_list":{"0":"post-110294","1":"product","2":"type-product","3":"status-publish","4":"has-post-thumbnail","6":"product_cat-autoayuda","8":"first","9":"instock","10":"shipping-taxable","11":"product-type-simple"},"acf":{"autor":[110295],"enlace_de_compra":"https:\/\/www.amazon.es\/semilla-%C3%A1rbol-divino-Autoayuda\/dp\/B0FM2BY7F2\/ref=sr_1_1?__mk_es_ES=%C3%85M%C3%85%C5%BD%C3%95%C3%91&crid=1GFSL2FOKQAS1&dib=eyJ2IjoiMSJ9.53iK-kfiaz6CmIy7m22Vcw.19gjY6Jyp6P6Gq6qpZUzXc4sTW2bmMIDq2MTLZXOhno&dib_tag=se&keywords=La+Semilla+de+un+%C3%A1rbol+Divino&qid=1766573932&s=books&sprefix=la+semilla+de+un+%C3%A1rbol+divino%2Cstripbooks%2C247&sr=1-1"},"yoast_head":"<!-- This site is optimized with the Yoast SEO plugin v27.4 - https:\/\/yoast.com\/product\/yoast-seo-wordpress\/ -->\n<title>La semilla de un \u00e1rbol divino - Catalogo | Letrame Grupo Editorial<\/title>\n<meta name=\"robots\" content=\"index, follow, max-snippet:-1, max-image-preview:large, max-video-preview:-1\" \/>\n<link rel=\"canonical\" href=\"https:\/\/letrame.com\/catalogo\/producto\/la-semilla-de-un-arbol-divino\/\" \/>\n<meta property=\"og:locale\" content=\"es_ES\" \/>\n<meta property=\"og:type\" content=\"article\" \/>\n<meta property=\"og:title\" content=\"La semilla de un \u00e1rbol divino - Catalogo | Letrame Grupo Editorial\" \/>\n<meta property=\"og:description\" content=\"ISBN:\u00a0979-13-7012-531-8 SINOPSIS Uno de los problemas de los seres humanos en este mundo. Que no plantan la semilla divina dentro de s\u00ed mismos, porque en el mundo real est\u00e1n m\u00e1s enfocados a lo que muestra el mundo.La semilla que plantas dentro de tu ser, esa semilla crecer\u00e1 como un \u00e1rbol para bien o para mal. Aprenderemos a adaptarnos como \u00e1rboles Hexibles que se mueven con el viento sin quebrantarse. Te invito a ver tu vida como un ecosistema en constante evoluci\u00f3n. Tal como un \u00e1rbol que se adapta a diferentes condiciones.\" \/>\n<meta property=\"og:url\" content=\"https:\/\/letrame.com\/catalogo\/producto\/la-semilla-de-un-arbol-divino\/\" \/>\n<meta property=\"og:site_name\" content=\"Catalogo | Letrame Grupo Editorial\" \/>\n<meta property=\"article:modified_time\" content=\"2025-12-24T11:03:00+00:00\" \/>\n<meta property=\"og:image\" content=\"https:\/\/letrame.com\/catalogo\/wp-content\/uploads\/2025\/12\/lasemilla_485mm3.jpg\" \/>\n\t<meta property=\"og:image:width\" content=\"1772\" \/>\n\t<meta property=\"og:image:height\" content=\"2480\" \/>\n\t<meta property=\"og:image:type\" content=\"image\/jpeg\" \/>\n<meta name=\"twitter:card\" content=\"summary_large_image\" \/>\n<meta name=\"twitter:label1\" content=\"Tiempo de lectura\" \/>\n\t<meta name=\"twitter:data1\" content=\"1 minuto\" \/>\n<script type=\"application\/ld+json\" class=\"yoast-schema-graph\">{\"@context\":\"https:\\\/\\\/schema.org\",\"@graph\":[{\"@type\":\"WebPage\",\"@id\":\"https:\\\/\\\/letrame.com\\\/catalogo\\\/producto\\\/la-semilla-de-un-arbol-divino\\\/\",\"url\":\"https:\\\/\\\/letrame.com\\\/catalogo\\\/producto\\\/la-semilla-de-un-arbol-divino\\\/\",\"name\":\"La semilla de un \u00e1rbol divino - Catalogo | Letrame Grupo Editorial\",\"isPartOf\":{\"@id\":\"https:\\\/\\\/letrame.com\\\/catalogo\\\/#website\"},\"primaryImageOfPage\":{\"@id\":\"https:\\\/\\\/letrame.com\\\/catalogo\\\/producto\\\/la-semilla-de-un-arbol-divino\\\/#primaryimage\"},\"image\":{\"@id\":\"https:\\\/\\\/letrame.com\\\/catalogo\\\/producto\\\/la-semilla-de-un-arbol-divino\\\/#primaryimage\"},\"thumbnailUrl\":\"https:\\\/\\\/letrame.com\\\/catalogo\\\/wp-content\\\/uploads\\\/2025\\\/12\\\/lasemilla_485mm3.jpg\",\"datePublished\":\"2025-12-24T11:02:59+00:00\",\"dateModified\":\"2025-12-24T11:03:00+00:00\",\"breadcrumb\":{\"@id\":\"https:\\\/\\\/letrame.com\\\/catalogo\\\/producto\\\/la-semilla-de-un-arbol-divino\\\/#breadcrumb\"},\"inLanguage\":\"es\",\"potentialAction\":[{\"@type\":\"ReadAction\",\"target\":[\"https:\\\/\\\/letrame.com\\\/catalogo\\\/producto\\\/la-semilla-de-un-arbol-divino\\\/\"]}]},{\"@type\":\"ImageObject\",\"inLanguage\":\"es\",\"@id\":\"https:\\\/\\\/letrame.com\\\/catalogo\\\/producto\\\/la-semilla-de-un-arbol-divino\\\/#primaryimage\",\"url\":\"https:\\\/\\\/letrame.com\\\/catalogo\\\/wp-content\\\/uploads\\\/2025\\\/12\\\/lasemilla_485mm3.jpg\",\"contentUrl\":\"https:\\\/\\\/letrame.com\\\/catalogo\\\/wp-content\\\/uploads\\\/2025\\\/12\\\/lasemilla_485mm3.jpg\",\"width\":1772,\"height\":2480},{\"@type\":\"BreadcrumbList\",\"@id\":\"https:\\\/\\\/letrame.com\\\/catalogo\\\/producto\\\/la-semilla-de-un-arbol-divino\\\/#breadcrumb\",\"itemListElement\":[{\"@type\":\"ListItem\",\"position\":1,\"name\":\"Portada\",\"item\":\"https:\\\/\\\/letrame.com\\\/catalogo\\\/\"},{\"@type\":\"ListItem\",\"position\":2,\"name\":\"Cat\u00e1logo\",\"item\":\"https:\\\/\\\/letrame.com\\\/catalogo\\\/\"},{\"@type\":\"ListItem\",\"position\":3,\"name\":\"La semilla de un \u00e1rbol divino\"}]},{\"@type\":\"WebSite\",\"@id\":\"https:\\\/\\\/letrame.com\\\/catalogo\\\/#website\",\"url\":\"https:\\\/\\\/letrame.com\\\/catalogo\\\/\",\"name\":\"Catalogo | Letrame Grupo Editorial\",\"description\":\"\",\"publisher\":{\"@id\":\"https:\\\/\\\/letrame.com\\\/catalogo\\\/#organization\"},\"potentialAction\":[{\"@type\":\"SearchAction\",\"target\":{\"@type\":\"EntryPoint\",\"urlTemplate\":\"https:\\\/\\\/letrame.com\\\/catalogo\\\/?s={search_term_string}\"},\"query-input\":{\"@type\":\"PropertyValueSpecification\",\"valueRequired\":true,\"valueName\":\"search_term_string\"}}],\"inLanguage\":\"es\"},{\"@type\":\"Organization\",\"@id\":\"https:\\\/\\\/letrame.com\\\/catalogo\\\/#organization\",\"name\":\"Catalogo | Letrame Grupo Editorial\",\"url\":\"https:\\\/\\\/letrame.com\\\/catalogo\\\/\",\"logo\":{\"@type\":\"ImageObject\",\"inLanguage\":\"es\",\"@id\":\"https:\\\/\\\/letrame.com\\\/catalogo\\\/#\\\/schema\\\/logo\\\/image\\\/\",\"url\":\"https:\\\/\\\/letrame.com\\\/catalogo\\\/wp-content\\\/uploads\\\/2024\\\/03\\\/logo2.webp\",\"contentUrl\":\"https:\\\/\\\/letrame.com\\\/catalogo\\\/wp-content\\\/uploads\\\/2024\\\/03\\\/logo2.webp\",\"width\":394,\"height\":128,\"caption\":\"Catalogo | Letrame Grupo Editorial\"},\"image\":{\"@id\":\"https:\\\/\\\/letrame.com\\\/catalogo\\\/#\\\/schema\\\/logo\\\/image\\\/\"}}]}<\/script>\n<!-- \/ Yoast SEO plugin. -->","yoast_head_json":{"title":"La semilla de un \u00e1rbol divino - Catalogo | Letrame Grupo Editorial","robots":{"index":"index","follow":"follow","max-snippet":"max-snippet:-1","max-image-preview":"max-image-preview:large","max-video-preview":"max-video-preview:-1"},"canonical":"https:\/\/letrame.com\/catalogo\/producto\/la-semilla-de-un-arbol-divino\/","og_locale":"es_ES","og_type":"article","og_title":"La semilla de un \u00e1rbol divino - Catalogo | Letrame Grupo Editorial","og_description":"ISBN:\u00a0979-13-7012-531-8 SINOPSIS Uno de los problemas de los seres humanos en este mundo. Que no plantan la semilla divina dentro de s\u00ed mismos, porque en el mundo real est\u00e1n m\u00e1s enfocados a lo que muestra el mundo.La semilla que plantas dentro de tu ser, esa semilla crecer\u00e1 como un \u00e1rbol para bien o para mal. Aprenderemos a adaptarnos como \u00e1rboles Hexibles que se mueven con el viento sin quebrantarse. Te invito a ver tu vida como un ecosistema en constante evoluci\u00f3n. Tal como un \u00e1rbol que se adapta a diferentes condiciones.","og_url":"https:\/\/letrame.com\/catalogo\/producto\/la-semilla-de-un-arbol-divino\/","og_site_name":"Catalogo | Letrame Grupo Editorial","article_modified_time":"2025-12-24T11:03:00+00:00","og_image":[{"width":1772,"height":2480,"url":"https:\/\/letrame.com\/catalogo\/wp-content\/uploads\/2025\/12\/lasemilla_485mm3.jpg","type":"image\/jpeg"}],"twitter_card":"summary_large_image","twitter_misc":{"Tiempo de lectura":"1 minuto"},"schema":{"@context":"https:\/\/schema.org","@graph":[{"@type":"WebPage","@id":"https:\/\/letrame.com\/catalogo\/producto\/la-semilla-de-un-arbol-divino\/","url":"https:\/\/letrame.com\/catalogo\/producto\/la-semilla-de-un-arbol-divino\/","name":"La semilla de un \u00e1rbol divino - Catalogo | Letrame Grupo Editorial","isPartOf":{"@id":"https:\/\/letrame.com\/catalogo\/#website"},"primaryImageOfPage":{"@id":"https:\/\/letrame.com\/catalogo\/producto\/la-semilla-de-un-arbol-divino\/#primaryimage"},"image":{"@id":"https:\/\/letrame.com\/catalogo\/producto\/la-semilla-de-un-arbol-divino\/#primaryimage"},"thumbnailUrl":"https:\/\/letrame.com\/catalogo\/wp-content\/uploads\/2025\/12\/lasemilla_485mm3.jpg","datePublished":"2025-12-24T11:02:59+00:00","dateModified":"2025-12-24T11:03:00+00:00","breadcrumb":{"@id":"https:\/\/letrame.com\/catalogo\/producto\/la-semilla-de-un-arbol-divino\/#breadcrumb"},"inLanguage":"es","potentialAction":[{"@type":"ReadAction","target":["https:\/\/letrame.com\/catalogo\/producto\/la-semilla-de-un-arbol-divino\/"]}]},{"@type":"ImageObject","inLanguage":"es","@id":"https:\/\/letrame.com\/catalogo\/producto\/la-semilla-de-un-arbol-divino\/#primaryimage","url":"https:\/\/letrame.com\/catalogo\/wp-content\/uploads\/2025\/12\/lasemilla_485mm3.jpg","contentUrl":"https:\/\/letrame.com\/catalogo\/wp-content\/uploads\/2025\/12\/lasemilla_485mm3.jpg","width":1772,"height":2480},{"@type":"BreadcrumbList","@id":"https:\/\/letrame.com\/catalogo\/producto\/la-semilla-de-un-arbol-divino\/#breadcrumb","itemListElement":[{"@type":"ListItem","position":1,"name":"Portada","item":"https:\/\/letrame.com\/catalogo\/"},{"@type":"ListItem","position":2,"name":"Cat\u00e1logo","item":"https:\/\/letrame.com\/catalogo\/"},{"@type":"ListItem","position":3,"name":"La semilla de un \u00e1rbol divino"}]},{"@type":"WebSite","@id":"https:\/\/letrame.com\/catalogo\/#website","url":"https:\/\/letrame.com\/catalogo\/","name":"Catalogo | Letrame Grupo Editorial","description":"","publisher":{"@id":"https:\/\/letrame.com\/catalogo\/#organization"},"potentialAction":[{"@type":"SearchAction","target":{"@type":"EntryPoint","urlTemplate":"https:\/\/letrame.com\/catalogo\/?s={search_term_string}"},"query-input":{"@type":"PropertyValueSpecification","valueRequired":true,"valueName":"search_term_string"}}],"inLanguage":"es"},{"@type":"Organization","@id":"https:\/\/letrame.com\/catalogo\/#organization","name":"Catalogo | Letrame Grupo Editorial","url":"https:\/\/letrame.com\/catalogo\/","logo":{"@type":"ImageObject","inLanguage":"es","@id":"https:\/\/letrame.com\/catalogo\/#\/schema\/logo\/image\/","url":"https:\/\/letrame.com\/catalogo\/wp-content\/uploads\/2024\/03\/logo2.webp","contentUrl":"https:\/\/letrame.com\/catalogo\/wp-content\/uploads\/2024\/03\/logo2.webp","width":394,"height":128,"caption":"Catalogo | Letrame Grupo Editorial"},"image":{"@id":"https:\/\/letrame.com\/catalogo\/#\/schema\/logo\/image\/"}}]}},"_links":{"self":[{"href":"https:\/\/letrame.com\/catalogo\/wp-json\/wp\/v2\/product\/110294","targetHints":{"allow":["GET"]}}],"collection":[{"href":"https:\/\/letrame.com\/catalogo\/wp-json\/wp\/v2\/product"}],"about":[{"href":"https:\/\/letrame.com\/catalogo\/wp-json\/wp\/v2\/types\/product"}],"replies":[{"embeddable":true,"href":"https:\/\/letrame.com\/catalogo\/wp-json\/wp\/v2\/comments?post=110294"}],"acf:post":[{"embeddable":true,"href":"https:\/\/letrame.com\/catalogo\/wp-json\/wp\/v2\/author_book\/110295"}],"wp:featuredmedia":[{"embeddable":true,"href":"https:\/\/letrame.com\/catalogo\/wp-json\/wp\/v2\/media\/110297"}],"wp:attachment":[{"href":"https:\/\/letrame.com\/catalogo\/wp-json\/wp\/v2\/media?parent=110294"}],"wp:term":[{"taxonomy":"libro","embeddable":true,"href":"https:\/\/letrame.com\/catalogo\/wp-json\/wp\/v2\/libro?post=110294"},{"taxonomy":"product_brand","embeddable":true,"href":"https:\/\/letrame.com\/catalogo\/wp-json\/wp\/v2\/product_brand?post=110294"},{"taxonomy":"product_cat","embeddable":true,"href":"https:\/\/letrame.com\/catalogo\/wp-json\/wp\/v2\/product_cat?post=110294"},{"taxonomy":"product_tag","embeddable":true,"href":"https:\/\/letrame.com\/catalogo\/wp-json\/wp\/v2\/product_tag?post=110294"}],"curies":[{"name":"wp","href":"https:\/\/api.w.org\/{rel}","templated":true}]}}