{"id":109893,"date":"2025-12-04T14:38:21","date_gmt":"2025-12-04T13:38:21","guid":{"rendered":"https:\/\/letrame.com\/catalogo\/?post_type=product&#038;p=109893"},"modified":"2025-12-04T14:42:52","modified_gmt":"2025-12-04T13:42:52","slug":"hamartia","status":"publish","type":"product","link":"https:\/\/letrame.com\/catalogo\/producto\/hamartia\/","title":{"rendered":"Hamart\u00eda"},"content":{"rendered":"<p class=\"p1\"><b>ISBN: 9791370291020<\/b><b><\/b><\/p>\n<p class=\"p1\"><b>T\u00edtulo: Hamart\u00eda<\/b><b><\/b><\/p>\n<p class=\"p1\"><b>Fecha: 2025<\/b><b><\/b><\/p>\n<p class=\"p1\"><b>P\u00e1ginas: 140<\/b><b><\/b><\/p>\n<p class=\"p1\"><b>SINOPSIS<\/b><\/p>\n<p>Hamart\u00eda, del griego \u00aberror tr\u00e1gico\u00bb o \u00abfalta que conduce a la ca\u00edda\u00bb, es una obra que transforma la confesi\u00f3n \u00edntima en una meditaci\u00f3n sobre la vida y el pensamiento. Con un estilo que oscila entre la intensidad de un diario personal y la precisi\u00f3n del aforismo, Dayhanne Ure\u00f1a conduce al lector a un territorio donde memoria, arte y poes\u00eda se entrelazan con las preguntas esenciales de la existencia.<br \/>\nEn estas p\u00e1ginas late la figura de un Prometeo contempor\u00e1neo: alguien que se arriesga a buscar la verdad y la belleza, aun sabiendo que puede arder en su fuego. La escritura se mueve entre reflexiones profundas y destellos breves que irrumpen con la lucidez de un rel\u00e1mpago<\/p>\n","protected":false},"excerpt":{"rendered":"<p class=\"p1\"><b>ISBN: 9791370291020<\/b><b><\/b><\/p>\n<p class=\"p1\"><b>SINOPSIS<\/b><\/p>\n<p>Hamart\u00eda, del griego \u00aberror tr\u00e1gico\u00bb o \u00abfalta que conduce a la ca\u00edda\u00bb, es una obra que transforma la confesi\u00f3n \u00edntima en una meditaci\u00f3n sobre la vida y el pensamiento. Con un estilo que oscila entre la intensidad de un diario personal y la precisi\u00f3n del aforismo, Dayhanne Ure\u00f1a conduce al lector a un territorio donde memoria, arte y poes\u00eda se entrelazan con las preguntas esenciales de la existencia.<br \/>\nEn estas p\u00e1ginas late la figura de un Prometeo contempor\u00e1neo: alguien que se arriesga a buscar la verdad y la belleza, aun sabiendo que puede arder en su fuego. La escritura se mueve entre reflexiones profundas y destellos breves que irrumpen con la lucidez de un rel\u00e1mpago<\/p>\n","protected":false},"featured_media":109894,"comment_status":"open","ping_status":"closed","template":"","meta":{"_acf_changed":false},"libro":[],"product_brand":[],"product_cat":[103],"product_tag":[],"class_list":{"0":"post-109893","1":"product","2":"type-product","3":"status-publish","4":"has-post-thumbnail","6":"product_cat-filosofia","8":"first","9":"instock","10":"shipping-taxable","11":"product-type-simple"},"acf":{"autor":[109895],"enlace_de_compra":"https:\/\/www.amazon.es\/Hamart%C3%ADa-Filosof%C3%ADa-Dayhanne-Ure%C3%B1a-Peralta\/dp\/B0G19H35TX\/ref=sr_1_1?__mk_es_ES=%C3%85M%C3%85%C5%BD%C3%95%C3%91&crid=394ASC9OCLK9S&dib=eyJ2IjoiMSJ9.-VMsv7JevL76EMGnif0JkA.AL2ZPP6f6PQjyofGRpokhTznl04--Xgd5Wypyx3SuSs&dib_tag=se&keywords=hamart%C3%ADa+letrame&qid=1764855390&s=books&sprefix=hamart%C3%ADa+letrame%2Cstripbooks%2C70&sr=1-1"},"yoast_head":"<!-- This site is optimized with the Yoast SEO plugin v27.4 - https:\/\/yoast.com\/product\/yoast-seo-wordpress\/ -->\n<title>Hamart\u00eda - Catalogo | Letrame Grupo Editorial<\/title>\n<meta name=\"robots\" content=\"index, follow, max-snippet:-1, max-image-preview:large, max-video-preview:-1\" \/>\n<link rel=\"canonical\" href=\"https:\/\/letrame.com\/catalogo\/producto\/hamartia\/\" \/>\n<meta property=\"og:locale\" content=\"es_ES\" \/>\n<meta property=\"og:type\" content=\"article\" \/>\n<meta property=\"og:title\" content=\"Hamart\u00eda - Catalogo | Letrame Grupo Editorial\" \/>\n<meta property=\"og:description\" content=\"ISBN: 9791370291020 SINOPSIS Hamart\u00eda, del griego \u00aberror tr\u00e1gico\u00bb o \u00abfalta que conduce a la ca\u00edda\u00bb, es una obra que transforma la confesi\u00f3n \u00edntima en una meditaci\u00f3n sobre la vida y el pensamiento. Con un estilo que oscila entre la intensidad de un diario personal y la precisi\u00f3n del aforismo, Dayhanne Ure\u00f1a conduce al lector a un territorio donde memoria, arte y poes\u00eda se entrelazan con las preguntas esenciales de la existencia. En estas p\u00e1ginas late la figura de un Prometeo contempor\u00e1neo: alguien que se arriesga a buscar la verdad y la belleza, aun sabiendo que puede arder en su fuego. La escritura se mueve entre reflexiones profundas y destellos breves que irrumpen con la lucidez de un rel\u00e1mpago\" \/>\n<meta property=\"og:url\" content=\"https:\/\/letrame.com\/catalogo\/producto\/hamartia\/\" \/>\n<meta property=\"og:site_name\" content=\"Catalogo | Letrame Grupo Editorial\" \/>\n<meta property=\"article:modified_time\" content=\"2025-12-04T13:42:52+00:00\" \/>\n<meta property=\"og:image\" content=\"https:\/\/letrame.com\/catalogo\/wp-content\/uploads\/2025\/12\/hamartia_753mm4.gif\" \/>\n\t<meta property=\"og:image:width\" content=\"384\" \/>\n\t<meta property=\"og:image:height\" content=\"537\" \/>\n\t<meta property=\"og:image:type\" content=\"image\/gif\" \/>\n<meta name=\"twitter:card\" content=\"summary_large_image\" \/>\n<meta name=\"twitter:label1\" content=\"Tiempo de lectura\" \/>\n\t<meta name=\"twitter:data1\" content=\"1 minuto\" \/>\n<script type=\"application\/ld+json\" class=\"yoast-schema-graph\">{\"@context\":\"https:\\\/\\\/schema.org\",\"@graph\":[{\"@type\":\"WebPage\",\"@id\":\"https:\\\/\\\/letrame.com\\\/catalogo\\\/producto\\\/hamartia\\\/\",\"url\":\"https:\\\/\\\/letrame.com\\\/catalogo\\\/producto\\\/hamartia\\\/\",\"name\":\"Hamart\u00eda - Catalogo | Letrame Grupo Editorial\",\"isPartOf\":{\"@id\":\"https:\\\/\\\/letrame.com\\\/catalogo\\\/#website\"},\"primaryImageOfPage\":{\"@id\":\"https:\\\/\\\/letrame.com\\\/catalogo\\\/producto\\\/hamartia\\\/#primaryimage\"},\"image\":{\"@id\":\"https:\\\/\\\/letrame.com\\\/catalogo\\\/producto\\\/hamartia\\\/#primaryimage\"},\"thumbnailUrl\":\"https:\\\/\\\/letrame.com\\\/catalogo\\\/wp-content\\\/uploads\\\/2025\\\/12\\\/hamartia_753mm4.gif\",\"datePublished\":\"2025-12-04T13:38:21+00:00\",\"dateModified\":\"2025-12-04T13:42:52+00:00\",\"breadcrumb\":{\"@id\":\"https:\\\/\\\/letrame.com\\\/catalogo\\\/producto\\\/hamartia\\\/#breadcrumb\"},\"inLanguage\":\"es\",\"potentialAction\":[{\"@type\":\"ReadAction\",\"target\":[\"https:\\\/\\\/letrame.com\\\/catalogo\\\/producto\\\/hamartia\\\/\"]}]},{\"@type\":\"ImageObject\",\"inLanguage\":\"es\",\"@id\":\"https:\\\/\\\/letrame.com\\\/catalogo\\\/producto\\\/hamartia\\\/#primaryimage\",\"url\":\"https:\\\/\\\/letrame.com\\\/catalogo\\\/wp-content\\\/uploads\\\/2025\\\/12\\\/hamartia_753mm4.gif\",\"contentUrl\":\"https:\\\/\\\/letrame.com\\\/catalogo\\\/wp-content\\\/uploads\\\/2025\\\/12\\\/hamartia_753mm4.gif\",\"width\":384,\"height\":537},{\"@type\":\"BreadcrumbList\",\"@id\":\"https:\\\/\\\/letrame.com\\\/catalogo\\\/producto\\\/hamartia\\\/#breadcrumb\",\"itemListElement\":[{\"@type\":\"ListItem\",\"position\":1,\"name\":\"Portada\",\"item\":\"https:\\\/\\\/letrame.com\\\/catalogo\\\/\"},{\"@type\":\"ListItem\",\"position\":2,\"name\":\"Cat\u00e1logo\",\"item\":\"https:\\\/\\\/letrame.com\\\/catalogo\\\/\"},{\"@type\":\"ListItem\",\"position\":3,\"name\":\"Hamart\u00eda\"}]},{\"@type\":\"WebSite\",\"@id\":\"https:\\\/\\\/letrame.com\\\/catalogo\\\/#website\",\"url\":\"https:\\\/\\\/letrame.com\\\/catalogo\\\/\",\"name\":\"Catalogo | Letrame Grupo Editorial\",\"description\":\"\",\"publisher\":{\"@id\":\"https:\\\/\\\/letrame.com\\\/catalogo\\\/#organization\"},\"potentialAction\":[{\"@type\":\"SearchAction\",\"target\":{\"@type\":\"EntryPoint\",\"urlTemplate\":\"https:\\\/\\\/letrame.com\\\/catalogo\\\/?s={search_term_string}\"},\"query-input\":{\"@type\":\"PropertyValueSpecification\",\"valueRequired\":true,\"valueName\":\"search_term_string\"}}],\"inLanguage\":\"es\"},{\"@type\":\"Organization\",\"@id\":\"https:\\\/\\\/letrame.com\\\/catalogo\\\/#organization\",\"name\":\"Catalogo | Letrame Grupo Editorial\",\"url\":\"https:\\\/\\\/letrame.com\\\/catalogo\\\/\",\"logo\":{\"@type\":\"ImageObject\",\"inLanguage\":\"es\",\"@id\":\"https:\\\/\\\/letrame.com\\\/catalogo\\\/#\\\/schema\\\/logo\\\/image\\\/\",\"url\":\"https:\\\/\\\/letrame.com\\\/catalogo\\\/wp-content\\\/uploads\\\/2024\\\/03\\\/logo2.webp\",\"contentUrl\":\"https:\\\/\\\/letrame.com\\\/catalogo\\\/wp-content\\\/uploads\\\/2024\\\/03\\\/logo2.webp\",\"width\":394,\"height\":128,\"caption\":\"Catalogo | Letrame Grupo Editorial\"},\"image\":{\"@id\":\"https:\\\/\\\/letrame.com\\\/catalogo\\\/#\\\/schema\\\/logo\\\/image\\\/\"}}]}<\/script>\n<!-- \/ Yoast SEO plugin. -->","yoast_head_json":{"title":"Hamart\u00eda - Catalogo | Letrame Grupo Editorial","robots":{"index":"index","follow":"follow","max-snippet":"max-snippet:-1","max-image-preview":"max-image-preview:large","max-video-preview":"max-video-preview:-1"},"canonical":"https:\/\/letrame.com\/catalogo\/producto\/hamartia\/","og_locale":"es_ES","og_type":"article","og_title":"Hamart\u00eda - Catalogo | Letrame Grupo Editorial","og_description":"ISBN: 9791370291020 SINOPSIS Hamart\u00eda, del griego \u00aberror tr\u00e1gico\u00bb o \u00abfalta que conduce a la ca\u00edda\u00bb, es una obra que transforma la confesi\u00f3n \u00edntima en una meditaci\u00f3n sobre la vida y el pensamiento. Con un estilo que oscila entre la intensidad de un diario personal y la precisi\u00f3n del aforismo, Dayhanne Ure\u00f1a conduce al lector a un territorio donde memoria, arte y poes\u00eda se entrelazan con las preguntas esenciales de la existencia. En estas p\u00e1ginas late la figura de un Prometeo contempor\u00e1neo: alguien que se arriesga a buscar la verdad y la belleza, aun sabiendo que puede arder en su fuego. La escritura se mueve entre reflexiones profundas y destellos breves que irrumpen con la lucidez de un rel\u00e1mpago","og_url":"https:\/\/letrame.com\/catalogo\/producto\/hamartia\/","og_site_name":"Catalogo | Letrame Grupo Editorial","article_modified_time":"2025-12-04T13:42:52+00:00","og_image":[{"width":384,"height":537,"url":"https:\/\/letrame.com\/catalogo\/wp-content\/uploads\/2025\/12\/hamartia_753mm4.gif","type":"image\/gif"}],"twitter_card":"summary_large_image","twitter_misc":{"Tiempo de lectura":"1 minuto"},"schema":{"@context":"https:\/\/schema.org","@graph":[{"@type":"WebPage","@id":"https:\/\/letrame.com\/catalogo\/producto\/hamartia\/","url":"https:\/\/letrame.com\/catalogo\/producto\/hamartia\/","name":"Hamart\u00eda - Catalogo | Letrame Grupo Editorial","isPartOf":{"@id":"https:\/\/letrame.com\/catalogo\/#website"},"primaryImageOfPage":{"@id":"https:\/\/letrame.com\/catalogo\/producto\/hamartia\/#primaryimage"},"image":{"@id":"https:\/\/letrame.com\/catalogo\/producto\/hamartia\/#primaryimage"},"thumbnailUrl":"https:\/\/letrame.com\/catalogo\/wp-content\/uploads\/2025\/12\/hamartia_753mm4.gif","datePublished":"2025-12-04T13:38:21+00:00","dateModified":"2025-12-04T13:42:52+00:00","breadcrumb":{"@id":"https:\/\/letrame.com\/catalogo\/producto\/hamartia\/#breadcrumb"},"inLanguage":"es","potentialAction":[{"@type":"ReadAction","target":["https:\/\/letrame.com\/catalogo\/producto\/hamartia\/"]}]},{"@type":"ImageObject","inLanguage":"es","@id":"https:\/\/letrame.com\/catalogo\/producto\/hamartia\/#primaryimage","url":"https:\/\/letrame.com\/catalogo\/wp-content\/uploads\/2025\/12\/hamartia_753mm4.gif","contentUrl":"https:\/\/letrame.com\/catalogo\/wp-content\/uploads\/2025\/12\/hamartia_753mm4.gif","width":384,"height":537},{"@type":"BreadcrumbList","@id":"https:\/\/letrame.com\/catalogo\/producto\/hamartia\/#breadcrumb","itemListElement":[{"@type":"ListItem","position":1,"name":"Portada","item":"https:\/\/letrame.com\/catalogo\/"},{"@type":"ListItem","position":2,"name":"Cat\u00e1logo","item":"https:\/\/letrame.com\/catalogo\/"},{"@type":"ListItem","position":3,"name":"Hamart\u00eda"}]},{"@type":"WebSite","@id":"https:\/\/letrame.com\/catalogo\/#website","url":"https:\/\/letrame.com\/catalogo\/","name":"Catalogo | Letrame Grupo Editorial","description":"","publisher":{"@id":"https:\/\/letrame.com\/catalogo\/#organization"},"potentialAction":[{"@type":"SearchAction","target":{"@type":"EntryPoint","urlTemplate":"https:\/\/letrame.com\/catalogo\/?s={search_term_string}"},"query-input":{"@type":"PropertyValueSpecification","valueRequired":true,"valueName":"search_term_string"}}],"inLanguage":"es"},{"@type":"Organization","@id":"https:\/\/letrame.com\/catalogo\/#organization","name":"Catalogo | Letrame Grupo Editorial","url":"https:\/\/letrame.com\/catalogo\/","logo":{"@type":"ImageObject","inLanguage":"es","@id":"https:\/\/letrame.com\/catalogo\/#\/schema\/logo\/image\/","url":"https:\/\/letrame.com\/catalogo\/wp-content\/uploads\/2024\/03\/logo2.webp","contentUrl":"https:\/\/letrame.com\/catalogo\/wp-content\/uploads\/2024\/03\/logo2.webp","width":394,"height":128,"caption":"Catalogo | Letrame Grupo Editorial"},"image":{"@id":"https:\/\/letrame.com\/catalogo\/#\/schema\/logo\/image\/"}}]}},"_links":{"self":[{"href":"https:\/\/letrame.com\/catalogo\/wp-json\/wp\/v2\/product\/109893","targetHints":{"allow":["GET"]}}],"collection":[{"href":"https:\/\/letrame.com\/catalogo\/wp-json\/wp\/v2\/product"}],"about":[{"href":"https:\/\/letrame.com\/catalogo\/wp-json\/wp\/v2\/types\/product"}],"replies":[{"embeddable":true,"href":"https:\/\/letrame.com\/catalogo\/wp-json\/wp\/v2\/comments?post=109893"}],"acf:post":[{"embeddable":true,"href":"https:\/\/letrame.com\/catalogo\/wp-json\/wp\/v2\/author_book\/109895"}],"wp:featuredmedia":[{"embeddable":true,"href":"https:\/\/letrame.com\/catalogo\/wp-json\/wp\/v2\/media\/109894"}],"wp:attachment":[{"href":"https:\/\/letrame.com\/catalogo\/wp-json\/wp\/v2\/media?parent=109893"}],"wp:term":[{"taxonomy":"libro","embeddable":true,"href":"https:\/\/letrame.com\/catalogo\/wp-json\/wp\/v2\/libro?post=109893"},{"taxonomy":"product_brand","embeddable":true,"href":"https:\/\/letrame.com\/catalogo\/wp-json\/wp\/v2\/product_brand?post=109893"},{"taxonomy":"product_cat","embeddable":true,"href":"https:\/\/letrame.com\/catalogo\/wp-json\/wp\/v2\/product_cat?post=109893"},{"taxonomy":"product_tag","embeddable":true,"href":"https:\/\/letrame.com\/catalogo\/wp-json\/wp\/v2\/product_tag?post=109893"}],"curies":[{"name":"wp","href":"https:\/\/api.w.org\/{rel}","templated":true}]}}