{"id":109884,"date":"2025-12-04T14:04:45","date_gmt":"2025-12-04T13:04:45","guid":{"rendered":"https:\/\/letrame.com\/catalogo\/?post_type=product&#038;p=109884"},"modified":"2025-12-04T14:08:56","modified_gmt":"2025-12-04T13:08:56","slug":"del-tinto-al-genil","status":"publish","type":"product","link":"https:\/\/letrame.com\/catalogo\/producto\/del-tinto-al-genil\/","title":{"rendered":"Del Tinto al Genil"},"content":{"rendered":"<p class=\"p1\"><b>ISBN: 9791370128869<\/b><b><\/b><\/p>\n<p class=\"p1\"><b>T\u00edtulo: Del Tinto al Genil<\/b><b><\/b><\/p>\n<p class=\"p1\"><b>Fecha: 2025<\/b><b><\/b><\/p>\n<p class=\"p1\"><b>P\u00e1ginas: 276<\/b><b><\/b><\/p>\n<p class=\"p1\"><b>SINOPSIS<\/b><\/p>\n<p>El segundo volumen de las memorias del autor se centra en el per\u00edodo de su vida que se abri\u00f3 con su desplazamiento a Granada, que desde entonces se ha convertido en la ciudad en la que reside. No es poca cosa cambiar lo que ha sido la gesti\u00f3n de la vida personal en un entorno conocido desde la cuna, a la compleja vida urbana de una ciudad de las caracter\u00edsticas, la tradici\u00f3n y la historia que caracterizan a Granada. El autor lleva al lector, con su original enfoque narrativo en el que lo acompa\u00f1a como si fuera un observador de s\u00ed mismo, por los diferentes espacios y tiempos que se han ido sucediendo desde que se produjo su traslado. En sus palabras quedan expresadas, con hondura y reflexi\u00f3n serena, las dificultades de la adaptaci\u00f3n de su vida y la de su familia, que no fueron pocas ni f\u00e1ciles de solventar. Ya aqu\u00ed destaca una de las caracter\u00edsticas m\u00e1s notables de la personalidad del autor: su firme \u00e1nimo para afrontar lo que la vida le va trayendo, sin detraer lo m\u00e1s m\u00ednimo de su car\u00e1cter bondadoso y alegre.<br \/>\nFelipe se expresa en sus palabras con el coraz\u00f3n en la mano, de una forma sencilla y abierta a la vida, mostrando que es mucha la sabidur\u00eda que atesora, y que, aqu\u00ed y all\u00e1, va destilando en la narraci\u00f3n de su lucha por salir adelante en un entorno nuevo, en el que, por lo tanto, todo estaba por hacer. El lector puede seguir con inter\u00e9s y aprendizaje un devenir en la vida, el del autor, que deber\u00eda constituir principio de reflexi\u00f3n y acci\u00f3n para los seres humanos en general, m\u00e1s en estos tiempos de indudable confusi\u00f3n en las sociedades que nos hemos dado. Luchar por lo que uno quiere, aceptando, sin embargo, lo que va viniendo es una ense\u00f1anza que Felipe va mostrando con los hechos que nos narra. El autor se expresa desde la humildad y la generosidad que esos mismos hechos evidencian y desde las relaciones personales de las que, con unos y otros granadinos de muy diferente condici\u00f3n, va dejando constancia. El autor reflexiona serenamente. Nos ense\u00f1a la profundidad de su mirada, los recuerdos de su vida, las referencias que va obteniendo de lo que le ocurre y como va solventando sus problemas desde esa fuerza que le dan sus valores y su bonhom\u00eda. Pero Granada no pod\u00eda ser solo el marco urbano de esta nueva vida. Granada es demasiada ciudad como para que un hombre sensible como Felipe no recoja en su narraci\u00f3n lo que su historia y su belleza le aportan. El relato va incorporando los paseos que el autor hace por la ciudad. No es una gu\u00eda de la misma. No es esa su intenci\u00f3n. Felipe pasea por calles y plazas, observando los monumentos y las trazas de la historia, expresando lo que cada detalle urbano le sugiere, las sensaciones que le provoca, las gentes que se encuentra y sus di\u00e1logos con ellas, e incluso las enso\u00f1aciones que se van presentando en la observaci\u00f3n de lo que le rodea. Granada y el autor, en todas las facetas de la relaci\u00f3n que la ciudad y el autor han tenido en estos a\u00f1os quedan reflejados en estas p\u00e1ginas, en las que la belleza, la bondad y el buen \u00e1nimo constituyen los cimientos de esta emotiva narraci\u00f3n.<\/p>\n","protected":false},"excerpt":{"rendered":"<p class=\"p1\"><b>ISBN: 9791370128869<\/b><b><\/b><\/p>\n<p class=\"p1\"><b>SINOPSIS<\/b><\/p>\n<p>El segundo volumen de las memorias del autor se centra en el per\u00edodo de su vida que se abri\u00f3 con su desplazamiento a Granada, que desde entonces se ha convertido en la ciudad en la que reside. No es poca cosa cambiar lo que ha sido la gesti\u00f3n de la vida personal en un entorno conocido desde la cuna, a la compleja vida urbana de una ciudad de las caracter\u00edsticas, la tradici\u00f3n y la historia que caracterizan a Granada. El autor lleva al lector, con su original enfoque narrativo en el que lo acompa\u00f1a como si fuera un observador de s\u00ed mismo, por los diferentes espacios y tiempos que se han ido sucediendo desde que se produjo su traslado. En sus palabras quedan expresadas, con hondura y reflexi\u00f3n serena, las dificultades de la adaptaci\u00f3n de su vida y la de su familia, que no fueron pocas ni f\u00e1ciles de solventar. Ya aqu\u00ed destaca una de las caracter\u00edsticas m\u00e1s notables de la personalidad del autor: su firme \u00e1nimo para afrontar lo que la vida le va trayendo, sin detraer lo m\u00e1s m\u00ednimo de su car\u00e1cter bondadoso y alegre.<br \/>\nFelipe se expresa en sus palabras con el coraz\u00f3n en la mano, de una forma sencilla y abierta a la vida, mostrando que es mucha la sabidur\u00eda que atesora, y que, aqu\u00ed y all\u00e1, va destilando en la narraci\u00f3n de su lucha por salir adelante en un entorno nuevo, en el que, por lo tanto, todo estaba por hacer. El lector puede seguir con inter\u00e9s y aprendizaje un devenir en la vida, el del autor, que deber\u00eda constituir principio de reflexi\u00f3n y acci\u00f3n para los seres humanos en general, m\u00e1s en estos tiempos de indudable confusi\u00f3n en las sociedades que nos hemos dado. Luchar por lo que uno quiere, aceptando, sin embargo, lo que va viniendo es una ense\u00f1anza que Felipe va mostrando con los hechos que nos narra. El autor se expresa desde la humildad y la generosidad que esos mismos hechos evidencian y desde las relaciones personales de las que, con unos y otros granadinos de muy diferente condici\u00f3n, va dejando constancia. El autor reflexiona serenamente. Nos ense\u00f1a la profundidad de su mirada, los recuerdos de su vida, las referencias que va obteniendo de lo que le ocurre y como va solventando sus problemas desde esa fuerza que le dan sus valores y su bonhom\u00eda. Pero Granada no pod\u00eda ser solo el marco urbano de esta nueva vida. Granada es demasiada ciudad como para que un hombre sensible como Felipe no recoja en su narraci\u00f3n lo que su historia y su belleza le aportan. El relato va incorporando los paseos que el autor hace por la ciudad. No es una gu\u00eda de la misma. No es esa su intenci\u00f3n. Felipe pasea por calles y plazas, observando los monumentos y las trazas de la historia, expresando lo que cada detalle urbano le sugiere, las sensaciones que le provoca, las gentes que se encuentra y sus di\u00e1logos con ellas, e incluso las enso\u00f1aciones que se van presentando en la observaci\u00f3n de lo que le rodea. Granada y el autor, en todas las facetas de la relaci\u00f3n que la ciudad y el autor han tenido en estos a\u00f1os quedan reflejados en estas p\u00e1ginas, en las que la belleza, la bondad y el buen \u00e1nimo constituyen los cimientos de esta emotiva narraci\u00f3n.<\/p>\n","protected":false},"featured_media":109885,"comment_status":"open","ping_status":"closed","template":"","meta":{"_acf_changed":false},"libro":[],"product_brand":[],"product_cat":[110],"product_tag":[],"class_list":{"0":"post-109884","1":"product","2":"type-product","3":"status-publish","4":"has-post-thumbnail","6":"product_cat-hechos-reales","8":"first","9":"instock","10":"shipping-taxable","11":"product-type-simple"},"acf":{"autor":[109886],"enlace_de_compra":"https:\/\/www.amazon.es\/Del-Tinto-Genil-Volumen-ficci%C3%B3n\/dp\/B0G153X531\/ref=sr_1_1?__mk_es_ES=%C3%85M%C3%85%C5%BD%C3%95%C3%91&crid=1DIG5WZ5T2ZUP&dib=eyJ2IjoiMSJ9.kYvH7StImL2zM09MJTm3-A.nUvDA_s2C_NgR4TkX7lasP0sVcgCtMYhjlJcphPw8IU&dib_tag=se&keywords=del+tinto+al+letrame&qid=1764853126&s=books&sprefix=del+tinto+al+letrame%2Cstripbooks%2C59&sr=1-1"},"yoast_head":"<!-- This site is optimized with the Yoast SEO plugin v27.4 - https:\/\/yoast.com\/product\/yoast-seo-wordpress\/ -->\n<title>Del Tinto al Genil - Catalogo | Letrame Grupo Editorial<\/title>\n<meta name=\"robots\" content=\"index, follow, max-snippet:-1, max-image-preview:large, max-video-preview:-1\" \/>\n<link rel=\"canonical\" href=\"https:\/\/letrame.com\/catalogo\/producto\/del-tinto-al-genil\/\" \/>\n<meta property=\"og:locale\" content=\"es_ES\" \/>\n<meta property=\"og:type\" content=\"article\" \/>\n<meta property=\"og:title\" content=\"Del Tinto al Genil - Catalogo | Letrame Grupo Editorial\" \/>\n<meta property=\"og:description\" content=\"ISBN: 9791370128869 SINOPSIS El segundo volumen de las memorias del autor se centra en el per\u00edodo de su vida que se abri\u00f3 con su desplazamiento a Granada, que desde entonces se ha convertido en la ciudad en la que reside. No es poca cosa cambiar lo que ha sido la gesti\u00f3n de la vida personal en un entorno conocido desde la cuna, a la compleja vida urbana de una ciudad de las caracter\u00edsticas, la tradici\u00f3n y la historia que caracterizan a Granada. El autor lleva al lector, con su original enfoque narrativo en el que lo acompa\u00f1a como si fuera un observador de s\u00ed mismo, por los diferentes espacios y tiempos que se han ido sucediendo desde que se produjo su traslado. En sus palabras quedan expresadas, con hondura y reflexi\u00f3n serena, las dificultades de la adaptaci\u00f3n de su vida y la de su familia, que no fueron pocas ni f\u00e1ciles de solventar. Ya aqu\u00ed destaca una de las caracter\u00edsticas m\u00e1s notables de la personalidad del autor: su firme \u00e1nimo para afrontar lo que la vida le va trayendo, sin detraer lo m\u00e1s m\u00ednimo de su car\u00e1cter bondadoso y alegre. Felipe se expresa en sus palabras con el coraz\u00f3n en la mano, de una forma sencilla y abierta a la vida, mostrando que es mucha la sabidur\u00eda que atesora, y que, aqu\u00ed y all\u00e1, va destilando en la narraci\u00f3n de su lucha por salir adelante en un entorno nuevo, en el que, por lo tanto, todo estaba por hacer. El lector puede seguir con inter\u00e9s y aprendizaje un devenir en la vida, el del autor, que deber\u00eda constituir principio de reflexi\u00f3n y acci\u00f3n para los seres humanos en general, m\u00e1s en estos tiempos de indudable confusi\u00f3n en las sociedades que nos hemos dado. Luchar por lo que uno quiere, aceptando, sin embargo, lo que va viniendo es una ense\u00f1anza que Felipe va mostrando con los hechos que nos narra. El autor se expresa desde la humildad y la generosidad que esos mismos hechos evidencian y desde las relaciones personales de las que, con unos y otros granadinos de muy diferente condici\u00f3n, va dejando constancia. El autor reflexiona serenamente. Nos ense\u00f1a la profundidad de su mirada, los recuerdos de su vida, las referencias que va obteniendo de lo que le ocurre y como va solventando sus problemas desde esa fuerza que le dan sus valores y su bonhom\u00eda. Pero Granada no pod\u00eda ser solo el marco urbano de esta nueva vida. Granada es demasiada ciudad como para que un hombre sensible como Felipe no recoja en su narraci\u00f3n lo que su historia y su belleza le aportan. El relato va incorporando los paseos que el autor hace por la ciudad. No es una gu\u00eda de la misma. No es esa su intenci\u00f3n. Felipe pasea por calles y plazas, observando los monumentos y las trazas de la historia, expresando lo que cada detalle urbano le sugiere, las sensaciones que le provoca, las gentes que se encuentra y sus di\u00e1logos con ellas, e incluso las enso\u00f1aciones que se van presentando en la observaci\u00f3n de lo que le rodea. Granada y el autor, en todas las facetas de la relaci\u00f3n que la ciudad y el autor han tenido en estos a\u00f1os quedan reflejados en estas p\u00e1ginas, en las que la belleza, la bondad y el buen \u00e1nimo constituyen los cimientos de esta emotiva narraci\u00f3n.\" \/>\n<meta property=\"og:url\" content=\"https:\/\/letrame.com\/catalogo\/producto\/del-tinto-al-genil\/\" \/>\n<meta property=\"og:site_name\" content=\"Catalogo | Letrame Grupo Editorial\" \/>\n<meta property=\"article:modified_time\" content=\"2025-12-04T13:08:56+00:00\" \/>\n<meta property=\"og:image\" content=\"https:\/\/letrame.com\/catalogo\/wp-content\/uploads\/2025\/12\/deltintoalgenil_1541mm4.gif\" \/>\n\t<meta property=\"og:image:width\" content=\"384\" \/>\n\t<meta property=\"og:image:height\" content=\"589\" \/>\n\t<meta property=\"og:image:type\" content=\"image\/gif\" \/>\n<meta name=\"twitter:card\" content=\"summary_large_image\" \/>\n<meta name=\"twitter:label1\" content=\"Tiempo de lectura\" \/>\n\t<meta name=\"twitter:data1\" content=\"3 minutos\" \/>\n<script type=\"application\/ld+json\" class=\"yoast-schema-graph\">{\"@context\":\"https:\\\/\\\/schema.org\",\"@graph\":[{\"@type\":\"WebPage\",\"@id\":\"https:\\\/\\\/letrame.com\\\/catalogo\\\/producto\\\/del-tinto-al-genil\\\/\",\"url\":\"https:\\\/\\\/letrame.com\\\/catalogo\\\/producto\\\/del-tinto-al-genil\\\/\",\"name\":\"Del Tinto al Genil - Catalogo | Letrame Grupo Editorial\",\"isPartOf\":{\"@id\":\"https:\\\/\\\/letrame.com\\\/catalogo\\\/#website\"},\"primaryImageOfPage\":{\"@id\":\"https:\\\/\\\/letrame.com\\\/catalogo\\\/producto\\\/del-tinto-al-genil\\\/#primaryimage\"},\"image\":{\"@id\":\"https:\\\/\\\/letrame.com\\\/catalogo\\\/producto\\\/del-tinto-al-genil\\\/#primaryimage\"},\"thumbnailUrl\":\"https:\\\/\\\/letrame.com\\\/catalogo\\\/wp-content\\\/uploads\\\/2025\\\/12\\\/deltintoalgenil_1541mm4.gif\",\"datePublished\":\"2025-12-04T13:04:45+00:00\",\"dateModified\":\"2025-12-04T13:08:56+00:00\",\"breadcrumb\":{\"@id\":\"https:\\\/\\\/letrame.com\\\/catalogo\\\/producto\\\/del-tinto-al-genil\\\/#breadcrumb\"},\"inLanguage\":\"es\",\"potentialAction\":[{\"@type\":\"ReadAction\",\"target\":[\"https:\\\/\\\/letrame.com\\\/catalogo\\\/producto\\\/del-tinto-al-genil\\\/\"]}]},{\"@type\":\"ImageObject\",\"inLanguage\":\"es\",\"@id\":\"https:\\\/\\\/letrame.com\\\/catalogo\\\/producto\\\/del-tinto-al-genil\\\/#primaryimage\",\"url\":\"https:\\\/\\\/letrame.com\\\/catalogo\\\/wp-content\\\/uploads\\\/2025\\\/12\\\/deltintoalgenil_1541mm4.gif\",\"contentUrl\":\"https:\\\/\\\/letrame.com\\\/catalogo\\\/wp-content\\\/uploads\\\/2025\\\/12\\\/deltintoalgenil_1541mm4.gif\",\"width\":384,\"height\":589},{\"@type\":\"BreadcrumbList\",\"@id\":\"https:\\\/\\\/letrame.com\\\/catalogo\\\/producto\\\/del-tinto-al-genil\\\/#breadcrumb\",\"itemListElement\":[{\"@type\":\"ListItem\",\"position\":1,\"name\":\"Portada\",\"item\":\"https:\\\/\\\/letrame.com\\\/catalogo\\\/\"},{\"@type\":\"ListItem\",\"position\":2,\"name\":\"Cat\u00e1logo\",\"item\":\"https:\\\/\\\/letrame.com\\\/catalogo\\\/\"},{\"@type\":\"ListItem\",\"position\":3,\"name\":\"Del Tinto al Genil\"}]},{\"@type\":\"WebSite\",\"@id\":\"https:\\\/\\\/letrame.com\\\/catalogo\\\/#website\",\"url\":\"https:\\\/\\\/letrame.com\\\/catalogo\\\/\",\"name\":\"Catalogo | Letrame Grupo Editorial\",\"description\":\"\",\"publisher\":{\"@id\":\"https:\\\/\\\/letrame.com\\\/catalogo\\\/#organization\"},\"potentialAction\":[{\"@type\":\"SearchAction\",\"target\":{\"@type\":\"EntryPoint\",\"urlTemplate\":\"https:\\\/\\\/letrame.com\\\/catalogo\\\/?s={search_term_string}\"},\"query-input\":{\"@type\":\"PropertyValueSpecification\",\"valueRequired\":true,\"valueName\":\"search_term_string\"}}],\"inLanguage\":\"es\"},{\"@type\":\"Organization\",\"@id\":\"https:\\\/\\\/letrame.com\\\/catalogo\\\/#organization\",\"name\":\"Catalogo | Letrame Grupo Editorial\",\"url\":\"https:\\\/\\\/letrame.com\\\/catalogo\\\/\",\"logo\":{\"@type\":\"ImageObject\",\"inLanguage\":\"es\",\"@id\":\"https:\\\/\\\/letrame.com\\\/catalogo\\\/#\\\/schema\\\/logo\\\/image\\\/\",\"url\":\"https:\\\/\\\/letrame.com\\\/catalogo\\\/wp-content\\\/uploads\\\/2024\\\/03\\\/logo2.webp\",\"contentUrl\":\"https:\\\/\\\/letrame.com\\\/catalogo\\\/wp-content\\\/uploads\\\/2024\\\/03\\\/logo2.webp\",\"width\":394,\"height\":128,\"caption\":\"Catalogo | Letrame Grupo Editorial\"},\"image\":{\"@id\":\"https:\\\/\\\/letrame.com\\\/catalogo\\\/#\\\/schema\\\/logo\\\/image\\\/\"}}]}<\/script>\n<!-- \/ Yoast SEO plugin. -->","yoast_head_json":{"title":"Del Tinto al Genil - Catalogo | Letrame Grupo Editorial","robots":{"index":"index","follow":"follow","max-snippet":"max-snippet:-1","max-image-preview":"max-image-preview:large","max-video-preview":"max-video-preview:-1"},"canonical":"https:\/\/letrame.com\/catalogo\/producto\/del-tinto-al-genil\/","og_locale":"es_ES","og_type":"article","og_title":"Del Tinto al Genil - Catalogo | Letrame Grupo Editorial","og_description":"ISBN: 9791370128869 SINOPSIS El segundo volumen de las memorias del autor se centra en el per\u00edodo de su vida que se abri\u00f3 con su desplazamiento a Granada, que desde entonces se ha convertido en la ciudad en la que reside. No es poca cosa cambiar lo que ha sido la gesti\u00f3n de la vida personal en un entorno conocido desde la cuna, a la compleja vida urbana de una ciudad de las caracter\u00edsticas, la tradici\u00f3n y la historia que caracterizan a Granada. El autor lleva al lector, con su original enfoque narrativo en el que lo acompa\u00f1a como si fuera un observador de s\u00ed mismo, por los diferentes espacios y tiempos que se han ido sucediendo desde que se produjo su traslado. En sus palabras quedan expresadas, con hondura y reflexi\u00f3n serena, las dificultades de la adaptaci\u00f3n de su vida y la de su familia, que no fueron pocas ni f\u00e1ciles de solventar. Ya aqu\u00ed destaca una de las caracter\u00edsticas m\u00e1s notables de la personalidad del autor: su firme \u00e1nimo para afrontar lo que la vida le va trayendo, sin detraer lo m\u00e1s m\u00ednimo de su car\u00e1cter bondadoso y alegre. Felipe se expresa en sus palabras con el coraz\u00f3n en la mano, de una forma sencilla y abierta a la vida, mostrando que es mucha la sabidur\u00eda que atesora, y que, aqu\u00ed y all\u00e1, va destilando en la narraci\u00f3n de su lucha por salir adelante en un entorno nuevo, en el que, por lo tanto, todo estaba por hacer. El lector puede seguir con inter\u00e9s y aprendizaje un devenir en la vida, el del autor, que deber\u00eda constituir principio de reflexi\u00f3n y acci\u00f3n para los seres humanos en general, m\u00e1s en estos tiempos de indudable confusi\u00f3n en las sociedades que nos hemos dado. Luchar por lo que uno quiere, aceptando, sin embargo, lo que va viniendo es una ense\u00f1anza que Felipe va mostrando con los hechos que nos narra. El autor se expresa desde la humildad y la generosidad que esos mismos hechos evidencian y desde las relaciones personales de las que, con unos y otros granadinos de muy diferente condici\u00f3n, va dejando constancia. El autor reflexiona serenamente. Nos ense\u00f1a la profundidad de su mirada, los recuerdos de su vida, las referencias que va obteniendo de lo que le ocurre y como va solventando sus problemas desde esa fuerza que le dan sus valores y su bonhom\u00eda. Pero Granada no pod\u00eda ser solo el marco urbano de esta nueva vida. Granada es demasiada ciudad como para que un hombre sensible como Felipe no recoja en su narraci\u00f3n lo que su historia y su belleza le aportan. El relato va incorporando los paseos que el autor hace por la ciudad. No es una gu\u00eda de la misma. No es esa su intenci\u00f3n. Felipe pasea por calles y plazas, observando los monumentos y las trazas de la historia, expresando lo que cada detalle urbano le sugiere, las sensaciones que le provoca, las gentes que se encuentra y sus di\u00e1logos con ellas, e incluso las enso\u00f1aciones que se van presentando en la observaci\u00f3n de lo que le rodea. Granada y el autor, en todas las facetas de la relaci\u00f3n que la ciudad y el autor han tenido en estos a\u00f1os quedan reflejados en estas p\u00e1ginas, en las que la belleza, la bondad y el buen \u00e1nimo constituyen los cimientos de esta emotiva narraci\u00f3n.","og_url":"https:\/\/letrame.com\/catalogo\/producto\/del-tinto-al-genil\/","og_site_name":"Catalogo | Letrame Grupo Editorial","article_modified_time":"2025-12-04T13:08:56+00:00","og_image":[{"width":384,"height":589,"url":"https:\/\/letrame.com\/catalogo\/wp-content\/uploads\/2025\/12\/deltintoalgenil_1541mm4.gif","type":"image\/gif"}],"twitter_card":"summary_large_image","twitter_misc":{"Tiempo de lectura":"3 minutos"},"schema":{"@context":"https:\/\/schema.org","@graph":[{"@type":"WebPage","@id":"https:\/\/letrame.com\/catalogo\/producto\/del-tinto-al-genil\/","url":"https:\/\/letrame.com\/catalogo\/producto\/del-tinto-al-genil\/","name":"Del Tinto al Genil - Catalogo | Letrame Grupo Editorial","isPartOf":{"@id":"https:\/\/letrame.com\/catalogo\/#website"},"primaryImageOfPage":{"@id":"https:\/\/letrame.com\/catalogo\/producto\/del-tinto-al-genil\/#primaryimage"},"image":{"@id":"https:\/\/letrame.com\/catalogo\/producto\/del-tinto-al-genil\/#primaryimage"},"thumbnailUrl":"https:\/\/letrame.com\/catalogo\/wp-content\/uploads\/2025\/12\/deltintoalgenil_1541mm4.gif","datePublished":"2025-12-04T13:04:45+00:00","dateModified":"2025-12-04T13:08:56+00:00","breadcrumb":{"@id":"https:\/\/letrame.com\/catalogo\/producto\/del-tinto-al-genil\/#breadcrumb"},"inLanguage":"es","potentialAction":[{"@type":"ReadAction","target":["https:\/\/letrame.com\/catalogo\/producto\/del-tinto-al-genil\/"]}]},{"@type":"ImageObject","inLanguage":"es","@id":"https:\/\/letrame.com\/catalogo\/producto\/del-tinto-al-genil\/#primaryimage","url":"https:\/\/letrame.com\/catalogo\/wp-content\/uploads\/2025\/12\/deltintoalgenil_1541mm4.gif","contentUrl":"https:\/\/letrame.com\/catalogo\/wp-content\/uploads\/2025\/12\/deltintoalgenil_1541mm4.gif","width":384,"height":589},{"@type":"BreadcrumbList","@id":"https:\/\/letrame.com\/catalogo\/producto\/del-tinto-al-genil\/#breadcrumb","itemListElement":[{"@type":"ListItem","position":1,"name":"Portada","item":"https:\/\/letrame.com\/catalogo\/"},{"@type":"ListItem","position":2,"name":"Cat\u00e1logo","item":"https:\/\/letrame.com\/catalogo\/"},{"@type":"ListItem","position":3,"name":"Del Tinto al Genil"}]},{"@type":"WebSite","@id":"https:\/\/letrame.com\/catalogo\/#website","url":"https:\/\/letrame.com\/catalogo\/","name":"Catalogo | Letrame Grupo Editorial","description":"","publisher":{"@id":"https:\/\/letrame.com\/catalogo\/#organization"},"potentialAction":[{"@type":"SearchAction","target":{"@type":"EntryPoint","urlTemplate":"https:\/\/letrame.com\/catalogo\/?s={search_term_string}"},"query-input":{"@type":"PropertyValueSpecification","valueRequired":true,"valueName":"search_term_string"}}],"inLanguage":"es"},{"@type":"Organization","@id":"https:\/\/letrame.com\/catalogo\/#organization","name":"Catalogo | Letrame Grupo Editorial","url":"https:\/\/letrame.com\/catalogo\/","logo":{"@type":"ImageObject","inLanguage":"es","@id":"https:\/\/letrame.com\/catalogo\/#\/schema\/logo\/image\/","url":"https:\/\/letrame.com\/catalogo\/wp-content\/uploads\/2024\/03\/logo2.webp","contentUrl":"https:\/\/letrame.com\/catalogo\/wp-content\/uploads\/2024\/03\/logo2.webp","width":394,"height":128,"caption":"Catalogo | Letrame Grupo Editorial"},"image":{"@id":"https:\/\/letrame.com\/catalogo\/#\/schema\/logo\/image\/"}}]}},"_links":{"self":[{"href":"https:\/\/letrame.com\/catalogo\/wp-json\/wp\/v2\/product\/109884","targetHints":{"allow":["GET"]}}],"collection":[{"href":"https:\/\/letrame.com\/catalogo\/wp-json\/wp\/v2\/product"}],"about":[{"href":"https:\/\/letrame.com\/catalogo\/wp-json\/wp\/v2\/types\/product"}],"replies":[{"embeddable":true,"href":"https:\/\/letrame.com\/catalogo\/wp-json\/wp\/v2\/comments?post=109884"}],"acf:post":[{"embeddable":true,"href":"https:\/\/letrame.com\/catalogo\/wp-json\/wp\/v2\/author_book\/109886"}],"wp:featuredmedia":[{"embeddable":true,"href":"https:\/\/letrame.com\/catalogo\/wp-json\/wp\/v2\/media\/109885"}],"wp:attachment":[{"href":"https:\/\/letrame.com\/catalogo\/wp-json\/wp\/v2\/media?parent=109884"}],"wp:term":[{"taxonomy":"libro","embeddable":true,"href":"https:\/\/letrame.com\/catalogo\/wp-json\/wp\/v2\/libro?post=109884"},{"taxonomy":"product_brand","embeddable":true,"href":"https:\/\/letrame.com\/catalogo\/wp-json\/wp\/v2\/product_brand?post=109884"},{"taxonomy":"product_cat","embeddable":true,"href":"https:\/\/letrame.com\/catalogo\/wp-json\/wp\/v2\/product_cat?post=109884"},{"taxonomy":"product_tag","embeddable":true,"href":"https:\/\/letrame.com\/catalogo\/wp-json\/wp\/v2\/product_tag?post=109884"}],"curies":[{"name":"wp","href":"https:\/\/api.w.org\/{rel}","templated":true}]}}