{"id":109806,"date":"2025-12-02T12:43:44","date_gmt":"2025-12-02T11:43:44","guid":{"rendered":"https:\/\/letrame.com\/catalogo\/?post_type=product&#038;p=109806"},"modified":"2026-03-02T11:48:52","modified_gmt":"2026-03-02T10:48:52","slug":"de-la-confusion-a-la-armonia","status":"publish","type":"product","link":"https:\/\/letrame.com\/catalogo\/producto\/de-la-confusion-a-la-armonia\/","title":{"rendered":"De la confusi\u00f3n a la armon\u00eda. 2\u00ba Edici\u00f3n"},"content":{"rendered":"<p class=\"p1\"><b>ISBN: 9791370295271<\/b><b><\/b><\/p>\n<p class=\"p1\"><b>T\u00edtulo: De la confusi\u00f3n a la armon\u00eda . 2\u00ba Edici\u00f3n<\/b><b><\/b><\/p>\n<p class=\"p1\"><b>Fecha: 2025<\/b><b><\/b><\/p>\n<p class=\"p1\"><b>P\u00e1ginas: 170<\/b><b><\/b><\/p>\n<p class=\"p1\"><b>SINOPSIS<\/b><b><\/b><\/p>\n<p class=\"p1\">\u00bfQui\u00e9n soy? \u00bfA qu\u00e9 he venido?<\/p>\n<p class=\"p1\">\u00bfPor qu\u00e9 me siento as\u00ed?<\/p>\n<p class=\"p1\">Preguntas que muchos llevamos dentro, pero pocas veces nos detenemos a responder. Giovanna Tirone nos invita a hacerlo. A pasar del ruido al silencio, de la duda a la claridad, de la confusi\u00f3n&#8230; a la armon\u00eda.<\/p>\n<p class=\"p1\">De la confusi\u00f3n a la armon\u00eda nos gu\u00eda por un recorrido interior para conocernos mejor, entender nuestras emociones, redescubrir nuestro prop\u00f3sito y aprender a vivir con m\u00e1s equilibrio. A trav\u00e9s de temas como la naturaleza humana, el car\u00e1cter, la mente, las emociones, la salud integral o la motivaci\u00f3n, Giovanna nos ofrece herramientas claras y reflexiones profundas que conectan la psico-log\u00eda, la teolog\u00eda y la experiencia cotidiana.<\/p>\n<p class=\"p1\">Este es un manual de vida. Un compa\u00f1ero de camino para quienes desean crecer, sanar y encontrar sentido. Giovanna escribe desde la experiencia, la fe y el amor por la vida, compartiendo lo que a ella misma le ha servido para transformar el caos en luz.<\/p>\n<p class=\"p1\">No necesitas ser experto ni tener conocimientos previos. Solo necesitas algo de tiempo, apertura y el deseo de estar mejor. Porque s\u00ed, es posible vivir con m\u00e1s paz, con m\u00e1s fuerza y con m\u00e1s verdad.<\/p>\n<p class=\"p1\">Y este libro es una forma de empezar.<\/p>\n","protected":false},"excerpt":{"rendered":"<p class=\"p1\"><b>ISBN: 9791370295271<\/b><b><\/b><\/p>\n<p class=\"p1\"><b>SINOPSIS<\/b><b><\/b><\/p>\n<p class=\"p1\">\u00bfQui\u00e9n soy? \u00bfA qu\u00e9 he venido?<\/p>\n<p class=\"p1\">\u00bfPor qu\u00e9 me siento as\u00ed?<\/p>\n<p class=\"p1\">Preguntas que muchos llevamos dentro, pero pocas veces nos detenemos a responder. Giovanna Tirone nos invita a hacerlo. A pasar del ruido al silencio, de la duda a la claridad, de la confusi\u00f3n&#8230; a la armon\u00eda.<\/p>\n<p class=\"p1\">De la confusi\u00f3n a la armon\u00eda nos gu\u00eda por un recorrido interior para conocernos mejor, entender nuestras emociones, redescubrir nuestro prop\u00f3sito y aprender a vivir con m\u00e1s equilibrio. A trav\u00e9s de temas como la naturaleza humana, el car\u00e1cter, la mente, las emociones, la salud integral o la motivaci\u00f3n, Giovanna nos ofrece herramientas claras y reflexiones profundas que conectan la psico-log\u00eda, la teolog\u00eda y la experiencia cotidiana.<\/p>\n<p class=\"p1\">Este es un manual de vida. Un compa\u00f1ero de camino para quienes desean crecer, sanar y encontrar sentido. Giovanna escribe desde la experiencia, la fe y el amor por la vida, compartiendo lo que a ella misma le ha servido para transformar el caos en luz.<\/p>\n<p class=\"p1\">No necesitas ser experto ni tener conocimientos previos. Solo necesitas algo de tiempo, apertura y el deseo de estar mejor. Porque s\u00ed, es posible vivir con m\u00e1s paz, con m\u00e1s fuerza y con m\u00e1s verdad.<\/p>\n<p class=\"p1\">Y este libro es una forma de empezar.<\/p>\n","protected":false},"featured_media":111290,"comment_status":"open","ping_status":"closed","template":"","meta":{"_acf_changed":false},"libro":[],"product_brand":[],"product_cat":[18],"product_tag":[],"class_list":{"0":"post-109806","1":"product","2":"type-product","3":"status-publish","4":"has-post-thumbnail","6":"product_cat-autoayuda","8":"first","9":"instock","10":"shipping-taxable","11":"product-type-simple"},"acf":{"autor":[109808],"enlace_de_compra":"https:\/\/amzn.to\/4snuyMQ"},"yoast_head":"<!-- This site is optimized with the Yoast SEO plugin v27.4 - https:\/\/yoast.com\/product\/yoast-seo-wordpress\/ -->\n<title>De la confusi\u00f3n a la armon\u00eda. 2\u00ba Edici\u00f3n - Catalogo | Letrame Grupo Editorial<\/title>\n<meta name=\"robots\" content=\"index, follow, max-snippet:-1, max-image-preview:large, max-video-preview:-1\" \/>\n<link rel=\"canonical\" href=\"https:\/\/letrame.com\/catalogo\/producto\/de-la-confusion-a-la-armonia\/\" \/>\n<meta property=\"og:locale\" content=\"es_ES\" \/>\n<meta property=\"og:type\" content=\"article\" \/>\n<meta property=\"og:title\" content=\"De la confusi\u00f3n a la armon\u00eda. 2\u00ba Edici\u00f3n - Catalogo | Letrame Grupo Editorial\" \/>\n<meta property=\"og:description\" content=\"ISBN: 9791370295271 SINOPSIS \u00bfQui\u00e9n soy? \u00bfA qu\u00e9 he venido? \u00bfPor qu\u00e9 me siento as\u00ed? Preguntas que muchos llevamos dentro, pero pocas veces nos detenemos a responder. Giovanna Tirone nos invita a hacerlo. A pasar del ruido al silencio, de la duda a la claridad, de la confusi\u00f3n... a la armon\u00eda. De la confusi\u00f3n a la armon\u00eda nos gu\u00eda por un recorrido interior para conocernos mejor, entender nuestras emociones, redescubrir nuestro prop\u00f3sito y aprender a vivir con m\u00e1s equilibrio. A trav\u00e9s de temas como la naturaleza humana, el car\u00e1cter, la mente, las emociones, la salud integral o la motivaci\u00f3n, Giovanna nos ofrece herramientas claras y reflexiones profundas que conectan la psico-log\u00eda, la teolog\u00eda y la experiencia cotidiana. Este es un manual de vida. Un compa\u00f1ero de camino para quienes desean crecer, sanar y encontrar sentido. Giovanna escribe desde la experiencia, la fe y el amor por la vida, compartiendo lo que a ella misma le ha servido para transformar el caos en luz. No necesitas ser experto ni tener conocimientos previos. Solo necesitas algo de tiempo, apertura y el deseo de estar mejor. Porque s\u00ed, es posible vivir con m\u00e1s paz, con m\u00e1s fuerza y con m\u00e1s verdad. Y este libro es una forma de empezar.\" \/>\n<meta property=\"og:url\" content=\"https:\/\/letrame.com\/catalogo\/producto\/de-la-confusion-a-la-armonia\/\" \/>\n<meta property=\"og:site_name\" content=\"Catalogo | Letrame Grupo Editorial\" \/>\n<meta property=\"article:modified_time\" content=\"2026-03-02T10:48:52+00:00\" \/>\n<meta property=\"og:image\" content=\"https:\/\/letrame.com\/catalogo\/wp-content\/uploads\/2025\/12\/portadacatalogo-1.jpg\" \/>\n\t<meta property=\"og:image:width\" content=\"814\" \/>\n\t<meta property=\"og:image:height\" content=\"1172\" \/>\n\t<meta property=\"og:image:type\" content=\"image\/jpeg\" \/>\n<meta name=\"twitter:card\" content=\"summary_large_image\" \/>\n<meta name=\"twitter:label1\" content=\"Tiempo de lectura\" \/>\n\t<meta name=\"twitter:data1\" content=\"2 minutos\" \/>\n<script type=\"application\/ld+json\" class=\"yoast-schema-graph\">{\"@context\":\"https:\\\/\\\/schema.org\",\"@graph\":[{\"@type\":\"WebPage\",\"@id\":\"https:\\\/\\\/letrame.com\\\/catalogo\\\/producto\\\/de-la-confusion-a-la-armonia\\\/\",\"url\":\"https:\\\/\\\/letrame.com\\\/catalogo\\\/producto\\\/de-la-confusion-a-la-armonia\\\/\",\"name\":\"De la confusi\u00f3n a la armon\u00eda. 2\u00ba Edici\u00f3n - Catalogo | Letrame Grupo Editorial\",\"isPartOf\":{\"@id\":\"https:\\\/\\\/letrame.com\\\/catalogo\\\/#website\"},\"primaryImageOfPage\":{\"@id\":\"https:\\\/\\\/letrame.com\\\/catalogo\\\/producto\\\/de-la-confusion-a-la-armonia\\\/#primaryimage\"},\"image\":{\"@id\":\"https:\\\/\\\/letrame.com\\\/catalogo\\\/producto\\\/de-la-confusion-a-la-armonia\\\/#primaryimage\"},\"thumbnailUrl\":\"https:\\\/\\\/letrame.com\\\/catalogo\\\/wp-content\\\/uploads\\\/2025\\\/12\\\/portadacatalogo-1.jpg\",\"datePublished\":\"2025-12-02T11:43:44+00:00\",\"dateModified\":\"2026-03-02T10:48:52+00:00\",\"breadcrumb\":{\"@id\":\"https:\\\/\\\/letrame.com\\\/catalogo\\\/producto\\\/de-la-confusion-a-la-armonia\\\/#breadcrumb\"},\"inLanguage\":\"es\",\"potentialAction\":[{\"@type\":\"ReadAction\",\"target\":[\"https:\\\/\\\/letrame.com\\\/catalogo\\\/producto\\\/de-la-confusion-a-la-armonia\\\/\"]}]},{\"@type\":\"ImageObject\",\"inLanguage\":\"es\",\"@id\":\"https:\\\/\\\/letrame.com\\\/catalogo\\\/producto\\\/de-la-confusion-a-la-armonia\\\/#primaryimage\",\"url\":\"https:\\\/\\\/letrame.com\\\/catalogo\\\/wp-content\\\/uploads\\\/2025\\\/12\\\/portadacatalogo-1.jpg\",\"contentUrl\":\"https:\\\/\\\/letrame.com\\\/catalogo\\\/wp-content\\\/uploads\\\/2025\\\/12\\\/portadacatalogo-1.jpg\",\"width\":814,\"height\":1172},{\"@type\":\"BreadcrumbList\",\"@id\":\"https:\\\/\\\/letrame.com\\\/catalogo\\\/producto\\\/de-la-confusion-a-la-armonia\\\/#breadcrumb\",\"itemListElement\":[{\"@type\":\"ListItem\",\"position\":1,\"name\":\"Portada\",\"item\":\"https:\\\/\\\/letrame.com\\\/catalogo\\\/\"},{\"@type\":\"ListItem\",\"position\":2,\"name\":\"Cat\u00e1logo\",\"item\":\"https:\\\/\\\/letrame.com\\\/catalogo\\\/\"},{\"@type\":\"ListItem\",\"position\":3,\"name\":\"De la confusi\u00f3n a la armon\u00eda. 2\u00ba Edici\u00f3n\"}]},{\"@type\":\"WebSite\",\"@id\":\"https:\\\/\\\/letrame.com\\\/catalogo\\\/#website\",\"url\":\"https:\\\/\\\/letrame.com\\\/catalogo\\\/\",\"name\":\"Catalogo | Letrame Grupo Editorial\",\"description\":\"\",\"publisher\":{\"@id\":\"https:\\\/\\\/letrame.com\\\/catalogo\\\/#organization\"},\"potentialAction\":[{\"@type\":\"SearchAction\",\"target\":{\"@type\":\"EntryPoint\",\"urlTemplate\":\"https:\\\/\\\/letrame.com\\\/catalogo\\\/?s={search_term_string}\"},\"query-input\":{\"@type\":\"PropertyValueSpecification\",\"valueRequired\":true,\"valueName\":\"search_term_string\"}}],\"inLanguage\":\"es\"},{\"@type\":\"Organization\",\"@id\":\"https:\\\/\\\/letrame.com\\\/catalogo\\\/#organization\",\"name\":\"Catalogo | Letrame Grupo Editorial\",\"url\":\"https:\\\/\\\/letrame.com\\\/catalogo\\\/\",\"logo\":{\"@type\":\"ImageObject\",\"inLanguage\":\"es\",\"@id\":\"https:\\\/\\\/letrame.com\\\/catalogo\\\/#\\\/schema\\\/logo\\\/image\\\/\",\"url\":\"https:\\\/\\\/letrame.com\\\/catalogo\\\/wp-content\\\/uploads\\\/2024\\\/03\\\/logo2.webp\",\"contentUrl\":\"https:\\\/\\\/letrame.com\\\/catalogo\\\/wp-content\\\/uploads\\\/2024\\\/03\\\/logo2.webp\",\"width\":394,\"height\":128,\"caption\":\"Catalogo | Letrame Grupo Editorial\"},\"image\":{\"@id\":\"https:\\\/\\\/letrame.com\\\/catalogo\\\/#\\\/schema\\\/logo\\\/image\\\/\"}}]}<\/script>\n<!-- \/ Yoast SEO plugin. -->","yoast_head_json":{"title":"De la confusi\u00f3n a la armon\u00eda. 2\u00ba Edici\u00f3n - Catalogo | Letrame Grupo Editorial","robots":{"index":"index","follow":"follow","max-snippet":"max-snippet:-1","max-image-preview":"max-image-preview:large","max-video-preview":"max-video-preview:-1"},"canonical":"https:\/\/letrame.com\/catalogo\/producto\/de-la-confusion-a-la-armonia\/","og_locale":"es_ES","og_type":"article","og_title":"De la confusi\u00f3n a la armon\u00eda. 2\u00ba Edici\u00f3n - Catalogo | Letrame Grupo Editorial","og_description":"ISBN: 9791370295271 SINOPSIS \u00bfQui\u00e9n soy? \u00bfA qu\u00e9 he venido? \u00bfPor qu\u00e9 me siento as\u00ed? Preguntas que muchos llevamos dentro, pero pocas veces nos detenemos a responder. Giovanna Tirone nos invita a hacerlo. A pasar del ruido al silencio, de la duda a la claridad, de la confusi\u00f3n... a la armon\u00eda. De la confusi\u00f3n a la armon\u00eda nos gu\u00eda por un recorrido interior para conocernos mejor, entender nuestras emociones, redescubrir nuestro prop\u00f3sito y aprender a vivir con m\u00e1s equilibrio. A trav\u00e9s de temas como la naturaleza humana, el car\u00e1cter, la mente, las emociones, la salud integral o la motivaci\u00f3n, Giovanna nos ofrece herramientas claras y reflexiones profundas que conectan la psico-log\u00eda, la teolog\u00eda y la experiencia cotidiana. Este es un manual de vida. Un compa\u00f1ero de camino para quienes desean crecer, sanar y encontrar sentido. Giovanna escribe desde la experiencia, la fe y el amor por la vida, compartiendo lo que a ella misma le ha servido para transformar el caos en luz. No necesitas ser experto ni tener conocimientos previos. Solo necesitas algo de tiempo, apertura y el deseo de estar mejor. Porque s\u00ed, es posible vivir con m\u00e1s paz, con m\u00e1s fuerza y con m\u00e1s verdad. Y este libro es una forma de empezar.","og_url":"https:\/\/letrame.com\/catalogo\/producto\/de-la-confusion-a-la-armonia\/","og_site_name":"Catalogo | Letrame Grupo Editorial","article_modified_time":"2026-03-02T10:48:52+00:00","og_image":[{"width":814,"height":1172,"url":"https:\/\/letrame.com\/catalogo\/wp-content\/uploads\/2025\/12\/portadacatalogo-1.jpg","type":"image\/jpeg"}],"twitter_card":"summary_large_image","twitter_misc":{"Tiempo de lectura":"2 minutos"},"schema":{"@context":"https:\/\/schema.org","@graph":[{"@type":"WebPage","@id":"https:\/\/letrame.com\/catalogo\/producto\/de-la-confusion-a-la-armonia\/","url":"https:\/\/letrame.com\/catalogo\/producto\/de-la-confusion-a-la-armonia\/","name":"De la confusi\u00f3n a la armon\u00eda. 2\u00ba Edici\u00f3n - Catalogo | Letrame Grupo Editorial","isPartOf":{"@id":"https:\/\/letrame.com\/catalogo\/#website"},"primaryImageOfPage":{"@id":"https:\/\/letrame.com\/catalogo\/producto\/de-la-confusion-a-la-armonia\/#primaryimage"},"image":{"@id":"https:\/\/letrame.com\/catalogo\/producto\/de-la-confusion-a-la-armonia\/#primaryimage"},"thumbnailUrl":"https:\/\/letrame.com\/catalogo\/wp-content\/uploads\/2025\/12\/portadacatalogo-1.jpg","datePublished":"2025-12-02T11:43:44+00:00","dateModified":"2026-03-02T10:48:52+00:00","breadcrumb":{"@id":"https:\/\/letrame.com\/catalogo\/producto\/de-la-confusion-a-la-armonia\/#breadcrumb"},"inLanguage":"es","potentialAction":[{"@type":"ReadAction","target":["https:\/\/letrame.com\/catalogo\/producto\/de-la-confusion-a-la-armonia\/"]}]},{"@type":"ImageObject","inLanguage":"es","@id":"https:\/\/letrame.com\/catalogo\/producto\/de-la-confusion-a-la-armonia\/#primaryimage","url":"https:\/\/letrame.com\/catalogo\/wp-content\/uploads\/2025\/12\/portadacatalogo-1.jpg","contentUrl":"https:\/\/letrame.com\/catalogo\/wp-content\/uploads\/2025\/12\/portadacatalogo-1.jpg","width":814,"height":1172},{"@type":"BreadcrumbList","@id":"https:\/\/letrame.com\/catalogo\/producto\/de-la-confusion-a-la-armonia\/#breadcrumb","itemListElement":[{"@type":"ListItem","position":1,"name":"Portada","item":"https:\/\/letrame.com\/catalogo\/"},{"@type":"ListItem","position":2,"name":"Cat\u00e1logo","item":"https:\/\/letrame.com\/catalogo\/"},{"@type":"ListItem","position":3,"name":"De la confusi\u00f3n a la armon\u00eda. 2\u00ba Edici\u00f3n"}]},{"@type":"WebSite","@id":"https:\/\/letrame.com\/catalogo\/#website","url":"https:\/\/letrame.com\/catalogo\/","name":"Catalogo | Letrame Grupo Editorial","description":"","publisher":{"@id":"https:\/\/letrame.com\/catalogo\/#organization"},"potentialAction":[{"@type":"SearchAction","target":{"@type":"EntryPoint","urlTemplate":"https:\/\/letrame.com\/catalogo\/?s={search_term_string}"},"query-input":{"@type":"PropertyValueSpecification","valueRequired":true,"valueName":"search_term_string"}}],"inLanguage":"es"},{"@type":"Organization","@id":"https:\/\/letrame.com\/catalogo\/#organization","name":"Catalogo | Letrame Grupo Editorial","url":"https:\/\/letrame.com\/catalogo\/","logo":{"@type":"ImageObject","inLanguage":"es","@id":"https:\/\/letrame.com\/catalogo\/#\/schema\/logo\/image\/","url":"https:\/\/letrame.com\/catalogo\/wp-content\/uploads\/2024\/03\/logo2.webp","contentUrl":"https:\/\/letrame.com\/catalogo\/wp-content\/uploads\/2024\/03\/logo2.webp","width":394,"height":128,"caption":"Catalogo | Letrame Grupo Editorial"},"image":{"@id":"https:\/\/letrame.com\/catalogo\/#\/schema\/logo\/image\/"}}]}},"_links":{"self":[{"href":"https:\/\/letrame.com\/catalogo\/wp-json\/wp\/v2\/product\/109806","targetHints":{"allow":["GET"]}}],"collection":[{"href":"https:\/\/letrame.com\/catalogo\/wp-json\/wp\/v2\/product"}],"about":[{"href":"https:\/\/letrame.com\/catalogo\/wp-json\/wp\/v2\/types\/product"}],"replies":[{"embeddable":true,"href":"https:\/\/letrame.com\/catalogo\/wp-json\/wp\/v2\/comments?post=109806"}],"acf:post":[{"embeddable":true,"href":"https:\/\/letrame.com\/catalogo\/wp-json\/wp\/v2\/author_book\/109808"}],"wp:featuredmedia":[{"embeddable":true,"href":"https:\/\/letrame.com\/catalogo\/wp-json\/wp\/v2\/media\/111290"}],"wp:attachment":[{"href":"https:\/\/letrame.com\/catalogo\/wp-json\/wp\/v2\/media?parent=109806"}],"wp:term":[{"taxonomy":"libro","embeddable":true,"href":"https:\/\/letrame.com\/catalogo\/wp-json\/wp\/v2\/libro?post=109806"},{"taxonomy":"product_brand","embeddable":true,"href":"https:\/\/letrame.com\/catalogo\/wp-json\/wp\/v2\/product_brand?post=109806"},{"taxonomy":"product_cat","embeddable":true,"href":"https:\/\/letrame.com\/catalogo\/wp-json\/wp\/v2\/product_cat?post=109806"},{"taxonomy":"product_tag","embeddable":true,"href":"https:\/\/letrame.com\/catalogo\/wp-json\/wp\/v2\/product_tag?post=109806"}],"curies":[{"name":"wp","href":"https:\/\/api.w.org\/{rel}","templated":true}]}}