{"id":109786,"date":"2025-12-01T13:45:04","date_gmt":"2025-12-01T12:45:04","guid":{"rendered":"https:\/\/letrame.com\/catalogo\/?post_type=product&#038;p=109786"},"modified":"2025-12-01T13:48:17","modified_gmt":"2025-12-01T12:48:17","slug":"los-angeles-de-aspagort","status":"publish","type":"product","link":"https:\/\/letrame.com\/catalogo\/producto\/los-angeles-de-aspagort\/","title":{"rendered":"Los \u00e1ngeles de Aspagort"},"content":{"rendered":"<p class=\"p1\"><b>ISBN: 9791370290078<\/b><b><\/b><\/p>\n<p class=\"p1\"><b>T\u00edtulo: Los \u00e1ngeles de Aspagort<\/b><b><\/b><\/p>\n<p class=\"p1\"><b>Fecha: 2025<\/b><b><\/b><\/p>\n<p class=\"p1\"><b>P\u00e1ginas: 438<\/b><b><\/b><\/p>\n<p class=\"p1\"><b>SINOPSIS<\/b><\/p>\n<p>Aspagort est\u00e1 al borde del colapso. Mientras el eco de una guerra se aproxima desde el oeste, la verdadera amenaza se gesta en el interior del reino: alianzas traicionadas, nobles divididos y un trono cada vez m\u00e1s inestable.<br \/>\nEn medio de este caos, Darius Graywall, un joven caballero de noble cuna, lucha por mantener su honor en un mundo donde los ideales se derrumban. Ni el linaje, ni el amor, ni el deber le han tra\u00eddo paz. Lo que deb\u00eda ser una vida de gloria se transforma en una ca\u00edda sin redenci\u00f3n.<br \/>\nCuando los enemigos se ocultan tras m\u00e1scaras de amistad, y la verdad es tan peligrosa como la espada, los protectores del reino deber\u00e1n decidir qu\u00e9 est\u00e1n dispuestos a sacrificar por su hogar.<br \/>\nLos \u00c1ngeles de Aspagort es el inicio de una saga de fantas\u00eda \u00e9pica oscura, donde la traici\u00f3n pesa m\u00e1s que el acero, el honor tiene un precio, y los verdaderos \u00e1ngeles no tienen alas&#8230; solo cicatrices.<\/p>\n","protected":false},"excerpt":{"rendered":"<p class=\"p1\"><b>ISBN: 9791370290078<\/b><\/p>\n<p class=\"p1\"><b>SINOPSIS<\/b><\/p>\n<p>Aspagort est\u00e1 al borde del colapso. Mientras el eco de una guerra se aproxima desde el oeste, la verdadera amenaza se gesta en el interior del reino: alianzas traicionadas, nobles divididos y un trono cada vez m\u00e1s inestable.<br \/>\nEn medio de este caos, Darius Graywall, un joven caballero de noble cuna, lucha por mantener su honor en un mundo donde los ideales se derrumban. Ni el linaje, ni el amor, ni el deber le han tra\u00eddo paz. Lo que deb\u00eda ser una vida de gloria se transforma en una ca\u00edda sin redenci\u00f3n.<br \/>\nCuando los enemigos se ocultan tras m\u00e1scaras de amistad, y la verdad es tan peligrosa como la espada, los protectores del reino deber\u00e1n decidir qu\u00e9 est\u00e1n dispuestos a sacrificar por su hogar.<br \/>\nLos \u00c1ngeles de Aspagort es el inicio de una saga de fantas\u00eda \u00e9pica oscura, donde la traici\u00f3n pesa m\u00e1s que el acero, el honor tiene un precio, y los verdaderos \u00e1ngeles no tienen alas&#8230; solo cicatrices.<\/p>\n","protected":false},"featured_media":109787,"comment_status":"open","ping_status":"closed","template":"","meta":{"_acf_changed":false},"libro":[],"product_brand":[],"product_cat":[118,110],"product_tag":[],"class_list":{"0":"post-109786","1":"product","2":"type-product","3":"status-publish","4":"has-post-thumbnail","6":"product_cat-fantasia","7":"product_cat-hechos-reales","9":"first","10":"instock","11":"shipping-taxable","12":"product-type-simple"},"acf":{"autor":[109788],"enlace_de_compra":"https:\/\/www.amazon.es\/%C3%A1ngeles-Aspagort-Fantas%C3%ADa-Nicol%C3%A1s-Aguilera\/dp\/B0FZKZPNCP\/ref=sr_1_1?__mk_es_ES=%C3%85M%C3%85%C5%BD%C3%95%C3%91&crid=PGZQ0XKUDK5A&dib=eyJ2IjoiMSJ9.akcefu7Codmfi2-oqHkF1g.Ev5vFkBlqQWg-fveIqP8PB56P3lZOqMknGVlSHNX2GM&dib_tag=se&keywords=los+%C3%A1ngeles+de+aspagort+letrame&qid=1764592993&s=books&sprefix=los+%C3%A1ngeles+de+aspagort+letrame%2Cstripbooks%2C62&sr=1-1"},"yoast_head":"<!-- This site is optimized with the Yoast SEO plugin v27.4 - https:\/\/yoast.com\/product\/yoast-seo-wordpress\/ -->\n<title>Los \u00e1ngeles de Aspagort - Catalogo | Letrame Grupo Editorial<\/title>\n<meta name=\"robots\" content=\"index, follow, max-snippet:-1, max-image-preview:large, max-video-preview:-1\" \/>\n<link rel=\"canonical\" href=\"https:\/\/letrame.com\/catalogo\/producto\/los-angeles-de-aspagort\/\" \/>\n<meta property=\"og:locale\" content=\"es_ES\" \/>\n<meta property=\"og:type\" content=\"article\" \/>\n<meta property=\"og:title\" content=\"Los \u00e1ngeles de Aspagort - Catalogo | Letrame Grupo Editorial\" \/>\n<meta property=\"og:description\" content=\"ISBN: 9791370290078 SINOPSIS Aspagort est\u00e1 al borde del colapso. Mientras el eco de una guerra se aproxima desde el oeste, la verdadera amenaza se gesta en el interior del reino: alianzas traicionadas, nobles divididos y un trono cada vez m\u00e1s inestable. En medio de este caos, Darius Graywall, un joven caballero de noble cuna, lucha por mantener su honor en un mundo donde los ideales se derrumban. Ni el linaje, ni el amor, ni el deber le han tra\u00eddo paz. Lo que deb\u00eda ser una vida de gloria se transforma en una ca\u00edda sin redenci\u00f3n. Cuando los enemigos se ocultan tras m\u00e1scaras de amistad, y la verdad es tan peligrosa como la espada, los protectores del reino deber\u00e1n decidir qu\u00e9 est\u00e1n dispuestos a sacrificar por su hogar. Los \u00c1ngeles de Aspagort es el inicio de una saga de fantas\u00eda \u00e9pica oscura, donde la traici\u00f3n pesa m\u00e1s que el acero, el honor tiene un precio, y los verdaderos \u00e1ngeles no tienen alas... solo cicatrices.\" \/>\n<meta property=\"og:url\" content=\"https:\/\/letrame.com\/catalogo\/producto\/los-angeles-de-aspagort\/\" \/>\n<meta property=\"og:site_name\" content=\"Catalogo | Letrame Grupo Editorial\" \/>\n<meta property=\"article:modified_time\" content=\"2025-12-01T12:48:17+00:00\" \/>\n<meta property=\"og:image\" content=\"https:\/\/letrame.com\/catalogo\/wp-content\/uploads\/2025\/12\/losangeles_2127mm4.gif\" \/>\n\t<meta property=\"og:image:width\" content=\"354\" \/>\n\t<meta property=\"og:image:height\" content=\"520\" \/>\n\t<meta property=\"og:image:type\" content=\"image\/gif\" \/>\n<meta name=\"twitter:card\" content=\"summary_large_image\" \/>\n<meta name=\"twitter:label1\" content=\"Tiempo de lectura\" \/>\n\t<meta name=\"twitter:data1\" content=\"1 minuto\" \/>\n<script type=\"application\/ld+json\" class=\"yoast-schema-graph\">{\"@context\":\"https:\\\/\\\/schema.org\",\"@graph\":[{\"@type\":\"WebPage\",\"@id\":\"https:\\\/\\\/letrame.com\\\/catalogo\\\/producto\\\/los-angeles-de-aspagort\\\/\",\"url\":\"https:\\\/\\\/letrame.com\\\/catalogo\\\/producto\\\/los-angeles-de-aspagort\\\/\",\"name\":\"Los \u00e1ngeles de Aspagort - Catalogo | Letrame Grupo Editorial\",\"isPartOf\":{\"@id\":\"https:\\\/\\\/letrame.com\\\/catalogo\\\/#website\"},\"primaryImageOfPage\":{\"@id\":\"https:\\\/\\\/letrame.com\\\/catalogo\\\/producto\\\/los-angeles-de-aspagort\\\/#primaryimage\"},\"image\":{\"@id\":\"https:\\\/\\\/letrame.com\\\/catalogo\\\/producto\\\/los-angeles-de-aspagort\\\/#primaryimage\"},\"thumbnailUrl\":\"https:\\\/\\\/letrame.com\\\/catalogo\\\/wp-content\\\/uploads\\\/2025\\\/12\\\/losangeles_2127mm4.gif\",\"datePublished\":\"2025-12-01T12:45:04+00:00\",\"dateModified\":\"2025-12-01T12:48:17+00:00\",\"breadcrumb\":{\"@id\":\"https:\\\/\\\/letrame.com\\\/catalogo\\\/producto\\\/los-angeles-de-aspagort\\\/#breadcrumb\"},\"inLanguage\":\"es\",\"potentialAction\":[{\"@type\":\"ReadAction\",\"target\":[\"https:\\\/\\\/letrame.com\\\/catalogo\\\/producto\\\/los-angeles-de-aspagort\\\/\"]}]},{\"@type\":\"ImageObject\",\"inLanguage\":\"es\",\"@id\":\"https:\\\/\\\/letrame.com\\\/catalogo\\\/producto\\\/los-angeles-de-aspagort\\\/#primaryimage\",\"url\":\"https:\\\/\\\/letrame.com\\\/catalogo\\\/wp-content\\\/uploads\\\/2025\\\/12\\\/losangeles_2127mm4.gif\",\"contentUrl\":\"https:\\\/\\\/letrame.com\\\/catalogo\\\/wp-content\\\/uploads\\\/2025\\\/12\\\/losangeles_2127mm4.gif\",\"width\":354,\"height\":520},{\"@type\":\"BreadcrumbList\",\"@id\":\"https:\\\/\\\/letrame.com\\\/catalogo\\\/producto\\\/los-angeles-de-aspagort\\\/#breadcrumb\",\"itemListElement\":[{\"@type\":\"ListItem\",\"position\":1,\"name\":\"Portada\",\"item\":\"https:\\\/\\\/letrame.com\\\/catalogo\\\/\"},{\"@type\":\"ListItem\",\"position\":2,\"name\":\"Cat\u00e1logo\",\"item\":\"https:\\\/\\\/letrame.com\\\/catalogo\\\/\"},{\"@type\":\"ListItem\",\"position\":3,\"name\":\"Los \u00e1ngeles de Aspagort\"}]},{\"@type\":\"WebSite\",\"@id\":\"https:\\\/\\\/letrame.com\\\/catalogo\\\/#website\",\"url\":\"https:\\\/\\\/letrame.com\\\/catalogo\\\/\",\"name\":\"Catalogo | Letrame Grupo Editorial\",\"description\":\"\",\"publisher\":{\"@id\":\"https:\\\/\\\/letrame.com\\\/catalogo\\\/#organization\"},\"potentialAction\":[{\"@type\":\"SearchAction\",\"target\":{\"@type\":\"EntryPoint\",\"urlTemplate\":\"https:\\\/\\\/letrame.com\\\/catalogo\\\/?s={search_term_string}\"},\"query-input\":{\"@type\":\"PropertyValueSpecification\",\"valueRequired\":true,\"valueName\":\"search_term_string\"}}],\"inLanguage\":\"es\"},{\"@type\":\"Organization\",\"@id\":\"https:\\\/\\\/letrame.com\\\/catalogo\\\/#organization\",\"name\":\"Catalogo | Letrame Grupo Editorial\",\"url\":\"https:\\\/\\\/letrame.com\\\/catalogo\\\/\",\"logo\":{\"@type\":\"ImageObject\",\"inLanguage\":\"es\",\"@id\":\"https:\\\/\\\/letrame.com\\\/catalogo\\\/#\\\/schema\\\/logo\\\/image\\\/\",\"url\":\"https:\\\/\\\/letrame.com\\\/catalogo\\\/wp-content\\\/uploads\\\/2024\\\/03\\\/logo2.webp\",\"contentUrl\":\"https:\\\/\\\/letrame.com\\\/catalogo\\\/wp-content\\\/uploads\\\/2024\\\/03\\\/logo2.webp\",\"width\":394,\"height\":128,\"caption\":\"Catalogo | Letrame Grupo Editorial\"},\"image\":{\"@id\":\"https:\\\/\\\/letrame.com\\\/catalogo\\\/#\\\/schema\\\/logo\\\/image\\\/\"}}]}<\/script>\n<!-- \/ Yoast SEO plugin. -->","yoast_head_json":{"title":"Los \u00e1ngeles de Aspagort - Catalogo | Letrame Grupo Editorial","robots":{"index":"index","follow":"follow","max-snippet":"max-snippet:-1","max-image-preview":"max-image-preview:large","max-video-preview":"max-video-preview:-1"},"canonical":"https:\/\/letrame.com\/catalogo\/producto\/los-angeles-de-aspagort\/","og_locale":"es_ES","og_type":"article","og_title":"Los \u00e1ngeles de Aspagort - Catalogo | Letrame Grupo Editorial","og_description":"ISBN: 9791370290078 SINOPSIS Aspagort est\u00e1 al borde del colapso. Mientras el eco de una guerra se aproxima desde el oeste, la verdadera amenaza se gesta en el interior del reino: alianzas traicionadas, nobles divididos y un trono cada vez m\u00e1s inestable. En medio de este caos, Darius Graywall, un joven caballero de noble cuna, lucha por mantener su honor en un mundo donde los ideales se derrumban. Ni el linaje, ni el amor, ni el deber le han tra\u00eddo paz. Lo que deb\u00eda ser una vida de gloria se transforma en una ca\u00edda sin redenci\u00f3n. Cuando los enemigos se ocultan tras m\u00e1scaras de amistad, y la verdad es tan peligrosa como la espada, los protectores del reino deber\u00e1n decidir qu\u00e9 est\u00e1n dispuestos a sacrificar por su hogar. Los \u00c1ngeles de Aspagort es el inicio de una saga de fantas\u00eda \u00e9pica oscura, donde la traici\u00f3n pesa m\u00e1s que el acero, el honor tiene un precio, y los verdaderos \u00e1ngeles no tienen alas... solo cicatrices.","og_url":"https:\/\/letrame.com\/catalogo\/producto\/los-angeles-de-aspagort\/","og_site_name":"Catalogo | Letrame Grupo Editorial","article_modified_time":"2025-12-01T12:48:17+00:00","og_image":[{"width":354,"height":520,"url":"https:\/\/letrame.com\/catalogo\/wp-content\/uploads\/2025\/12\/losangeles_2127mm4.gif","type":"image\/gif"}],"twitter_card":"summary_large_image","twitter_misc":{"Tiempo de lectura":"1 minuto"},"schema":{"@context":"https:\/\/schema.org","@graph":[{"@type":"WebPage","@id":"https:\/\/letrame.com\/catalogo\/producto\/los-angeles-de-aspagort\/","url":"https:\/\/letrame.com\/catalogo\/producto\/los-angeles-de-aspagort\/","name":"Los \u00e1ngeles de Aspagort - Catalogo | Letrame Grupo Editorial","isPartOf":{"@id":"https:\/\/letrame.com\/catalogo\/#website"},"primaryImageOfPage":{"@id":"https:\/\/letrame.com\/catalogo\/producto\/los-angeles-de-aspagort\/#primaryimage"},"image":{"@id":"https:\/\/letrame.com\/catalogo\/producto\/los-angeles-de-aspagort\/#primaryimage"},"thumbnailUrl":"https:\/\/letrame.com\/catalogo\/wp-content\/uploads\/2025\/12\/losangeles_2127mm4.gif","datePublished":"2025-12-01T12:45:04+00:00","dateModified":"2025-12-01T12:48:17+00:00","breadcrumb":{"@id":"https:\/\/letrame.com\/catalogo\/producto\/los-angeles-de-aspagort\/#breadcrumb"},"inLanguage":"es","potentialAction":[{"@type":"ReadAction","target":["https:\/\/letrame.com\/catalogo\/producto\/los-angeles-de-aspagort\/"]}]},{"@type":"ImageObject","inLanguage":"es","@id":"https:\/\/letrame.com\/catalogo\/producto\/los-angeles-de-aspagort\/#primaryimage","url":"https:\/\/letrame.com\/catalogo\/wp-content\/uploads\/2025\/12\/losangeles_2127mm4.gif","contentUrl":"https:\/\/letrame.com\/catalogo\/wp-content\/uploads\/2025\/12\/losangeles_2127mm4.gif","width":354,"height":520},{"@type":"BreadcrumbList","@id":"https:\/\/letrame.com\/catalogo\/producto\/los-angeles-de-aspagort\/#breadcrumb","itemListElement":[{"@type":"ListItem","position":1,"name":"Portada","item":"https:\/\/letrame.com\/catalogo\/"},{"@type":"ListItem","position":2,"name":"Cat\u00e1logo","item":"https:\/\/letrame.com\/catalogo\/"},{"@type":"ListItem","position":3,"name":"Los \u00e1ngeles de Aspagort"}]},{"@type":"WebSite","@id":"https:\/\/letrame.com\/catalogo\/#website","url":"https:\/\/letrame.com\/catalogo\/","name":"Catalogo | Letrame Grupo Editorial","description":"","publisher":{"@id":"https:\/\/letrame.com\/catalogo\/#organization"},"potentialAction":[{"@type":"SearchAction","target":{"@type":"EntryPoint","urlTemplate":"https:\/\/letrame.com\/catalogo\/?s={search_term_string}"},"query-input":{"@type":"PropertyValueSpecification","valueRequired":true,"valueName":"search_term_string"}}],"inLanguage":"es"},{"@type":"Organization","@id":"https:\/\/letrame.com\/catalogo\/#organization","name":"Catalogo | Letrame Grupo Editorial","url":"https:\/\/letrame.com\/catalogo\/","logo":{"@type":"ImageObject","inLanguage":"es","@id":"https:\/\/letrame.com\/catalogo\/#\/schema\/logo\/image\/","url":"https:\/\/letrame.com\/catalogo\/wp-content\/uploads\/2024\/03\/logo2.webp","contentUrl":"https:\/\/letrame.com\/catalogo\/wp-content\/uploads\/2024\/03\/logo2.webp","width":394,"height":128,"caption":"Catalogo | Letrame Grupo Editorial"},"image":{"@id":"https:\/\/letrame.com\/catalogo\/#\/schema\/logo\/image\/"}}]}},"_links":{"self":[{"href":"https:\/\/letrame.com\/catalogo\/wp-json\/wp\/v2\/product\/109786","targetHints":{"allow":["GET"]}}],"collection":[{"href":"https:\/\/letrame.com\/catalogo\/wp-json\/wp\/v2\/product"}],"about":[{"href":"https:\/\/letrame.com\/catalogo\/wp-json\/wp\/v2\/types\/product"}],"replies":[{"embeddable":true,"href":"https:\/\/letrame.com\/catalogo\/wp-json\/wp\/v2\/comments?post=109786"}],"acf:post":[{"embeddable":true,"href":"https:\/\/letrame.com\/catalogo\/wp-json\/wp\/v2\/author_book\/109788"}],"wp:featuredmedia":[{"embeddable":true,"href":"https:\/\/letrame.com\/catalogo\/wp-json\/wp\/v2\/media\/109787"}],"wp:attachment":[{"href":"https:\/\/letrame.com\/catalogo\/wp-json\/wp\/v2\/media?parent=109786"}],"wp:term":[{"taxonomy":"libro","embeddable":true,"href":"https:\/\/letrame.com\/catalogo\/wp-json\/wp\/v2\/libro?post=109786"},{"taxonomy":"product_brand","embeddable":true,"href":"https:\/\/letrame.com\/catalogo\/wp-json\/wp\/v2\/product_brand?post=109786"},{"taxonomy":"product_cat","embeddable":true,"href":"https:\/\/letrame.com\/catalogo\/wp-json\/wp\/v2\/product_cat?post=109786"},{"taxonomy":"product_tag","embeddable":true,"href":"https:\/\/letrame.com\/catalogo\/wp-json\/wp\/v2\/product_tag?post=109786"}],"curies":[{"name":"wp","href":"https:\/\/api.w.org\/{rel}","templated":true}]}}