{"id":109733,"date":"2025-11-26T16:19:23","date_gmt":"2025-11-26T15:19:23","guid":{"rendered":"https:\/\/letrame.com\/catalogo\/?post_type=product&#038;p=109733"},"modified":"2025-11-26T16:24:11","modified_gmt":"2025-11-26T15:24:11","slug":"la-ia-no-tiene-ego","status":"publish","type":"product","link":"https:\/\/letrame.com\/catalogo\/producto\/la-ia-no-tiene-ego\/","title":{"rendered":"La IA no tiene ego"},"content":{"rendered":"<p class=\"p1\"><b>ISBN: 9791370129149<\/b><b><\/b><\/p>\n<p class=\"p1\"><b>T\u00edtulo: La IA no tiene ego<\/b><b><\/b><\/p>\n<p class=\"p1\"><b>Fecha: 2025<\/b><b><\/b><\/p>\n<p class=\"p1\"><b>P\u00e1ginas: 200<\/b><b><\/b><\/p>\n<p class=\"p1\"><b>SINOPSIS<\/b><\/p>\n<p>Este libro desvela la guerra invisible que frena a toda organizaci\u00f3n: la lucha del ego contra el cliente. El \u00abEgo 1.0\u00bb, ese instinto de supervivencia mal gestionado, crea silos, pol\u00edtica interna y una indiferencia tr\u00e1gica hacia la \u00fanica persona que garantiza nuestra existencia. Esta contienda silenciosa es m\u00e1s devastadora que cualquier batalla por la cuota de mercado, consumiendo la energ\u00eda vital que deber\u00eda dedicarse a innovar y servir.<br \/>\nFrente a este diagn\u00f3stico, se propone una estrategia revolucionaria: el \u00abEgo 2.0\u00bb o Ego\u00edsmo Inteligente. No se trata de eliminar el ego, sino de redirigir su inmensa energ\u00eda a trav\u00e9s de una l\u00f3gica irrefutable: la ruta m\u00e1s directa y rentable hacia el \u00e9xito personal pasa, ineludiblemente, por generar un valor extraordinario para los dem\u00e1s. Es el arte de transformar la ambici\u00f3n individual en un motor de prosperidad colectiva.<br \/>\nLa Inteligencia Artificial emerge como el catalizador definitivo para esta transformaci\u00f3n. Al carecer de ego, la lA permite dise\u00f1ar por primera vez sistemas y procesos cuya \u00fanica y pura directriz es la satisfacci\u00f3n total del cliente. Se convierte en el \u00e1rbitro imparcial que desmantela la pol\u00ed-tica, automatiza el \u00abtrabajo de ego\u00bb y obliga a una transparencia radical, liberando al talento humano para que se dedique a lo verdaderamente importante.<br \/>\nLa lA no tiene ego no es un tratado filos\u00f3fico, sino un manual de campo.<br \/>\nOfrece un plan de batalla de 24 meses y herramientas como la Oficina sin Fronteras o la estrategia Gilipollas 0. Es una hoja de ruta para l\u00edderes audaces, decididos a construir organizaciones \u00e1giles, humanas y preparadas para dominar el futuro, demostrando que la victoria pertenece a quienes sirven.<\/p>\n","protected":false},"excerpt":{"rendered":"<p class=\"p1\"><b>ISBN: 9791370129149<\/b><b><\/b><\/p>\n<p class=\"p1\"><b>SINOPSIS<\/b><\/p>\n<p>Este libro desvela la guerra invisible que frena a toda organizaci\u00f3n: la lucha del ego contra el cliente. El \u00abEgo 1.0\u00bb, ese instinto de supervivencia mal gestionado, crea silos, pol\u00edtica interna y una indiferencia tr\u00e1gica hacia la \u00fanica persona que garantiza nuestra existencia. Esta contienda silenciosa es m\u00e1s devastadora que cualquier batalla por la cuota de mercado, consumiendo la energ\u00eda vital que deber\u00eda dedicarse a innovar y servir.<br \/>\nFrente a este diagn\u00f3stico, se propone una estrategia revolucionaria: el \u00abEgo 2.0\u00bb o Ego\u00edsmo Inteligente. No se trata de eliminar el ego, sino de redirigir su inmensa energ\u00eda a trav\u00e9s de una l\u00f3gica irrefutable: la ruta m\u00e1s directa y rentable hacia el \u00e9xito personal pasa, ineludiblemente, por generar un valor extraordinario para los dem\u00e1s. Es el arte de transformar la ambici\u00f3n individual en un motor de prosperidad colectiva.<br \/>\nLa Inteligencia Artificial emerge como el catalizador definitivo para esta transformaci\u00f3n. Al carecer de ego, la lA permite dise\u00f1ar por primera vez sistemas y procesos cuya \u00fanica y pura directriz es la satisfacci\u00f3n total del cliente. Se convierte en el \u00e1rbitro imparcial que desmantela la pol\u00ed-tica, automatiza el \u00abtrabajo de ego\u00bb y obliga a una transparencia radical, liberando al talento humano para que se dedique a lo verdaderamente importante.<br \/>\nLa lA no tiene ego no es un tratado filos\u00f3fico, sino un manual de campo.<br \/>\nOfrece un plan de batalla de 24 meses y herramientas como la Oficina sin Fronteras o la estrategia Gilipollas 0. Es una hoja de ruta para l\u00edderes audaces, decididos a construir organizaciones \u00e1giles, humanas y preparadas para dominar el futuro, demostrando que la victoria pertenece a quienes sirven.<\/p>\n","protected":false},"featured_media":109734,"comment_status":"open","ping_status":"closed","template":"","meta":{"_acf_changed":false},"libro":[],"product_brand":[],"product_cat":[40],"product_tag":[],"class_list":{"0":"post-109733","1":"product","2":"type-product","3":"status-publish","4":"has-post-thumbnail","6":"product_cat-economia","8":"first","9":"instock","10":"shipping-taxable","11":"product-type-simple"},"acf":{"autor":[109735],"enlace_de_compra":"https:\/\/www.amazon.es\/IA-tiene-ego-Econom%C3%ADa\/dp\/B0FXMGZT9J\/ref=sr_1_1?__mk_es_ES=%C3%85M%C3%85%C5%BD%C3%95%C3%91&crid=3MOSG3D5J9KR3&dib=eyJ2IjoiMSJ9.0CSohM9twNg1qgqjiPU8xQ.k3cB2oNQkipXUdJo4uAfLxeHokytN3jpgHc9l0D7zGY&dib_tag=se&keywords=LA+IA+NO+TIENE+EGO+letrame&qid=1764170006&s=books&sprefix=la+ia+no+tiene+ego+letrame%2Cstripbooks%2C55&sr=1-1"},"yoast_head":"<!-- This site is optimized with the Yoast SEO plugin v26.6 - https:\/\/yoast.com\/wordpress\/plugins\/seo\/ -->\n<title>La IA no tiene ego - Catalogo | Letrame Grupo Editorial<\/title>\n<meta name=\"robots\" content=\"index, follow, max-snippet:-1, max-image-preview:large, max-video-preview:-1\" \/>\n<link rel=\"canonical\" href=\"https:\/\/letrame.com\/catalogo\/producto\/la-ia-no-tiene-ego\/\" \/>\n<meta property=\"og:locale\" content=\"es_ES\" \/>\n<meta property=\"og:type\" content=\"article\" \/>\n<meta property=\"og:title\" content=\"La IA no tiene ego - Catalogo | Letrame Grupo Editorial\" \/>\n<meta property=\"og:description\" content=\"ISBN: 9791370129149 SINOPSIS Este libro desvela la guerra invisible que frena a toda organizaci\u00f3n: la lucha del ego contra el cliente. El \u00abEgo 1.0\u00bb, ese instinto de supervivencia mal gestionado, crea silos, pol\u00edtica interna y una indiferencia tr\u00e1gica hacia la \u00fanica persona que garantiza nuestra existencia. Esta contienda silenciosa es m\u00e1s devastadora que cualquier batalla por la cuota de mercado, consumiendo la energ\u00eda vital que deber\u00eda dedicarse a innovar y servir. Frente a este diagn\u00f3stico, se propone una estrategia revolucionaria: el \u00abEgo 2.0\u00bb o Ego\u00edsmo Inteligente. No se trata de eliminar el ego, sino de redirigir su inmensa energ\u00eda a trav\u00e9s de una l\u00f3gica irrefutable: la ruta m\u00e1s directa y rentable hacia el \u00e9xito personal pasa, ineludiblemente, por generar un valor extraordinario para los dem\u00e1s. Es el arte de transformar la ambici\u00f3n individual en un motor de prosperidad colectiva. La Inteligencia Artificial emerge como el catalizador definitivo para esta transformaci\u00f3n. Al carecer de ego, la lA permite dise\u00f1ar por primera vez sistemas y procesos cuya \u00fanica y pura directriz es la satisfacci\u00f3n total del cliente. Se convierte en el \u00e1rbitro imparcial que desmantela la pol\u00ed-tica, automatiza el &quot;trabajo de ego&quot; y obliga a una transparencia radical, liberando al talento humano para que se dedique a lo verdaderamente importante. La lA no tiene ego no es un tratado filos\u00f3fico, sino un manual de campo. Ofrece un plan de batalla de 24 meses y herramientas como la Oficina sin Fronteras o la estrategia Gilipollas 0. Es una hoja de ruta para l\u00edderes audaces, decididos a construir organizaciones \u00e1giles, humanas y preparadas para dominar el futuro, demostrando que la victoria pertenece a quienes sirven.\" \/>\n<meta property=\"og:url\" content=\"https:\/\/letrame.com\/catalogo\/producto\/la-ia-no-tiene-ego\/\" \/>\n<meta property=\"og:site_name\" content=\"Catalogo | Letrame Grupo Editorial\" \/>\n<meta property=\"article:modified_time\" content=\"2025-11-26T15:24:11+00:00\" \/>\n<meta property=\"og:image\" content=\"https:\/\/letrame.com\/catalogo\/wp-content\/uploads\/2025\/11\/laIAnotieneego_103mm4.gif\" \/>\n\t<meta property=\"og:image:width\" content=\"384\" \/>\n\t<meta property=\"og:image:height\" content=\"563\" \/>\n\t<meta property=\"og:image:type\" content=\"image\/gif\" \/>\n<meta name=\"twitter:card\" content=\"summary_large_image\" \/>\n<meta name=\"twitter:label1\" content=\"Tiempo de lectura\" \/>\n\t<meta name=\"twitter:data1\" content=\"2 minutos\" \/>\n<script type=\"application\/ld+json\" class=\"yoast-schema-graph\">{\"@context\":\"https:\/\/schema.org\",\"@graph\":[{\"@type\":\"WebPage\",\"@id\":\"https:\/\/letrame.com\/catalogo\/producto\/la-ia-no-tiene-ego\/\",\"url\":\"https:\/\/letrame.com\/catalogo\/producto\/la-ia-no-tiene-ego\/\",\"name\":\"La IA no tiene ego - Catalogo | Letrame Grupo Editorial\",\"isPartOf\":{\"@id\":\"https:\/\/letrame.com\/catalogo\/#website\"},\"primaryImageOfPage\":{\"@id\":\"https:\/\/letrame.com\/catalogo\/producto\/la-ia-no-tiene-ego\/#primaryimage\"},\"image\":{\"@id\":\"https:\/\/letrame.com\/catalogo\/producto\/la-ia-no-tiene-ego\/#primaryimage\"},\"thumbnailUrl\":\"https:\/\/letrame.com\/catalogo\/wp-content\/uploads\/2025\/11\/laIAnotieneego_103mm4.gif\",\"datePublished\":\"2025-11-26T15:19:23+00:00\",\"dateModified\":\"2025-11-26T15:24:11+00:00\",\"breadcrumb\":{\"@id\":\"https:\/\/letrame.com\/catalogo\/producto\/la-ia-no-tiene-ego\/#breadcrumb\"},\"inLanguage\":\"es\",\"potentialAction\":[{\"@type\":\"ReadAction\",\"target\":[\"https:\/\/letrame.com\/catalogo\/producto\/la-ia-no-tiene-ego\/\"]}]},{\"@type\":\"ImageObject\",\"inLanguage\":\"es\",\"@id\":\"https:\/\/letrame.com\/catalogo\/producto\/la-ia-no-tiene-ego\/#primaryimage\",\"url\":\"https:\/\/letrame.com\/catalogo\/wp-content\/uploads\/2025\/11\/laIAnotieneego_103mm4.gif\",\"contentUrl\":\"https:\/\/letrame.com\/catalogo\/wp-content\/uploads\/2025\/11\/laIAnotieneego_103mm4.gif\",\"width\":384,\"height\":563},{\"@type\":\"BreadcrumbList\",\"@id\":\"https:\/\/letrame.com\/catalogo\/producto\/la-ia-no-tiene-ego\/#breadcrumb\",\"itemListElement\":[{\"@type\":\"ListItem\",\"position\":1,\"name\":\"Portada\",\"item\":\"https:\/\/letrame.com\/catalogo\/\"},{\"@type\":\"ListItem\",\"position\":2,\"name\":\"Cat\u00e1logo\",\"item\":\"https:\/\/letrame.com\/catalogo\/\"},{\"@type\":\"ListItem\",\"position\":3,\"name\":\"La IA no tiene ego\"}]},{\"@type\":\"WebSite\",\"@id\":\"https:\/\/letrame.com\/catalogo\/#website\",\"url\":\"https:\/\/letrame.com\/catalogo\/\",\"name\":\"Catalogo | Letrame Grupo Editorial\",\"description\":\"\",\"publisher\":{\"@id\":\"https:\/\/letrame.com\/catalogo\/#organization\"},\"potentialAction\":[{\"@type\":\"SearchAction\",\"target\":{\"@type\":\"EntryPoint\",\"urlTemplate\":\"https:\/\/letrame.com\/catalogo\/?s={search_term_string}\"},\"query-input\":{\"@type\":\"PropertyValueSpecification\",\"valueRequired\":true,\"valueName\":\"search_term_string\"}}],\"inLanguage\":\"es\"},{\"@type\":\"Organization\",\"@id\":\"https:\/\/letrame.com\/catalogo\/#organization\",\"name\":\"Catalogo | Letrame Grupo Editorial\",\"url\":\"https:\/\/letrame.com\/catalogo\/\",\"logo\":{\"@type\":\"ImageObject\",\"inLanguage\":\"es\",\"@id\":\"https:\/\/letrame.com\/catalogo\/#\/schema\/logo\/image\/\",\"url\":\"https:\/\/letrame.com\/catalogo\/wp-content\/uploads\/2024\/03\/logo2.webp\",\"contentUrl\":\"https:\/\/letrame.com\/catalogo\/wp-content\/uploads\/2024\/03\/logo2.webp\",\"width\":394,\"height\":128,\"caption\":\"Catalogo | Letrame Grupo Editorial\"},\"image\":{\"@id\":\"https:\/\/letrame.com\/catalogo\/#\/schema\/logo\/image\/\"}}]}<\/script>\n<!-- \/ Yoast SEO plugin. -->","yoast_head_json":{"title":"La IA no tiene ego - Catalogo | Letrame Grupo Editorial","robots":{"index":"index","follow":"follow","max-snippet":"max-snippet:-1","max-image-preview":"max-image-preview:large","max-video-preview":"max-video-preview:-1"},"canonical":"https:\/\/letrame.com\/catalogo\/producto\/la-ia-no-tiene-ego\/","og_locale":"es_ES","og_type":"article","og_title":"La IA no tiene ego - Catalogo | Letrame Grupo Editorial","og_description":"ISBN: 9791370129149 SINOPSIS Este libro desvela la guerra invisible que frena a toda organizaci\u00f3n: la lucha del ego contra el cliente. El \u00abEgo 1.0\u00bb, ese instinto de supervivencia mal gestionado, crea silos, pol\u00edtica interna y una indiferencia tr\u00e1gica hacia la \u00fanica persona que garantiza nuestra existencia. Esta contienda silenciosa es m\u00e1s devastadora que cualquier batalla por la cuota de mercado, consumiendo la energ\u00eda vital que deber\u00eda dedicarse a innovar y servir. Frente a este diagn\u00f3stico, se propone una estrategia revolucionaria: el \u00abEgo 2.0\u00bb o Ego\u00edsmo Inteligente. No se trata de eliminar el ego, sino de redirigir su inmensa energ\u00eda a trav\u00e9s de una l\u00f3gica irrefutable: la ruta m\u00e1s directa y rentable hacia el \u00e9xito personal pasa, ineludiblemente, por generar un valor extraordinario para los dem\u00e1s. Es el arte de transformar la ambici\u00f3n individual en un motor de prosperidad colectiva. La Inteligencia Artificial emerge como el catalizador definitivo para esta transformaci\u00f3n. Al carecer de ego, la lA permite dise\u00f1ar por primera vez sistemas y procesos cuya \u00fanica y pura directriz es la satisfacci\u00f3n total del cliente. Se convierte en el \u00e1rbitro imparcial que desmantela la pol\u00ed-tica, automatiza el \"trabajo de ego\" y obliga a una transparencia radical, liberando al talento humano para que se dedique a lo verdaderamente importante. La lA no tiene ego no es un tratado filos\u00f3fico, sino un manual de campo. Ofrece un plan de batalla de 24 meses y herramientas como la Oficina sin Fronteras o la estrategia Gilipollas 0. Es una hoja de ruta para l\u00edderes audaces, decididos a construir organizaciones \u00e1giles, humanas y preparadas para dominar el futuro, demostrando que la victoria pertenece a quienes sirven.","og_url":"https:\/\/letrame.com\/catalogo\/producto\/la-ia-no-tiene-ego\/","og_site_name":"Catalogo | Letrame Grupo Editorial","article_modified_time":"2025-11-26T15:24:11+00:00","og_image":[{"width":384,"height":563,"url":"https:\/\/letrame.com\/catalogo\/wp-content\/uploads\/2025\/11\/laIAnotieneego_103mm4.gif","type":"image\/gif"}],"twitter_card":"summary_large_image","twitter_misc":{"Tiempo de lectura":"2 minutos"},"schema":{"@context":"https:\/\/schema.org","@graph":[{"@type":"WebPage","@id":"https:\/\/letrame.com\/catalogo\/producto\/la-ia-no-tiene-ego\/","url":"https:\/\/letrame.com\/catalogo\/producto\/la-ia-no-tiene-ego\/","name":"La IA no tiene ego - Catalogo | Letrame Grupo Editorial","isPartOf":{"@id":"https:\/\/letrame.com\/catalogo\/#website"},"primaryImageOfPage":{"@id":"https:\/\/letrame.com\/catalogo\/producto\/la-ia-no-tiene-ego\/#primaryimage"},"image":{"@id":"https:\/\/letrame.com\/catalogo\/producto\/la-ia-no-tiene-ego\/#primaryimage"},"thumbnailUrl":"https:\/\/letrame.com\/catalogo\/wp-content\/uploads\/2025\/11\/laIAnotieneego_103mm4.gif","datePublished":"2025-11-26T15:19:23+00:00","dateModified":"2025-11-26T15:24:11+00:00","breadcrumb":{"@id":"https:\/\/letrame.com\/catalogo\/producto\/la-ia-no-tiene-ego\/#breadcrumb"},"inLanguage":"es","potentialAction":[{"@type":"ReadAction","target":["https:\/\/letrame.com\/catalogo\/producto\/la-ia-no-tiene-ego\/"]}]},{"@type":"ImageObject","inLanguage":"es","@id":"https:\/\/letrame.com\/catalogo\/producto\/la-ia-no-tiene-ego\/#primaryimage","url":"https:\/\/letrame.com\/catalogo\/wp-content\/uploads\/2025\/11\/laIAnotieneego_103mm4.gif","contentUrl":"https:\/\/letrame.com\/catalogo\/wp-content\/uploads\/2025\/11\/laIAnotieneego_103mm4.gif","width":384,"height":563},{"@type":"BreadcrumbList","@id":"https:\/\/letrame.com\/catalogo\/producto\/la-ia-no-tiene-ego\/#breadcrumb","itemListElement":[{"@type":"ListItem","position":1,"name":"Portada","item":"https:\/\/letrame.com\/catalogo\/"},{"@type":"ListItem","position":2,"name":"Cat\u00e1logo","item":"https:\/\/letrame.com\/catalogo\/"},{"@type":"ListItem","position":3,"name":"La IA no tiene ego"}]},{"@type":"WebSite","@id":"https:\/\/letrame.com\/catalogo\/#website","url":"https:\/\/letrame.com\/catalogo\/","name":"Catalogo | Letrame Grupo Editorial","description":"","publisher":{"@id":"https:\/\/letrame.com\/catalogo\/#organization"},"potentialAction":[{"@type":"SearchAction","target":{"@type":"EntryPoint","urlTemplate":"https:\/\/letrame.com\/catalogo\/?s={search_term_string}"},"query-input":{"@type":"PropertyValueSpecification","valueRequired":true,"valueName":"search_term_string"}}],"inLanguage":"es"},{"@type":"Organization","@id":"https:\/\/letrame.com\/catalogo\/#organization","name":"Catalogo | Letrame Grupo Editorial","url":"https:\/\/letrame.com\/catalogo\/","logo":{"@type":"ImageObject","inLanguage":"es","@id":"https:\/\/letrame.com\/catalogo\/#\/schema\/logo\/image\/","url":"https:\/\/letrame.com\/catalogo\/wp-content\/uploads\/2024\/03\/logo2.webp","contentUrl":"https:\/\/letrame.com\/catalogo\/wp-content\/uploads\/2024\/03\/logo2.webp","width":394,"height":128,"caption":"Catalogo | Letrame Grupo Editorial"},"image":{"@id":"https:\/\/letrame.com\/catalogo\/#\/schema\/logo\/image\/"}}]}},"_links":{"self":[{"href":"https:\/\/letrame.com\/catalogo\/wp-json\/wp\/v2\/product\/109733","targetHints":{"allow":["GET"]}}],"collection":[{"href":"https:\/\/letrame.com\/catalogo\/wp-json\/wp\/v2\/product"}],"about":[{"href":"https:\/\/letrame.com\/catalogo\/wp-json\/wp\/v2\/types\/product"}],"replies":[{"embeddable":true,"href":"https:\/\/letrame.com\/catalogo\/wp-json\/wp\/v2\/comments?post=109733"}],"acf:post":[{"embeddable":true,"href":"https:\/\/letrame.com\/catalogo\/wp-json\/wp\/v2\/author_book\/109735"}],"wp:featuredmedia":[{"embeddable":true,"href":"https:\/\/letrame.com\/catalogo\/wp-json\/wp\/v2\/media\/109734"}],"wp:attachment":[{"href":"https:\/\/letrame.com\/catalogo\/wp-json\/wp\/v2\/media?parent=109733"}],"wp:term":[{"taxonomy":"libro","embeddable":true,"href":"https:\/\/letrame.com\/catalogo\/wp-json\/wp\/v2\/libro?post=109733"},{"taxonomy":"product_brand","embeddable":true,"href":"https:\/\/letrame.com\/catalogo\/wp-json\/wp\/v2\/product_brand?post=109733"},{"taxonomy":"product_cat","embeddable":true,"href":"https:\/\/letrame.com\/catalogo\/wp-json\/wp\/v2\/product_cat?post=109733"},{"taxonomy":"product_tag","embeddable":true,"href":"https:\/\/letrame.com\/catalogo\/wp-json\/wp\/v2\/product_tag?post=109733"}],"curies":[{"name":"wp","href":"https:\/\/api.w.org\/{rel}","templated":true}]}}