{"id":109712,"date":"2025-11-26T13:26:21","date_gmt":"2025-11-26T12:26:21","guid":{"rendered":"https:\/\/letrame.com\/catalogo\/?post_type=product&#038;p=109712"},"modified":"2026-04-14T16:08:48","modified_gmt":"2026-04-14T14:08:48","slug":"showkiller-let-it-bleed","status":"publish","type":"product","link":"https:\/\/letrame.com\/catalogo\/producto\/showkiller-let-it-bleed\/","title":{"rendered":"Showkiller Let it bleed. 2\u00ba Edici\u00f3n"},"content":{"rendered":"<p class=\"p1\"><b>ISBN: 9791370540692<\/b><b><\/b><\/p>\n<p class=\"p1\"><b>T\u00edtulo: Showkiller Let it bleed. 2\u00ba Edici\u00f3n<\/b><b><\/b><\/p>\n<p class=\"p1\"><b>Fecha: 2026<\/b><b><\/b><\/p>\n<p class=\"p1\"><b>P\u00e1ginas: 342<\/b><b><\/b><\/p>\n<p class=\"p1\"><b>SINOPSIS<\/b><\/p>\n<p>Ey, soy yo, Showkiller, el que est\u00e1 haciendo esta sinopsis. A ver, la saga contin\u00faa y todo eso, que Garci me ha obligado a ponerlo. Bueno, te cuento: me he escapado, jeje. Mejor dicho, todos se han escapado.<\/p>\n<p>La locura se dirige a una Chicago en plenas fiestas navide\u00f1as, buscando apoderarse de ella, mientras que mi gran amiga Cors\u00e9 Negro, hace frente a sus propios problemas, los cuales tendr\u00e1 que resolver para combatir la amenaza que se le viene encima.<\/p>\n<p>Yo buscar\u00e9 mi lugar como rey de la ciudad, haciendo nuevas amistades que me ayudar\u00e1n en mi particular misi\u00f3n. S\u00e9 que esta es una saga de h\u00e9roes, pero te recuerdo que&#8230; ser el malo mola m\u00e1s.<\/p>\n","protected":false},"excerpt":{"rendered":"<p class=\"p1\"><b>ISBN: 9791370540692<\/b><b><\/b><\/p>\n<p class=\"p1\"><b>SINOPSIS<\/b><\/p>\n<p>Ey, soy yo, Showkiller, el que est\u00e1 haciendo esta sinopsis. A ver, la saga contin\u00faa y todo eso, que Garci me ha obligado a ponerlo. Bueno, te cuento: me he escapado, jeje. Mejor dicho, todos se han escapado.<\/p>\n<p>La locura se dirige a una Chicago en plenas fiestas navide\u00f1as, buscando apoderarse de ella, mientras que mi gran amiga Cors\u00e9 Negro, hace frente a sus propios problemas, los cuales tendr\u00e1 que resolver para combatir la amenaza que se le viene encima.<\/p>\n<p>Yo buscar\u00e9 mi lugar como rey de la ciudad, haciendo nuevas amistades que me ayudar\u00e1n en mi particular misi\u00f3n. S\u00e9 que esta es una saga de h\u00e9roes, pero te recuerdo que&#8230; ser el malo mola m\u00e1s.<\/p>\n","protected":false},"featured_media":112222,"comment_status":"open","ping_status":"closed","template":"","meta":{"_acf_changed":false},"libro":[],"product_brand":[],"product_cat":[111],"product_tag":[],"class_list":{"0":"post-109712","1":"product","2":"type-product","3":"status-publish","4":"has-post-thumbnail","6":"product_cat-thriller","8":"first","9":"instock","10":"shipping-taxable","11":"product-type-simple"},"acf":{"autor":[109714],"enlace_de_compra":"https:\/\/amzn.to\/3OsykpE"},"yoast_head":"<!-- This site is optimized with the Yoast SEO plugin v27.4 - https:\/\/yoast.com\/product\/yoast-seo-wordpress\/ -->\n<title>Showkiller Let it bleed. 2\u00ba Edici\u00f3n - Catalogo | Letrame Grupo Editorial<\/title>\n<meta name=\"robots\" content=\"index, follow, max-snippet:-1, max-image-preview:large, max-video-preview:-1\" \/>\n<link rel=\"canonical\" href=\"https:\/\/letrame.com\/catalogo\/producto\/showkiller-let-it-bleed\/\" \/>\n<meta property=\"og:locale\" content=\"es_ES\" \/>\n<meta property=\"og:type\" content=\"article\" \/>\n<meta property=\"og:title\" content=\"Showkiller Let it bleed. 2\u00ba Edici\u00f3n - Catalogo | Letrame Grupo Editorial\" \/>\n<meta property=\"og:description\" content=\"ISBN: 9791370540692 SINOPSIS Ey, soy yo, Showkiller, el que est\u00e1 haciendo esta sinopsis. A ver, la saga contin\u00faa y todo eso, que Garci me ha obligado a ponerlo. Bueno, te cuento: me he escapado, jeje. Mejor dicho, todos se han escapado.  La locura se dirige a una Chicago en plenas fiestas navide\u00f1as, buscando apoderarse de ella, mientras que mi gran amiga Cors\u00e9 Negro, hace frente a sus propios problemas, los cuales tendr\u00e1 que resolver para combatir la amenaza que se le viene encima.  Yo buscar\u00e9 mi lugar como rey de la ciudad, haciendo nuevas amistades que me ayudar\u00e1n en mi particular misi\u00f3n. S\u00e9 que esta es una saga de h\u00e9roes, pero te recuerdo que... ser el malo mola m\u00e1s.\" \/>\n<meta property=\"og:url\" content=\"https:\/\/letrame.com\/catalogo\/producto\/showkiller-let-it-bleed\/\" \/>\n<meta property=\"og:site_name\" content=\"Catalogo | Letrame Grupo Editorial\" \/>\n<meta property=\"article:modified_time\" content=\"2026-04-14T14:08:48+00:00\" \/>\n<meta property=\"og:image\" content=\"https:\/\/letrame.com\/catalogo\/wp-content\/uploads\/2025\/11\/Captura-de-pantalla-2026-04-14-160509.jpg\" \/>\n\t<meta property=\"og:image:width\" content=\"1279\" \/>\n\t<meta property=\"og:image:height\" content=\"1939\" \/>\n\t<meta property=\"og:image:type\" content=\"image\/jpeg\" \/>\n<meta name=\"twitter:card\" content=\"summary_large_image\" \/>\n<meta name=\"twitter:label1\" content=\"Tiempo de lectura\" \/>\n\t<meta name=\"twitter:data1\" content=\"1 minuto\" \/>\n<script type=\"application\/ld+json\" class=\"yoast-schema-graph\">{\"@context\":\"https:\\\/\\\/schema.org\",\"@graph\":[{\"@type\":\"WebPage\",\"@id\":\"https:\\\/\\\/letrame.com\\\/catalogo\\\/producto\\\/showkiller-let-it-bleed\\\/\",\"url\":\"https:\\\/\\\/letrame.com\\\/catalogo\\\/producto\\\/showkiller-let-it-bleed\\\/\",\"name\":\"Showkiller Let it bleed. 2\u00ba Edici\u00f3n - Catalogo | Letrame Grupo Editorial\",\"isPartOf\":{\"@id\":\"https:\\\/\\\/letrame.com\\\/catalogo\\\/#website\"},\"primaryImageOfPage\":{\"@id\":\"https:\\\/\\\/letrame.com\\\/catalogo\\\/producto\\\/showkiller-let-it-bleed\\\/#primaryimage\"},\"image\":{\"@id\":\"https:\\\/\\\/letrame.com\\\/catalogo\\\/producto\\\/showkiller-let-it-bleed\\\/#primaryimage\"},\"thumbnailUrl\":\"https:\\\/\\\/letrame.com\\\/catalogo\\\/wp-content\\\/uploads\\\/2025\\\/11\\\/Captura-de-pantalla-2026-04-14-160509.jpg\",\"datePublished\":\"2025-11-26T12:26:21+00:00\",\"dateModified\":\"2026-04-14T14:08:48+00:00\",\"breadcrumb\":{\"@id\":\"https:\\\/\\\/letrame.com\\\/catalogo\\\/producto\\\/showkiller-let-it-bleed\\\/#breadcrumb\"},\"inLanguage\":\"es\",\"potentialAction\":[{\"@type\":\"ReadAction\",\"target\":[\"https:\\\/\\\/letrame.com\\\/catalogo\\\/producto\\\/showkiller-let-it-bleed\\\/\"]}]},{\"@type\":\"ImageObject\",\"inLanguage\":\"es\",\"@id\":\"https:\\\/\\\/letrame.com\\\/catalogo\\\/producto\\\/showkiller-let-it-bleed\\\/#primaryimage\",\"url\":\"https:\\\/\\\/letrame.com\\\/catalogo\\\/wp-content\\\/uploads\\\/2025\\\/11\\\/Captura-de-pantalla-2026-04-14-160509.jpg\",\"contentUrl\":\"https:\\\/\\\/letrame.com\\\/catalogo\\\/wp-content\\\/uploads\\\/2025\\\/11\\\/Captura-de-pantalla-2026-04-14-160509.jpg\",\"width\":1279,\"height\":1939},{\"@type\":\"BreadcrumbList\",\"@id\":\"https:\\\/\\\/letrame.com\\\/catalogo\\\/producto\\\/showkiller-let-it-bleed\\\/#breadcrumb\",\"itemListElement\":[{\"@type\":\"ListItem\",\"position\":1,\"name\":\"Portada\",\"item\":\"https:\\\/\\\/letrame.com\\\/catalogo\\\/\"},{\"@type\":\"ListItem\",\"position\":2,\"name\":\"Cat\u00e1logo\",\"item\":\"https:\\\/\\\/letrame.com\\\/catalogo\\\/\"},{\"@type\":\"ListItem\",\"position\":3,\"name\":\"Showkiller Let it bleed. 2\u00ba Edici\u00f3n\"}]},{\"@type\":\"WebSite\",\"@id\":\"https:\\\/\\\/letrame.com\\\/catalogo\\\/#website\",\"url\":\"https:\\\/\\\/letrame.com\\\/catalogo\\\/\",\"name\":\"Catalogo | Letrame Grupo Editorial\",\"description\":\"\",\"publisher\":{\"@id\":\"https:\\\/\\\/letrame.com\\\/catalogo\\\/#organization\"},\"potentialAction\":[{\"@type\":\"SearchAction\",\"target\":{\"@type\":\"EntryPoint\",\"urlTemplate\":\"https:\\\/\\\/letrame.com\\\/catalogo\\\/?s={search_term_string}\"},\"query-input\":{\"@type\":\"PropertyValueSpecification\",\"valueRequired\":true,\"valueName\":\"search_term_string\"}}],\"inLanguage\":\"es\"},{\"@type\":\"Organization\",\"@id\":\"https:\\\/\\\/letrame.com\\\/catalogo\\\/#organization\",\"name\":\"Catalogo | Letrame Grupo Editorial\",\"url\":\"https:\\\/\\\/letrame.com\\\/catalogo\\\/\",\"logo\":{\"@type\":\"ImageObject\",\"inLanguage\":\"es\",\"@id\":\"https:\\\/\\\/letrame.com\\\/catalogo\\\/#\\\/schema\\\/logo\\\/image\\\/\",\"url\":\"https:\\\/\\\/letrame.com\\\/catalogo\\\/wp-content\\\/uploads\\\/2024\\\/03\\\/logo2.webp\",\"contentUrl\":\"https:\\\/\\\/letrame.com\\\/catalogo\\\/wp-content\\\/uploads\\\/2024\\\/03\\\/logo2.webp\",\"width\":394,\"height\":128,\"caption\":\"Catalogo | Letrame Grupo Editorial\"},\"image\":{\"@id\":\"https:\\\/\\\/letrame.com\\\/catalogo\\\/#\\\/schema\\\/logo\\\/image\\\/\"}}]}<\/script>\n<!-- \/ Yoast SEO plugin. -->","yoast_head_json":{"title":"Showkiller Let it bleed. 2\u00ba Edici\u00f3n - Catalogo | Letrame Grupo Editorial","robots":{"index":"index","follow":"follow","max-snippet":"max-snippet:-1","max-image-preview":"max-image-preview:large","max-video-preview":"max-video-preview:-1"},"canonical":"https:\/\/letrame.com\/catalogo\/producto\/showkiller-let-it-bleed\/","og_locale":"es_ES","og_type":"article","og_title":"Showkiller Let it bleed. 2\u00ba Edici\u00f3n - Catalogo | Letrame Grupo Editorial","og_description":"ISBN: 9791370540692 SINOPSIS Ey, soy yo, Showkiller, el que est\u00e1 haciendo esta sinopsis. A ver, la saga contin\u00faa y todo eso, que Garci me ha obligado a ponerlo. Bueno, te cuento: me he escapado, jeje. Mejor dicho, todos se han escapado.  La locura se dirige a una Chicago en plenas fiestas navide\u00f1as, buscando apoderarse de ella, mientras que mi gran amiga Cors\u00e9 Negro, hace frente a sus propios problemas, los cuales tendr\u00e1 que resolver para combatir la amenaza que se le viene encima.  Yo buscar\u00e9 mi lugar como rey de la ciudad, haciendo nuevas amistades que me ayudar\u00e1n en mi particular misi\u00f3n. S\u00e9 que esta es una saga de h\u00e9roes, pero te recuerdo que... ser el malo mola m\u00e1s.","og_url":"https:\/\/letrame.com\/catalogo\/producto\/showkiller-let-it-bleed\/","og_site_name":"Catalogo | Letrame Grupo Editorial","article_modified_time":"2026-04-14T14:08:48+00:00","og_image":[{"width":1279,"height":1939,"url":"https:\/\/letrame.com\/catalogo\/wp-content\/uploads\/2025\/11\/Captura-de-pantalla-2026-04-14-160509.jpg","type":"image\/jpeg"}],"twitter_card":"summary_large_image","twitter_misc":{"Tiempo de lectura":"1 minuto"},"schema":{"@context":"https:\/\/schema.org","@graph":[{"@type":"WebPage","@id":"https:\/\/letrame.com\/catalogo\/producto\/showkiller-let-it-bleed\/","url":"https:\/\/letrame.com\/catalogo\/producto\/showkiller-let-it-bleed\/","name":"Showkiller Let it bleed. 2\u00ba Edici\u00f3n - Catalogo | Letrame Grupo Editorial","isPartOf":{"@id":"https:\/\/letrame.com\/catalogo\/#website"},"primaryImageOfPage":{"@id":"https:\/\/letrame.com\/catalogo\/producto\/showkiller-let-it-bleed\/#primaryimage"},"image":{"@id":"https:\/\/letrame.com\/catalogo\/producto\/showkiller-let-it-bleed\/#primaryimage"},"thumbnailUrl":"https:\/\/letrame.com\/catalogo\/wp-content\/uploads\/2025\/11\/Captura-de-pantalla-2026-04-14-160509.jpg","datePublished":"2025-11-26T12:26:21+00:00","dateModified":"2026-04-14T14:08:48+00:00","breadcrumb":{"@id":"https:\/\/letrame.com\/catalogo\/producto\/showkiller-let-it-bleed\/#breadcrumb"},"inLanguage":"es","potentialAction":[{"@type":"ReadAction","target":["https:\/\/letrame.com\/catalogo\/producto\/showkiller-let-it-bleed\/"]}]},{"@type":"ImageObject","inLanguage":"es","@id":"https:\/\/letrame.com\/catalogo\/producto\/showkiller-let-it-bleed\/#primaryimage","url":"https:\/\/letrame.com\/catalogo\/wp-content\/uploads\/2025\/11\/Captura-de-pantalla-2026-04-14-160509.jpg","contentUrl":"https:\/\/letrame.com\/catalogo\/wp-content\/uploads\/2025\/11\/Captura-de-pantalla-2026-04-14-160509.jpg","width":1279,"height":1939},{"@type":"BreadcrumbList","@id":"https:\/\/letrame.com\/catalogo\/producto\/showkiller-let-it-bleed\/#breadcrumb","itemListElement":[{"@type":"ListItem","position":1,"name":"Portada","item":"https:\/\/letrame.com\/catalogo\/"},{"@type":"ListItem","position":2,"name":"Cat\u00e1logo","item":"https:\/\/letrame.com\/catalogo\/"},{"@type":"ListItem","position":3,"name":"Showkiller Let it bleed. 2\u00ba Edici\u00f3n"}]},{"@type":"WebSite","@id":"https:\/\/letrame.com\/catalogo\/#website","url":"https:\/\/letrame.com\/catalogo\/","name":"Catalogo | Letrame Grupo Editorial","description":"","publisher":{"@id":"https:\/\/letrame.com\/catalogo\/#organization"},"potentialAction":[{"@type":"SearchAction","target":{"@type":"EntryPoint","urlTemplate":"https:\/\/letrame.com\/catalogo\/?s={search_term_string}"},"query-input":{"@type":"PropertyValueSpecification","valueRequired":true,"valueName":"search_term_string"}}],"inLanguage":"es"},{"@type":"Organization","@id":"https:\/\/letrame.com\/catalogo\/#organization","name":"Catalogo | Letrame Grupo Editorial","url":"https:\/\/letrame.com\/catalogo\/","logo":{"@type":"ImageObject","inLanguage":"es","@id":"https:\/\/letrame.com\/catalogo\/#\/schema\/logo\/image\/","url":"https:\/\/letrame.com\/catalogo\/wp-content\/uploads\/2024\/03\/logo2.webp","contentUrl":"https:\/\/letrame.com\/catalogo\/wp-content\/uploads\/2024\/03\/logo2.webp","width":394,"height":128,"caption":"Catalogo | Letrame Grupo Editorial"},"image":{"@id":"https:\/\/letrame.com\/catalogo\/#\/schema\/logo\/image\/"}}]}},"_links":{"self":[{"href":"https:\/\/letrame.com\/catalogo\/wp-json\/wp\/v2\/product\/109712","targetHints":{"allow":["GET"]}}],"collection":[{"href":"https:\/\/letrame.com\/catalogo\/wp-json\/wp\/v2\/product"}],"about":[{"href":"https:\/\/letrame.com\/catalogo\/wp-json\/wp\/v2\/types\/product"}],"replies":[{"embeddable":true,"href":"https:\/\/letrame.com\/catalogo\/wp-json\/wp\/v2\/comments?post=109712"}],"acf:post":[{"embeddable":true,"href":"https:\/\/letrame.com\/catalogo\/wp-json\/wp\/v2\/author_book\/109714"}],"wp:featuredmedia":[{"embeddable":true,"href":"https:\/\/letrame.com\/catalogo\/wp-json\/wp\/v2\/media\/112222"}],"wp:attachment":[{"href":"https:\/\/letrame.com\/catalogo\/wp-json\/wp\/v2\/media?parent=109712"}],"wp:term":[{"taxonomy":"libro","embeddable":true,"href":"https:\/\/letrame.com\/catalogo\/wp-json\/wp\/v2\/libro?post=109712"},{"taxonomy":"product_brand","embeddable":true,"href":"https:\/\/letrame.com\/catalogo\/wp-json\/wp\/v2\/product_brand?post=109712"},{"taxonomy":"product_cat","embeddable":true,"href":"https:\/\/letrame.com\/catalogo\/wp-json\/wp\/v2\/product_cat?post=109712"},{"taxonomy":"product_tag","embeddable":true,"href":"https:\/\/letrame.com\/catalogo\/wp-json\/wp\/v2\/product_tag?post=109712"}],"curies":[{"name":"wp","href":"https:\/\/api.w.org\/{rel}","templated":true}]}}