{"id":109682,"date":"2025-11-25T14:07:56","date_gmt":"2025-11-25T13:07:56","guid":{"rendered":"https:\/\/letrame.com\/catalogo\/?post_type=product&#038;p=109682"},"modified":"2026-01-09T13:40:07","modified_gmt":"2026-01-09T12:40:07","slug":"sombras-en-amsterdam","status":"publish","type":"product","link":"https:\/\/letrame.com\/catalogo\/producto\/sombras-en-amsterdam\/","title":{"rendered":"Sombras en \u00c1msterdam"},"content":{"rendered":"<p class=\"p1\"><b>ISBN: <\/b>979-13-7029-330-7<\/p>\n<p class=\"p1\"><b>T\u00edtulo: Sombras en \u00c1msterdam<\/b><b><\/b><\/p>\n<p class=\"p1\"><b>Fecha: 2025<\/b><b><\/b><\/p>\n<p class=\"p1\"><b>P\u00e1ginas: 382<\/b><b><\/b><\/p>\n<p class=\"p1\"><b>SINOPSIS<\/b><\/p>\n<p>\u00c1msterdam, 1950. Mientras la ciudad se prepara para un verano apacible, bajo su fachada serena se gesta uno de los robos de arte m\u00e1s audaces del siglo. La ronda de noche, la joya de Rembrandt, est\u00e1 en la mira de una mente enigm\u00e1tica conocida solo como \u00abel Espectro\u00bb.<br \/>\nEl detective Alistair Archibald asume la tarea de salvaguardar la obra; sin embargo, a medida que profundiza en la investigaci\u00f3n, se ve atrapado en una trama de secretos, traiciones y verdades que podr\u00edan alterarlo todo. En un universo donde todo es enga\u00f1oso, Alistair no solo tendr\u00e1 que desentra\u00f1ar un crimen&#8230; tambi\u00e9n deber\u00e1 confrontar su propia realidad y una amenaza que va m\u00e1s all\u00e1 del arte.<br \/>\nPorque algunas sombras no solo ocultan el pasado: tambi\u00e9n anuncian el fin de todo lo que creemos conocer.<\/p>\n","protected":false},"excerpt":{"rendered":"<p><b>ISBN: <\/b>979-13-7029-330-7<\/p>\n<p class=\"p1\"><b>SINOPSIS<\/b><\/p>\n<p>\u00c1msterdam, 1950. Mientras la ciudad se prepara para un verano apacible, bajo su fachada serena se gesta uno de los robos de arte m\u00e1s audaces del siglo. La ronda de noche, la joya de Rembrandt, est\u00e1 en la mira de una mente enigm\u00e1tica conocida solo como \u00abel Espectro\u00bb.<br \/>\nEl detective Alistair Archibald asume la tarea de salvaguardar la obra; sin embargo, a medida que profundiza en la investigaci\u00f3n, se ve atrapado en una trama de secretos, traiciones y verdades que podr\u00edan alterarlo todo. En un universo donde todo es enga\u00f1oso, Alistair no solo tendr\u00e1 que desentra\u00f1ar un crimen&#8230; tambi\u00e9n deber\u00e1 confrontar su propia realidad y una amenaza que va m\u00e1s all\u00e1 del arte.<br \/>\nPorque algunas sombras no solo ocultan el pasado: tambi\u00e9n anuncian el fin de todo lo que creemos conocer.<\/p>\n","protected":false},"featured_media":110749,"comment_status":"open","ping_status":"closed","template":"","meta":{"_acf_changed":false},"libro":[],"product_brand":[],"product_cat":[57],"product_tag":[],"class_list":{"0":"post-109682","1":"product","2":"type-product","3":"status-publish","4":"has-post-thumbnail","6":"product_cat-suspenso","8":"first","9":"instock","10":"shipping-taxable","11":"product-type-simple"},"acf":{"autor":[109684],"enlace_de_compra":"https:\/\/www.amazon.es\/Sombras-%C3%81msterdam-caza-espectro-Misterio\/dp\/B0G4WCYXGP\/ref=tmm_pap_swatch_0?_encoding=UTF8&dib_tag=se&dib=eyJ2IjoiMSJ9.830UbeEHpWUjBYRDtJRnuQEDpEs8utDjIlw728FjEOnanSJoo3oEL9xkV6EYrr98.O6K-ZK6PdUlzzvobCFY11hLEoWSlkyXHegxbqE4Q5ec&qid=1767962394&sr=8-1"},"yoast_head":"<!-- This site is optimized with the Yoast SEO plugin v27.4 - https:\/\/yoast.com\/product\/yoast-seo-wordpress\/ -->\n<title>Sombras en \u00c1msterdam - Catalogo | Letrame Grupo Editorial<\/title>\n<meta name=\"robots\" content=\"index, follow, max-snippet:-1, max-image-preview:large, max-video-preview:-1\" \/>\n<link rel=\"canonical\" href=\"https:\/\/letrame.com\/catalogo\/producto\/sombras-en-amsterdam\/\" \/>\n<meta property=\"og:locale\" content=\"es_ES\" \/>\n<meta property=\"og:type\" content=\"article\" \/>\n<meta property=\"og:title\" content=\"Sombras en \u00c1msterdam - Catalogo | Letrame Grupo Editorial\" \/>\n<meta property=\"og:description\" content=\"ISBN: 979-13-7029-330-7 SINOPSIS \u00c1msterdam, 1950. Mientras la ciudad se prepara para un verano apacible, bajo su fachada serena se gesta uno de los robos de arte m\u00e1s audaces del siglo. La ronda de noche, la joya de Rembrandt, est\u00e1 en la mira de una mente enigm\u00e1tica conocida solo como \u00abel Espectro\u00bb. El detective Alistair Archibald asume la tarea de salvaguardar la obra; sin embargo, a medida que profundiza en la investigaci\u00f3n, se ve atrapado en una trama de secretos, traiciones y verdades que podr\u00edan alterarlo todo. En un universo donde todo es enga\u00f1oso, Alistair no solo tendr\u00e1 que desentra\u00f1ar un crimen... tambi\u00e9n deber\u00e1 confrontar su propia realidad y una amenaza que va m\u00e1s all\u00e1 del arte. Porque algunas sombras no solo ocultan el pasado: tambi\u00e9n anuncian el fin de todo lo que creemos conocer.\" \/>\n<meta property=\"og:url\" content=\"https:\/\/letrame.com\/catalogo\/producto\/sombras-en-amsterdam\/\" \/>\n<meta property=\"og:site_name\" content=\"Catalogo | Letrame Grupo Editorial\" \/>\n<meta property=\"article:modified_time\" content=\"2026-01-09T12:40:07+00:00\" \/>\n<meta property=\"og:image\" content=\"https:\/\/letrame.com\/catalogo\/wp-content\/uploads\/2025\/11\/2osombrasdeamsterdam_1869mm4-scaled.jpg\" \/>\n\t<meta property=\"og:image:width\" content=\"1745\" \/>\n\t<meta property=\"og:image:height\" content=\"2560\" \/>\n\t<meta property=\"og:image:type\" content=\"image\/jpeg\" \/>\n<meta name=\"twitter:card\" content=\"summary_large_image\" \/>\n<meta name=\"twitter:label1\" content=\"Tiempo de lectura\" \/>\n\t<meta name=\"twitter:data1\" content=\"1 minuto\" \/>\n<script type=\"application\/ld+json\" class=\"yoast-schema-graph\">{\"@context\":\"https:\\\/\\\/schema.org\",\"@graph\":[{\"@type\":\"WebPage\",\"@id\":\"https:\\\/\\\/letrame.com\\\/catalogo\\\/producto\\\/sombras-en-amsterdam\\\/\",\"url\":\"https:\\\/\\\/letrame.com\\\/catalogo\\\/producto\\\/sombras-en-amsterdam\\\/\",\"name\":\"Sombras en \u00c1msterdam - Catalogo | Letrame Grupo Editorial\",\"isPartOf\":{\"@id\":\"https:\\\/\\\/letrame.com\\\/catalogo\\\/#website\"},\"primaryImageOfPage\":{\"@id\":\"https:\\\/\\\/letrame.com\\\/catalogo\\\/producto\\\/sombras-en-amsterdam\\\/#primaryimage\"},\"image\":{\"@id\":\"https:\\\/\\\/letrame.com\\\/catalogo\\\/producto\\\/sombras-en-amsterdam\\\/#primaryimage\"},\"thumbnailUrl\":\"https:\\\/\\\/letrame.com\\\/catalogo\\\/wp-content\\\/uploads\\\/2025\\\/11\\\/2osombrasdeamsterdam_1869mm4-scaled.jpg\",\"datePublished\":\"2025-11-25T13:07:56+00:00\",\"dateModified\":\"2026-01-09T12:40:07+00:00\",\"breadcrumb\":{\"@id\":\"https:\\\/\\\/letrame.com\\\/catalogo\\\/producto\\\/sombras-en-amsterdam\\\/#breadcrumb\"},\"inLanguage\":\"es\",\"potentialAction\":[{\"@type\":\"ReadAction\",\"target\":[\"https:\\\/\\\/letrame.com\\\/catalogo\\\/producto\\\/sombras-en-amsterdam\\\/\"]}]},{\"@type\":\"ImageObject\",\"inLanguage\":\"es\",\"@id\":\"https:\\\/\\\/letrame.com\\\/catalogo\\\/producto\\\/sombras-en-amsterdam\\\/#primaryimage\",\"url\":\"https:\\\/\\\/letrame.com\\\/catalogo\\\/wp-content\\\/uploads\\\/2025\\\/11\\\/2osombrasdeamsterdam_1869mm4-scaled.jpg\",\"contentUrl\":\"https:\\\/\\\/letrame.com\\\/catalogo\\\/wp-content\\\/uploads\\\/2025\\\/11\\\/2osombrasdeamsterdam_1869mm4-scaled.jpg\",\"width\":1745,\"height\":2560},{\"@type\":\"BreadcrumbList\",\"@id\":\"https:\\\/\\\/letrame.com\\\/catalogo\\\/producto\\\/sombras-en-amsterdam\\\/#breadcrumb\",\"itemListElement\":[{\"@type\":\"ListItem\",\"position\":1,\"name\":\"Portada\",\"item\":\"https:\\\/\\\/letrame.com\\\/catalogo\\\/\"},{\"@type\":\"ListItem\",\"position\":2,\"name\":\"Cat\u00e1logo\",\"item\":\"https:\\\/\\\/letrame.com\\\/catalogo\\\/\"},{\"@type\":\"ListItem\",\"position\":3,\"name\":\"Sombras en \u00c1msterdam\"}]},{\"@type\":\"WebSite\",\"@id\":\"https:\\\/\\\/letrame.com\\\/catalogo\\\/#website\",\"url\":\"https:\\\/\\\/letrame.com\\\/catalogo\\\/\",\"name\":\"Catalogo | Letrame Grupo Editorial\",\"description\":\"\",\"publisher\":{\"@id\":\"https:\\\/\\\/letrame.com\\\/catalogo\\\/#organization\"},\"potentialAction\":[{\"@type\":\"SearchAction\",\"target\":{\"@type\":\"EntryPoint\",\"urlTemplate\":\"https:\\\/\\\/letrame.com\\\/catalogo\\\/?s={search_term_string}\"},\"query-input\":{\"@type\":\"PropertyValueSpecification\",\"valueRequired\":true,\"valueName\":\"search_term_string\"}}],\"inLanguage\":\"es\"},{\"@type\":\"Organization\",\"@id\":\"https:\\\/\\\/letrame.com\\\/catalogo\\\/#organization\",\"name\":\"Catalogo | Letrame Grupo Editorial\",\"url\":\"https:\\\/\\\/letrame.com\\\/catalogo\\\/\",\"logo\":{\"@type\":\"ImageObject\",\"inLanguage\":\"es\",\"@id\":\"https:\\\/\\\/letrame.com\\\/catalogo\\\/#\\\/schema\\\/logo\\\/image\\\/\",\"url\":\"https:\\\/\\\/letrame.com\\\/catalogo\\\/wp-content\\\/uploads\\\/2024\\\/03\\\/logo2.webp\",\"contentUrl\":\"https:\\\/\\\/letrame.com\\\/catalogo\\\/wp-content\\\/uploads\\\/2024\\\/03\\\/logo2.webp\",\"width\":394,\"height\":128,\"caption\":\"Catalogo | Letrame Grupo Editorial\"},\"image\":{\"@id\":\"https:\\\/\\\/letrame.com\\\/catalogo\\\/#\\\/schema\\\/logo\\\/image\\\/\"}}]}<\/script>\n<!-- \/ Yoast SEO plugin. -->","yoast_head_json":{"title":"Sombras en \u00c1msterdam - Catalogo | Letrame Grupo Editorial","robots":{"index":"index","follow":"follow","max-snippet":"max-snippet:-1","max-image-preview":"max-image-preview:large","max-video-preview":"max-video-preview:-1"},"canonical":"https:\/\/letrame.com\/catalogo\/producto\/sombras-en-amsterdam\/","og_locale":"es_ES","og_type":"article","og_title":"Sombras en \u00c1msterdam - Catalogo | Letrame Grupo Editorial","og_description":"ISBN: 979-13-7029-330-7 SINOPSIS \u00c1msterdam, 1950. Mientras la ciudad se prepara para un verano apacible, bajo su fachada serena se gesta uno de los robos de arte m\u00e1s audaces del siglo. La ronda de noche, la joya de Rembrandt, est\u00e1 en la mira de una mente enigm\u00e1tica conocida solo como \u00abel Espectro\u00bb. El detective Alistair Archibald asume la tarea de salvaguardar la obra; sin embargo, a medida que profundiza en la investigaci\u00f3n, se ve atrapado en una trama de secretos, traiciones y verdades que podr\u00edan alterarlo todo. En un universo donde todo es enga\u00f1oso, Alistair no solo tendr\u00e1 que desentra\u00f1ar un crimen... tambi\u00e9n deber\u00e1 confrontar su propia realidad y una amenaza que va m\u00e1s all\u00e1 del arte. Porque algunas sombras no solo ocultan el pasado: tambi\u00e9n anuncian el fin de todo lo que creemos conocer.","og_url":"https:\/\/letrame.com\/catalogo\/producto\/sombras-en-amsterdam\/","og_site_name":"Catalogo | Letrame Grupo Editorial","article_modified_time":"2026-01-09T12:40:07+00:00","og_image":[{"width":1745,"height":2560,"url":"https:\/\/letrame.com\/catalogo\/wp-content\/uploads\/2025\/11\/2osombrasdeamsterdam_1869mm4-scaled.jpg","type":"image\/jpeg"}],"twitter_card":"summary_large_image","twitter_misc":{"Tiempo de lectura":"1 minuto"},"schema":{"@context":"https:\/\/schema.org","@graph":[{"@type":"WebPage","@id":"https:\/\/letrame.com\/catalogo\/producto\/sombras-en-amsterdam\/","url":"https:\/\/letrame.com\/catalogo\/producto\/sombras-en-amsterdam\/","name":"Sombras en \u00c1msterdam - Catalogo | Letrame Grupo Editorial","isPartOf":{"@id":"https:\/\/letrame.com\/catalogo\/#website"},"primaryImageOfPage":{"@id":"https:\/\/letrame.com\/catalogo\/producto\/sombras-en-amsterdam\/#primaryimage"},"image":{"@id":"https:\/\/letrame.com\/catalogo\/producto\/sombras-en-amsterdam\/#primaryimage"},"thumbnailUrl":"https:\/\/letrame.com\/catalogo\/wp-content\/uploads\/2025\/11\/2osombrasdeamsterdam_1869mm4-scaled.jpg","datePublished":"2025-11-25T13:07:56+00:00","dateModified":"2026-01-09T12:40:07+00:00","breadcrumb":{"@id":"https:\/\/letrame.com\/catalogo\/producto\/sombras-en-amsterdam\/#breadcrumb"},"inLanguage":"es","potentialAction":[{"@type":"ReadAction","target":["https:\/\/letrame.com\/catalogo\/producto\/sombras-en-amsterdam\/"]}]},{"@type":"ImageObject","inLanguage":"es","@id":"https:\/\/letrame.com\/catalogo\/producto\/sombras-en-amsterdam\/#primaryimage","url":"https:\/\/letrame.com\/catalogo\/wp-content\/uploads\/2025\/11\/2osombrasdeamsterdam_1869mm4-scaled.jpg","contentUrl":"https:\/\/letrame.com\/catalogo\/wp-content\/uploads\/2025\/11\/2osombrasdeamsterdam_1869mm4-scaled.jpg","width":1745,"height":2560},{"@type":"BreadcrumbList","@id":"https:\/\/letrame.com\/catalogo\/producto\/sombras-en-amsterdam\/#breadcrumb","itemListElement":[{"@type":"ListItem","position":1,"name":"Portada","item":"https:\/\/letrame.com\/catalogo\/"},{"@type":"ListItem","position":2,"name":"Cat\u00e1logo","item":"https:\/\/letrame.com\/catalogo\/"},{"@type":"ListItem","position":3,"name":"Sombras en \u00c1msterdam"}]},{"@type":"WebSite","@id":"https:\/\/letrame.com\/catalogo\/#website","url":"https:\/\/letrame.com\/catalogo\/","name":"Catalogo | Letrame Grupo Editorial","description":"","publisher":{"@id":"https:\/\/letrame.com\/catalogo\/#organization"},"potentialAction":[{"@type":"SearchAction","target":{"@type":"EntryPoint","urlTemplate":"https:\/\/letrame.com\/catalogo\/?s={search_term_string}"},"query-input":{"@type":"PropertyValueSpecification","valueRequired":true,"valueName":"search_term_string"}}],"inLanguage":"es"},{"@type":"Organization","@id":"https:\/\/letrame.com\/catalogo\/#organization","name":"Catalogo | Letrame Grupo Editorial","url":"https:\/\/letrame.com\/catalogo\/","logo":{"@type":"ImageObject","inLanguage":"es","@id":"https:\/\/letrame.com\/catalogo\/#\/schema\/logo\/image\/","url":"https:\/\/letrame.com\/catalogo\/wp-content\/uploads\/2024\/03\/logo2.webp","contentUrl":"https:\/\/letrame.com\/catalogo\/wp-content\/uploads\/2024\/03\/logo2.webp","width":394,"height":128,"caption":"Catalogo | Letrame Grupo Editorial"},"image":{"@id":"https:\/\/letrame.com\/catalogo\/#\/schema\/logo\/image\/"}}]}},"_links":{"self":[{"href":"https:\/\/letrame.com\/catalogo\/wp-json\/wp\/v2\/product\/109682","targetHints":{"allow":["GET"]}}],"collection":[{"href":"https:\/\/letrame.com\/catalogo\/wp-json\/wp\/v2\/product"}],"about":[{"href":"https:\/\/letrame.com\/catalogo\/wp-json\/wp\/v2\/types\/product"}],"replies":[{"embeddable":true,"href":"https:\/\/letrame.com\/catalogo\/wp-json\/wp\/v2\/comments?post=109682"}],"acf:post":[{"embeddable":true,"href":"https:\/\/letrame.com\/catalogo\/wp-json\/wp\/v2\/author_book\/109684"}],"wp:featuredmedia":[{"embeddable":true,"href":"https:\/\/letrame.com\/catalogo\/wp-json\/wp\/v2\/media\/110749"}],"wp:attachment":[{"href":"https:\/\/letrame.com\/catalogo\/wp-json\/wp\/v2\/media?parent=109682"}],"wp:term":[{"taxonomy":"libro","embeddable":true,"href":"https:\/\/letrame.com\/catalogo\/wp-json\/wp\/v2\/libro?post=109682"},{"taxonomy":"product_brand","embeddable":true,"href":"https:\/\/letrame.com\/catalogo\/wp-json\/wp\/v2\/product_brand?post=109682"},{"taxonomy":"product_cat","embeddable":true,"href":"https:\/\/letrame.com\/catalogo\/wp-json\/wp\/v2\/product_cat?post=109682"},{"taxonomy":"product_tag","embeddable":true,"href":"https:\/\/letrame.com\/catalogo\/wp-json\/wp\/v2\/product_tag?post=109682"}],"curies":[{"name":"wp","href":"https:\/\/api.w.org\/{rel}","templated":true}]}}