{"id":109606,"date":"2025-11-21T12:14:12","date_gmt":"2025-11-21T11:14:12","guid":{"rendered":"https:\/\/letrame.com\/catalogo\/?post_type=product&#038;p=109606"},"modified":"2025-11-21T12:17:51","modified_gmt":"2025-11-21T11:17:51","slug":"la-homosexualidad-en-la-historia-del-arte","status":"publish","type":"product","link":"https:\/\/letrame.com\/catalogo\/producto\/la-homosexualidad-en-la-historia-del-arte\/","title":{"rendered":"La homosexualidad en la historia del arte"},"content":{"rendered":"<p class=\"p1\"><b>ISBN: 9791370127114<\/b><b><\/b><\/p>\n<p class=\"p1\"><b>T\u00edtulo: La homosexualidad en la historia del arte<\/b><b><\/b><\/p>\n<p class=\"p1\"><b>Fecha: 2025<\/b><b><\/b><\/p>\n<p class=\"p1\"><b>P\u00e1ginas: 108<\/b><b><\/b><\/p>\n<p class=\"p1\"><b>SINOPSIS<\/b><\/p>\n<p>La homosexualidad en la historia del arte de Irene S\u00e1nchez Garc\u00eda presenta un fascinante recorrido por las diversas formas en que la homosexualidad ha sido explorada y representada en el arte a lo largo de la historia. Desde la Grecia cl\u00e1sica y su mitolog\u00eda hasta el vanguardista s. XX, pasando por importantes figuras como Miguel \u00c1ngel o Caravaggio, Irene retira el velo de los a\u00f1os para descubrir lo que estos<br \/>\nartistas y muchos otros escondieron entre sus pinceladas.<br \/>\nEscrito con una gran sensibilidad y a trav\u00e9s de un an\u00e1lisis detallado de corrientes art\u00edsticas, autores, obras y exposiciones, el libro ofrece una perspectiva \u00fanica sobre c\u00f3mo la identidad y la orientaci\u00f3n sexual han influido y se han reflejado en el arte. Se trata de una invitaci\u00f3n irrevocable a redescubrir el arte bajo una luz diferente para comprender mejor las complejidades de los sentimientos y la expresi\u00f3n humana.<\/p>\n","protected":false},"excerpt":{"rendered":"<p><b>ISBN: 9791370127114<\/b><\/p>\n<p class=\"p1\"><b>SINOPSIS<\/b><\/p>\n<p>La homosexualidad en la historia del arte de Irene S\u00e1nchez Garc\u00eda presenta un fascinante recorrido por las diversas formas en que la homosexualidad ha sido explorada y representada en el arte a lo largo de la historia. Desde la Grecia cl\u00e1sica y su mitolog\u00eda hasta el vanguardista s. XX, pasando por importantes figuras como Miguel \u00c1ngel o Caravaggio, Irene retira el velo de los a\u00f1os para descubrir lo que estos<br \/>\nartistas y muchos otros escondieron entre sus pinceladas.<br \/>\nEscrito con una gran sensibilidad y a trav\u00e9s de un an\u00e1lisis detallado de corrientes art\u00edsticas, autores, obras y exposiciones, el libro ofrece una perspectiva \u00fanica sobre c\u00f3mo la identidad y la orientaci\u00f3n sexual han influido y se han reflejado en el arte. Se trata de una invitaci\u00f3n irrevocable a redescubrir el arte bajo una luz diferente para comprender mejor las complejidades de los sentimientos y la expresi\u00f3n humana.<\/p>\n","protected":false},"featured_media":109607,"comment_status":"open","ping_status":"closed","template":"","meta":{"_acf_changed":false},"libro":[],"product_brand":[],"product_cat":[56],"product_tag":[],"class_list":{"0":"post-109606","1":"product","2":"type-product","3":"status-publish","4":"has-post-thumbnail","6":"product_cat-fotografia","8":"first","9":"instock","10":"shipping-taxable","11":"product-type-simple"},"acf":{"autor":[109608],"enlace_de_compra":"https:\/\/www.amazon.es\/homosexualidad-historia-arte-Arte-fotograf%C3%ADa\/dp\/B0FXB2QF2V\/ref=sr_1_1?__mk_es_ES=%C3%85M%C3%85%C5%BD%C3%95%C3%91&crid=287B7Y3KQOIK4&dib=eyJ2IjoiMSJ9.VgoDpO7eg0YADUttvRJ5-w.iw72I_vzqfSvO8UN36blj8jiHuHG_UwlifjZYsfazNQ&dib_tag=se&keywords=la+homosexualidad+en+la+historia+del+arte+letrame&qid=1763723411&s=books&sprefix=la+homosexualidad+en+la+historia+del+arte+letrame%2Cstripbooks%2C60&sr=1-1"},"yoast_head":"<!-- This site is optimized with the Yoast SEO plugin v26.6 - https:\/\/yoast.com\/wordpress\/plugins\/seo\/ -->\n<title>La homosexualidad en la historia del arte - Catalogo | Letrame Grupo Editorial<\/title>\n<meta name=\"robots\" content=\"index, follow, max-snippet:-1, max-image-preview:large, max-video-preview:-1\" \/>\n<link rel=\"canonical\" href=\"https:\/\/letrame.com\/catalogo\/producto\/la-homosexualidad-en-la-historia-del-arte\/\" \/>\n<meta property=\"og:locale\" content=\"es_ES\" \/>\n<meta property=\"og:type\" content=\"article\" \/>\n<meta property=\"og:title\" content=\"La homosexualidad en la historia del arte - Catalogo | Letrame Grupo Editorial\" \/>\n<meta property=\"og:description\" content=\"ISBN: 9791370127114 SINOPSIS La homosexualidad en la historia del arte de Irene S\u00e1nchez Garc\u00eda presenta un fascinante recorrido por las diversas formas en que la homosexualidad ha sido explorada y representada en el arte a lo largo de la historia. Desde la Grecia cl\u00e1sica y su mitolog\u00eda hasta el vanguardista s. XX, pasando por importantes figuras como Miguel \u00c1ngel o Caravaggio, Irene retira el velo de los a\u00f1os para descubrir lo que estos artistas y muchos otros escondieron entre sus pinceladas. Escrito con una gran sensibilidad y a trav\u00e9s de un an\u00e1lisis detallado de corrientes art\u00edsticas, autores, obras y exposiciones, el libro ofrece una perspectiva \u00fanica sobre c\u00f3mo la identidad y la orientaci\u00f3n sexual han influido y se han reflejado en el arte. Se trata de una invitaci\u00f3n irrevocable a redescubrir el arte bajo una luz diferente para comprender mejor las complejidades de los sentimientos y la expresi\u00f3n humana.\" \/>\n<meta property=\"og:url\" content=\"https:\/\/letrame.com\/catalogo\/producto\/la-homosexualidad-en-la-historia-del-arte\/\" \/>\n<meta property=\"og:site_name\" content=\"Catalogo | Letrame Grupo Editorial\" \/>\n<meta property=\"article:modified_time\" content=\"2025-11-21T11:17:51+00:00\" \/>\n<meta property=\"og:image\" content=\"https:\/\/letrame.com\/catalogo\/wp-content\/uploads\/2025\/11\/Lahomosexualidadenlahistoriadelarte_701mm3.gif\" \/>\n\t<meta property=\"og:image:width\" content=\"571\" \/>\n\t<meta property=\"og:image:height\" content=\"438\" \/>\n\t<meta property=\"og:image:type\" content=\"image\/gif\" \/>\n<meta name=\"twitter:card\" content=\"summary_large_image\" \/>\n<meta name=\"twitter:label1\" content=\"Tiempo de lectura\" \/>\n\t<meta name=\"twitter:data1\" content=\"1 minuto\" \/>\n<script type=\"application\/ld+json\" class=\"yoast-schema-graph\">{\"@context\":\"https:\/\/schema.org\",\"@graph\":[{\"@type\":\"WebPage\",\"@id\":\"https:\/\/letrame.com\/catalogo\/producto\/la-homosexualidad-en-la-historia-del-arte\/\",\"url\":\"https:\/\/letrame.com\/catalogo\/producto\/la-homosexualidad-en-la-historia-del-arte\/\",\"name\":\"La homosexualidad en la historia del arte - Catalogo | Letrame Grupo Editorial\",\"isPartOf\":{\"@id\":\"https:\/\/letrame.com\/catalogo\/#website\"},\"primaryImageOfPage\":{\"@id\":\"https:\/\/letrame.com\/catalogo\/producto\/la-homosexualidad-en-la-historia-del-arte\/#primaryimage\"},\"image\":{\"@id\":\"https:\/\/letrame.com\/catalogo\/producto\/la-homosexualidad-en-la-historia-del-arte\/#primaryimage\"},\"thumbnailUrl\":\"https:\/\/letrame.com\/catalogo\/wp-content\/uploads\/2025\/11\/Lahomosexualidadenlahistoriadelarte_701mm3.gif\",\"datePublished\":\"2025-11-21T11:14:12+00:00\",\"dateModified\":\"2025-11-21T11:17:51+00:00\",\"breadcrumb\":{\"@id\":\"https:\/\/letrame.com\/catalogo\/producto\/la-homosexualidad-en-la-historia-del-arte\/#breadcrumb\"},\"inLanguage\":\"es\",\"potentialAction\":[{\"@type\":\"ReadAction\",\"target\":[\"https:\/\/letrame.com\/catalogo\/producto\/la-homosexualidad-en-la-historia-del-arte\/\"]}]},{\"@type\":\"ImageObject\",\"inLanguage\":\"es\",\"@id\":\"https:\/\/letrame.com\/catalogo\/producto\/la-homosexualidad-en-la-historia-del-arte\/#primaryimage\",\"url\":\"https:\/\/letrame.com\/catalogo\/wp-content\/uploads\/2025\/11\/Lahomosexualidadenlahistoriadelarte_701mm3.gif\",\"contentUrl\":\"https:\/\/letrame.com\/catalogo\/wp-content\/uploads\/2025\/11\/Lahomosexualidadenlahistoriadelarte_701mm3.gif\",\"width\":571,\"height\":438},{\"@type\":\"BreadcrumbList\",\"@id\":\"https:\/\/letrame.com\/catalogo\/producto\/la-homosexualidad-en-la-historia-del-arte\/#breadcrumb\",\"itemListElement\":[{\"@type\":\"ListItem\",\"position\":1,\"name\":\"Portada\",\"item\":\"https:\/\/letrame.com\/catalogo\/\"},{\"@type\":\"ListItem\",\"position\":2,\"name\":\"Cat\u00e1logo\",\"item\":\"https:\/\/letrame.com\/catalogo\/\"},{\"@type\":\"ListItem\",\"position\":3,\"name\":\"La homosexualidad en la historia del arte\"}]},{\"@type\":\"WebSite\",\"@id\":\"https:\/\/letrame.com\/catalogo\/#website\",\"url\":\"https:\/\/letrame.com\/catalogo\/\",\"name\":\"Catalogo | Letrame Grupo Editorial\",\"description\":\"\",\"publisher\":{\"@id\":\"https:\/\/letrame.com\/catalogo\/#organization\"},\"potentialAction\":[{\"@type\":\"SearchAction\",\"target\":{\"@type\":\"EntryPoint\",\"urlTemplate\":\"https:\/\/letrame.com\/catalogo\/?s={search_term_string}\"},\"query-input\":{\"@type\":\"PropertyValueSpecification\",\"valueRequired\":true,\"valueName\":\"search_term_string\"}}],\"inLanguage\":\"es\"},{\"@type\":\"Organization\",\"@id\":\"https:\/\/letrame.com\/catalogo\/#organization\",\"name\":\"Catalogo | Letrame Grupo Editorial\",\"url\":\"https:\/\/letrame.com\/catalogo\/\",\"logo\":{\"@type\":\"ImageObject\",\"inLanguage\":\"es\",\"@id\":\"https:\/\/letrame.com\/catalogo\/#\/schema\/logo\/image\/\",\"url\":\"https:\/\/letrame.com\/catalogo\/wp-content\/uploads\/2024\/03\/logo2.webp\",\"contentUrl\":\"https:\/\/letrame.com\/catalogo\/wp-content\/uploads\/2024\/03\/logo2.webp\",\"width\":394,\"height\":128,\"caption\":\"Catalogo | Letrame Grupo Editorial\"},\"image\":{\"@id\":\"https:\/\/letrame.com\/catalogo\/#\/schema\/logo\/image\/\"}}]}<\/script>\n<!-- \/ Yoast SEO plugin. -->","yoast_head_json":{"title":"La homosexualidad en la historia del arte - Catalogo | Letrame Grupo Editorial","robots":{"index":"index","follow":"follow","max-snippet":"max-snippet:-1","max-image-preview":"max-image-preview:large","max-video-preview":"max-video-preview:-1"},"canonical":"https:\/\/letrame.com\/catalogo\/producto\/la-homosexualidad-en-la-historia-del-arte\/","og_locale":"es_ES","og_type":"article","og_title":"La homosexualidad en la historia del arte - Catalogo | Letrame Grupo Editorial","og_description":"ISBN: 9791370127114 SINOPSIS La homosexualidad en la historia del arte de Irene S\u00e1nchez Garc\u00eda presenta un fascinante recorrido por las diversas formas en que la homosexualidad ha sido explorada y representada en el arte a lo largo de la historia. Desde la Grecia cl\u00e1sica y su mitolog\u00eda hasta el vanguardista s. XX, pasando por importantes figuras como Miguel \u00c1ngel o Caravaggio, Irene retira el velo de los a\u00f1os para descubrir lo que estos artistas y muchos otros escondieron entre sus pinceladas. Escrito con una gran sensibilidad y a trav\u00e9s de un an\u00e1lisis detallado de corrientes art\u00edsticas, autores, obras y exposiciones, el libro ofrece una perspectiva \u00fanica sobre c\u00f3mo la identidad y la orientaci\u00f3n sexual han influido y se han reflejado en el arte. Se trata de una invitaci\u00f3n irrevocable a redescubrir el arte bajo una luz diferente para comprender mejor las complejidades de los sentimientos y la expresi\u00f3n humana.","og_url":"https:\/\/letrame.com\/catalogo\/producto\/la-homosexualidad-en-la-historia-del-arte\/","og_site_name":"Catalogo | Letrame Grupo Editorial","article_modified_time":"2025-11-21T11:17:51+00:00","og_image":[{"width":571,"height":438,"url":"https:\/\/letrame.com\/catalogo\/wp-content\/uploads\/2025\/11\/Lahomosexualidadenlahistoriadelarte_701mm3.gif","type":"image\/gif"}],"twitter_card":"summary_large_image","twitter_misc":{"Tiempo de lectura":"1 minuto"},"schema":{"@context":"https:\/\/schema.org","@graph":[{"@type":"WebPage","@id":"https:\/\/letrame.com\/catalogo\/producto\/la-homosexualidad-en-la-historia-del-arte\/","url":"https:\/\/letrame.com\/catalogo\/producto\/la-homosexualidad-en-la-historia-del-arte\/","name":"La homosexualidad en la historia del arte - Catalogo | Letrame Grupo Editorial","isPartOf":{"@id":"https:\/\/letrame.com\/catalogo\/#website"},"primaryImageOfPage":{"@id":"https:\/\/letrame.com\/catalogo\/producto\/la-homosexualidad-en-la-historia-del-arte\/#primaryimage"},"image":{"@id":"https:\/\/letrame.com\/catalogo\/producto\/la-homosexualidad-en-la-historia-del-arte\/#primaryimage"},"thumbnailUrl":"https:\/\/letrame.com\/catalogo\/wp-content\/uploads\/2025\/11\/Lahomosexualidadenlahistoriadelarte_701mm3.gif","datePublished":"2025-11-21T11:14:12+00:00","dateModified":"2025-11-21T11:17:51+00:00","breadcrumb":{"@id":"https:\/\/letrame.com\/catalogo\/producto\/la-homosexualidad-en-la-historia-del-arte\/#breadcrumb"},"inLanguage":"es","potentialAction":[{"@type":"ReadAction","target":["https:\/\/letrame.com\/catalogo\/producto\/la-homosexualidad-en-la-historia-del-arte\/"]}]},{"@type":"ImageObject","inLanguage":"es","@id":"https:\/\/letrame.com\/catalogo\/producto\/la-homosexualidad-en-la-historia-del-arte\/#primaryimage","url":"https:\/\/letrame.com\/catalogo\/wp-content\/uploads\/2025\/11\/Lahomosexualidadenlahistoriadelarte_701mm3.gif","contentUrl":"https:\/\/letrame.com\/catalogo\/wp-content\/uploads\/2025\/11\/Lahomosexualidadenlahistoriadelarte_701mm3.gif","width":571,"height":438},{"@type":"BreadcrumbList","@id":"https:\/\/letrame.com\/catalogo\/producto\/la-homosexualidad-en-la-historia-del-arte\/#breadcrumb","itemListElement":[{"@type":"ListItem","position":1,"name":"Portada","item":"https:\/\/letrame.com\/catalogo\/"},{"@type":"ListItem","position":2,"name":"Cat\u00e1logo","item":"https:\/\/letrame.com\/catalogo\/"},{"@type":"ListItem","position":3,"name":"La homosexualidad en la historia del arte"}]},{"@type":"WebSite","@id":"https:\/\/letrame.com\/catalogo\/#website","url":"https:\/\/letrame.com\/catalogo\/","name":"Catalogo | Letrame Grupo Editorial","description":"","publisher":{"@id":"https:\/\/letrame.com\/catalogo\/#organization"},"potentialAction":[{"@type":"SearchAction","target":{"@type":"EntryPoint","urlTemplate":"https:\/\/letrame.com\/catalogo\/?s={search_term_string}"},"query-input":{"@type":"PropertyValueSpecification","valueRequired":true,"valueName":"search_term_string"}}],"inLanguage":"es"},{"@type":"Organization","@id":"https:\/\/letrame.com\/catalogo\/#organization","name":"Catalogo | Letrame Grupo Editorial","url":"https:\/\/letrame.com\/catalogo\/","logo":{"@type":"ImageObject","inLanguage":"es","@id":"https:\/\/letrame.com\/catalogo\/#\/schema\/logo\/image\/","url":"https:\/\/letrame.com\/catalogo\/wp-content\/uploads\/2024\/03\/logo2.webp","contentUrl":"https:\/\/letrame.com\/catalogo\/wp-content\/uploads\/2024\/03\/logo2.webp","width":394,"height":128,"caption":"Catalogo | Letrame Grupo Editorial"},"image":{"@id":"https:\/\/letrame.com\/catalogo\/#\/schema\/logo\/image\/"}}]}},"_links":{"self":[{"href":"https:\/\/letrame.com\/catalogo\/wp-json\/wp\/v2\/product\/109606","targetHints":{"allow":["GET"]}}],"collection":[{"href":"https:\/\/letrame.com\/catalogo\/wp-json\/wp\/v2\/product"}],"about":[{"href":"https:\/\/letrame.com\/catalogo\/wp-json\/wp\/v2\/types\/product"}],"replies":[{"embeddable":true,"href":"https:\/\/letrame.com\/catalogo\/wp-json\/wp\/v2\/comments?post=109606"}],"acf:post":[{"embeddable":true,"href":"https:\/\/letrame.com\/catalogo\/wp-json\/wp\/v2\/author_book\/109608"}],"wp:featuredmedia":[{"embeddable":true,"href":"https:\/\/letrame.com\/catalogo\/wp-json\/wp\/v2\/media\/109607"}],"wp:attachment":[{"href":"https:\/\/letrame.com\/catalogo\/wp-json\/wp\/v2\/media?parent=109606"}],"wp:term":[{"taxonomy":"libro","embeddable":true,"href":"https:\/\/letrame.com\/catalogo\/wp-json\/wp\/v2\/libro?post=109606"},{"taxonomy":"product_brand","embeddable":true,"href":"https:\/\/letrame.com\/catalogo\/wp-json\/wp\/v2\/product_brand?post=109606"},{"taxonomy":"product_cat","embeddable":true,"href":"https:\/\/letrame.com\/catalogo\/wp-json\/wp\/v2\/product_cat?post=109606"},{"taxonomy":"product_tag","embeddable":true,"href":"https:\/\/letrame.com\/catalogo\/wp-json\/wp\/v2\/product_tag?post=109606"}],"curies":[{"name":"wp","href":"https:\/\/api.w.org\/{rel}","templated":true}]}}