{"id":109557,"date":"2025-11-20T12:30:39","date_gmt":"2025-11-20T11:30:39","guid":{"rendered":"https:\/\/letrame.com\/catalogo\/?post_type=product&#038;p=109557"},"modified":"2025-11-20T12:36:28","modified_gmt":"2025-11-20T11:36:28","slug":"cocina-extremena-para-el-mundo","status":"publish","type":"product","link":"https:\/\/letrame.com\/catalogo\/producto\/cocina-extremena-para-el-mundo\/","title":{"rendered":"Cocina extreme\u00f1a para el mundo"},"content":{"rendered":"<p class=\"p1\"><b>ISBN: 9791370128517<\/b><b><\/b><\/p>\n<p class=\"p1\"><b>T\u00edtulo: Cocina extreme\u00f1a para el mundo\u00a0<\/b><b><\/b><\/p>\n<p class=\"p1\"><b>Fecha: 2025<\/b><b><\/b><\/p>\n<p class=\"p1\"><b>P\u00e1ginas: 224<\/b><b><\/b><\/p>\n<p class=\"p1\"><b>SINOPSIS<\/b><\/p>\n<p>Este libro nace desde la emoci\u00f3n y la necesidad de conservar algo que el tiempo y la enfermedad intentaron borrar: la memoria de una madre, su risa entre fogones y la vida que transmit\u00eda cocinando.<br \/>\nCada receta es un puente entre el presente y un pasado lleno de cari\u00f1o, cantos populares y cucharas de madera que remov\u00edan algo m\u00e1s que guisos: remov\u00edan el alma.<br \/>\nNo es solo un recetario extreme\u00f1o: es una invitaci\u00f3n a recordar, a honrar a nuestras ra\u00edces y a esas mujeres que supieron dar sabor a la vida, aunque el mundo no siempre les ofreciera opciones.<br \/>\nCocinar y recordar. Leer y sentir. Este libro es un homenaje, una herencia emocional y culinaria que invita a no olvidar, a compartir y a celebrar la historia de quienes cocinaron antes que nosotras.<\/p>\n","protected":false},"excerpt":{"rendered":"<p><b>ISBN: 9791370128517<\/b><\/p>\n<p class=\"p1\"><b>SINOPSIS<\/b><\/p>\n<p>Este libro nace desde la emoci\u00f3n y la necesidad de conservar algo que el tiempo y la enfermedad intentaron borrar: la memoria de una madre, su risa entre fogones y la vida que transmit\u00eda cocinando.<br \/>\nCada receta es un puente entre el presente y un pasado lleno de cari\u00f1o, cantos populares y cucharas de madera que remov\u00edan algo m\u00e1s que guisos: remov\u00edan el alma.<br \/>\nNo es solo un recetario extreme\u00f1o: es una invitaci\u00f3n a recordar, a honrar a nuestras ra\u00edces y a esas mujeres que supieron dar sabor a la vida, aunque el mundo no siempre les ofreciera opciones.<br \/>\nCocinar y recordar. Leer y sentir. Este libro es un homenaje, una herencia emocional y culinaria que invita a no olvidar, a compartir y a celebrar la historia de quienes cocinaron antes que nosotras.<\/p>\n","protected":false},"featured_media":109558,"comment_status":"open","ping_status":"closed","template":"","meta":{"_acf_changed":false},"libro":[],"product_brand":[],"product_cat":[19],"product_tag":[],"class_list":{"0":"post-109557","1":"product","2":"type-product","3":"status-publish","4":"has-post-thumbnail","6":"product_cat-cocina","8":"first","9":"instock","10":"shipping-taxable","11":"product-type-simple"},"acf":{"autor":[109559],"enlace_de_compra":"https:\/\/isabelmoro.com\/"},"yoast_head":"<!-- This site is optimized with the Yoast SEO plugin v27.4 - https:\/\/yoast.com\/product\/yoast-seo-wordpress\/ -->\n<title>Cocina extreme\u00f1a para el mundo - Catalogo | Letrame Grupo Editorial<\/title>\n<meta name=\"robots\" content=\"index, follow, max-snippet:-1, max-image-preview:large, max-video-preview:-1\" \/>\n<link rel=\"canonical\" href=\"https:\/\/letrame.com\/catalogo\/producto\/cocina-extremena-para-el-mundo\/\" \/>\n<meta property=\"og:locale\" content=\"es_ES\" \/>\n<meta property=\"og:type\" content=\"article\" \/>\n<meta property=\"og:title\" content=\"Cocina extreme\u00f1a para el mundo - Catalogo | Letrame Grupo Editorial\" \/>\n<meta property=\"og:description\" content=\"ISBN: 9791370128517 SINOPSIS Este libro nace desde la emoci\u00f3n y la necesidad de conservar algo que el tiempo y la enfermedad intentaron borrar: la memoria de una madre, su risa entre fogones y la vida que transmit\u00eda cocinando. Cada receta es un puente entre el presente y un pasado lleno de cari\u00f1o, cantos populares y cucharas de madera que remov\u00edan algo m\u00e1s que guisos: remov\u00edan el alma. No es solo un recetario extreme\u00f1o: es una invitaci\u00f3n a recordar, a honrar a nuestras ra\u00edces y a esas mujeres que supieron dar sabor a la vida, aunque el mundo no siempre les ofreciera opciones. Cocinar y recordar. Leer y sentir. Este libro es un homenaje, una herencia emocional y culinaria que invita a no olvidar, a compartir y a celebrar la historia de quienes cocinaron antes que nosotras.\" \/>\n<meta property=\"og:url\" content=\"https:\/\/letrame.com\/catalogo\/producto\/cocina-extremena-para-el-mundo\/\" \/>\n<meta property=\"og:site_name\" content=\"Catalogo | Letrame Grupo Editorial\" \/>\n<meta property=\"article:modified_time\" content=\"2025-11-20T11:36:28+00:00\" \/>\n<meta property=\"og:image\" content=\"https:\/\/letrame.com\/catalogo\/wp-content\/uploads\/2025\/11\/Isabelmorococinaextremena_1209mm4.gif\" \/>\n\t<meta property=\"og:image:width\" content=\"384\" \/>\n\t<meta property=\"og:image:height\" content=\"537\" \/>\n\t<meta property=\"og:image:type\" content=\"image\/gif\" \/>\n<meta name=\"twitter:card\" content=\"summary_large_image\" \/>\n<meta name=\"twitter:label1\" content=\"Tiempo de lectura\" \/>\n\t<meta name=\"twitter:data1\" content=\"1 minuto\" \/>\n<script type=\"application\/ld+json\" class=\"yoast-schema-graph\">{\"@context\":\"https:\\\/\\\/schema.org\",\"@graph\":[{\"@type\":\"WebPage\",\"@id\":\"https:\\\/\\\/letrame.com\\\/catalogo\\\/producto\\\/cocina-extremena-para-el-mundo\\\/\",\"url\":\"https:\\\/\\\/letrame.com\\\/catalogo\\\/producto\\\/cocina-extremena-para-el-mundo\\\/\",\"name\":\"Cocina extreme\u00f1a para el mundo - Catalogo | Letrame Grupo Editorial\",\"isPartOf\":{\"@id\":\"https:\\\/\\\/letrame.com\\\/catalogo\\\/#website\"},\"primaryImageOfPage\":{\"@id\":\"https:\\\/\\\/letrame.com\\\/catalogo\\\/producto\\\/cocina-extremena-para-el-mundo\\\/#primaryimage\"},\"image\":{\"@id\":\"https:\\\/\\\/letrame.com\\\/catalogo\\\/producto\\\/cocina-extremena-para-el-mundo\\\/#primaryimage\"},\"thumbnailUrl\":\"https:\\\/\\\/letrame.com\\\/catalogo\\\/wp-content\\\/uploads\\\/2025\\\/11\\\/Isabelmorococinaextremena_1209mm4.gif\",\"datePublished\":\"2025-11-20T11:30:39+00:00\",\"dateModified\":\"2025-11-20T11:36:28+00:00\",\"breadcrumb\":{\"@id\":\"https:\\\/\\\/letrame.com\\\/catalogo\\\/producto\\\/cocina-extremena-para-el-mundo\\\/#breadcrumb\"},\"inLanguage\":\"es\",\"potentialAction\":[{\"@type\":\"ReadAction\",\"target\":[\"https:\\\/\\\/letrame.com\\\/catalogo\\\/producto\\\/cocina-extremena-para-el-mundo\\\/\"]}]},{\"@type\":\"ImageObject\",\"inLanguage\":\"es\",\"@id\":\"https:\\\/\\\/letrame.com\\\/catalogo\\\/producto\\\/cocina-extremena-para-el-mundo\\\/#primaryimage\",\"url\":\"https:\\\/\\\/letrame.com\\\/catalogo\\\/wp-content\\\/uploads\\\/2025\\\/11\\\/Isabelmorococinaextremena_1209mm4.gif\",\"contentUrl\":\"https:\\\/\\\/letrame.com\\\/catalogo\\\/wp-content\\\/uploads\\\/2025\\\/11\\\/Isabelmorococinaextremena_1209mm4.gif\",\"width\":384,\"height\":537},{\"@type\":\"BreadcrumbList\",\"@id\":\"https:\\\/\\\/letrame.com\\\/catalogo\\\/producto\\\/cocina-extremena-para-el-mundo\\\/#breadcrumb\",\"itemListElement\":[{\"@type\":\"ListItem\",\"position\":1,\"name\":\"Portada\",\"item\":\"https:\\\/\\\/letrame.com\\\/catalogo\\\/\"},{\"@type\":\"ListItem\",\"position\":2,\"name\":\"Cat\u00e1logo\",\"item\":\"https:\\\/\\\/letrame.com\\\/catalogo\\\/\"},{\"@type\":\"ListItem\",\"position\":3,\"name\":\"Cocina extreme\u00f1a para el mundo\"}]},{\"@type\":\"WebSite\",\"@id\":\"https:\\\/\\\/letrame.com\\\/catalogo\\\/#website\",\"url\":\"https:\\\/\\\/letrame.com\\\/catalogo\\\/\",\"name\":\"Catalogo | Letrame Grupo Editorial\",\"description\":\"\",\"publisher\":{\"@id\":\"https:\\\/\\\/letrame.com\\\/catalogo\\\/#organization\"},\"potentialAction\":[{\"@type\":\"SearchAction\",\"target\":{\"@type\":\"EntryPoint\",\"urlTemplate\":\"https:\\\/\\\/letrame.com\\\/catalogo\\\/?s={search_term_string}\"},\"query-input\":{\"@type\":\"PropertyValueSpecification\",\"valueRequired\":true,\"valueName\":\"search_term_string\"}}],\"inLanguage\":\"es\"},{\"@type\":\"Organization\",\"@id\":\"https:\\\/\\\/letrame.com\\\/catalogo\\\/#organization\",\"name\":\"Catalogo | Letrame Grupo Editorial\",\"url\":\"https:\\\/\\\/letrame.com\\\/catalogo\\\/\",\"logo\":{\"@type\":\"ImageObject\",\"inLanguage\":\"es\",\"@id\":\"https:\\\/\\\/letrame.com\\\/catalogo\\\/#\\\/schema\\\/logo\\\/image\\\/\",\"url\":\"https:\\\/\\\/letrame.com\\\/catalogo\\\/wp-content\\\/uploads\\\/2024\\\/03\\\/logo2.webp\",\"contentUrl\":\"https:\\\/\\\/letrame.com\\\/catalogo\\\/wp-content\\\/uploads\\\/2024\\\/03\\\/logo2.webp\",\"width\":394,\"height\":128,\"caption\":\"Catalogo | Letrame Grupo Editorial\"},\"image\":{\"@id\":\"https:\\\/\\\/letrame.com\\\/catalogo\\\/#\\\/schema\\\/logo\\\/image\\\/\"}}]}<\/script>\n<!-- \/ Yoast SEO plugin. -->","yoast_head_json":{"title":"Cocina extreme\u00f1a para el mundo - Catalogo | Letrame Grupo Editorial","robots":{"index":"index","follow":"follow","max-snippet":"max-snippet:-1","max-image-preview":"max-image-preview:large","max-video-preview":"max-video-preview:-1"},"canonical":"https:\/\/letrame.com\/catalogo\/producto\/cocina-extremena-para-el-mundo\/","og_locale":"es_ES","og_type":"article","og_title":"Cocina extreme\u00f1a para el mundo - Catalogo | Letrame Grupo Editorial","og_description":"ISBN: 9791370128517 SINOPSIS Este libro nace desde la emoci\u00f3n y la necesidad de conservar algo que el tiempo y la enfermedad intentaron borrar: la memoria de una madre, su risa entre fogones y la vida que transmit\u00eda cocinando. Cada receta es un puente entre el presente y un pasado lleno de cari\u00f1o, cantos populares y cucharas de madera que remov\u00edan algo m\u00e1s que guisos: remov\u00edan el alma. No es solo un recetario extreme\u00f1o: es una invitaci\u00f3n a recordar, a honrar a nuestras ra\u00edces y a esas mujeres que supieron dar sabor a la vida, aunque el mundo no siempre les ofreciera opciones. Cocinar y recordar. Leer y sentir. Este libro es un homenaje, una herencia emocional y culinaria que invita a no olvidar, a compartir y a celebrar la historia de quienes cocinaron antes que nosotras.","og_url":"https:\/\/letrame.com\/catalogo\/producto\/cocina-extremena-para-el-mundo\/","og_site_name":"Catalogo | Letrame Grupo Editorial","article_modified_time":"2025-11-20T11:36:28+00:00","og_image":[{"width":384,"height":537,"url":"https:\/\/letrame.com\/catalogo\/wp-content\/uploads\/2025\/11\/Isabelmorococinaextremena_1209mm4.gif","type":"image\/gif"}],"twitter_card":"summary_large_image","twitter_misc":{"Tiempo de lectura":"1 minuto"},"schema":{"@context":"https:\/\/schema.org","@graph":[{"@type":"WebPage","@id":"https:\/\/letrame.com\/catalogo\/producto\/cocina-extremena-para-el-mundo\/","url":"https:\/\/letrame.com\/catalogo\/producto\/cocina-extremena-para-el-mundo\/","name":"Cocina extreme\u00f1a para el mundo - Catalogo | Letrame Grupo Editorial","isPartOf":{"@id":"https:\/\/letrame.com\/catalogo\/#website"},"primaryImageOfPage":{"@id":"https:\/\/letrame.com\/catalogo\/producto\/cocina-extremena-para-el-mundo\/#primaryimage"},"image":{"@id":"https:\/\/letrame.com\/catalogo\/producto\/cocina-extremena-para-el-mundo\/#primaryimage"},"thumbnailUrl":"https:\/\/letrame.com\/catalogo\/wp-content\/uploads\/2025\/11\/Isabelmorococinaextremena_1209mm4.gif","datePublished":"2025-11-20T11:30:39+00:00","dateModified":"2025-11-20T11:36:28+00:00","breadcrumb":{"@id":"https:\/\/letrame.com\/catalogo\/producto\/cocina-extremena-para-el-mundo\/#breadcrumb"},"inLanguage":"es","potentialAction":[{"@type":"ReadAction","target":["https:\/\/letrame.com\/catalogo\/producto\/cocina-extremena-para-el-mundo\/"]}]},{"@type":"ImageObject","inLanguage":"es","@id":"https:\/\/letrame.com\/catalogo\/producto\/cocina-extremena-para-el-mundo\/#primaryimage","url":"https:\/\/letrame.com\/catalogo\/wp-content\/uploads\/2025\/11\/Isabelmorococinaextremena_1209mm4.gif","contentUrl":"https:\/\/letrame.com\/catalogo\/wp-content\/uploads\/2025\/11\/Isabelmorococinaextremena_1209mm4.gif","width":384,"height":537},{"@type":"BreadcrumbList","@id":"https:\/\/letrame.com\/catalogo\/producto\/cocina-extremena-para-el-mundo\/#breadcrumb","itemListElement":[{"@type":"ListItem","position":1,"name":"Portada","item":"https:\/\/letrame.com\/catalogo\/"},{"@type":"ListItem","position":2,"name":"Cat\u00e1logo","item":"https:\/\/letrame.com\/catalogo\/"},{"@type":"ListItem","position":3,"name":"Cocina extreme\u00f1a para el mundo"}]},{"@type":"WebSite","@id":"https:\/\/letrame.com\/catalogo\/#website","url":"https:\/\/letrame.com\/catalogo\/","name":"Catalogo | Letrame Grupo Editorial","description":"","publisher":{"@id":"https:\/\/letrame.com\/catalogo\/#organization"},"potentialAction":[{"@type":"SearchAction","target":{"@type":"EntryPoint","urlTemplate":"https:\/\/letrame.com\/catalogo\/?s={search_term_string}"},"query-input":{"@type":"PropertyValueSpecification","valueRequired":true,"valueName":"search_term_string"}}],"inLanguage":"es"},{"@type":"Organization","@id":"https:\/\/letrame.com\/catalogo\/#organization","name":"Catalogo | Letrame Grupo Editorial","url":"https:\/\/letrame.com\/catalogo\/","logo":{"@type":"ImageObject","inLanguage":"es","@id":"https:\/\/letrame.com\/catalogo\/#\/schema\/logo\/image\/","url":"https:\/\/letrame.com\/catalogo\/wp-content\/uploads\/2024\/03\/logo2.webp","contentUrl":"https:\/\/letrame.com\/catalogo\/wp-content\/uploads\/2024\/03\/logo2.webp","width":394,"height":128,"caption":"Catalogo | Letrame Grupo Editorial"},"image":{"@id":"https:\/\/letrame.com\/catalogo\/#\/schema\/logo\/image\/"}}]}},"_links":{"self":[{"href":"https:\/\/letrame.com\/catalogo\/wp-json\/wp\/v2\/product\/109557","targetHints":{"allow":["GET"]}}],"collection":[{"href":"https:\/\/letrame.com\/catalogo\/wp-json\/wp\/v2\/product"}],"about":[{"href":"https:\/\/letrame.com\/catalogo\/wp-json\/wp\/v2\/types\/product"}],"replies":[{"embeddable":true,"href":"https:\/\/letrame.com\/catalogo\/wp-json\/wp\/v2\/comments?post=109557"}],"acf:post":[{"embeddable":true,"href":"https:\/\/letrame.com\/catalogo\/wp-json\/wp\/v2\/author_book\/109559"}],"wp:featuredmedia":[{"embeddable":true,"href":"https:\/\/letrame.com\/catalogo\/wp-json\/wp\/v2\/media\/109558"}],"wp:attachment":[{"href":"https:\/\/letrame.com\/catalogo\/wp-json\/wp\/v2\/media?parent=109557"}],"wp:term":[{"taxonomy":"libro","embeddable":true,"href":"https:\/\/letrame.com\/catalogo\/wp-json\/wp\/v2\/libro?post=109557"},{"taxonomy":"product_brand","embeddable":true,"href":"https:\/\/letrame.com\/catalogo\/wp-json\/wp\/v2\/product_brand?post=109557"},{"taxonomy":"product_cat","embeddable":true,"href":"https:\/\/letrame.com\/catalogo\/wp-json\/wp\/v2\/product_cat?post=109557"},{"taxonomy":"product_tag","embeddable":true,"href":"https:\/\/letrame.com\/catalogo\/wp-json\/wp\/v2\/product_tag?post=109557"}],"curies":[{"name":"wp","href":"https:\/\/api.w.org\/{rel}","templated":true}]}}