{"id":109330,"date":"2025-11-10T09:12:13","date_gmt":"2025-11-10T08:12:13","guid":{"rendered":"https:\/\/letrame.com\/catalogo\/?post_type=product&#038;p=109330"},"modified":"2025-11-10T09:13:35","modified_gmt":"2025-11-10T08:13:35","slug":"sombras-y-estrellas","status":"publish","type":"product","link":"https:\/\/letrame.com\/catalogo\/producto\/sombras-y-estrellas\/","title":{"rendered":"Sombras y estrellas"},"content":{"rendered":"<p class=\"p1\"><b>ISBN: <\/b>9791370126643<\/p>\n<p class=\"p1\"><b>T\u00edtulo: <\/b>Sombras y estrellas<\/p>\n<p class=\"p1\"><b>Fecha: <\/b>2025<\/p>\n<p class=\"p1\"><b>P\u00e1ginas: <\/b>772<\/p>\n<p class=\"p1\"><b>SINOPSIS<\/b><\/p>\n<p>Luna cree tener una vida normal: trabajo estable, amigas incre\u00edbles y una c\u00e1mara que la acompa\u00f1a a todas par-tes. Pero todo cambia cuando sus fotografias comienzan a capturar destellos imposibles y aparece un desconocido que parece estar en todos los lugares equivocados&#8230; o tal vez en los m\u00e1s peligrosos.<br \/>\nEnzo es r\u00e1pido. Demasiado. Y tambi\u00e9n es fr\u00edo, calculador y guarda m\u00e1s secretos de los que est\u00e1 dispuesto a revelar.<br \/>\nSu misi\u00f3n es protegerla. Su problema: lo que empieza a sentir por ella.<br \/>\nUna chica aparentemente normal. Un grupo con habilidades sobrehumanas. Un poder ancestral que podr\u00eda destruirlo todo. Y un mundo que est\u00e1 a punto de desvelar su lado m\u00e1s oscuro.<br \/>\nEntre la luz y la sombra&#8230; est\u00e1 su destino.<br \/>\nRomance. Acci\u00f3n. Secretos.<br \/>\nY un destino imposible de evitar.<\/p>\n","protected":false},"excerpt":{"rendered":"<p><b>ISBN: <\/b>9791370126643<\/p>\n<p class=\"p1\"><b>SINOPSIS<\/b><\/p>\n<p>Luna cree tener una vida normal: trabajo estable, amigas incre\u00edbles y una c\u00e1mara que la acompa\u00f1a a todas par-tes. Pero todo cambia cuando sus fotografias comienzan a capturar destellos imposibles y aparece un desconocido que parece estar en todos los lugares equivocados&#8230; o tal vez en los m\u00e1s peligrosos.<br \/>\nEnzo es r\u00e1pido. Demasiado. Y tambi\u00e9n es fr\u00edo, calculador y guarda m\u00e1s secretos de los que est\u00e1 dispuesto a revelar.<br \/>\nSu misi\u00f3n es protegerla. Su problema: lo que empieza a sentir por ella.<br \/>\nUna chica aparentemente normal. Un grupo con habilidades sobrehumanas. Un poder ancestral que podr\u00eda destruirlo todo. Y un mundo que est\u00e1 a punto de desvelar su lado m\u00e1s oscuro.<br \/>\nEntre la luz y la sombra&#8230; est\u00e1 su destino.<br \/>\nRomance. Acci\u00f3n. Secretos.<br \/>\nY un destino imposible de evitar.<\/p>\n","protected":false},"featured_media":109331,"comment_status":"open","ping_status":"closed","template":"","meta":{"_acf_changed":false},"libro":[],"product_brand":[],"product_cat":[47],"product_tag":[],"class_list":{"0":"post-109330","1":"product","2":"type-product","3":"status-publish","4":"has-post-thumbnail","6":"product_cat-ciencia-ficcion-misterio","8":"first","9":"instock","10":"shipping-taxable","11":"product-type-simple"},"acf":{"autor":[109332],"enlace_de_compra":"https:\/\/www.amazon.es\/dp\/B0FSMPC432"},"yoast_head":"<!-- This site is optimized with the Yoast SEO plugin v27.4 - https:\/\/yoast.com\/product\/yoast-seo-wordpress\/ -->\n<title>Sombras y estrellas - Catalogo | Letrame Grupo Editorial<\/title>\n<meta name=\"robots\" content=\"index, follow, max-snippet:-1, max-image-preview:large, max-video-preview:-1\" \/>\n<link rel=\"canonical\" href=\"https:\/\/letrame.com\/catalogo\/producto\/sombras-y-estrellas\/\" \/>\n<meta property=\"og:locale\" content=\"es_ES\" \/>\n<meta property=\"og:type\" content=\"article\" \/>\n<meta property=\"og:title\" content=\"Sombras y estrellas - Catalogo | Letrame Grupo Editorial\" \/>\n<meta property=\"og:description\" content=\"ISBN: 9791370126643 SINOPSIS Luna cree tener una vida normal: trabajo estable, amigas incre\u00edbles y una c\u00e1mara que la acompa\u00f1a a todas par-tes. Pero todo cambia cuando sus fotografias comienzan a capturar destellos imposibles y aparece un desconocido que parece estar en todos los lugares equivocados... o tal vez en los m\u00e1s peligrosos. Enzo es r\u00e1pido. Demasiado. Y tambi\u00e9n es fr\u00edo, calculador y guarda m\u00e1s secretos de los que est\u00e1 dispuesto a revelar. Su misi\u00f3n es protegerla. Su problema: lo que empieza a sentir por ella. Una chica aparentemente normal. Un grupo con habilidades sobrehumanas. Un poder ancestral que podr\u00eda destruirlo todo. Y un mundo que est\u00e1 a punto de desvelar su lado m\u00e1s oscuro. Entre la luz y la sombra... est\u00e1 su destino. Romance. Acci\u00f3n. Secretos. Y un destino imposible de evitar.\" \/>\n<meta property=\"og:url\" content=\"https:\/\/letrame.com\/catalogo\/producto\/sombras-y-estrellas\/\" \/>\n<meta property=\"og:site_name\" content=\"Catalogo | Letrame Grupo Editorial\" \/>\n<meta property=\"article:modified_time\" content=\"2025-11-10T08:13:35+00:00\" \/>\n<meta property=\"og:image\" content=\"https:\/\/letrame.com\/catalogo\/wp-content\/uploads\/2025\/11\/sombrasyestrellas_3667mm4.jpg\" \/>\n\t<meta property=\"og:image:width\" content=\"435\" \/>\n\t<meta property=\"og:image:height\" content=\"614\" \/>\n\t<meta property=\"og:image:type\" content=\"image\/jpeg\" \/>\n<meta name=\"twitter:card\" content=\"summary_large_image\" \/>\n<meta name=\"twitter:label1\" content=\"Tiempo de lectura\" \/>\n\t<meta name=\"twitter:data1\" content=\"1 minuto\" \/>\n<script type=\"application\/ld+json\" class=\"yoast-schema-graph\">{\"@context\":\"https:\\\/\\\/schema.org\",\"@graph\":[{\"@type\":\"WebPage\",\"@id\":\"https:\\\/\\\/letrame.com\\\/catalogo\\\/producto\\\/sombras-y-estrellas\\\/\",\"url\":\"https:\\\/\\\/letrame.com\\\/catalogo\\\/producto\\\/sombras-y-estrellas\\\/\",\"name\":\"Sombras y estrellas - Catalogo | Letrame Grupo Editorial\",\"isPartOf\":{\"@id\":\"https:\\\/\\\/letrame.com\\\/catalogo\\\/#website\"},\"primaryImageOfPage\":{\"@id\":\"https:\\\/\\\/letrame.com\\\/catalogo\\\/producto\\\/sombras-y-estrellas\\\/#primaryimage\"},\"image\":{\"@id\":\"https:\\\/\\\/letrame.com\\\/catalogo\\\/producto\\\/sombras-y-estrellas\\\/#primaryimage\"},\"thumbnailUrl\":\"https:\\\/\\\/letrame.com\\\/catalogo\\\/wp-content\\\/uploads\\\/2025\\\/11\\\/sombrasyestrellas_3667mm4.jpg\",\"datePublished\":\"2025-11-10T08:12:13+00:00\",\"dateModified\":\"2025-11-10T08:13:35+00:00\",\"breadcrumb\":{\"@id\":\"https:\\\/\\\/letrame.com\\\/catalogo\\\/producto\\\/sombras-y-estrellas\\\/#breadcrumb\"},\"inLanguage\":\"es\",\"potentialAction\":[{\"@type\":\"ReadAction\",\"target\":[\"https:\\\/\\\/letrame.com\\\/catalogo\\\/producto\\\/sombras-y-estrellas\\\/\"]}]},{\"@type\":\"ImageObject\",\"inLanguage\":\"es\",\"@id\":\"https:\\\/\\\/letrame.com\\\/catalogo\\\/producto\\\/sombras-y-estrellas\\\/#primaryimage\",\"url\":\"https:\\\/\\\/letrame.com\\\/catalogo\\\/wp-content\\\/uploads\\\/2025\\\/11\\\/sombrasyestrellas_3667mm4.jpg\",\"contentUrl\":\"https:\\\/\\\/letrame.com\\\/catalogo\\\/wp-content\\\/uploads\\\/2025\\\/11\\\/sombrasyestrellas_3667mm4.jpg\",\"width\":435,\"height\":614},{\"@type\":\"BreadcrumbList\",\"@id\":\"https:\\\/\\\/letrame.com\\\/catalogo\\\/producto\\\/sombras-y-estrellas\\\/#breadcrumb\",\"itemListElement\":[{\"@type\":\"ListItem\",\"position\":1,\"name\":\"Portada\",\"item\":\"https:\\\/\\\/letrame.com\\\/catalogo\\\/\"},{\"@type\":\"ListItem\",\"position\":2,\"name\":\"Cat\u00e1logo\",\"item\":\"https:\\\/\\\/letrame.com\\\/catalogo\\\/\"},{\"@type\":\"ListItem\",\"position\":3,\"name\":\"Sombras y estrellas\"}]},{\"@type\":\"WebSite\",\"@id\":\"https:\\\/\\\/letrame.com\\\/catalogo\\\/#website\",\"url\":\"https:\\\/\\\/letrame.com\\\/catalogo\\\/\",\"name\":\"Catalogo | Letrame Grupo Editorial\",\"description\":\"\",\"publisher\":{\"@id\":\"https:\\\/\\\/letrame.com\\\/catalogo\\\/#organization\"},\"potentialAction\":[{\"@type\":\"SearchAction\",\"target\":{\"@type\":\"EntryPoint\",\"urlTemplate\":\"https:\\\/\\\/letrame.com\\\/catalogo\\\/?s={search_term_string}\"},\"query-input\":{\"@type\":\"PropertyValueSpecification\",\"valueRequired\":true,\"valueName\":\"search_term_string\"}}],\"inLanguage\":\"es\"},{\"@type\":\"Organization\",\"@id\":\"https:\\\/\\\/letrame.com\\\/catalogo\\\/#organization\",\"name\":\"Catalogo | Letrame Grupo Editorial\",\"url\":\"https:\\\/\\\/letrame.com\\\/catalogo\\\/\",\"logo\":{\"@type\":\"ImageObject\",\"inLanguage\":\"es\",\"@id\":\"https:\\\/\\\/letrame.com\\\/catalogo\\\/#\\\/schema\\\/logo\\\/image\\\/\",\"url\":\"https:\\\/\\\/letrame.com\\\/catalogo\\\/wp-content\\\/uploads\\\/2024\\\/03\\\/logo2.webp\",\"contentUrl\":\"https:\\\/\\\/letrame.com\\\/catalogo\\\/wp-content\\\/uploads\\\/2024\\\/03\\\/logo2.webp\",\"width\":394,\"height\":128,\"caption\":\"Catalogo | Letrame Grupo Editorial\"},\"image\":{\"@id\":\"https:\\\/\\\/letrame.com\\\/catalogo\\\/#\\\/schema\\\/logo\\\/image\\\/\"}}]}<\/script>\n<!-- \/ Yoast SEO plugin. -->","yoast_head_json":{"title":"Sombras y estrellas - Catalogo | Letrame Grupo Editorial","robots":{"index":"index","follow":"follow","max-snippet":"max-snippet:-1","max-image-preview":"max-image-preview:large","max-video-preview":"max-video-preview:-1"},"canonical":"https:\/\/letrame.com\/catalogo\/producto\/sombras-y-estrellas\/","og_locale":"es_ES","og_type":"article","og_title":"Sombras y estrellas - Catalogo | Letrame Grupo Editorial","og_description":"ISBN: 9791370126643 SINOPSIS Luna cree tener una vida normal: trabajo estable, amigas incre\u00edbles y una c\u00e1mara que la acompa\u00f1a a todas par-tes. Pero todo cambia cuando sus fotografias comienzan a capturar destellos imposibles y aparece un desconocido que parece estar en todos los lugares equivocados... o tal vez en los m\u00e1s peligrosos. Enzo es r\u00e1pido. Demasiado. Y tambi\u00e9n es fr\u00edo, calculador y guarda m\u00e1s secretos de los que est\u00e1 dispuesto a revelar. Su misi\u00f3n es protegerla. Su problema: lo que empieza a sentir por ella. Una chica aparentemente normal. Un grupo con habilidades sobrehumanas. Un poder ancestral que podr\u00eda destruirlo todo. Y un mundo que est\u00e1 a punto de desvelar su lado m\u00e1s oscuro. Entre la luz y la sombra... est\u00e1 su destino. Romance. Acci\u00f3n. Secretos. Y un destino imposible de evitar.","og_url":"https:\/\/letrame.com\/catalogo\/producto\/sombras-y-estrellas\/","og_site_name":"Catalogo | Letrame Grupo Editorial","article_modified_time":"2025-11-10T08:13:35+00:00","og_image":[{"width":435,"height":614,"url":"https:\/\/letrame.com\/catalogo\/wp-content\/uploads\/2025\/11\/sombrasyestrellas_3667mm4.jpg","type":"image\/jpeg"}],"twitter_card":"summary_large_image","twitter_misc":{"Tiempo de lectura":"1 minuto"},"schema":{"@context":"https:\/\/schema.org","@graph":[{"@type":"WebPage","@id":"https:\/\/letrame.com\/catalogo\/producto\/sombras-y-estrellas\/","url":"https:\/\/letrame.com\/catalogo\/producto\/sombras-y-estrellas\/","name":"Sombras y estrellas - Catalogo | Letrame Grupo Editorial","isPartOf":{"@id":"https:\/\/letrame.com\/catalogo\/#website"},"primaryImageOfPage":{"@id":"https:\/\/letrame.com\/catalogo\/producto\/sombras-y-estrellas\/#primaryimage"},"image":{"@id":"https:\/\/letrame.com\/catalogo\/producto\/sombras-y-estrellas\/#primaryimage"},"thumbnailUrl":"https:\/\/letrame.com\/catalogo\/wp-content\/uploads\/2025\/11\/sombrasyestrellas_3667mm4.jpg","datePublished":"2025-11-10T08:12:13+00:00","dateModified":"2025-11-10T08:13:35+00:00","breadcrumb":{"@id":"https:\/\/letrame.com\/catalogo\/producto\/sombras-y-estrellas\/#breadcrumb"},"inLanguage":"es","potentialAction":[{"@type":"ReadAction","target":["https:\/\/letrame.com\/catalogo\/producto\/sombras-y-estrellas\/"]}]},{"@type":"ImageObject","inLanguage":"es","@id":"https:\/\/letrame.com\/catalogo\/producto\/sombras-y-estrellas\/#primaryimage","url":"https:\/\/letrame.com\/catalogo\/wp-content\/uploads\/2025\/11\/sombrasyestrellas_3667mm4.jpg","contentUrl":"https:\/\/letrame.com\/catalogo\/wp-content\/uploads\/2025\/11\/sombrasyestrellas_3667mm4.jpg","width":435,"height":614},{"@type":"BreadcrumbList","@id":"https:\/\/letrame.com\/catalogo\/producto\/sombras-y-estrellas\/#breadcrumb","itemListElement":[{"@type":"ListItem","position":1,"name":"Portada","item":"https:\/\/letrame.com\/catalogo\/"},{"@type":"ListItem","position":2,"name":"Cat\u00e1logo","item":"https:\/\/letrame.com\/catalogo\/"},{"@type":"ListItem","position":3,"name":"Sombras y estrellas"}]},{"@type":"WebSite","@id":"https:\/\/letrame.com\/catalogo\/#website","url":"https:\/\/letrame.com\/catalogo\/","name":"Catalogo | Letrame Grupo Editorial","description":"","publisher":{"@id":"https:\/\/letrame.com\/catalogo\/#organization"},"potentialAction":[{"@type":"SearchAction","target":{"@type":"EntryPoint","urlTemplate":"https:\/\/letrame.com\/catalogo\/?s={search_term_string}"},"query-input":{"@type":"PropertyValueSpecification","valueRequired":true,"valueName":"search_term_string"}}],"inLanguage":"es"},{"@type":"Organization","@id":"https:\/\/letrame.com\/catalogo\/#organization","name":"Catalogo | Letrame Grupo Editorial","url":"https:\/\/letrame.com\/catalogo\/","logo":{"@type":"ImageObject","inLanguage":"es","@id":"https:\/\/letrame.com\/catalogo\/#\/schema\/logo\/image\/","url":"https:\/\/letrame.com\/catalogo\/wp-content\/uploads\/2024\/03\/logo2.webp","contentUrl":"https:\/\/letrame.com\/catalogo\/wp-content\/uploads\/2024\/03\/logo2.webp","width":394,"height":128,"caption":"Catalogo | Letrame Grupo Editorial"},"image":{"@id":"https:\/\/letrame.com\/catalogo\/#\/schema\/logo\/image\/"}}]}},"_links":{"self":[{"href":"https:\/\/letrame.com\/catalogo\/wp-json\/wp\/v2\/product\/109330","targetHints":{"allow":["GET"]}}],"collection":[{"href":"https:\/\/letrame.com\/catalogo\/wp-json\/wp\/v2\/product"}],"about":[{"href":"https:\/\/letrame.com\/catalogo\/wp-json\/wp\/v2\/types\/product"}],"replies":[{"embeddable":true,"href":"https:\/\/letrame.com\/catalogo\/wp-json\/wp\/v2\/comments?post=109330"}],"acf:post":[{"embeddable":true,"href":"https:\/\/letrame.com\/catalogo\/wp-json\/wp\/v2\/author_book\/109332"}],"wp:featuredmedia":[{"embeddable":true,"href":"https:\/\/letrame.com\/catalogo\/wp-json\/wp\/v2\/media\/109331"}],"wp:attachment":[{"href":"https:\/\/letrame.com\/catalogo\/wp-json\/wp\/v2\/media?parent=109330"}],"wp:term":[{"taxonomy":"libro","embeddable":true,"href":"https:\/\/letrame.com\/catalogo\/wp-json\/wp\/v2\/libro?post=109330"},{"taxonomy":"product_brand","embeddable":true,"href":"https:\/\/letrame.com\/catalogo\/wp-json\/wp\/v2\/product_brand?post=109330"},{"taxonomy":"product_cat","embeddable":true,"href":"https:\/\/letrame.com\/catalogo\/wp-json\/wp\/v2\/product_cat?post=109330"},{"taxonomy":"product_tag","embeddable":true,"href":"https:\/\/letrame.com\/catalogo\/wp-json\/wp\/v2\/product_tag?post=109330"}],"curies":[{"name":"wp","href":"https:\/\/api.w.org\/{rel}","templated":true}]}}