{"id":109208,"date":"2025-10-28T09:07:27","date_gmt":"2025-10-28T08:07:27","guid":{"rendered":"https:\/\/letrame.com\/catalogo\/?post_type=product&#038;p=109208"},"modified":"2025-10-28T09:09:00","modified_gmt":"2025-10-28T08:09:00","slug":"109208","status":"publish","type":"product","link":"https:\/\/letrame.com\/catalogo\/producto\/109208\/","title":{"rendered":"En la salud y en la enfermedad"},"content":{"rendered":"<p class=\"p1\"><b>ISBN: <\/b>9791370127121<\/p>\n<p class=\"p1\"><b>T\u00edtulo: <\/b>En la salud y en la enfermedad<\/p>\n<p class=\"p1\"><b><\/b><b>Fecha: <\/b>2025<\/p>\n<p class=\"p1\"><b>P\u00e1ginas: <\/b>302<\/p>\n<p class=\"p1\"><b>SINOPSIS<\/b><\/p>\n<p>David siempre pens\u00f3 que su vida era predecible. Ten\u00eda una esposa, una rutina estable, un trabajo gris, una existencia sin sobresaltos&#8230;<br \/>\nHasta que un diagn\u00f3stico inesperado le sacude como un mazazo: c\u00e1ncer terminal. Pero lo que empieza como un drama \u00edntimo pronto se convierte en una espiral retorcida de mentiras, traiciones y decisiones imposibles.<br \/>\nEn la salud y en la enfermedad es una radiograf\u00eda descarnada de lo que las personas son capaces de hacer \u2014o de permitir\u2014 cuando el miedo, el amor, el ego\u00edsmo y la codicia se mezclan en la misma habitaci\u00f3n. Nadie es quien parece ser. Nadie es del todo inocente.<br \/>\nY la vida, como el amor, tiene formas crueles y absurdas de mostrarnos sus fisuras.<br \/>\nFrancisco Javier V\u00e9lez construye un thriller emocional, crudo y humano, donde los giros no son solo de guion, sino tambi\u00e9n de alma.<br \/>\nUn relato que nos confronta con preguntas inc\u00f3modas: \u00bfqu\u00e9 har\u00edamos nosotros si el final estuviera cerca? \u00bfHasta d\u00f3nde llegar\u00edamos para proteger \u2014o traicionar\u2014 a quienes amamos?<b><br \/>\n<\/b><\/p>\n","protected":false},"excerpt":{"rendered":"<p><b>ISBN: <\/b>9791370127121<\/p>\n<p><b>SINOPSIS<\/b><\/p>\n<p>David siempre pens\u00f3 que su vida era predecible. Ten\u00eda una esposa, una rutina estable, un trabajo gris, una existencia sin sobresaltos&#8230;<br \/>\nHasta que un diagn\u00f3stico inesperado le sacude como un mazazo: c\u00e1ncer terminal. Pero lo que empieza como un drama \u00edntimo pronto se convierte en una espiral retorcida de mentiras, traiciones y decisiones imposibles.<br \/>\nEn la salud y en la enfermedad es una radiograf\u00eda descarnada de lo que las personas son capaces de hacer \u2014o de permitir\u2014 cuando el miedo, el amor, el ego\u00edsmo y la codicia se mezclan en la misma habitaci\u00f3n. Nadie es quien parece ser. Nadie es del todo inocente.<br \/>\nY la vida, como el amor, tiene formas crueles y absurdas de mostrarnos sus fisuras.<br \/>\nFrancisco Javier V\u00e9lez construye un thriller emocional, crudo y humano, donde los giros no son solo de guion, sino tambi\u00e9n de alma.<br \/>\nUn relato que nos confronta con preguntas inc\u00f3modas: \u00bfqu\u00e9 har\u00edamos nosotros si el final estuviera cerca? \u00bfHasta d\u00f3nde llegar\u00edamos para proteger \u2014o traicionar\u2014 a quienes amamos?<\/p>\n","protected":false},"featured_media":109209,"comment_status":"open","ping_status":"closed","template":"","meta":{"_acf_changed":false},"libro":[],"product_brand":[],"product_cat":[57],"product_tag":[],"class_list":{"0":"post-109208","1":"product","2":"type-product","3":"status-publish","4":"has-post-thumbnail","6":"product_cat-suspenso","8":"first","9":"instock","10":"shipping-taxable","11":"product-type-simple"},"acf":{"autor":[109210],"enlace_de_compra":"https:\/\/www.amazon.es\/dp\/B0FPPZ9FFB"},"yoast_head":"<!-- This site is optimized with the Yoast SEO plugin v26.6 - https:\/\/yoast.com\/wordpress\/plugins\/seo\/ -->\n<title>En la salud y en la enfermedad - Catalogo | Letrame Grupo Editorial<\/title>\n<meta name=\"robots\" content=\"index, follow, max-snippet:-1, max-image-preview:large, max-video-preview:-1\" \/>\n<link rel=\"canonical\" href=\"https:\/\/letrame.com\/catalogo\/producto\/109208\/\" \/>\n<meta property=\"og:locale\" content=\"es_ES\" \/>\n<meta property=\"og:type\" content=\"article\" \/>\n<meta property=\"og:title\" content=\"En la salud y en la enfermedad - Catalogo | Letrame Grupo Editorial\" \/>\n<meta property=\"og:description\" content=\"ISBN: 9791370127121  SINOPSIS  David siempre pens\u00f3 que su vida era predecible. Ten\u00eda una esposa, una rutina estable, un trabajo gris, una existencia sin sobresaltos... Hasta que un diagn\u00f3stico inesperado le sacude como un mazazo: c\u00e1ncer terminal. Pero lo que empieza como un drama \u00edntimo pronto se convierte en una espiral retorcida de mentiras, traiciones y decisiones imposibles. En la salud y en la enfermedad es una radiograf\u00eda descarnada de lo que las personas son capaces de hacer \u2014o de permitir\u2014 cuando el miedo, el amor, el ego\u00edsmo y la codicia se mezclan en la misma habitaci\u00f3n. Nadie es quien parece ser. Nadie es del todo inocente. Y la vida, como el amor, tiene formas crueles y absurdas de mostrarnos sus fisuras. Francisco Javier V\u00e9lez construye un thriller emocional, crudo y humano, donde los giros no son solo de guion, sino tambi\u00e9n de alma. Un relato que nos confronta con preguntas inc\u00f3modas: \u00bfqu\u00e9 har\u00edamos nosotros si el final estuviera cerca? \u00bfHasta d\u00f3nde llegar\u00edamos para proteger \u2014o traicionar\u2014 a quienes amamos?\" \/>\n<meta property=\"og:url\" content=\"https:\/\/letrame.com\/catalogo\/producto\/109208\/\" \/>\n<meta property=\"og:site_name\" content=\"Catalogo | Letrame Grupo Editorial\" \/>\n<meta property=\"article:modified_time\" content=\"2025-10-28T08:09:00+00:00\" \/>\n<meta property=\"og:image\" content=\"https:\/\/letrame.com\/catalogo\/wp-content\/uploads\/2025\/10\/enlasaludyla_15mm4.jpg\" \/>\n\t<meta property=\"og:image:width\" content=\"384\" \/>\n\t<meta property=\"og:image:height\" content=\"563\" \/>\n\t<meta property=\"og:image:type\" content=\"image\/jpeg\" \/>\n<meta name=\"twitter:card\" content=\"summary_large_image\" \/>\n<meta name=\"twitter:label1\" content=\"Tiempo de lectura\" \/>\n\t<meta name=\"twitter:data1\" content=\"2 minutos\" \/>\n<script type=\"application\/ld+json\" class=\"yoast-schema-graph\">{\"@context\":\"https:\/\/schema.org\",\"@graph\":[{\"@type\":\"WebPage\",\"@id\":\"https:\/\/letrame.com\/catalogo\/producto\/109208\/\",\"url\":\"https:\/\/letrame.com\/catalogo\/producto\/109208\/\",\"name\":\"En la salud y en la enfermedad - Catalogo | Letrame Grupo Editorial\",\"isPartOf\":{\"@id\":\"https:\/\/letrame.com\/catalogo\/#website\"},\"primaryImageOfPage\":{\"@id\":\"https:\/\/letrame.com\/catalogo\/producto\/109208\/#primaryimage\"},\"image\":{\"@id\":\"https:\/\/letrame.com\/catalogo\/producto\/109208\/#primaryimage\"},\"thumbnailUrl\":\"https:\/\/letrame.com\/catalogo\/wp-content\/uploads\/2025\/10\/enlasaludyla_15mm4.jpg\",\"datePublished\":\"2025-10-28T08:07:27+00:00\",\"dateModified\":\"2025-10-28T08:09:00+00:00\",\"breadcrumb\":{\"@id\":\"https:\/\/letrame.com\/catalogo\/producto\/109208\/#breadcrumb\"},\"inLanguage\":\"es\",\"potentialAction\":[{\"@type\":\"ReadAction\",\"target\":[\"https:\/\/letrame.com\/catalogo\/producto\/109208\/\"]}]},{\"@type\":\"ImageObject\",\"inLanguage\":\"es\",\"@id\":\"https:\/\/letrame.com\/catalogo\/producto\/109208\/#primaryimage\",\"url\":\"https:\/\/letrame.com\/catalogo\/wp-content\/uploads\/2025\/10\/enlasaludyla_15mm4.jpg\",\"contentUrl\":\"https:\/\/letrame.com\/catalogo\/wp-content\/uploads\/2025\/10\/enlasaludyla_15mm4.jpg\",\"width\":384,\"height\":563},{\"@type\":\"BreadcrumbList\",\"@id\":\"https:\/\/letrame.com\/catalogo\/producto\/109208\/#breadcrumb\",\"itemListElement\":[{\"@type\":\"ListItem\",\"position\":1,\"name\":\"Portada\",\"item\":\"https:\/\/letrame.com\/catalogo\/\"},{\"@type\":\"ListItem\",\"position\":2,\"name\":\"Cat\u00e1logo\",\"item\":\"https:\/\/letrame.com\/catalogo\/\"},{\"@type\":\"ListItem\",\"position\":3,\"name\":\"En la salud y en la enfermedad\"}]},{\"@type\":\"WebSite\",\"@id\":\"https:\/\/letrame.com\/catalogo\/#website\",\"url\":\"https:\/\/letrame.com\/catalogo\/\",\"name\":\"Catalogo | Letrame Grupo Editorial\",\"description\":\"\",\"publisher\":{\"@id\":\"https:\/\/letrame.com\/catalogo\/#organization\"},\"potentialAction\":[{\"@type\":\"SearchAction\",\"target\":{\"@type\":\"EntryPoint\",\"urlTemplate\":\"https:\/\/letrame.com\/catalogo\/?s={search_term_string}\"},\"query-input\":{\"@type\":\"PropertyValueSpecification\",\"valueRequired\":true,\"valueName\":\"search_term_string\"}}],\"inLanguage\":\"es\"},{\"@type\":\"Organization\",\"@id\":\"https:\/\/letrame.com\/catalogo\/#organization\",\"name\":\"Catalogo | Letrame Grupo Editorial\",\"url\":\"https:\/\/letrame.com\/catalogo\/\",\"logo\":{\"@type\":\"ImageObject\",\"inLanguage\":\"es\",\"@id\":\"https:\/\/letrame.com\/catalogo\/#\/schema\/logo\/image\/\",\"url\":\"https:\/\/letrame.com\/catalogo\/wp-content\/uploads\/2024\/03\/logo2.webp\",\"contentUrl\":\"https:\/\/letrame.com\/catalogo\/wp-content\/uploads\/2024\/03\/logo2.webp\",\"width\":394,\"height\":128,\"caption\":\"Catalogo | Letrame Grupo Editorial\"},\"image\":{\"@id\":\"https:\/\/letrame.com\/catalogo\/#\/schema\/logo\/image\/\"}}]}<\/script>\n<!-- \/ Yoast SEO plugin. -->","yoast_head_json":{"title":"En la salud y en la enfermedad - Catalogo | Letrame Grupo Editorial","robots":{"index":"index","follow":"follow","max-snippet":"max-snippet:-1","max-image-preview":"max-image-preview:large","max-video-preview":"max-video-preview:-1"},"canonical":"https:\/\/letrame.com\/catalogo\/producto\/109208\/","og_locale":"es_ES","og_type":"article","og_title":"En la salud y en la enfermedad - Catalogo | Letrame Grupo Editorial","og_description":"ISBN: 9791370127121  SINOPSIS  David siempre pens\u00f3 que su vida era predecible. Ten\u00eda una esposa, una rutina estable, un trabajo gris, una existencia sin sobresaltos... Hasta que un diagn\u00f3stico inesperado le sacude como un mazazo: c\u00e1ncer terminal. Pero lo que empieza como un drama \u00edntimo pronto se convierte en una espiral retorcida de mentiras, traiciones y decisiones imposibles. En la salud y en la enfermedad es una radiograf\u00eda descarnada de lo que las personas son capaces de hacer \u2014o de permitir\u2014 cuando el miedo, el amor, el ego\u00edsmo y la codicia se mezclan en la misma habitaci\u00f3n. Nadie es quien parece ser. Nadie es del todo inocente. Y la vida, como el amor, tiene formas crueles y absurdas de mostrarnos sus fisuras. Francisco Javier V\u00e9lez construye un thriller emocional, crudo y humano, donde los giros no son solo de guion, sino tambi\u00e9n de alma. Un relato que nos confronta con preguntas inc\u00f3modas: \u00bfqu\u00e9 har\u00edamos nosotros si el final estuviera cerca? \u00bfHasta d\u00f3nde llegar\u00edamos para proteger \u2014o traicionar\u2014 a quienes amamos?","og_url":"https:\/\/letrame.com\/catalogo\/producto\/109208\/","og_site_name":"Catalogo | Letrame Grupo Editorial","article_modified_time":"2025-10-28T08:09:00+00:00","og_image":[{"width":384,"height":563,"url":"https:\/\/letrame.com\/catalogo\/wp-content\/uploads\/2025\/10\/enlasaludyla_15mm4.jpg","type":"image\/jpeg"}],"twitter_card":"summary_large_image","twitter_misc":{"Tiempo de lectura":"2 minutos"},"schema":{"@context":"https:\/\/schema.org","@graph":[{"@type":"WebPage","@id":"https:\/\/letrame.com\/catalogo\/producto\/109208\/","url":"https:\/\/letrame.com\/catalogo\/producto\/109208\/","name":"En la salud y en la enfermedad - Catalogo | Letrame Grupo Editorial","isPartOf":{"@id":"https:\/\/letrame.com\/catalogo\/#website"},"primaryImageOfPage":{"@id":"https:\/\/letrame.com\/catalogo\/producto\/109208\/#primaryimage"},"image":{"@id":"https:\/\/letrame.com\/catalogo\/producto\/109208\/#primaryimage"},"thumbnailUrl":"https:\/\/letrame.com\/catalogo\/wp-content\/uploads\/2025\/10\/enlasaludyla_15mm4.jpg","datePublished":"2025-10-28T08:07:27+00:00","dateModified":"2025-10-28T08:09:00+00:00","breadcrumb":{"@id":"https:\/\/letrame.com\/catalogo\/producto\/109208\/#breadcrumb"},"inLanguage":"es","potentialAction":[{"@type":"ReadAction","target":["https:\/\/letrame.com\/catalogo\/producto\/109208\/"]}]},{"@type":"ImageObject","inLanguage":"es","@id":"https:\/\/letrame.com\/catalogo\/producto\/109208\/#primaryimage","url":"https:\/\/letrame.com\/catalogo\/wp-content\/uploads\/2025\/10\/enlasaludyla_15mm4.jpg","contentUrl":"https:\/\/letrame.com\/catalogo\/wp-content\/uploads\/2025\/10\/enlasaludyla_15mm4.jpg","width":384,"height":563},{"@type":"BreadcrumbList","@id":"https:\/\/letrame.com\/catalogo\/producto\/109208\/#breadcrumb","itemListElement":[{"@type":"ListItem","position":1,"name":"Portada","item":"https:\/\/letrame.com\/catalogo\/"},{"@type":"ListItem","position":2,"name":"Cat\u00e1logo","item":"https:\/\/letrame.com\/catalogo\/"},{"@type":"ListItem","position":3,"name":"En la salud y en la enfermedad"}]},{"@type":"WebSite","@id":"https:\/\/letrame.com\/catalogo\/#website","url":"https:\/\/letrame.com\/catalogo\/","name":"Catalogo | Letrame Grupo Editorial","description":"","publisher":{"@id":"https:\/\/letrame.com\/catalogo\/#organization"},"potentialAction":[{"@type":"SearchAction","target":{"@type":"EntryPoint","urlTemplate":"https:\/\/letrame.com\/catalogo\/?s={search_term_string}"},"query-input":{"@type":"PropertyValueSpecification","valueRequired":true,"valueName":"search_term_string"}}],"inLanguage":"es"},{"@type":"Organization","@id":"https:\/\/letrame.com\/catalogo\/#organization","name":"Catalogo | Letrame Grupo Editorial","url":"https:\/\/letrame.com\/catalogo\/","logo":{"@type":"ImageObject","inLanguage":"es","@id":"https:\/\/letrame.com\/catalogo\/#\/schema\/logo\/image\/","url":"https:\/\/letrame.com\/catalogo\/wp-content\/uploads\/2024\/03\/logo2.webp","contentUrl":"https:\/\/letrame.com\/catalogo\/wp-content\/uploads\/2024\/03\/logo2.webp","width":394,"height":128,"caption":"Catalogo | Letrame Grupo Editorial"},"image":{"@id":"https:\/\/letrame.com\/catalogo\/#\/schema\/logo\/image\/"}}]}},"_links":{"self":[{"href":"https:\/\/letrame.com\/catalogo\/wp-json\/wp\/v2\/product\/109208","targetHints":{"allow":["GET"]}}],"collection":[{"href":"https:\/\/letrame.com\/catalogo\/wp-json\/wp\/v2\/product"}],"about":[{"href":"https:\/\/letrame.com\/catalogo\/wp-json\/wp\/v2\/types\/product"}],"replies":[{"embeddable":true,"href":"https:\/\/letrame.com\/catalogo\/wp-json\/wp\/v2\/comments?post=109208"}],"acf:post":[{"embeddable":true,"href":"https:\/\/letrame.com\/catalogo\/wp-json\/wp\/v2\/author_book\/109210"}],"wp:featuredmedia":[{"embeddable":true,"href":"https:\/\/letrame.com\/catalogo\/wp-json\/wp\/v2\/media\/109209"}],"wp:attachment":[{"href":"https:\/\/letrame.com\/catalogo\/wp-json\/wp\/v2\/media?parent=109208"}],"wp:term":[{"taxonomy":"libro","embeddable":true,"href":"https:\/\/letrame.com\/catalogo\/wp-json\/wp\/v2\/libro?post=109208"},{"taxonomy":"product_brand","embeddable":true,"href":"https:\/\/letrame.com\/catalogo\/wp-json\/wp\/v2\/product_brand?post=109208"},{"taxonomy":"product_cat","embeddable":true,"href":"https:\/\/letrame.com\/catalogo\/wp-json\/wp\/v2\/product_cat?post=109208"},{"taxonomy":"product_tag","embeddable":true,"href":"https:\/\/letrame.com\/catalogo\/wp-json\/wp\/v2\/product_tag?post=109208"}],"curies":[{"name":"wp","href":"https:\/\/api.w.org\/{rel}","templated":true}]}}