{"id":109128,"date":"2025-10-16T09:20:11","date_gmt":"2025-10-16T07:20:11","guid":{"rendered":"https:\/\/letrame.com\/catalogo\/?post_type=product&#038;p=109128"},"modified":"2025-10-16T09:25:15","modified_gmt":"2025-10-16T07:25:15","slug":"calles-y-cadenas","status":"publish","type":"product","link":"https:\/\/letrame.com\/catalogo\/producto\/calles-y-cadenas\/","title":{"rendered":"Calles y cadenas"},"content":{"rendered":"<p class=\"p1\"><b>ISBN: <\/b>9791370128005<\/p>\n<p class=\"p1\"><b>T\u00edtulo: <\/b>Calles y cadenas<b><\/b><\/p>\n<p><b>Fecha: <\/b>2025<b><\/b><\/p>\n<p><b>P\u00e1ginas: <\/b>260<\/p>\n<p class=\"p1\"><b>SINOPSIS<\/b><\/p>\n<p>En una ciudad sin nombre, el joven narrador y protagonista de Calles y cadenas vive distanciado de su familia, intentando liberarse de las expectativas que los dem\u00e1s tienen de \u00e9l y sucumbiendo a sus deseos prohibidos. Cuando conoce a la misteriosa Clarisse Brown, una mujer en plena b\u00fasqueda y tambi\u00e9n perseguida por su pasado y sus tormentosas relaciones familiares, los dos sentir\u00e1n una mutua<br \/>\natracci\u00f3n inmediata.<br \/>\nLo que el protagonista no sabe es que la b\u00fasqueda de Clarisse est\u00e1 relacionada con \u00e9l y con su pasado. Al cruzarse las vidas de Clarisse y de su madre con las del protagonista y sus amigos, Fernando y Samuel, sus destinos tomar\u00e1n un tr\u00e1gico rumbo. Una novela que cuestiona los tab\u00faes y las ataduras sociales, y se pregunta cu\u00e1nta libertad permite realmente el \u00ablibre albedr\u00edo\u00bb del que se supone que gozamos viviendo en sociedad.<\/p>\n","protected":false},"excerpt":{"rendered":"<p class=\"p1\"><b>ISBN: <\/b>9791370128005<\/p>\n<p class=\"p1\"><b>SINOPSIS<\/b><\/p>\n<p>En una ciudad sin nombre, el joven narrador y protagonista de Calles y cadenas vive distanciado de su familia, intentando liberarse de las expectativas que los dem\u00e1s tienen de \u00e9l y sucumbiendo a sus deseos prohibidos. Cuando conoce a la misteriosa Clarisse Brown, una mujer en plena b\u00fasqueda y tambi\u00e9n perseguida por su pasado y sus tormentosas relaciones familiares, los dos sentir\u00e1n una mutua<br \/>\natracci\u00f3n inmediata.<br \/>\nLo que el protagonista no sabe es que la b\u00fasqueda de Clarisse est\u00e1 relacionada con \u00e9l y con su pasado. Al cruzarse las vidas de Clarisse y de su madre con las del protagonista y sus amigos, Fernando y Samuel, sus destinos tomar\u00e1n un tr\u00e1gico rumbo. Una novela que cuestiona los tab\u00faes y las ataduras sociales, y se pregunta cu\u00e1nta libertad permite realmente el \u00ablibre albedr\u00edo\u00bb del que se supone que gozamos viviendo en sociedad.<\/p>\n","protected":false},"featured_media":109129,"comment_status":"open","ping_status":"closed","template":"","meta":{"_acf_changed":false},"libro":[],"product_brand":[],"product_cat":[143],"product_tag":[],"class_list":{"0":"post-109128","1":"product","2":"type-product","3":"status-publish","4":"has-post-thumbnail","6":"product_cat-sociologia","8":"first","9":"instock","10":"shipping-taxable","11":"product-type-simple"},"acf":{"autor":[109130],"enlace_de_compra":""},"yoast_head":"<!-- This site is optimized with the Yoast SEO plugin v27.4 - https:\/\/yoast.com\/product\/yoast-seo-wordpress\/ -->\n<title>Calles y cadenas - Catalogo | Letrame Grupo Editorial<\/title>\n<meta name=\"robots\" content=\"index, follow, max-snippet:-1, max-image-preview:large, max-video-preview:-1\" \/>\n<link rel=\"canonical\" href=\"https:\/\/letrame.com\/catalogo\/producto\/calles-y-cadenas\/\" \/>\n<meta property=\"og:locale\" content=\"es_ES\" \/>\n<meta property=\"og:type\" content=\"article\" \/>\n<meta property=\"og:title\" content=\"Calles y cadenas - Catalogo | Letrame Grupo Editorial\" \/>\n<meta property=\"og:description\" content=\"ISBN: 9791370128005 SINOPSIS En una ciudad sin nombre, el joven narrador y protagonista de Calles y cadenas vive distanciado de su familia, intentando liberarse de las expectativas que los dem\u00e1s tienen de \u00e9l y sucumbiendo a sus deseos prohibidos. Cuando conoce a la misteriosa Clarisse Brown, una mujer en plena b\u00fasqueda y tambi\u00e9n perseguida por su pasado y sus tormentosas relaciones familiares, los dos sentir\u00e1n una mutua atracci\u00f3n inmediata. Lo que el protagonista no sabe es que la b\u00fasqueda de Clarisse est\u00e1 relacionada con \u00e9l y con su pasado. Al cruzarse las vidas de Clarisse y de su madre con las del protagonista y sus amigos, Fernando y Samuel, sus destinos tomar\u00e1n un tr\u00e1gico rumbo. Una novela que cuestiona los tab\u00faes y las ataduras sociales, y se pregunta cu\u00e1nta libertad permite realmente el \u00ablibre albedr\u00edo\u00bb del que se supone que gozamos viviendo en sociedad.\" \/>\n<meta property=\"og:url\" content=\"https:\/\/letrame.com\/catalogo\/producto\/calles-y-cadenas\/\" \/>\n<meta property=\"og:site_name\" content=\"Catalogo | Letrame Grupo Editorial\" \/>\n<meta property=\"article:modified_time\" content=\"2025-10-16T07:25:15+00:00\" \/>\n<meta property=\"og:image\" content=\"https:\/\/letrame.com\/catalogo\/wp-content\/uploads\/2025\/10\/callesycadenas_131mm4.jpg\" \/>\n\t<meta property=\"og:image:width\" content=\"384\" \/>\n\t<meta property=\"og:image:height\" content=\"537\" \/>\n\t<meta property=\"og:image:type\" content=\"image\/jpeg\" \/>\n<meta name=\"twitter:card\" content=\"summary_large_image\" \/>\n<meta name=\"twitter:label1\" content=\"Tiempo de lectura\" \/>\n\t<meta name=\"twitter:data1\" content=\"1 minuto\" \/>\n<script type=\"application\/ld+json\" class=\"yoast-schema-graph\">{\"@context\":\"https:\\\/\\\/schema.org\",\"@graph\":[{\"@type\":\"WebPage\",\"@id\":\"https:\\\/\\\/letrame.com\\\/catalogo\\\/producto\\\/calles-y-cadenas\\\/\",\"url\":\"https:\\\/\\\/letrame.com\\\/catalogo\\\/producto\\\/calles-y-cadenas\\\/\",\"name\":\"Calles y cadenas - Catalogo | Letrame Grupo Editorial\",\"isPartOf\":{\"@id\":\"https:\\\/\\\/letrame.com\\\/catalogo\\\/#website\"},\"primaryImageOfPage\":{\"@id\":\"https:\\\/\\\/letrame.com\\\/catalogo\\\/producto\\\/calles-y-cadenas\\\/#primaryimage\"},\"image\":{\"@id\":\"https:\\\/\\\/letrame.com\\\/catalogo\\\/producto\\\/calles-y-cadenas\\\/#primaryimage\"},\"thumbnailUrl\":\"https:\\\/\\\/letrame.com\\\/catalogo\\\/wp-content\\\/uploads\\\/2025\\\/10\\\/callesycadenas_131mm4.jpg\",\"datePublished\":\"2025-10-16T07:20:11+00:00\",\"dateModified\":\"2025-10-16T07:25:15+00:00\",\"breadcrumb\":{\"@id\":\"https:\\\/\\\/letrame.com\\\/catalogo\\\/producto\\\/calles-y-cadenas\\\/#breadcrumb\"},\"inLanguage\":\"es\",\"potentialAction\":[{\"@type\":\"ReadAction\",\"target\":[\"https:\\\/\\\/letrame.com\\\/catalogo\\\/producto\\\/calles-y-cadenas\\\/\"]}]},{\"@type\":\"ImageObject\",\"inLanguage\":\"es\",\"@id\":\"https:\\\/\\\/letrame.com\\\/catalogo\\\/producto\\\/calles-y-cadenas\\\/#primaryimage\",\"url\":\"https:\\\/\\\/letrame.com\\\/catalogo\\\/wp-content\\\/uploads\\\/2025\\\/10\\\/callesycadenas_131mm4.jpg\",\"contentUrl\":\"https:\\\/\\\/letrame.com\\\/catalogo\\\/wp-content\\\/uploads\\\/2025\\\/10\\\/callesycadenas_131mm4.jpg\",\"width\":384,\"height\":537},{\"@type\":\"BreadcrumbList\",\"@id\":\"https:\\\/\\\/letrame.com\\\/catalogo\\\/producto\\\/calles-y-cadenas\\\/#breadcrumb\",\"itemListElement\":[{\"@type\":\"ListItem\",\"position\":1,\"name\":\"Portada\",\"item\":\"https:\\\/\\\/letrame.com\\\/catalogo\\\/\"},{\"@type\":\"ListItem\",\"position\":2,\"name\":\"Cat\u00e1logo\",\"item\":\"https:\\\/\\\/letrame.com\\\/catalogo\\\/\"},{\"@type\":\"ListItem\",\"position\":3,\"name\":\"Calles y cadenas\"}]},{\"@type\":\"WebSite\",\"@id\":\"https:\\\/\\\/letrame.com\\\/catalogo\\\/#website\",\"url\":\"https:\\\/\\\/letrame.com\\\/catalogo\\\/\",\"name\":\"Catalogo | Letrame Grupo Editorial\",\"description\":\"\",\"publisher\":{\"@id\":\"https:\\\/\\\/letrame.com\\\/catalogo\\\/#organization\"},\"potentialAction\":[{\"@type\":\"SearchAction\",\"target\":{\"@type\":\"EntryPoint\",\"urlTemplate\":\"https:\\\/\\\/letrame.com\\\/catalogo\\\/?s={search_term_string}\"},\"query-input\":{\"@type\":\"PropertyValueSpecification\",\"valueRequired\":true,\"valueName\":\"search_term_string\"}}],\"inLanguage\":\"es\"},{\"@type\":\"Organization\",\"@id\":\"https:\\\/\\\/letrame.com\\\/catalogo\\\/#organization\",\"name\":\"Catalogo | Letrame Grupo Editorial\",\"url\":\"https:\\\/\\\/letrame.com\\\/catalogo\\\/\",\"logo\":{\"@type\":\"ImageObject\",\"inLanguage\":\"es\",\"@id\":\"https:\\\/\\\/letrame.com\\\/catalogo\\\/#\\\/schema\\\/logo\\\/image\\\/\",\"url\":\"https:\\\/\\\/letrame.com\\\/catalogo\\\/wp-content\\\/uploads\\\/2024\\\/03\\\/logo2.webp\",\"contentUrl\":\"https:\\\/\\\/letrame.com\\\/catalogo\\\/wp-content\\\/uploads\\\/2024\\\/03\\\/logo2.webp\",\"width\":394,\"height\":128,\"caption\":\"Catalogo | Letrame Grupo Editorial\"},\"image\":{\"@id\":\"https:\\\/\\\/letrame.com\\\/catalogo\\\/#\\\/schema\\\/logo\\\/image\\\/\"}}]}<\/script>\n<!-- \/ Yoast SEO plugin. -->","yoast_head_json":{"title":"Calles y cadenas - Catalogo | Letrame Grupo Editorial","robots":{"index":"index","follow":"follow","max-snippet":"max-snippet:-1","max-image-preview":"max-image-preview:large","max-video-preview":"max-video-preview:-1"},"canonical":"https:\/\/letrame.com\/catalogo\/producto\/calles-y-cadenas\/","og_locale":"es_ES","og_type":"article","og_title":"Calles y cadenas - Catalogo | Letrame Grupo Editorial","og_description":"ISBN: 9791370128005 SINOPSIS En una ciudad sin nombre, el joven narrador y protagonista de Calles y cadenas vive distanciado de su familia, intentando liberarse de las expectativas que los dem\u00e1s tienen de \u00e9l y sucumbiendo a sus deseos prohibidos. Cuando conoce a la misteriosa Clarisse Brown, una mujer en plena b\u00fasqueda y tambi\u00e9n perseguida por su pasado y sus tormentosas relaciones familiares, los dos sentir\u00e1n una mutua atracci\u00f3n inmediata. Lo que el protagonista no sabe es que la b\u00fasqueda de Clarisse est\u00e1 relacionada con \u00e9l y con su pasado. Al cruzarse las vidas de Clarisse y de su madre con las del protagonista y sus amigos, Fernando y Samuel, sus destinos tomar\u00e1n un tr\u00e1gico rumbo. Una novela que cuestiona los tab\u00faes y las ataduras sociales, y se pregunta cu\u00e1nta libertad permite realmente el \u00ablibre albedr\u00edo\u00bb del que se supone que gozamos viviendo en sociedad.","og_url":"https:\/\/letrame.com\/catalogo\/producto\/calles-y-cadenas\/","og_site_name":"Catalogo | Letrame Grupo Editorial","article_modified_time":"2025-10-16T07:25:15+00:00","og_image":[{"width":384,"height":537,"url":"https:\/\/letrame.com\/catalogo\/wp-content\/uploads\/2025\/10\/callesycadenas_131mm4.jpg","type":"image\/jpeg"}],"twitter_card":"summary_large_image","twitter_misc":{"Tiempo de lectura":"1 minuto"},"schema":{"@context":"https:\/\/schema.org","@graph":[{"@type":"WebPage","@id":"https:\/\/letrame.com\/catalogo\/producto\/calles-y-cadenas\/","url":"https:\/\/letrame.com\/catalogo\/producto\/calles-y-cadenas\/","name":"Calles y cadenas - Catalogo | Letrame Grupo Editorial","isPartOf":{"@id":"https:\/\/letrame.com\/catalogo\/#website"},"primaryImageOfPage":{"@id":"https:\/\/letrame.com\/catalogo\/producto\/calles-y-cadenas\/#primaryimage"},"image":{"@id":"https:\/\/letrame.com\/catalogo\/producto\/calles-y-cadenas\/#primaryimage"},"thumbnailUrl":"https:\/\/letrame.com\/catalogo\/wp-content\/uploads\/2025\/10\/callesycadenas_131mm4.jpg","datePublished":"2025-10-16T07:20:11+00:00","dateModified":"2025-10-16T07:25:15+00:00","breadcrumb":{"@id":"https:\/\/letrame.com\/catalogo\/producto\/calles-y-cadenas\/#breadcrumb"},"inLanguage":"es","potentialAction":[{"@type":"ReadAction","target":["https:\/\/letrame.com\/catalogo\/producto\/calles-y-cadenas\/"]}]},{"@type":"ImageObject","inLanguage":"es","@id":"https:\/\/letrame.com\/catalogo\/producto\/calles-y-cadenas\/#primaryimage","url":"https:\/\/letrame.com\/catalogo\/wp-content\/uploads\/2025\/10\/callesycadenas_131mm4.jpg","contentUrl":"https:\/\/letrame.com\/catalogo\/wp-content\/uploads\/2025\/10\/callesycadenas_131mm4.jpg","width":384,"height":537},{"@type":"BreadcrumbList","@id":"https:\/\/letrame.com\/catalogo\/producto\/calles-y-cadenas\/#breadcrumb","itemListElement":[{"@type":"ListItem","position":1,"name":"Portada","item":"https:\/\/letrame.com\/catalogo\/"},{"@type":"ListItem","position":2,"name":"Cat\u00e1logo","item":"https:\/\/letrame.com\/catalogo\/"},{"@type":"ListItem","position":3,"name":"Calles y cadenas"}]},{"@type":"WebSite","@id":"https:\/\/letrame.com\/catalogo\/#website","url":"https:\/\/letrame.com\/catalogo\/","name":"Catalogo | Letrame Grupo Editorial","description":"","publisher":{"@id":"https:\/\/letrame.com\/catalogo\/#organization"},"potentialAction":[{"@type":"SearchAction","target":{"@type":"EntryPoint","urlTemplate":"https:\/\/letrame.com\/catalogo\/?s={search_term_string}"},"query-input":{"@type":"PropertyValueSpecification","valueRequired":true,"valueName":"search_term_string"}}],"inLanguage":"es"},{"@type":"Organization","@id":"https:\/\/letrame.com\/catalogo\/#organization","name":"Catalogo | Letrame Grupo Editorial","url":"https:\/\/letrame.com\/catalogo\/","logo":{"@type":"ImageObject","inLanguage":"es","@id":"https:\/\/letrame.com\/catalogo\/#\/schema\/logo\/image\/","url":"https:\/\/letrame.com\/catalogo\/wp-content\/uploads\/2024\/03\/logo2.webp","contentUrl":"https:\/\/letrame.com\/catalogo\/wp-content\/uploads\/2024\/03\/logo2.webp","width":394,"height":128,"caption":"Catalogo | Letrame Grupo Editorial"},"image":{"@id":"https:\/\/letrame.com\/catalogo\/#\/schema\/logo\/image\/"}}]}},"_links":{"self":[{"href":"https:\/\/letrame.com\/catalogo\/wp-json\/wp\/v2\/product\/109128","targetHints":{"allow":["GET"]}}],"collection":[{"href":"https:\/\/letrame.com\/catalogo\/wp-json\/wp\/v2\/product"}],"about":[{"href":"https:\/\/letrame.com\/catalogo\/wp-json\/wp\/v2\/types\/product"}],"replies":[{"embeddable":true,"href":"https:\/\/letrame.com\/catalogo\/wp-json\/wp\/v2\/comments?post=109128"}],"acf:post":[{"embeddable":true,"href":"https:\/\/letrame.com\/catalogo\/wp-json\/wp\/v2\/author_book\/109130"}],"wp:featuredmedia":[{"embeddable":true,"href":"https:\/\/letrame.com\/catalogo\/wp-json\/wp\/v2\/media\/109129"}],"wp:attachment":[{"href":"https:\/\/letrame.com\/catalogo\/wp-json\/wp\/v2\/media?parent=109128"}],"wp:term":[{"taxonomy":"libro","embeddable":true,"href":"https:\/\/letrame.com\/catalogo\/wp-json\/wp\/v2\/libro?post=109128"},{"taxonomy":"product_brand","embeddable":true,"href":"https:\/\/letrame.com\/catalogo\/wp-json\/wp\/v2\/product_brand?post=109128"},{"taxonomy":"product_cat","embeddable":true,"href":"https:\/\/letrame.com\/catalogo\/wp-json\/wp\/v2\/product_cat?post=109128"},{"taxonomy":"product_tag","embeddable":true,"href":"https:\/\/letrame.com\/catalogo\/wp-json\/wp\/v2\/product_tag?post=109128"}],"curies":[{"name":"wp","href":"https:\/\/api.w.org\/{rel}","templated":true}]}}