{"id":109079,"date":"2025-09-23T12:23:56","date_gmt":"2025-09-23T10:23:56","guid":{"rendered":"https:\/\/letrame.com\/catalogo\/?post_type=product&#038;p=109079"},"modified":"2025-09-23T12:23:57","modified_gmt":"2025-09-23T10:23:57","slug":"corazones-vivos","status":"publish","type":"product","link":"https:\/\/letrame.com\/catalogo\/producto\/corazones-vivos\/","title":{"rendered":"Corazones vivos"},"content":{"rendered":"<p class=\"p1\"><b>ISBN: <\/b>9791370128388<\/p>\n<p class=\"p1\"><b>T\u00edtulo:<\/b> Corazones vivos<b><\/p>\n<p><\/b><b>Fecha: <\/b>2025<b><\/p>\n<p><\/b><b>P\u00e1ginas: <\/b>214<\/p>\n<p class=\"p1\"><b>SINOPSIS<br \/>\n<\/b><\/p>\n<p class=\"p1\">La brisa del mar lleg\u00f3 y me revolvi\u00f3 el cabello, agit\u00e1ndolo sin descanso. De tanto vaiv\u00e9n, lo llen\u00f3 de nudos: unos en la ra\u00edz \u2014los que m\u00e1s dol\u00edan\u2014, otros a mitad de melena, hasta dejar las puntas encrespadas. No duele la vida en s\u00ed, ni siquiera las sorpresas desagradables; a veces, hasta tienen algo de humor. Lo que realmente duele, en medio de la lucha \u2014aun con buenas armas\u2014, es la desesperaci\u00f3n.<\/p>\n<p class=\"p1\">Por suerte, esa desesperaci\u00f3n dura poco. Entonces miramos atr\u00e1s y no lo llamamos experiencia \u2014porque, tal vez, nadie quiere volverse profesional del dolor\u2014, sino un tropiezo in-esperado. Aprendemos que en la vida hay tramposos que usan trampas disfrazadas de simpat\u00eda y amabilidad<\/p>\n<p class=\"p1\">El trayecto de vivir es complejo: una cuerda de cordura manchada de locura. Lo bueno es la bondad. Lo peligroso, la angustia. Y, a veces, la \u00fanica forma de salir de una trampa&#8230; es con otra trampa.<\/p>\n<p class=\"p1\"><b>\u00a0<\/b><\/p>\n","protected":false},"excerpt":{"rendered":"<p><b>ISBN: <\/b>9791370128388<\/p>\n<p class=\"p1\"><b>SINOPSIS<br \/>\n<\/b><\/p>\n<p class=\"p1\">La brisa del mar lleg\u00f3 y me revolvi\u00f3 el cabello, agit\u00e1ndolo sin descanso. De tanto vaiv\u00e9n, lo llen\u00f3 de nudos: unos en la ra\u00edz \u2014los que m\u00e1s dol\u00edan\u2014, otros a mitad de melena, hasta dejar las puntas encrespadas. No duele la vida en s\u00ed, ni siquiera las sorpresas desagradables; a veces, hasta tienen algo de humor. Lo que realmente duele, en medio de la lucha \u2014aun con buenas armas\u2014, es la desesperaci\u00f3n.<\/p>\n<p class=\"p1\">Por suerte, esa desesperaci\u00f3n dura poco. Entonces miramos atr\u00e1s y no lo llamamos experiencia \u2014porque, tal vez, nadie quiere volverse profesional del dolor\u2014, sino un tropiezo in-esperado. Aprendemos que en la vida hay tramposos que usan trampas disfrazadas de simpat\u00eda y amabilidad<\/p>\n<p class=\"p1\">El trayecto de vivir es complejo: una cuerda de cordura manchada de locura. Lo bueno es la bondad. Lo peligroso, la angustia. Y, a veces, la \u00fanica forma de salir de una trampa&#8230; es con otra trampa.<\/p>\n","protected":false},"featured_media":109080,"comment_status":"open","ping_status":"closed","template":"","meta":{"_acf_changed":false},"libro":[],"product_brand":[],"product_cat":[15],"product_tag":[],"class_list":{"0":"post-109079","1":"product","2":"type-product","3":"status-publish","4":"has-post-thumbnail","6":"product_cat-sin-categorizar","8":"first","9":"instock","10":"shipping-taxable","11":"product-type-simple"},"acf":{"autor":"","enlace_de_compra":""},"yoast_head":"<!-- This site is optimized with the Yoast SEO plugin v27.4 - https:\/\/yoast.com\/product\/yoast-seo-wordpress\/ -->\n<title>Corazones vivos - Catalogo | Letrame Grupo Editorial<\/title>\n<meta name=\"robots\" content=\"index, follow, max-snippet:-1, max-image-preview:large, max-video-preview:-1\" \/>\n<link rel=\"canonical\" href=\"https:\/\/letrame.com\/catalogo\/producto\/corazones-vivos\/\" \/>\n<meta property=\"og:locale\" content=\"es_ES\" \/>\n<meta property=\"og:type\" content=\"article\" \/>\n<meta property=\"og:title\" content=\"Corazones vivos - Catalogo | Letrame Grupo Editorial\" \/>\n<meta property=\"og:description\" content=\"ISBN: 9791370128388 SINOPSIS  La brisa del mar lleg\u00f3 y me revolvi\u00f3 el cabello, agit\u00e1ndolo sin descanso. De tanto vaiv\u00e9n, lo llen\u00f3 de nudos: unos en la ra\u00edz \u2014los que m\u00e1s dol\u00edan\u2014, otros a mitad de melena, hasta dejar las puntas encrespadas. No duele la vida en s\u00ed, ni siquiera las sorpresas desagradables; a veces, hasta tienen algo de humor. Lo que realmente duele, en medio de la lucha \u2014aun con buenas armas\u2014, es la desesperaci\u00f3n. Por suerte, esa desesperaci\u00f3n dura poco. Entonces miramos atr\u00e1s y no lo llamamos experiencia \u2014porque, tal vez, nadie quiere volverse profesional del dolor\u2014, sino un tropiezo in-esperado. Aprendemos que en la vida hay tramposos que usan trampas disfrazadas de simpat\u00eda y amabilidad El trayecto de vivir es complejo: una cuerda de cordura manchada de locura. Lo bueno es la bondad. Lo peligroso, la angustia. Y, a veces, la \u00fanica forma de salir de una trampa... es con otra trampa.\" \/>\n<meta property=\"og:url\" content=\"https:\/\/letrame.com\/catalogo\/producto\/corazones-vivos\/\" \/>\n<meta property=\"og:site_name\" content=\"Catalogo | Letrame Grupo Editorial\" \/>\n<meta property=\"article:modified_time\" content=\"2025-09-23T10:23:57+00:00\" \/>\n<meta property=\"og:image\" content=\"https:\/\/letrame.com\/catalogo\/wp-content\/uploads\/2025\/09\/corazonesvivos_1297mm4.jpg\" \/>\n\t<meta property=\"og:image:width\" content=\"384\" \/>\n\t<meta property=\"og:image:height\" content=\"537\" \/>\n\t<meta property=\"og:image:type\" content=\"image\/jpeg\" \/>\n<meta name=\"twitter:card\" content=\"summary_large_image\" \/>\n<meta name=\"twitter:label1\" content=\"Tiempo de lectura\" \/>\n\t<meta name=\"twitter:data1\" content=\"1 minuto\" \/>\n<script type=\"application\/ld+json\" class=\"yoast-schema-graph\">{\"@context\":\"https:\\\/\\\/schema.org\",\"@graph\":[{\"@type\":\"WebPage\",\"@id\":\"https:\\\/\\\/letrame.com\\\/catalogo\\\/producto\\\/corazones-vivos\\\/\",\"url\":\"https:\\\/\\\/letrame.com\\\/catalogo\\\/producto\\\/corazones-vivos\\\/\",\"name\":\"Corazones vivos - Catalogo | Letrame Grupo Editorial\",\"isPartOf\":{\"@id\":\"https:\\\/\\\/letrame.com\\\/catalogo\\\/#website\"},\"primaryImageOfPage\":{\"@id\":\"https:\\\/\\\/letrame.com\\\/catalogo\\\/producto\\\/corazones-vivos\\\/#primaryimage\"},\"image\":{\"@id\":\"https:\\\/\\\/letrame.com\\\/catalogo\\\/producto\\\/corazones-vivos\\\/#primaryimage\"},\"thumbnailUrl\":\"https:\\\/\\\/letrame.com\\\/catalogo\\\/wp-content\\\/uploads\\\/2025\\\/09\\\/corazonesvivos_1297mm4.jpg\",\"datePublished\":\"2025-09-23T10:23:56+00:00\",\"dateModified\":\"2025-09-23T10:23:57+00:00\",\"breadcrumb\":{\"@id\":\"https:\\\/\\\/letrame.com\\\/catalogo\\\/producto\\\/corazones-vivos\\\/#breadcrumb\"},\"inLanguage\":\"es\",\"potentialAction\":[{\"@type\":\"ReadAction\",\"target\":[\"https:\\\/\\\/letrame.com\\\/catalogo\\\/producto\\\/corazones-vivos\\\/\"]}]},{\"@type\":\"ImageObject\",\"inLanguage\":\"es\",\"@id\":\"https:\\\/\\\/letrame.com\\\/catalogo\\\/producto\\\/corazones-vivos\\\/#primaryimage\",\"url\":\"https:\\\/\\\/letrame.com\\\/catalogo\\\/wp-content\\\/uploads\\\/2025\\\/09\\\/corazonesvivos_1297mm4.jpg\",\"contentUrl\":\"https:\\\/\\\/letrame.com\\\/catalogo\\\/wp-content\\\/uploads\\\/2025\\\/09\\\/corazonesvivos_1297mm4.jpg\",\"width\":384,\"height\":537},{\"@type\":\"BreadcrumbList\",\"@id\":\"https:\\\/\\\/letrame.com\\\/catalogo\\\/producto\\\/corazones-vivos\\\/#breadcrumb\",\"itemListElement\":[{\"@type\":\"ListItem\",\"position\":1,\"name\":\"Portada\",\"item\":\"https:\\\/\\\/letrame.com\\\/catalogo\\\/\"},{\"@type\":\"ListItem\",\"position\":2,\"name\":\"Cat\u00e1logo\",\"item\":\"https:\\\/\\\/letrame.com\\\/catalogo\\\/\"},{\"@type\":\"ListItem\",\"position\":3,\"name\":\"Corazones vivos\"}]},{\"@type\":\"WebSite\",\"@id\":\"https:\\\/\\\/letrame.com\\\/catalogo\\\/#website\",\"url\":\"https:\\\/\\\/letrame.com\\\/catalogo\\\/\",\"name\":\"Catalogo | Letrame Grupo Editorial\",\"description\":\"\",\"publisher\":{\"@id\":\"https:\\\/\\\/letrame.com\\\/catalogo\\\/#organization\"},\"potentialAction\":[{\"@type\":\"SearchAction\",\"target\":{\"@type\":\"EntryPoint\",\"urlTemplate\":\"https:\\\/\\\/letrame.com\\\/catalogo\\\/?s={search_term_string}\"},\"query-input\":{\"@type\":\"PropertyValueSpecification\",\"valueRequired\":true,\"valueName\":\"search_term_string\"}}],\"inLanguage\":\"es\"},{\"@type\":\"Organization\",\"@id\":\"https:\\\/\\\/letrame.com\\\/catalogo\\\/#organization\",\"name\":\"Catalogo | Letrame Grupo Editorial\",\"url\":\"https:\\\/\\\/letrame.com\\\/catalogo\\\/\",\"logo\":{\"@type\":\"ImageObject\",\"inLanguage\":\"es\",\"@id\":\"https:\\\/\\\/letrame.com\\\/catalogo\\\/#\\\/schema\\\/logo\\\/image\\\/\",\"url\":\"https:\\\/\\\/letrame.com\\\/catalogo\\\/wp-content\\\/uploads\\\/2024\\\/03\\\/logo2.webp\",\"contentUrl\":\"https:\\\/\\\/letrame.com\\\/catalogo\\\/wp-content\\\/uploads\\\/2024\\\/03\\\/logo2.webp\",\"width\":394,\"height\":128,\"caption\":\"Catalogo | Letrame Grupo Editorial\"},\"image\":{\"@id\":\"https:\\\/\\\/letrame.com\\\/catalogo\\\/#\\\/schema\\\/logo\\\/image\\\/\"}}]}<\/script>\n<!-- \/ Yoast SEO plugin. -->","yoast_head_json":{"title":"Corazones vivos - Catalogo | Letrame Grupo Editorial","robots":{"index":"index","follow":"follow","max-snippet":"max-snippet:-1","max-image-preview":"max-image-preview:large","max-video-preview":"max-video-preview:-1"},"canonical":"https:\/\/letrame.com\/catalogo\/producto\/corazones-vivos\/","og_locale":"es_ES","og_type":"article","og_title":"Corazones vivos - Catalogo | Letrame Grupo Editorial","og_description":"ISBN: 9791370128388 SINOPSIS  La brisa del mar lleg\u00f3 y me revolvi\u00f3 el cabello, agit\u00e1ndolo sin descanso. De tanto vaiv\u00e9n, lo llen\u00f3 de nudos: unos en la ra\u00edz \u2014los que m\u00e1s dol\u00edan\u2014, otros a mitad de melena, hasta dejar las puntas encrespadas. No duele la vida en s\u00ed, ni siquiera las sorpresas desagradables; a veces, hasta tienen algo de humor. Lo que realmente duele, en medio de la lucha \u2014aun con buenas armas\u2014, es la desesperaci\u00f3n. Por suerte, esa desesperaci\u00f3n dura poco. Entonces miramos atr\u00e1s y no lo llamamos experiencia \u2014porque, tal vez, nadie quiere volverse profesional del dolor\u2014, sino un tropiezo in-esperado. Aprendemos que en la vida hay tramposos que usan trampas disfrazadas de simpat\u00eda y amabilidad El trayecto de vivir es complejo: una cuerda de cordura manchada de locura. Lo bueno es la bondad. Lo peligroso, la angustia. Y, a veces, la \u00fanica forma de salir de una trampa... es con otra trampa.","og_url":"https:\/\/letrame.com\/catalogo\/producto\/corazones-vivos\/","og_site_name":"Catalogo | Letrame Grupo Editorial","article_modified_time":"2025-09-23T10:23:57+00:00","og_image":[{"width":384,"height":537,"url":"https:\/\/letrame.com\/catalogo\/wp-content\/uploads\/2025\/09\/corazonesvivos_1297mm4.jpg","type":"image\/jpeg"}],"twitter_card":"summary_large_image","twitter_misc":{"Tiempo de lectura":"1 minuto"},"schema":{"@context":"https:\/\/schema.org","@graph":[{"@type":"WebPage","@id":"https:\/\/letrame.com\/catalogo\/producto\/corazones-vivos\/","url":"https:\/\/letrame.com\/catalogo\/producto\/corazones-vivos\/","name":"Corazones vivos - Catalogo | Letrame Grupo Editorial","isPartOf":{"@id":"https:\/\/letrame.com\/catalogo\/#website"},"primaryImageOfPage":{"@id":"https:\/\/letrame.com\/catalogo\/producto\/corazones-vivos\/#primaryimage"},"image":{"@id":"https:\/\/letrame.com\/catalogo\/producto\/corazones-vivos\/#primaryimage"},"thumbnailUrl":"https:\/\/letrame.com\/catalogo\/wp-content\/uploads\/2025\/09\/corazonesvivos_1297mm4.jpg","datePublished":"2025-09-23T10:23:56+00:00","dateModified":"2025-09-23T10:23:57+00:00","breadcrumb":{"@id":"https:\/\/letrame.com\/catalogo\/producto\/corazones-vivos\/#breadcrumb"},"inLanguage":"es","potentialAction":[{"@type":"ReadAction","target":["https:\/\/letrame.com\/catalogo\/producto\/corazones-vivos\/"]}]},{"@type":"ImageObject","inLanguage":"es","@id":"https:\/\/letrame.com\/catalogo\/producto\/corazones-vivos\/#primaryimage","url":"https:\/\/letrame.com\/catalogo\/wp-content\/uploads\/2025\/09\/corazonesvivos_1297mm4.jpg","contentUrl":"https:\/\/letrame.com\/catalogo\/wp-content\/uploads\/2025\/09\/corazonesvivos_1297mm4.jpg","width":384,"height":537},{"@type":"BreadcrumbList","@id":"https:\/\/letrame.com\/catalogo\/producto\/corazones-vivos\/#breadcrumb","itemListElement":[{"@type":"ListItem","position":1,"name":"Portada","item":"https:\/\/letrame.com\/catalogo\/"},{"@type":"ListItem","position":2,"name":"Cat\u00e1logo","item":"https:\/\/letrame.com\/catalogo\/"},{"@type":"ListItem","position":3,"name":"Corazones vivos"}]},{"@type":"WebSite","@id":"https:\/\/letrame.com\/catalogo\/#website","url":"https:\/\/letrame.com\/catalogo\/","name":"Catalogo | Letrame Grupo Editorial","description":"","publisher":{"@id":"https:\/\/letrame.com\/catalogo\/#organization"},"potentialAction":[{"@type":"SearchAction","target":{"@type":"EntryPoint","urlTemplate":"https:\/\/letrame.com\/catalogo\/?s={search_term_string}"},"query-input":{"@type":"PropertyValueSpecification","valueRequired":true,"valueName":"search_term_string"}}],"inLanguage":"es"},{"@type":"Organization","@id":"https:\/\/letrame.com\/catalogo\/#organization","name":"Catalogo | Letrame Grupo Editorial","url":"https:\/\/letrame.com\/catalogo\/","logo":{"@type":"ImageObject","inLanguage":"es","@id":"https:\/\/letrame.com\/catalogo\/#\/schema\/logo\/image\/","url":"https:\/\/letrame.com\/catalogo\/wp-content\/uploads\/2024\/03\/logo2.webp","contentUrl":"https:\/\/letrame.com\/catalogo\/wp-content\/uploads\/2024\/03\/logo2.webp","width":394,"height":128,"caption":"Catalogo | Letrame Grupo Editorial"},"image":{"@id":"https:\/\/letrame.com\/catalogo\/#\/schema\/logo\/image\/"}}]}},"_links":{"self":[{"href":"https:\/\/letrame.com\/catalogo\/wp-json\/wp\/v2\/product\/109079","targetHints":{"allow":["GET"]}}],"collection":[{"href":"https:\/\/letrame.com\/catalogo\/wp-json\/wp\/v2\/product"}],"about":[{"href":"https:\/\/letrame.com\/catalogo\/wp-json\/wp\/v2\/types\/product"}],"replies":[{"embeddable":true,"href":"https:\/\/letrame.com\/catalogo\/wp-json\/wp\/v2\/comments?post=109079"}],"wp:featuredmedia":[{"embeddable":true,"href":"https:\/\/letrame.com\/catalogo\/wp-json\/wp\/v2\/media\/109080"}],"wp:attachment":[{"href":"https:\/\/letrame.com\/catalogo\/wp-json\/wp\/v2\/media?parent=109079"}],"wp:term":[{"taxonomy":"libro","embeddable":true,"href":"https:\/\/letrame.com\/catalogo\/wp-json\/wp\/v2\/libro?post=109079"},{"taxonomy":"product_brand","embeddable":true,"href":"https:\/\/letrame.com\/catalogo\/wp-json\/wp\/v2\/product_brand?post=109079"},{"taxonomy":"product_cat","embeddable":true,"href":"https:\/\/letrame.com\/catalogo\/wp-json\/wp\/v2\/product_cat?post=109079"},{"taxonomy":"product_tag","embeddable":true,"href":"https:\/\/letrame.com\/catalogo\/wp-json\/wp\/v2\/product_tag?post=109079"}],"curies":[{"name":"wp","href":"https:\/\/api.w.org\/{rel}","templated":true}]}}