{"id":109073,"date":"2025-09-22T15:20:24","date_gmt":"2025-09-22T13:20:24","guid":{"rendered":"https:\/\/letrame.com\/catalogo\/?post_type=product&#038;p=109073"},"modified":"2025-09-22T15:22:10","modified_gmt":"2025-09-22T13:22:10","slug":"golcuro-y-notas-en-griego-el-locutor-de-radio-que-inventaba-partidos-de-futbol","status":"publish","type":"product","link":"https:\/\/letrame.com\/catalogo\/producto\/golcuro-y-notas-en-griego-el-locutor-de-radio-que-inventaba-partidos-de-futbol\/","title":{"rendered":"Golcuro y Notas en griego: El locutor de radio que inventaba partidos de f\u00fatbol"},"content":{"rendered":"<p class=\"p1\"><b>ISBN: <\/b>9791370127343<\/p>\n<p class=\"p1\"><b>T\u00edtulo:<\/b> Golcuro y Notas en griego: El locutor de radio que inventaba partidos de f\u00fatbol<b><\/b><\/p>\n<p><b>Fecha: <\/b>2025<b><\/b><\/p>\n<p><b>P\u00e1ginas: <\/b>266<\/p>\n<p class=\"p1\"><b>SINOPSIS<br \/>\n<\/b><br \/>\nGolcuro y Notas en griego re\u00fane dos novelas distintas, pero profundamente conectadas por una misma obsesi\u00f3n: el deseo de sentido en un mundo donde la verdad es ambigua y la rutina, devastadora.<br \/>\n\u00a1En Golcuro, un locutor de radio transforma la historia de su pa\u00eds con una voz. Una voz que se convierte en mito. La palabra se alza como poder fundacional, capaz de construir identidad, orgullo y destino colectivo. Es una historia sobre el lenguaje como herramienta pol\u00edtica, emocional y espiritual, donde los l\u00edmites entre realidad y ficci\u00f3n se difuminan con peligrosa belleza.<br \/>\nEn Notas en griego, la atm\u00f3sfera se torna m\u00e1s oscura, m\u00e1s \u00edntima.<br \/>\nUlises, un hombre atrapado en la repetici\u00f3n vac\u00eda de los d\u00edas, encuentra en un grupo de extra\u00f1os la posibilidad de romper su rutina con actos \u00ab\u00e9picos\u00bb. Pero toda acci\u00f3n, incluso la m\u00e1s simb\u00f3lica, tiene consecuencias.<br \/>\nPedro Venegas Ibieta despliega en estas dos obras un universo narrativo singular, marcado por la iron\u00eda, la poes\u00eda y una lucidez inquietante. La voz, el tiempo, la memoria y la derrota son materia viva de un d\u00edptico literario que no busca consuelo, sino revelaci\u00f3n.<br \/>\nDos novelas que enfrentan lo colectivo y lo individual, el mito y la rutina, lo sublime y lo grotes\u00e7o, en una exploraci\u00f3n tan cr\u00edtica como profundamente humana.<b><br \/>\n<\/b><\/p>\n","protected":false},"excerpt":{"rendered":"<p class=\"p1\"><b>ISBN: <\/b>9791370127343<\/p>\n<p><b>SINOPSIS<br \/>\n<\/b><br \/>\nGolcuro y Notas en griego re\u00fane dos novelas distintas, pero profundamente conectadas por una misma obsesi\u00f3n: el deseo de sentido en un mundo donde la verdad es ambigua y la rutina, devastadora.<br \/>\n\u00a1En Golcuro, un locutor de radio transforma la historia de su pa\u00eds con una voz. Una voz que se convierte en mito. La palabra se alza como poder fundacional, capaz de construir identidad, orgullo y destino colectivo. Es una historia sobre el lenguaje como herramienta pol\u00edtica, emocional y espiritual, donde los l\u00edmites entre realidad y ficci\u00f3n se difuminan con peligrosa belleza.<br \/>\nEn Notas en griego, la atm\u00f3sfera se torna m\u00e1s oscura, m\u00e1s \u00edntima.<br \/>\nUlises, un hombre atrapado en la repetici\u00f3n vac\u00eda de los d\u00edas, encuentra en un grupo de extra\u00f1os la posibilidad de romper su rutina con actos \u00ab\u00e9picos\u00bb. Pero toda acci\u00f3n, incluso la m\u00e1s simb\u00f3lica, tiene consecuencias.<br \/>\nPedro Venegas Ibieta despliega en estas dos obras un universo narrativo singular, marcado por la iron\u00eda, la poes\u00eda y una lucidez inquietante. La voz, el tiempo, la memoria y la derrota son materia viva de un d\u00edptico literario que no busca consuelo, sino revelaci\u00f3n.<br \/>\nDos novelas que enfrentan lo colectivo y lo individual, el mito y la rutina, lo sublime y lo grotes\u00e7o, en una exploraci\u00f3n tan cr\u00edtica como profundamente humana.<\/p>\n","protected":false},"featured_media":109074,"comment_status":"open","ping_status":"closed","template":"","meta":{"_acf_changed":false},"libro":[],"product_brand":[],"product_cat":[141],"product_tag":[],"class_list":{"0":"post-109073","1":"product","2":"type-product","3":"status-publish","4":"has-post-thumbnail","6":"product_cat-ficcion","8":"first","9":"instock","10":"shipping-taxable","11":"product-type-simple"},"acf":{"autor":[109075],"enlace_de_compra":"https:\/\/www.amazon.es\/dp\/B0FPWNXR7C"},"yoast_head":"<!-- This site is optimized with the Yoast SEO plugin v26.6 - https:\/\/yoast.com\/wordpress\/plugins\/seo\/ -->\n<title>Golcuro y Notas en griego: El locutor de radio que inventaba partidos de f\u00fatbol - Catalogo | Letrame Grupo Editorial<\/title>\n<meta name=\"robots\" content=\"index, follow, max-snippet:-1, max-image-preview:large, max-video-preview:-1\" \/>\n<link rel=\"canonical\" href=\"https:\/\/letrame.com\/catalogo\/producto\/golcuro-y-notas-en-griego-el-locutor-de-radio-que-inventaba-partidos-de-futbol\/\" \/>\n<meta property=\"og:locale\" content=\"es_ES\" \/>\n<meta property=\"og:type\" content=\"article\" \/>\n<meta property=\"og:title\" content=\"Golcuro y Notas en griego: El locutor de radio que inventaba partidos de f\u00fatbol - Catalogo | Letrame Grupo Editorial\" \/>\n<meta property=\"og:description\" content=\"ISBN: 9791370127343 SINOPSIS  Golcuro y Notas en griego re\u00fane dos novelas distintas, pero profundamente conectadas por una misma obsesi\u00f3n: el deseo de sentido en un mundo donde la verdad es ambigua y la rutina, devastadora. \u00a1En Golcuro, un locutor de radio transforma la historia de su pa\u00eds con una voz. Una voz que se convierte en mito. La palabra se alza como poder fundacional, capaz de construir identidad, orgullo y destino colectivo. Es una historia sobre el lenguaje como herramienta pol\u00edtica, emocional y espiritual, donde los l\u00edmites entre realidad y ficci\u00f3n se difuminan con peligrosa belleza. En Notas en griego, la atm\u00f3sfera se torna m\u00e1s oscura, m\u00e1s \u00edntima. Ulises, un hombre atrapado en la repetici\u00f3n vac\u00eda de los d\u00edas, encuentra en un grupo de extra\u00f1os la posibilidad de romper su rutina con actos \u00ab\u00e9picos\u00bb. Pero toda acci\u00f3n, incluso la m\u00e1s simb\u00f3lica, tiene consecuencias. Pedro Venegas Ibieta despliega en estas dos obras un universo narrativo singular, marcado por la iron\u00eda, la poes\u00eda y una lucidez inquietante. La voz, el tiempo, la memoria y la derrota son materia viva de un d\u00edptico literario que no busca consuelo, sino revelaci\u00f3n. Dos novelas que enfrentan lo colectivo y lo individual, el mito y la rutina, lo sublime y lo grotes\u00e7o, en una exploraci\u00f3n tan cr\u00edtica como profundamente humana.\" \/>\n<meta property=\"og:url\" content=\"https:\/\/letrame.com\/catalogo\/producto\/golcuro-y-notas-en-griego-el-locutor-de-radio-que-inventaba-partidos-de-futbol\/\" \/>\n<meta property=\"og:site_name\" content=\"Catalogo | Letrame Grupo Editorial\" \/>\n<meta property=\"article:modified_time\" content=\"2025-09-22T13:22:10+00:00\" \/>\n<meta property=\"og:image\" content=\"https:\/\/letrame.com\/catalogo\/wp-content\/uploads\/2025\/09\/golcuroynovelas_1334mm4.jpg\" \/>\n\t<meta property=\"og:image:width\" content=\"443\" \/>\n\t<meta property=\"og:image:height\" content=\"650\" \/>\n\t<meta property=\"og:image:type\" content=\"image\/jpeg\" \/>\n<meta name=\"twitter:card\" content=\"summary_large_image\" \/>\n<meta name=\"twitter:label1\" content=\"Tiempo de lectura\" \/>\n\t<meta name=\"twitter:data1\" content=\"2 minutos\" \/>\n<script type=\"application\/ld+json\" class=\"yoast-schema-graph\">{\"@context\":\"https:\/\/schema.org\",\"@graph\":[{\"@type\":\"WebPage\",\"@id\":\"https:\/\/letrame.com\/catalogo\/producto\/golcuro-y-notas-en-griego-el-locutor-de-radio-que-inventaba-partidos-de-futbol\/\",\"url\":\"https:\/\/letrame.com\/catalogo\/producto\/golcuro-y-notas-en-griego-el-locutor-de-radio-que-inventaba-partidos-de-futbol\/\",\"name\":\"Golcuro y Notas en griego: El locutor de radio que inventaba partidos de f\u00fatbol - Catalogo | Letrame Grupo Editorial\",\"isPartOf\":{\"@id\":\"https:\/\/letrame.com\/catalogo\/#website\"},\"primaryImageOfPage\":{\"@id\":\"https:\/\/letrame.com\/catalogo\/producto\/golcuro-y-notas-en-griego-el-locutor-de-radio-que-inventaba-partidos-de-futbol\/#primaryimage\"},\"image\":{\"@id\":\"https:\/\/letrame.com\/catalogo\/producto\/golcuro-y-notas-en-griego-el-locutor-de-radio-que-inventaba-partidos-de-futbol\/#primaryimage\"},\"thumbnailUrl\":\"https:\/\/letrame.com\/catalogo\/wp-content\/uploads\/2025\/09\/golcuroynovelas_1334mm4.jpg\",\"datePublished\":\"2025-09-22T13:20:24+00:00\",\"dateModified\":\"2025-09-22T13:22:10+00:00\",\"breadcrumb\":{\"@id\":\"https:\/\/letrame.com\/catalogo\/producto\/golcuro-y-notas-en-griego-el-locutor-de-radio-que-inventaba-partidos-de-futbol\/#breadcrumb\"},\"inLanguage\":\"es\",\"potentialAction\":[{\"@type\":\"ReadAction\",\"target\":[\"https:\/\/letrame.com\/catalogo\/producto\/golcuro-y-notas-en-griego-el-locutor-de-radio-que-inventaba-partidos-de-futbol\/\"]}]},{\"@type\":\"ImageObject\",\"inLanguage\":\"es\",\"@id\":\"https:\/\/letrame.com\/catalogo\/producto\/golcuro-y-notas-en-griego-el-locutor-de-radio-que-inventaba-partidos-de-futbol\/#primaryimage\",\"url\":\"https:\/\/letrame.com\/catalogo\/wp-content\/uploads\/2025\/09\/golcuroynovelas_1334mm4.jpg\",\"contentUrl\":\"https:\/\/letrame.com\/catalogo\/wp-content\/uploads\/2025\/09\/golcuroynovelas_1334mm4.jpg\",\"width\":443,\"height\":650},{\"@type\":\"BreadcrumbList\",\"@id\":\"https:\/\/letrame.com\/catalogo\/producto\/golcuro-y-notas-en-griego-el-locutor-de-radio-que-inventaba-partidos-de-futbol\/#breadcrumb\",\"itemListElement\":[{\"@type\":\"ListItem\",\"position\":1,\"name\":\"Portada\",\"item\":\"https:\/\/letrame.com\/catalogo\/\"},{\"@type\":\"ListItem\",\"position\":2,\"name\":\"Cat\u00e1logo\",\"item\":\"https:\/\/letrame.com\/catalogo\/\"},{\"@type\":\"ListItem\",\"position\":3,\"name\":\"Golcuro y Notas en griego: El locutor de radio que inventaba partidos de f\u00fatbol\"}]},{\"@type\":\"WebSite\",\"@id\":\"https:\/\/letrame.com\/catalogo\/#website\",\"url\":\"https:\/\/letrame.com\/catalogo\/\",\"name\":\"Catalogo | Letrame Grupo Editorial\",\"description\":\"\",\"publisher\":{\"@id\":\"https:\/\/letrame.com\/catalogo\/#organization\"},\"potentialAction\":[{\"@type\":\"SearchAction\",\"target\":{\"@type\":\"EntryPoint\",\"urlTemplate\":\"https:\/\/letrame.com\/catalogo\/?s={search_term_string}\"},\"query-input\":{\"@type\":\"PropertyValueSpecification\",\"valueRequired\":true,\"valueName\":\"search_term_string\"}}],\"inLanguage\":\"es\"},{\"@type\":\"Organization\",\"@id\":\"https:\/\/letrame.com\/catalogo\/#organization\",\"name\":\"Catalogo | Letrame Grupo Editorial\",\"url\":\"https:\/\/letrame.com\/catalogo\/\",\"logo\":{\"@type\":\"ImageObject\",\"inLanguage\":\"es\",\"@id\":\"https:\/\/letrame.com\/catalogo\/#\/schema\/logo\/image\/\",\"url\":\"https:\/\/letrame.com\/catalogo\/wp-content\/uploads\/2024\/03\/logo2.webp\",\"contentUrl\":\"https:\/\/letrame.com\/catalogo\/wp-content\/uploads\/2024\/03\/logo2.webp\",\"width\":394,\"height\":128,\"caption\":\"Catalogo | Letrame Grupo Editorial\"},\"image\":{\"@id\":\"https:\/\/letrame.com\/catalogo\/#\/schema\/logo\/image\/\"}}]}<\/script>\n<!-- \/ Yoast SEO plugin. -->","yoast_head_json":{"title":"Golcuro y Notas en griego: El locutor de radio que inventaba partidos de f\u00fatbol - Catalogo | Letrame Grupo Editorial","robots":{"index":"index","follow":"follow","max-snippet":"max-snippet:-1","max-image-preview":"max-image-preview:large","max-video-preview":"max-video-preview:-1"},"canonical":"https:\/\/letrame.com\/catalogo\/producto\/golcuro-y-notas-en-griego-el-locutor-de-radio-que-inventaba-partidos-de-futbol\/","og_locale":"es_ES","og_type":"article","og_title":"Golcuro y Notas en griego: El locutor de radio que inventaba partidos de f\u00fatbol - Catalogo | Letrame Grupo Editorial","og_description":"ISBN: 9791370127343 SINOPSIS  Golcuro y Notas en griego re\u00fane dos novelas distintas, pero profundamente conectadas por una misma obsesi\u00f3n: el deseo de sentido en un mundo donde la verdad es ambigua y la rutina, devastadora. \u00a1En Golcuro, un locutor de radio transforma la historia de su pa\u00eds con una voz. Una voz que se convierte en mito. La palabra se alza como poder fundacional, capaz de construir identidad, orgullo y destino colectivo. Es una historia sobre el lenguaje como herramienta pol\u00edtica, emocional y espiritual, donde los l\u00edmites entre realidad y ficci\u00f3n se difuminan con peligrosa belleza. En Notas en griego, la atm\u00f3sfera se torna m\u00e1s oscura, m\u00e1s \u00edntima. Ulises, un hombre atrapado en la repetici\u00f3n vac\u00eda de los d\u00edas, encuentra en un grupo de extra\u00f1os la posibilidad de romper su rutina con actos \u00ab\u00e9picos\u00bb. Pero toda acci\u00f3n, incluso la m\u00e1s simb\u00f3lica, tiene consecuencias. Pedro Venegas Ibieta despliega en estas dos obras un universo narrativo singular, marcado por la iron\u00eda, la poes\u00eda y una lucidez inquietante. La voz, el tiempo, la memoria y la derrota son materia viva de un d\u00edptico literario que no busca consuelo, sino revelaci\u00f3n. Dos novelas que enfrentan lo colectivo y lo individual, el mito y la rutina, lo sublime y lo grotes\u00e7o, en una exploraci\u00f3n tan cr\u00edtica como profundamente humana.","og_url":"https:\/\/letrame.com\/catalogo\/producto\/golcuro-y-notas-en-griego-el-locutor-de-radio-que-inventaba-partidos-de-futbol\/","og_site_name":"Catalogo | Letrame Grupo Editorial","article_modified_time":"2025-09-22T13:22:10+00:00","og_image":[{"width":443,"height":650,"url":"https:\/\/letrame.com\/catalogo\/wp-content\/uploads\/2025\/09\/golcuroynovelas_1334mm4.jpg","type":"image\/jpeg"}],"twitter_card":"summary_large_image","twitter_misc":{"Tiempo de lectura":"2 minutos"},"schema":{"@context":"https:\/\/schema.org","@graph":[{"@type":"WebPage","@id":"https:\/\/letrame.com\/catalogo\/producto\/golcuro-y-notas-en-griego-el-locutor-de-radio-que-inventaba-partidos-de-futbol\/","url":"https:\/\/letrame.com\/catalogo\/producto\/golcuro-y-notas-en-griego-el-locutor-de-radio-que-inventaba-partidos-de-futbol\/","name":"Golcuro y Notas en griego: El locutor de radio que inventaba partidos de f\u00fatbol - Catalogo | Letrame Grupo Editorial","isPartOf":{"@id":"https:\/\/letrame.com\/catalogo\/#website"},"primaryImageOfPage":{"@id":"https:\/\/letrame.com\/catalogo\/producto\/golcuro-y-notas-en-griego-el-locutor-de-radio-que-inventaba-partidos-de-futbol\/#primaryimage"},"image":{"@id":"https:\/\/letrame.com\/catalogo\/producto\/golcuro-y-notas-en-griego-el-locutor-de-radio-que-inventaba-partidos-de-futbol\/#primaryimage"},"thumbnailUrl":"https:\/\/letrame.com\/catalogo\/wp-content\/uploads\/2025\/09\/golcuroynovelas_1334mm4.jpg","datePublished":"2025-09-22T13:20:24+00:00","dateModified":"2025-09-22T13:22:10+00:00","breadcrumb":{"@id":"https:\/\/letrame.com\/catalogo\/producto\/golcuro-y-notas-en-griego-el-locutor-de-radio-que-inventaba-partidos-de-futbol\/#breadcrumb"},"inLanguage":"es","potentialAction":[{"@type":"ReadAction","target":["https:\/\/letrame.com\/catalogo\/producto\/golcuro-y-notas-en-griego-el-locutor-de-radio-que-inventaba-partidos-de-futbol\/"]}]},{"@type":"ImageObject","inLanguage":"es","@id":"https:\/\/letrame.com\/catalogo\/producto\/golcuro-y-notas-en-griego-el-locutor-de-radio-que-inventaba-partidos-de-futbol\/#primaryimage","url":"https:\/\/letrame.com\/catalogo\/wp-content\/uploads\/2025\/09\/golcuroynovelas_1334mm4.jpg","contentUrl":"https:\/\/letrame.com\/catalogo\/wp-content\/uploads\/2025\/09\/golcuroynovelas_1334mm4.jpg","width":443,"height":650},{"@type":"BreadcrumbList","@id":"https:\/\/letrame.com\/catalogo\/producto\/golcuro-y-notas-en-griego-el-locutor-de-radio-que-inventaba-partidos-de-futbol\/#breadcrumb","itemListElement":[{"@type":"ListItem","position":1,"name":"Portada","item":"https:\/\/letrame.com\/catalogo\/"},{"@type":"ListItem","position":2,"name":"Cat\u00e1logo","item":"https:\/\/letrame.com\/catalogo\/"},{"@type":"ListItem","position":3,"name":"Golcuro y Notas en griego: El locutor de radio que inventaba partidos de f\u00fatbol"}]},{"@type":"WebSite","@id":"https:\/\/letrame.com\/catalogo\/#website","url":"https:\/\/letrame.com\/catalogo\/","name":"Catalogo | Letrame Grupo Editorial","description":"","publisher":{"@id":"https:\/\/letrame.com\/catalogo\/#organization"},"potentialAction":[{"@type":"SearchAction","target":{"@type":"EntryPoint","urlTemplate":"https:\/\/letrame.com\/catalogo\/?s={search_term_string}"},"query-input":{"@type":"PropertyValueSpecification","valueRequired":true,"valueName":"search_term_string"}}],"inLanguage":"es"},{"@type":"Organization","@id":"https:\/\/letrame.com\/catalogo\/#organization","name":"Catalogo | Letrame Grupo Editorial","url":"https:\/\/letrame.com\/catalogo\/","logo":{"@type":"ImageObject","inLanguage":"es","@id":"https:\/\/letrame.com\/catalogo\/#\/schema\/logo\/image\/","url":"https:\/\/letrame.com\/catalogo\/wp-content\/uploads\/2024\/03\/logo2.webp","contentUrl":"https:\/\/letrame.com\/catalogo\/wp-content\/uploads\/2024\/03\/logo2.webp","width":394,"height":128,"caption":"Catalogo | Letrame Grupo Editorial"},"image":{"@id":"https:\/\/letrame.com\/catalogo\/#\/schema\/logo\/image\/"}}]}},"_links":{"self":[{"href":"https:\/\/letrame.com\/catalogo\/wp-json\/wp\/v2\/product\/109073","targetHints":{"allow":["GET"]}}],"collection":[{"href":"https:\/\/letrame.com\/catalogo\/wp-json\/wp\/v2\/product"}],"about":[{"href":"https:\/\/letrame.com\/catalogo\/wp-json\/wp\/v2\/types\/product"}],"replies":[{"embeddable":true,"href":"https:\/\/letrame.com\/catalogo\/wp-json\/wp\/v2\/comments?post=109073"}],"acf:post":[{"embeddable":true,"href":"https:\/\/letrame.com\/catalogo\/wp-json\/wp\/v2\/author_book\/109075"}],"wp:featuredmedia":[{"embeddable":true,"href":"https:\/\/letrame.com\/catalogo\/wp-json\/wp\/v2\/media\/109074"}],"wp:attachment":[{"href":"https:\/\/letrame.com\/catalogo\/wp-json\/wp\/v2\/media?parent=109073"}],"wp:term":[{"taxonomy":"libro","embeddable":true,"href":"https:\/\/letrame.com\/catalogo\/wp-json\/wp\/v2\/libro?post=109073"},{"taxonomy":"product_brand","embeddable":true,"href":"https:\/\/letrame.com\/catalogo\/wp-json\/wp\/v2\/product_brand?post=109073"},{"taxonomy":"product_cat","embeddable":true,"href":"https:\/\/letrame.com\/catalogo\/wp-json\/wp\/v2\/product_cat?post=109073"},{"taxonomy":"product_tag","embeddable":true,"href":"https:\/\/letrame.com\/catalogo\/wp-json\/wp\/v2\/product_tag?post=109073"}],"curies":[{"name":"wp","href":"https:\/\/api.w.org\/{rel}","templated":true}]}}