{"id":109056,"date":"2025-09-18T12:26:09","date_gmt":"2025-09-18T10:26:09","guid":{"rendered":"https:\/\/letrame.com\/catalogo\/?post_type=product&#038;p=109056"},"modified":"2025-09-18T12:32:03","modified_gmt":"2025-09-18T10:32:03","slug":"la-ruta-del-exito","status":"publish","type":"product","link":"https:\/\/letrame.com\/catalogo\/producto\/la-ruta-del-exito\/","title":{"rendered":"La ruta del \u00e9xito"},"content":{"rendered":"<p class=\"p1\"><b>ISBN: <\/b>9791370127374<\/p>\n<p class=\"p1\"><b>T\u00edtulo: <\/b>La ruta del \u00e9xito. De chofer a empresario: C\u00f3mo crear, liderar y vender una empresa de log\u00edstica<\/p>\n<p class=\"p1\"><b>Fecha: <\/b>2025<b><\/b><\/p>\n<p><b>P\u00e1ginas: <\/b>204<\/p>\n<p class=\"p1\"><b>SINOPSIS<\/b><\/p>\n<p>Montar una empresa desde cero. Sobrevivir a dos crisis. Facturar millones. Vender en el mejor momento. Y, sobre todo, no perder la cabeza en el intento. Esta es la historia de Mario Garc\u00eda C\u00e1novas, pero tambi\u00e9n puede ser la tuya si est\u00e1s dispuesto a escuchar.<br \/>\nLa ruta del \u00e9xito es una gu\u00eda escrita desde la experiencia real de alguien que ha vivido en el barro empresarial: clientes que no pagan, decisiones que quitan el sue\u00f1o y empleados que se convierten en familia&#8230; o en tu mayor lecci\u00f3n de liderazgo.<br \/>\nAqu\u00ed encontrar\u00e1s reflexiones sinceras, principios que funcionan, errores que duelen, trucos pr\u00e1cticos y verdades inc\u00f3modas. Todo contado sin postureo, con claridad y con la intenci\u00f3n de ayudarte a montar \u2014o enderezar\u2014 tu propio camino.<br \/>\nSi quieres construir algo s\u00f3lido, humano y rentable, aqu\u00ed tienes una ruta probada. Y un gu\u00eda que ya pas\u00f3 por todas las curvas.<b><br \/>\n<\/b><\/p>\n","protected":false},"excerpt":{"rendered":"<p><b>ISBN: <\/b>9791370127374<\/p>\n<p><b>SINOPSIS<\/b><\/p>\n<p>Montar una empresa desde cero. Sobrevivir a dos crisis. Facturar millones. Vender en el mejor momento. Y, sobre todo, no perder la cabeza en el intento. Esta es la historia de Mario Garc\u00eda C\u00e1novas, pero tambi\u00e9n puede ser la tuya si est\u00e1s dispuesto a escuchar.<br \/>\nLa ruta del \u00e9xito es una gu\u00eda escrita desde la experiencia real de alguien que ha vivido en el barro empresarial: clientes que no pagan, decisiones que quitan el sue\u00f1o y empleados que se convierten en familia&#8230; o en tu mayor lecci\u00f3n de liderazgo.<br \/>\nAqu\u00ed encontrar\u00e1s reflexiones sinceras, principios que funcionan, errores que duelen, trucos pr\u00e1cticos y verdades inc\u00f3modas. Todo contado sin postureo, con claridad y con la intenci\u00f3n de ayudarte a montar \u2014o enderezar\u2014 tu propio camino.<br \/>\nSi quieres construir algo s\u00f3lido, humano y rentable, aqu\u00ed tienes una ruta probada. Y un gu\u00eda que ya pas\u00f3 por todas las curvas.<\/p>\n","protected":false},"featured_media":109057,"comment_status":"open","ping_status":"closed","template":"","meta":{"_acf_changed":false},"libro":[],"product_brand":[],"product_cat":[18],"product_tag":[],"class_list":{"0":"post-109056","1":"product","2":"type-product","3":"status-publish","4":"has-post-thumbnail","6":"product_cat-autoayuda","8":"first","9":"instock","10":"shipping-taxable","11":"product-type-simple"},"acf":{"autor":[109059],"enlace_de_compra":"https:\/\/www.amazon.es\/dp\/B0FQBMLZHQ"},"yoast_head":"<!-- This site is optimized with the Yoast SEO plugin v27.4 - https:\/\/yoast.com\/product\/yoast-seo-wordpress\/ -->\n<title>La ruta del \u00e9xito - Catalogo | Letrame Grupo Editorial<\/title>\n<meta name=\"robots\" content=\"index, follow, max-snippet:-1, max-image-preview:large, max-video-preview:-1\" \/>\n<link rel=\"canonical\" href=\"https:\/\/letrame.com\/catalogo\/producto\/la-ruta-del-exito\/\" \/>\n<meta property=\"og:locale\" content=\"es_ES\" \/>\n<meta property=\"og:type\" content=\"article\" \/>\n<meta property=\"og:title\" content=\"La ruta del \u00e9xito - Catalogo | Letrame Grupo Editorial\" \/>\n<meta property=\"og:description\" content=\"ISBN: 9791370127374  SINOPSIS  Montar una empresa desde cero. Sobrevivir a dos crisis. Facturar millones. Vender en el mejor momento. Y, sobre todo, no perder la cabeza en el intento. Esta es la historia de Mario Garc\u00eda C\u00e1novas, pero tambi\u00e9n puede ser la tuya si est\u00e1s dispuesto a escuchar. La ruta del \u00e9xito es una gu\u00eda escrita desde la experiencia real de alguien que ha vivido en el barro empresarial: clientes que no pagan, decisiones que quitan el sue\u00f1o y empleados que se convierten en familia... o en tu mayor lecci\u00f3n de liderazgo. Aqu\u00ed encontrar\u00e1s reflexiones sinceras, principios que funcionan, errores que duelen, trucos pr\u00e1cticos y verdades inc\u00f3modas. Todo contado sin postureo, con claridad y con la intenci\u00f3n de ayudarte a montar \u2014o enderezar\u2014 tu propio camino. Si quieres construir algo s\u00f3lido, humano y rentable, aqu\u00ed tienes una ruta probada. Y un gu\u00eda que ya pas\u00f3 por todas las curvas.\" \/>\n<meta property=\"og:url\" content=\"https:\/\/letrame.com\/catalogo\/producto\/la-ruta-del-exito\/\" \/>\n<meta property=\"og:site_name\" content=\"Catalogo | Letrame Grupo Editorial\" \/>\n<meta property=\"article:modified_time\" content=\"2025-09-18T10:32:03+00:00\" \/>\n<meta property=\"og:image\" content=\"https:\/\/letrame.com\/catalogo\/wp-content\/uploads\/2025\/09\/Larutadelexito_1126mm4.jpg\" \/>\n\t<meta property=\"og:image:width\" content=\"435\" \/>\n\t<meta property=\"og:image:height\" content=\"614\" \/>\n\t<meta property=\"og:image:type\" content=\"image\/jpeg\" \/>\n<meta name=\"twitter:card\" content=\"summary_large_image\" \/>\n<meta name=\"twitter:label1\" content=\"Tiempo de lectura\" \/>\n\t<meta name=\"twitter:data1\" content=\"1 minuto\" \/>\n<script type=\"application\/ld+json\" class=\"yoast-schema-graph\">{\"@context\":\"https:\\\/\\\/schema.org\",\"@graph\":[{\"@type\":\"WebPage\",\"@id\":\"https:\\\/\\\/letrame.com\\\/catalogo\\\/producto\\\/la-ruta-del-exito\\\/\",\"url\":\"https:\\\/\\\/letrame.com\\\/catalogo\\\/producto\\\/la-ruta-del-exito\\\/\",\"name\":\"La ruta del \u00e9xito - Catalogo | Letrame Grupo Editorial\",\"isPartOf\":{\"@id\":\"https:\\\/\\\/letrame.com\\\/catalogo\\\/#website\"},\"primaryImageOfPage\":{\"@id\":\"https:\\\/\\\/letrame.com\\\/catalogo\\\/producto\\\/la-ruta-del-exito\\\/#primaryimage\"},\"image\":{\"@id\":\"https:\\\/\\\/letrame.com\\\/catalogo\\\/producto\\\/la-ruta-del-exito\\\/#primaryimage\"},\"thumbnailUrl\":\"https:\\\/\\\/letrame.com\\\/catalogo\\\/wp-content\\\/uploads\\\/2025\\\/09\\\/Larutadelexito_1126mm4.jpg\",\"datePublished\":\"2025-09-18T10:26:09+00:00\",\"dateModified\":\"2025-09-18T10:32:03+00:00\",\"breadcrumb\":{\"@id\":\"https:\\\/\\\/letrame.com\\\/catalogo\\\/producto\\\/la-ruta-del-exito\\\/#breadcrumb\"},\"inLanguage\":\"es\",\"potentialAction\":[{\"@type\":\"ReadAction\",\"target\":[\"https:\\\/\\\/letrame.com\\\/catalogo\\\/producto\\\/la-ruta-del-exito\\\/\"]}]},{\"@type\":\"ImageObject\",\"inLanguage\":\"es\",\"@id\":\"https:\\\/\\\/letrame.com\\\/catalogo\\\/producto\\\/la-ruta-del-exito\\\/#primaryimage\",\"url\":\"https:\\\/\\\/letrame.com\\\/catalogo\\\/wp-content\\\/uploads\\\/2025\\\/09\\\/Larutadelexito_1126mm4.jpg\",\"contentUrl\":\"https:\\\/\\\/letrame.com\\\/catalogo\\\/wp-content\\\/uploads\\\/2025\\\/09\\\/Larutadelexito_1126mm4.jpg\",\"width\":435,\"height\":614},{\"@type\":\"BreadcrumbList\",\"@id\":\"https:\\\/\\\/letrame.com\\\/catalogo\\\/producto\\\/la-ruta-del-exito\\\/#breadcrumb\",\"itemListElement\":[{\"@type\":\"ListItem\",\"position\":1,\"name\":\"Portada\",\"item\":\"https:\\\/\\\/letrame.com\\\/catalogo\\\/\"},{\"@type\":\"ListItem\",\"position\":2,\"name\":\"Cat\u00e1logo\",\"item\":\"https:\\\/\\\/letrame.com\\\/catalogo\\\/\"},{\"@type\":\"ListItem\",\"position\":3,\"name\":\"La ruta del \u00e9xito\"}]},{\"@type\":\"WebSite\",\"@id\":\"https:\\\/\\\/letrame.com\\\/catalogo\\\/#website\",\"url\":\"https:\\\/\\\/letrame.com\\\/catalogo\\\/\",\"name\":\"Catalogo | Letrame Grupo Editorial\",\"description\":\"\",\"publisher\":{\"@id\":\"https:\\\/\\\/letrame.com\\\/catalogo\\\/#organization\"},\"potentialAction\":[{\"@type\":\"SearchAction\",\"target\":{\"@type\":\"EntryPoint\",\"urlTemplate\":\"https:\\\/\\\/letrame.com\\\/catalogo\\\/?s={search_term_string}\"},\"query-input\":{\"@type\":\"PropertyValueSpecification\",\"valueRequired\":true,\"valueName\":\"search_term_string\"}}],\"inLanguage\":\"es\"},{\"@type\":\"Organization\",\"@id\":\"https:\\\/\\\/letrame.com\\\/catalogo\\\/#organization\",\"name\":\"Catalogo | Letrame Grupo Editorial\",\"url\":\"https:\\\/\\\/letrame.com\\\/catalogo\\\/\",\"logo\":{\"@type\":\"ImageObject\",\"inLanguage\":\"es\",\"@id\":\"https:\\\/\\\/letrame.com\\\/catalogo\\\/#\\\/schema\\\/logo\\\/image\\\/\",\"url\":\"https:\\\/\\\/letrame.com\\\/catalogo\\\/wp-content\\\/uploads\\\/2024\\\/03\\\/logo2.webp\",\"contentUrl\":\"https:\\\/\\\/letrame.com\\\/catalogo\\\/wp-content\\\/uploads\\\/2024\\\/03\\\/logo2.webp\",\"width\":394,\"height\":128,\"caption\":\"Catalogo | Letrame Grupo Editorial\"},\"image\":{\"@id\":\"https:\\\/\\\/letrame.com\\\/catalogo\\\/#\\\/schema\\\/logo\\\/image\\\/\"}}]}<\/script>\n<!-- \/ Yoast SEO plugin. -->","yoast_head_json":{"title":"La ruta del \u00e9xito - Catalogo | Letrame Grupo Editorial","robots":{"index":"index","follow":"follow","max-snippet":"max-snippet:-1","max-image-preview":"max-image-preview:large","max-video-preview":"max-video-preview:-1"},"canonical":"https:\/\/letrame.com\/catalogo\/producto\/la-ruta-del-exito\/","og_locale":"es_ES","og_type":"article","og_title":"La ruta del \u00e9xito - Catalogo | Letrame Grupo Editorial","og_description":"ISBN: 9791370127374  SINOPSIS  Montar una empresa desde cero. Sobrevivir a dos crisis. Facturar millones. Vender en el mejor momento. Y, sobre todo, no perder la cabeza en el intento. Esta es la historia de Mario Garc\u00eda C\u00e1novas, pero tambi\u00e9n puede ser la tuya si est\u00e1s dispuesto a escuchar. La ruta del \u00e9xito es una gu\u00eda escrita desde la experiencia real de alguien que ha vivido en el barro empresarial: clientes que no pagan, decisiones que quitan el sue\u00f1o y empleados que se convierten en familia... o en tu mayor lecci\u00f3n de liderazgo. Aqu\u00ed encontrar\u00e1s reflexiones sinceras, principios que funcionan, errores que duelen, trucos pr\u00e1cticos y verdades inc\u00f3modas. Todo contado sin postureo, con claridad y con la intenci\u00f3n de ayudarte a montar \u2014o enderezar\u2014 tu propio camino. Si quieres construir algo s\u00f3lido, humano y rentable, aqu\u00ed tienes una ruta probada. Y un gu\u00eda que ya pas\u00f3 por todas las curvas.","og_url":"https:\/\/letrame.com\/catalogo\/producto\/la-ruta-del-exito\/","og_site_name":"Catalogo | Letrame Grupo Editorial","article_modified_time":"2025-09-18T10:32:03+00:00","og_image":[{"width":435,"height":614,"url":"https:\/\/letrame.com\/catalogo\/wp-content\/uploads\/2025\/09\/Larutadelexito_1126mm4.jpg","type":"image\/jpeg"}],"twitter_card":"summary_large_image","twitter_misc":{"Tiempo de lectura":"1 minuto"},"schema":{"@context":"https:\/\/schema.org","@graph":[{"@type":"WebPage","@id":"https:\/\/letrame.com\/catalogo\/producto\/la-ruta-del-exito\/","url":"https:\/\/letrame.com\/catalogo\/producto\/la-ruta-del-exito\/","name":"La ruta del \u00e9xito - Catalogo | Letrame Grupo Editorial","isPartOf":{"@id":"https:\/\/letrame.com\/catalogo\/#website"},"primaryImageOfPage":{"@id":"https:\/\/letrame.com\/catalogo\/producto\/la-ruta-del-exito\/#primaryimage"},"image":{"@id":"https:\/\/letrame.com\/catalogo\/producto\/la-ruta-del-exito\/#primaryimage"},"thumbnailUrl":"https:\/\/letrame.com\/catalogo\/wp-content\/uploads\/2025\/09\/Larutadelexito_1126mm4.jpg","datePublished":"2025-09-18T10:26:09+00:00","dateModified":"2025-09-18T10:32:03+00:00","breadcrumb":{"@id":"https:\/\/letrame.com\/catalogo\/producto\/la-ruta-del-exito\/#breadcrumb"},"inLanguage":"es","potentialAction":[{"@type":"ReadAction","target":["https:\/\/letrame.com\/catalogo\/producto\/la-ruta-del-exito\/"]}]},{"@type":"ImageObject","inLanguage":"es","@id":"https:\/\/letrame.com\/catalogo\/producto\/la-ruta-del-exito\/#primaryimage","url":"https:\/\/letrame.com\/catalogo\/wp-content\/uploads\/2025\/09\/Larutadelexito_1126mm4.jpg","contentUrl":"https:\/\/letrame.com\/catalogo\/wp-content\/uploads\/2025\/09\/Larutadelexito_1126mm4.jpg","width":435,"height":614},{"@type":"BreadcrumbList","@id":"https:\/\/letrame.com\/catalogo\/producto\/la-ruta-del-exito\/#breadcrumb","itemListElement":[{"@type":"ListItem","position":1,"name":"Portada","item":"https:\/\/letrame.com\/catalogo\/"},{"@type":"ListItem","position":2,"name":"Cat\u00e1logo","item":"https:\/\/letrame.com\/catalogo\/"},{"@type":"ListItem","position":3,"name":"La ruta del \u00e9xito"}]},{"@type":"WebSite","@id":"https:\/\/letrame.com\/catalogo\/#website","url":"https:\/\/letrame.com\/catalogo\/","name":"Catalogo | Letrame Grupo Editorial","description":"","publisher":{"@id":"https:\/\/letrame.com\/catalogo\/#organization"},"potentialAction":[{"@type":"SearchAction","target":{"@type":"EntryPoint","urlTemplate":"https:\/\/letrame.com\/catalogo\/?s={search_term_string}"},"query-input":{"@type":"PropertyValueSpecification","valueRequired":true,"valueName":"search_term_string"}}],"inLanguage":"es"},{"@type":"Organization","@id":"https:\/\/letrame.com\/catalogo\/#organization","name":"Catalogo | Letrame Grupo Editorial","url":"https:\/\/letrame.com\/catalogo\/","logo":{"@type":"ImageObject","inLanguage":"es","@id":"https:\/\/letrame.com\/catalogo\/#\/schema\/logo\/image\/","url":"https:\/\/letrame.com\/catalogo\/wp-content\/uploads\/2024\/03\/logo2.webp","contentUrl":"https:\/\/letrame.com\/catalogo\/wp-content\/uploads\/2024\/03\/logo2.webp","width":394,"height":128,"caption":"Catalogo | Letrame Grupo Editorial"},"image":{"@id":"https:\/\/letrame.com\/catalogo\/#\/schema\/logo\/image\/"}}]}},"_links":{"self":[{"href":"https:\/\/letrame.com\/catalogo\/wp-json\/wp\/v2\/product\/109056","targetHints":{"allow":["GET"]}}],"collection":[{"href":"https:\/\/letrame.com\/catalogo\/wp-json\/wp\/v2\/product"}],"about":[{"href":"https:\/\/letrame.com\/catalogo\/wp-json\/wp\/v2\/types\/product"}],"replies":[{"embeddable":true,"href":"https:\/\/letrame.com\/catalogo\/wp-json\/wp\/v2\/comments?post=109056"}],"acf:post":[{"embeddable":true,"href":"https:\/\/letrame.com\/catalogo\/wp-json\/wp\/v2\/author_book\/109059"}],"wp:featuredmedia":[{"embeddable":true,"href":"https:\/\/letrame.com\/catalogo\/wp-json\/wp\/v2\/media\/109057"}],"wp:attachment":[{"href":"https:\/\/letrame.com\/catalogo\/wp-json\/wp\/v2\/media?parent=109056"}],"wp:term":[{"taxonomy":"libro","embeddable":true,"href":"https:\/\/letrame.com\/catalogo\/wp-json\/wp\/v2\/libro?post=109056"},{"taxonomy":"product_brand","embeddable":true,"href":"https:\/\/letrame.com\/catalogo\/wp-json\/wp\/v2\/product_brand?post=109056"},{"taxonomy":"product_cat","embeddable":true,"href":"https:\/\/letrame.com\/catalogo\/wp-json\/wp\/v2\/product_cat?post=109056"},{"taxonomy":"product_tag","embeddable":true,"href":"https:\/\/letrame.com\/catalogo\/wp-json\/wp\/v2\/product_tag?post=109056"}],"curies":[{"name":"wp","href":"https:\/\/api.w.org\/{rel}","templated":true}]}}