{"id":109045,"date":"2025-09-16T12:18:02","date_gmt":"2025-09-16T10:18:02","guid":{"rendered":"https:\/\/letrame.com\/catalogo\/?post_type=product&#038;p=109045"},"modified":"2025-09-16T12:23:38","modified_gmt":"2025-09-16T10:23:38","slug":"gisel","status":"publish","type":"product","link":"https:\/\/letrame.com\/catalogo\/producto\/gisel\/","title":{"rendered":"Gisel"},"content":{"rendered":"<p class=\"p1\"><b>ISBN: <\/b>9791370123819<\/p>\n<p class=\"p1\"><b>T\u00edtulo: <\/b>Gisel<b><\/b><\/p>\n<p><b>Fecha: <\/b>2025<b><\/b><\/p>\n<p><b>P\u00e1ginas: <\/b>398<\/p>\n<p class=\"p1\"><b>SINOPSIS<\/b><\/p>\n<p>Cuando Gisel tom\u00f3 contacto con Leo para que la acompa\u00f1ara durante el verano en una singladura en su catamar\u00e1n, ninguno de los dos pod\u00eda imaginar el rumbo que tomar\u00edan los acontecimientos ni su singular desenlace.<br \/>\nEsta historia transcurre a bordo de un velero en el que se muestra el apasionado romance de Gisel Amat, su propietaria, con Leopoldo Soto, navegante y escritor. Provocativa y rica en im\u00e1genes, Gisel rompe muchas de las convenciones de las historias rom\u00e1nticas tradicionales al poner de manifiesto una realidad cuidadosamente silenciada: la de los hombres maltratados por mujeres narcisistas, al tiempo que ofrece una visi\u00f3n realista y descarnada de las relaciones humanas.<br \/>\nCon una prosa detallista y pausada, a veces ir\u00f3nica, y un estilo narrativo refinado y emocionalmente intenso, Jos\u00e9 Manuel Chamorro describe \u2014mediante el astuto an\u00e1lisis de la psicolog\u00eda de sus personajes\u2014 las vicisitudes de esta singular pareja, el peso de los secretos y las mentiras en la p\u00e9rdida de confianza y el desgaste de las relaciones sentimentales.<br \/>\nGisel es una obra que invita a una lectura contemplativa y emocional. Su autor traza con elegancia una historia de amor tard\u00edo, de encuentros improbables y de descubrimientos interiores, con una prosa cuidada, sensible y honesta. Se trata de una novela profundamente humana, que encuentra en lo cotidiano una belleza serena y en la introspecci\u00f3n un refugio frente a la superficialidad del mundo.<b><br \/>\n<\/b><\/p>\n","protected":false},"excerpt":{"rendered":"<p><b>ISBN: <\/b>9791370123819<\/p>\n<p><b>SINOPSIS<\/b><\/p>\n<p>Cuando Gisel tom\u00f3 contacto con Leo para que la acompa\u00f1ara durante el verano en una singladura en su catamar\u00e1n, ninguno de los dos pod\u00eda imaginar el rumbo que tomar\u00edan los acontecimientos ni su singular desenlace.<br \/>\nEsta historia transcurre a bordo de un velero en el que se muestra el apasionado romance de Gisel Amat, su propietaria, con Leopoldo Soto, navegante y escritor. Provocativa y rica en im\u00e1genes, Gisel rompe muchas de las convenciones de las historias rom\u00e1nticas tradicionales al poner de manifiesto una realidad cuidadosamente silenciada: la de los hombres maltratados por mujeres narcisistas, al tiempo que ofrece una visi\u00f3n realista y descarnada de las relaciones humanas.<br \/>\nCon una prosa detallista y pausada, a veces ir\u00f3nica, y un estilo narrativo refinado y emocionalmente intenso, Jos\u00e9 Manuel Chamorro describe \u2014mediante el astuto an\u00e1lisis de la psicolog\u00eda de sus personajes\u2014 las vicisitudes de esta singular pareja, el peso de los secretos y las mentiras en la p\u00e9rdida de confianza y el desgaste de las relaciones sentimentales.<br \/>\nGisel es una obra que invita a una lectura contemplativa y emocional. Su autor traza con elegancia una historia de amor tard\u00edo, de encuentros improbables y de descubrimientos interiores, con una prosa cuidada, sensible y honesta. Se trata de una novela profundamente humana, que encuentra en lo cotidiano una belleza serena y en la introspecci\u00f3n un refugio frente a la superficialidad del mundo.<\/p>\n","protected":false},"featured_media":109046,"comment_status":"open","ping_status":"closed","template":"","meta":{"_acf_changed":false},"libro":[],"product_brand":[],"product_cat":[141],"product_tag":[],"class_list":{"0":"post-109045","1":"product","2":"type-product","3":"status-publish","4":"has-post-thumbnail","6":"product_cat-ficcion","8":"first","9":"instock","10":"shipping-taxable","11":"product-type-simple"},"acf":{"autor":[109047],"enlace_de_compra":"https:\/\/www.amazon.es\/dp\/B0FBRB41B5"},"yoast_head":"<!-- This site is optimized with the Yoast SEO plugin v27.4 - https:\/\/yoast.com\/product\/yoast-seo-wordpress\/ -->\n<title>Gisel - Catalogo | Letrame Grupo Editorial<\/title>\n<meta name=\"robots\" content=\"index, follow, max-snippet:-1, max-image-preview:large, max-video-preview:-1\" \/>\n<link rel=\"canonical\" href=\"https:\/\/letrame.com\/catalogo\/producto\/gisel\/\" \/>\n<meta property=\"og:locale\" content=\"es_ES\" \/>\n<meta property=\"og:type\" content=\"article\" \/>\n<meta property=\"og:title\" content=\"Gisel - Catalogo | Letrame Grupo Editorial\" \/>\n<meta property=\"og:description\" content=\"ISBN: 9791370123819  SINOPSIS  Cuando Gisel tom\u00f3 contacto con Leo para que la acompa\u00f1ara durante el verano en una singladura en su catamar\u00e1n, ninguno de los dos pod\u00eda imaginar el rumbo que tomar\u00edan los acontecimientos ni su singular desenlace. Esta historia transcurre a bordo de un velero en el que se muestra el apasionado romance de Gisel Amat, su propietaria, con Leopoldo Soto, navegante y escritor. Provocativa y rica en im\u00e1genes, Gisel rompe muchas de las convenciones de las historias rom\u00e1nticas tradicionales al poner de manifiesto una realidad cuidadosamente silenciada: la de los hombres maltratados por mujeres narcisistas, al tiempo que ofrece una visi\u00f3n realista y descarnada de las relaciones humanas. Con una prosa detallista y pausada, a veces ir\u00f3nica, y un estilo narrativo refinado y emocionalmente intenso, Jos\u00e9 Manuel Chamorro describe \u2014mediante el astuto an\u00e1lisis de la psicolog\u00eda de sus personajes\u2014 las vicisitudes de esta singular pareja, el peso de los secretos y las mentiras en la p\u00e9rdida de confianza y el desgaste de las relaciones sentimentales. Gisel es una obra que invita a una lectura contemplativa y emocional. Su autor traza con elegancia una historia de amor tard\u00edo, de encuentros improbables y de descubrimientos interiores, con una prosa cuidada, sensible y honesta. Se trata de una novela profundamente humana, que encuentra en lo cotidiano una belleza serena y en la introspecci\u00f3n un refugio frente a la superficialidad del mundo.\" \/>\n<meta property=\"og:url\" content=\"https:\/\/letrame.com\/catalogo\/producto\/gisel\/\" \/>\n<meta property=\"og:site_name\" content=\"Catalogo | Letrame Grupo Editorial\" \/>\n<meta property=\"article:modified_time\" content=\"2025-09-16T10:23:38+00:00\" \/>\n<meta property=\"og:image\" content=\"https:\/\/letrame.com\/catalogo\/wp-content\/uploads\/2025\/09\/gisel_1943mm4.jpg\" \/>\n\t<meta property=\"og:image:width\" content=\"384\" \/>\n\t<meta property=\"og:image:height\" content=\"537\" \/>\n\t<meta property=\"og:image:type\" content=\"image\/jpeg\" \/>\n<meta name=\"twitter:card\" content=\"summary_large_image\" \/>\n<meta name=\"twitter:label1\" content=\"Tiempo de lectura\" \/>\n\t<meta name=\"twitter:data1\" content=\"2 minutos\" \/>\n<script type=\"application\/ld+json\" class=\"yoast-schema-graph\">{\"@context\":\"https:\\\/\\\/schema.org\",\"@graph\":[{\"@type\":\"WebPage\",\"@id\":\"https:\\\/\\\/letrame.com\\\/catalogo\\\/producto\\\/gisel\\\/\",\"url\":\"https:\\\/\\\/letrame.com\\\/catalogo\\\/producto\\\/gisel\\\/\",\"name\":\"Gisel - Catalogo | Letrame Grupo Editorial\",\"isPartOf\":{\"@id\":\"https:\\\/\\\/letrame.com\\\/catalogo\\\/#website\"},\"primaryImageOfPage\":{\"@id\":\"https:\\\/\\\/letrame.com\\\/catalogo\\\/producto\\\/gisel\\\/#primaryimage\"},\"image\":{\"@id\":\"https:\\\/\\\/letrame.com\\\/catalogo\\\/producto\\\/gisel\\\/#primaryimage\"},\"thumbnailUrl\":\"https:\\\/\\\/letrame.com\\\/catalogo\\\/wp-content\\\/uploads\\\/2025\\\/09\\\/gisel_1943mm4.jpg\",\"datePublished\":\"2025-09-16T10:18:02+00:00\",\"dateModified\":\"2025-09-16T10:23:38+00:00\",\"breadcrumb\":{\"@id\":\"https:\\\/\\\/letrame.com\\\/catalogo\\\/producto\\\/gisel\\\/#breadcrumb\"},\"inLanguage\":\"es\",\"potentialAction\":[{\"@type\":\"ReadAction\",\"target\":[\"https:\\\/\\\/letrame.com\\\/catalogo\\\/producto\\\/gisel\\\/\"]}]},{\"@type\":\"ImageObject\",\"inLanguage\":\"es\",\"@id\":\"https:\\\/\\\/letrame.com\\\/catalogo\\\/producto\\\/gisel\\\/#primaryimage\",\"url\":\"https:\\\/\\\/letrame.com\\\/catalogo\\\/wp-content\\\/uploads\\\/2025\\\/09\\\/gisel_1943mm4.jpg\",\"contentUrl\":\"https:\\\/\\\/letrame.com\\\/catalogo\\\/wp-content\\\/uploads\\\/2025\\\/09\\\/gisel_1943mm4.jpg\",\"width\":384,\"height\":537},{\"@type\":\"BreadcrumbList\",\"@id\":\"https:\\\/\\\/letrame.com\\\/catalogo\\\/producto\\\/gisel\\\/#breadcrumb\",\"itemListElement\":[{\"@type\":\"ListItem\",\"position\":1,\"name\":\"Portada\",\"item\":\"https:\\\/\\\/letrame.com\\\/catalogo\\\/\"},{\"@type\":\"ListItem\",\"position\":2,\"name\":\"Cat\u00e1logo\",\"item\":\"https:\\\/\\\/letrame.com\\\/catalogo\\\/\"},{\"@type\":\"ListItem\",\"position\":3,\"name\":\"Gisel\"}]},{\"@type\":\"WebSite\",\"@id\":\"https:\\\/\\\/letrame.com\\\/catalogo\\\/#website\",\"url\":\"https:\\\/\\\/letrame.com\\\/catalogo\\\/\",\"name\":\"Catalogo | Letrame Grupo Editorial\",\"description\":\"\",\"publisher\":{\"@id\":\"https:\\\/\\\/letrame.com\\\/catalogo\\\/#organization\"},\"potentialAction\":[{\"@type\":\"SearchAction\",\"target\":{\"@type\":\"EntryPoint\",\"urlTemplate\":\"https:\\\/\\\/letrame.com\\\/catalogo\\\/?s={search_term_string}\"},\"query-input\":{\"@type\":\"PropertyValueSpecification\",\"valueRequired\":true,\"valueName\":\"search_term_string\"}}],\"inLanguage\":\"es\"},{\"@type\":\"Organization\",\"@id\":\"https:\\\/\\\/letrame.com\\\/catalogo\\\/#organization\",\"name\":\"Catalogo | Letrame Grupo Editorial\",\"url\":\"https:\\\/\\\/letrame.com\\\/catalogo\\\/\",\"logo\":{\"@type\":\"ImageObject\",\"inLanguage\":\"es\",\"@id\":\"https:\\\/\\\/letrame.com\\\/catalogo\\\/#\\\/schema\\\/logo\\\/image\\\/\",\"url\":\"https:\\\/\\\/letrame.com\\\/catalogo\\\/wp-content\\\/uploads\\\/2024\\\/03\\\/logo2.webp\",\"contentUrl\":\"https:\\\/\\\/letrame.com\\\/catalogo\\\/wp-content\\\/uploads\\\/2024\\\/03\\\/logo2.webp\",\"width\":394,\"height\":128,\"caption\":\"Catalogo | Letrame Grupo Editorial\"},\"image\":{\"@id\":\"https:\\\/\\\/letrame.com\\\/catalogo\\\/#\\\/schema\\\/logo\\\/image\\\/\"}}]}<\/script>\n<!-- \/ Yoast SEO plugin. -->","yoast_head_json":{"title":"Gisel - Catalogo | Letrame Grupo Editorial","robots":{"index":"index","follow":"follow","max-snippet":"max-snippet:-1","max-image-preview":"max-image-preview:large","max-video-preview":"max-video-preview:-1"},"canonical":"https:\/\/letrame.com\/catalogo\/producto\/gisel\/","og_locale":"es_ES","og_type":"article","og_title":"Gisel - Catalogo | Letrame Grupo Editorial","og_description":"ISBN: 9791370123819  SINOPSIS  Cuando Gisel tom\u00f3 contacto con Leo para que la acompa\u00f1ara durante el verano en una singladura en su catamar\u00e1n, ninguno de los dos pod\u00eda imaginar el rumbo que tomar\u00edan los acontecimientos ni su singular desenlace. Esta historia transcurre a bordo de un velero en el que se muestra el apasionado romance de Gisel Amat, su propietaria, con Leopoldo Soto, navegante y escritor. Provocativa y rica en im\u00e1genes, Gisel rompe muchas de las convenciones de las historias rom\u00e1nticas tradicionales al poner de manifiesto una realidad cuidadosamente silenciada: la de los hombres maltratados por mujeres narcisistas, al tiempo que ofrece una visi\u00f3n realista y descarnada de las relaciones humanas. Con una prosa detallista y pausada, a veces ir\u00f3nica, y un estilo narrativo refinado y emocionalmente intenso, Jos\u00e9 Manuel Chamorro describe \u2014mediante el astuto an\u00e1lisis de la psicolog\u00eda de sus personajes\u2014 las vicisitudes de esta singular pareja, el peso de los secretos y las mentiras en la p\u00e9rdida de confianza y el desgaste de las relaciones sentimentales. Gisel es una obra que invita a una lectura contemplativa y emocional. Su autor traza con elegancia una historia de amor tard\u00edo, de encuentros improbables y de descubrimientos interiores, con una prosa cuidada, sensible y honesta. Se trata de una novela profundamente humana, que encuentra en lo cotidiano una belleza serena y en la introspecci\u00f3n un refugio frente a la superficialidad del mundo.","og_url":"https:\/\/letrame.com\/catalogo\/producto\/gisel\/","og_site_name":"Catalogo | Letrame Grupo Editorial","article_modified_time":"2025-09-16T10:23:38+00:00","og_image":[{"width":384,"height":537,"url":"https:\/\/letrame.com\/catalogo\/wp-content\/uploads\/2025\/09\/gisel_1943mm4.jpg","type":"image\/jpeg"}],"twitter_card":"summary_large_image","twitter_misc":{"Tiempo de lectura":"2 minutos"},"schema":{"@context":"https:\/\/schema.org","@graph":[{"@type":"WebPage","@id":"https:\/\/letrame.com\/catalogo\/producto\/gisel\/","url":"https:\/\/letrame.com\/catalogo\/producto\/gisel\/","name":"Gisel - Catalogo | Letrame Grupo Editorial","isPartOf":{"@id":"https:\/\/letrame.com\/catalogo\/#website"},"primaryImageOfPage":{"@id":"https:\/\/letrame.com\/catalogo\/producto\/gisel\/#primaryimage"},"image":{"@id":"https:\/\/letrame.com\/catalogo\/producto\/gisel\/#primaryimage"},"thumbnailUrl":"https:\/\/letrame.com\/catalogo\/wp-content\/uploads\/2025\/09\/gisel_1943mm4.jpg","datePublished":"2025-09-16T10:18:02+00:00","dateModified":"2025-09-16T10:23:38+00:00","breadcrumb":{"@id":"https:\/\/letrame.com\/catalogo\/producto\/gisel\/#breadcrumb"},"inLanguage":"es","potentialAction":[{"@type":"ReadAction","target":["https:\/\/letrame.com\/catalogo\/producto\/gisel\/"]}]},{"@type":"ImageObject","inLanguage":"es","@id":"https:\/\/letrame.com\/catalogo\/producto\/gisel\/#primaryimage","url":"https:\/\/letrame.com\/catalogo\/wp-content\/uploads\/2025\/09\/gisel_1943mm4.jpg","contentUrl":"https:\/\/letrame.com\/catalogo\/wp-content\/uploads\/2025\/09\/gisel_1943mm4.jpg","width":384,"height":537},{"@type":"BreadcrumbList","@id":"https:\/\/letrame.com\/catalogo\/producto\/gisel\/#breadcrumb","itemListElement":[{"@type":"ListItem","position":1,"name":"Portada","item":"https:\/\/letrame.com\/catalogo\/"},{"@type":"ListItem","position":2,"name":"Cat\u00e1logo","item":"https:\/\/letrame.com\/catalogo\/"},{"@type":"ListItem","position":3,"name":"Gisel"}]},{"@type":"WebSite","@id":"https:\/\/letrame.com\/catalogo\/#website","url":"https:\/\/letrame.com\/catalogo\/","name":"Catalogo | Letrame Grupo Editorial","description":"","publisher":{"@id":"https:\/\/letrame.com\/catalogo\/#organization"},"potentialAction":[{"@type":"SearchAction","target":{"@type":"EntryPoint","urlTemplate":"https:\/\/letrame.com\/catalogo\/?s={search_term_string}"},"query-input":{"@type":"PropertyValueSpecification","valueRequired":true,"valueName":"search_term_string"}}],"inLanguage":"es"},{"@type":"Organization","@id":"https:\/\/letrame.com\/catalogo\/#organization","name":"Catalogo | Letrame Grupo Editorial","url":"https:\/\/letrame.com\/catalogo\/","logo":{"@type":"ImageObject","inLanguage":"es","@id":"https:\/\/letrame.com\/catalogo\/#\/schema\/logo\/image\/","url":"https:\/\/letrame.com\/catalogo\/wp-content\/uploads\/2024\/03\/logo2.webp","contentUrl":"https:\/\/letrame.com\/catalogo\/wp-content\/uploads\/2024\/03\/logo2.webp","width":394,"height":128,"caption":"Catalogo | Letrame Grupo Editorial"},"image":{"@id":"https:\/\/letrame.com\/catalogo\/#\/schema\/logo\/image\/"}}]}},"_links":{"self":[{"href":"https:\/\/letrame.com\/catalogo\/wp-json\/wp\/v2\/product\/109045","targetHints":{"allow":["GET"]}}],"collection":[{"href":"https:\/\/letrame.com\/catalogo\/wp-json\/wp\/v2\/product"}],"about":[{"href":"https:\/\/letrame.com\/catalogo\/wp-json\/wp\/v2\/types\/product"}],"replies":[{"embeddable":true,"href":"https:\/\/letrame.com\/catalogo\/wp-json\/wp\/v2\/comments?post=109045"}],"acf:post":[{"embeddable":true,"href":"https:\/\/letrame.com\/catalogo\/wp-json\/wp\/v2\/author_book\/109047"}],"wp:featuredmedia":[{"embeddable":true,"href":"https:\/\/letrame.com\/catalogo\/wp-json\/wp\/v2\/media\/109046"}],"wp:attachment":[{"href":"https:\/\/letrame.com\/catalogo\/wp-json\/wp\/v2\/media?parent=109045"}],"wp:term":[{"taxonomy":"libro","embeddable":true,"href":"https:\/\/letrame.com\/catalogo\/wp-json\/wp\/v2\/libro?post=109045"},{"taxonomy":"product_brand","embeddable":true,"href":"https:\/\/letrame.com\/catalogo\/wp-json\/wp\/v2\/product_brand?post=109045"},{"taxonomy":"product_cat","embeddable":true,"href":"https:\/\/letrame.com\/catalogo\/wp-json\/wp\/v2\/product_cat?post=109045"},{"taxonomy":"product_tag","embeddable":true,"href":"https:\/\/letrame.com\/catalogo\/wp-json\/wp\/v2\/product_tag?post=109045"}],"curies":[{"name":"wp","href":"https:\/\/api.w.org\/{rel}","templated":true}]}}