{"id":108875,"date":"2025-09-04T13:15:22","date_gmt":"2025-09-04T11:15:22","guid":{"rendered":"https:\/\/letrame.com\/catalogo\/?post_type=product&#038;p=108875"},"modified":"2025-09-04T13:17:27","modified_gmt":"2025-09-04T11:17:27","slug":"el-silencio-de-santa-rita-la-sombra-de-alejandro","status":"publish","type":"product","link":"https:\/\/letrame.com\/catalogo\/producto\/el-silencio-de-santa-rita-la-sombra-de-alejandro\/","title":{"rendered":"El silencio de Santa Rita: La sombra de Alejandro"},"content":{"rendered":"<p class=\"p1\"><b>ISBN: <\/b>9791370125165<b><\/b><\/p>\n<p class=\"p1\"><b>T\u00edtulo: <\/b>El silencio de Santa Rita: La sombra de Alejandro. Nada se olvida, todo se paga&#8230;<b><\/b><\/p>\n<p><strong>Fecha<\/strong>: 2025<b><\/b><\/p>\n<p><strong>P\u00e1ginas<\/strong>: 424<b><\/b><\/p>\n<p class=\"p1\"><b>SINOPSIS<\/b><\/p>\n<p>En Santa Rita nunca pasa nada&#8230; hasta que ocurre lo inevitable.<br \/>\nCuando Alejandro Rodr\u00edguez aparece en el centro del caso m\u00e1s perturbador que ha vivido el pueblo, nadie sabe con certeza qu\u00e9 ha ocurrido. Solo se habla de \u00e9l. De su silencio. De su sombra.<br \/>\nMientras el pueblo murmura y el caso se transforma en titular, lo que Alejandro escribe desde su celda desvela algo m\u00e1s que un crimen: un recorrido por los silencios de una infancia quebrada, por los gestos invisibles que construyen un verdugo, por el deseo de justicia que nace donde el amor no llega&#8230;<br \/>\nEl silencio de Santa Rita es un retrato sombr\u00edo de una sociedad que prefiere mirar hacia otro lado. Una confesi\u00f3n. Una advertencia. Y una pregunta inc\u00f3moda: \u00bfcu\u00e1ntos Alejandros hay esperando su detonante?<br \/>\nOscura, directa y profundamente humana, Vicente Ariel Mu\u00f1oz<br \/>\nAugusto entrega una novela que se clava como una espina&#8230; y no se suelta f\u00e1cilmente.<b><br \/>\n<\/b><\/p>\n","protected":false},"excerpt":{"rendered":"<p><b>ISBN: <\/b>9791370125165<\/p>\n<p><b>SINOPSIS<\/b><\/p>\n<p>En Santa Rita nunca pasa nada&#8230; hasta que ocurre lo inevitable.<br \/>\nCuando Alejandro Rodr\u00edguez aparece en el centro del caso m\u00e1s perturbador que ha vivido el pueblo, nadie sabe con certeza qu\u00e9 ha ocurrido. Solo se habla de \u00e9l. De su silencio. De su sombra.<br \/>\nMientras el pueblo murmura y el caso se transforma en titular, lo que Alejandro escribe desde su celda desvela algo m\u00e1s que un crimen: un recorrido por los silencios de una infancia quebrada, por los gestos invisibles que construyen un verdugo, por el deseo de justicia que nace donde el amor no llega&#8230;<br \/>\nEl silencio de Santa Rita es un retrato sombr\u00edo de una sociedad que prefiere mirar hacia otro lado. Una confesi\u00f3n. Una advertencia. Y una pregunta inc\u00f3moda: \u00bfcu\u00e1ntos Alejandros hay esperando su detonante?<br \/>\nOscura, directa y profundamente humana, Vicente Ariel Mu\u00f1oz<br \/>\nAugusto entrega una novela que se clava como una espina&#8230; y no se suelta f\u00e1cilmente.<\/p>\n","protected":false},"featured_media":108876,"comment_status":"open","ping_status":"closed","template":"","meta":{"_acf_changed":false},"libro":[],"product_brand":[],"product_cat":[51],"product_tag":[],"class_list":{"0":"post-108875","1":"product","2":"type-product","3":"status-publish","4":"has-post-thumbnail","6":"product_cat-novela-negra","8":"first","9":"instock","10":"shipping-taxable","11":"product-type-simple"},"acf":{"autor":[108877],"enlace_de_compra":"https:\/\/www.amazon.es\/dp\/B0FMDQ9CSZ"},"yoast_head":"<!-- This site is optimized with the Yoast SEO plugin v26.6 - https:\/\/yoast.com\/wordpress\/plugins\/seo\/ -->\n<title>El silencio de Santa Rita: La sombra de Alejandro - Catalogo | Letrame Grupo Editorial<\/title>\n<meta name=\"robots\" content=\"index, follow, max-snippet:-1, max-image-preview:large, max-video-preview:-1\" \/>\n<link rel=\"canonical\" href=\"https:\/\/letrame.com\/catalogo\/producto\/el-silencio-de-santa-rita-la-sombra-de-alejandro\/\" \/>\n<meta property=\"og:locale\" content=\"es_ES\" \/>\n<meta property=\"og:type\" content=\"article\" \/>\n<meta property=\"og:title\" content=\"El silencio de Santa Rita: La sombra de Alejandro - Catalogo | Letrame Grupo Editorial\" \/>\n<meta property=\"og:description\" content=\"ISBN: 9791370125165  SINOPSIS  En Santa Rita nunca pasa nada... hasta que ocurre lo inevitable. Cuando Alejandro Rodr\u00edguez aparece en el centro del caso m\u00e1s perturbador que ha vivido el pueblo, nadie sabe con certeza qu\u00e9 ha ocurrido. Solo se habla de \u00e9l. De su silencio. De su sombra. Mientras el pueblo murmura y el caso se transforma en titular, lo que Alejandro escribe desde su celda desvela algo m\u00e1s que un crimen: un recorrido por los silencios de una infancia quebrada, por los gestos invisibles que construyen un verdugo, por el deseo de justicia que nace donde el amor no llega... El silencio de Santa Rita es un retrato sombr\u00edo de una sociedad que prefiere mirar hacia otro lado. Una confesi\u00f3n. Una advertencia. Y una pregunta inc\u00f3moda: \u00bfcu\u00e1ntos Alejandros hay esperando su detonante? Oscura, directa y profundamente humana, Vicente Ariel Mu\u00f1oz Augusto entrega una novela que se clava como una espina... y no se suelta f\u00e1cilmente.\" \/>\n<meta property=\"og:url\" content=\"https:\/\/letrame.com\/catalogo\/producto\/el-silencio-de-santa-rita-la-sombra-de-alejandro\/\" \/>\n<meta property=\"og:site_name\" content=\"Catalogo | Letrame Grupo Editorial\" \/>\n<meta property=\"article:modified_time\" content=\"2025-09-04T11:17:27+00:00\" \/>\n<meta property=\"og:image\" content=\"https:\/\/letrame.com\/catalogo\/wp-content\/uploads\/2025\/09\/elsilenciode_2062mm4.jpg\" \/>\n\t<meta property=\"og:image:width\" content=\"443\" \/>\n\t<meta property=\"og:image:height\" content=\"650\" \/>\n\t<meta property=\"og:image:type\" content=\"image\/jpeg\" \/>\n<meta name=\"twitter:card\" content=\"summary_large_image\" \/>\n<meta name=\"twitter:label1\" content=\"Tiempo de lectura\" \/>\n\t<meta name=\"twitter:data1\" content=\"2 minutos\" \/>\n<script type=\"application\/ld+json\" class=\"yoast-schema-graph\">{\"@context\":\"https:\/\/schema.org\",\"@graph\":[{\"@type\":\"WebPage\",\"@id\":\"https:\/\/letrame.com\/catalogo\/producto\/el-silencio-de-santa-rita-la-sombra-de-alejandro\/\",\"url\":\"https:\/\/letrame.com\/catalogo\/producto\/el-silencio-de-santa-rita-la-sombra-de-alejandro\/\",\"name\":\"El silencio de Santa Rita: La sombra de Alejandro - Catalogo | Letrame Grupo Editorial\",\"isPartOf\":{\"@id\":\"https:\/\/letrame.com\/catalogo\/#website\"},\"primaryImageOfPage\":{\"@id\":\"https:\/\/letrame.com\/catalogo\/producto\/el-silencio-de-santa-rita-la-sombra-de-alejandro\/#primaryimage\"},\"image\":{\"@id\":\"https:\/\/letrame.com\/catalogo\/producto\/el-silencio-de-santa-rita-la-sombra-de-alejandro\/#primaryimage\"},\"thumbnailUrl\":\"https:\/\/letrame.com\/catalogo\/wp-content\/uploads\/2025\/09\/elsilenciode_2062mm4.jpg\",\"datePublished\":\"2025-09-04T11:15:22+00:00\",\"dateModified\":\"2025-09-04T11:17:27+00:00\",\"breadcrumb\":{\"@id\":\"https:\/\/letrame.com\/catalogo\/producto\/el-silencio-de-santa-rita-la-sombra-de-alejandro\/#breadcrumb\"},\"inLanguage\":\"es\",\"potentialAction\":[{\"@type\":\"ReadAction\",\"target\":[\"https:\/\/letrame.com\/catalogo\/producto\/el-silencio-de-santa-rita-la-sombra-de-alejandro\/\"]}]},{\"@type\":\"ImageObject\",\"inLanguage\":\"es\",\"@id\":\"https:\/\/letrame.com\/catalogo\/producto\/el-silencio-de-santa-rita-la-sombra-de-alejandro\/#primaryimage\",\"url\":\"https:\/\/letrame.com\/catalogo\/wp-content\/uploads\/2025\/09\/elsilenciode_2062mm4.jpg\",\"contentUrl\":\"https:\/\/letrame.com\/catalogo\/wp-content\/uploads\/2025\/09\/elsilenciode_2062mm4.jpg\",\"width\":443,\"height\":650},{\"@type\":\"BreadcrumbList\",\"@id\":\"https:\/\/letrame.com\/catalogo\/producto\/el-silencio-de-santa-rita-la-sombra-de-alejandro\/#breadcrumb\",\"itemListElement\":[{\"@type\":\"ListItem\",\"position\":1,\"name\":\"Portada\",\"item\":\"https:\/\/letrame.com\/catalogo\/\"},{\"@type\":\"ListItem\",\"position\":2,\"name\":\"Cat\u00e1logo\",\"item\":\"https:\/\/letrame.com\/catalogo\/\"},{\"@type\":\"ListItem\",\"position\":3,\"name\":\"El silencio de Santa Rita: La sombra de Alejandro\"}]},{\"@type\":\"WebSite\",\"@id\":\"https:\/\/letrame.com\/catalogo\/#website\",\"url\":\"https:\/\/letrame.com\/catalogo\/\",\"name\":\"Catalogo | Letrame Grupo Editorial\",\"description\":\"\",\"publisher\":{\"@id\":\"https:\/\/letrame.com\/catalogo\/#organization\"},\"potentialAction\":[{\"@type\":\"SearchAction\",\"target\":{\"@type\":\"EntryPoint\",\"urlTemplate\":\"https:\/\/letrame.com\/catalogo\/?s={search_term_string}\"},\"query-input\":{\"@type\":\"PropertyValueSpecification\",\"valueRequired\":true,\"valueName\":\"search_term_string\"}}],\"inLanguage\":\"es\"},{\"@type\":\"Organization\",\"@id\":\"https:\/\/letrame.com\/catalogo\/#organization\",\"name\":\"Catalogo | Letrame Grupo Editorial\",\"url\":\"https:\/\/letrame.com\/catalogo\/\",\"logo\":{\"@type\":\"ImageObject\",\"inLanguage\":\"es\",\"@id\":\"https:\/\/letrame.com\/catalogo\/#\/schema\/logo\/image\/\",\"url\":\"https:\/\/letrame.com\/catalogo\/wp-content\/uploads\/2024\/03\/logo2.webp\",\"contentUrl\":\"https:\/\/letrame.com\/catalogo\/wp-content\/uploads\/2024\/03\/logo2.webp\",\"width\":394,\"height\":128,\"caption\":\"Catalogo | Letrame Grupo Editorial\"},\"image\":{\"@id\":\"https:\/\/letrame.com\/catalogo\/#\/schema\/logo\/image\/\"}}]}<\/script>\n<!-- \/ Yoast SEO plugin. -->","yoast_head_json":{"title":"El silencio de Santa Rita: La sombra de Alejandro - Catalogo | Letrame Grupo Editorial","robots":{"index":"index","follow":"follow","max-snippet":"max-snippet:-1","max-image-preview":"max-image-preview:large","max-video-preview":"max-video-preview:-1"},"canonical":"https:\/\/letrame.com\/catalogo\/producto\/el-silencio-de-santa-rita-la-sombra-de-alejandro\/","og_locale":"es_ES","og_type":"article","og_title":"El silencio de Santa Rita: La sombra de Alejandro - Catalogo | Letrame Grupo Editorial","og_description":"ISBN: 9791370125165  SINOPSIS  En Santa Rita nunca pasa nada... hasta que ocurre lo inevitable. Cuando Alejandro Rodr\u00edguez aparece en el centro del caso m\u00e1s perturbador que ha vivido el pueblo, nadie sabe con certeza qu\u00e9 ha ocurrido. Solo se habla de \u00e9l. De su silencio. De su sombra. Mientras el pueblo murmura y el caso se transforma en titular, lo que Alejandro escribe desde su celda desvela algo m\u00e1s que un crimen: un recorrido por los silencios de una infancia quebrada, por los gestos invisibles que construyen un verdugo, por el deseo de justicia que nace donde el amor no llega... El silencio de Santa Rita es un retrato sombr\u00edo de una sociedad que prefiere mirar hacia otro lado. Una confesi\u00f3n. Una advertencia. Y una pregunta inc\u00f3moda: \u00bfcu\u00e1ntos Alejandros hay esperando su detonante? Oscura, directa y profundamente humana, Vicente Ariel Mu\u00f1oz Augusto entrega una novela que se clava como una espina... y no se suelta f\u00e1cilmente.","og_url":"https:\/\/letrame.com\/catalogo\/producto\/el-silencio-de-santa-rita-la-sombra-de-alejandro\/","og_site_name":"Catalogo | Letrame Grupo Editorial","article_modified_time":"2025-09-04T11:17:27+00:00","og_image":[{"width":443,"height":650,"url":"https:\/\/letrame.com\/catalogo\/wp-content\/uploads\/2025\/09\/elsilenciode_2062mm4.jpg","type":"image\/jpeg"}],"twitter_card":"summary_large_image","twitter_misc":{"Tiempo de lectura":"2 minutos"},"schema":{"@context":"https:\/\/schema.org","@graph":[{"@type":"WebPage","@id":"https:\/\/letrame.com\/catalogo\/producto\/el-silencio-de-santa-rita-la-sombra-de-alejandro\/","url":"https:\/\/letrame.com\/catalogo\/producto\/el-silencio-de-santa-rita-la-sombra-de-alejandro\/","name":"El silencio de Santa Rita: La sombra de Alejandro - Catalogo | Letrame Grupo Editorial","isPartOf":{"@id":"https:\/\/letrame.com\/catalogo\/#website"},"primaryImageOfPage":{"@id":"https:\/\/letrame.com\/catalogo\/producto\/el-silencio-de-santa-rita-la-sombra-de-alejandro\/#primaryimage"},"image":{"@id":"https:\/\/letrame.com\/catalogo\/producto\/el-silencio-de-santa-rita-la-sombra-de-alejandro\/#primaryimage"},"thumbnailUrl":"https:\/\/letrame.com\/catalogo\/wp-content\/uploads\/2025\/09\/elsilenciode_2062mm4.jpg","datePublished":"2025-09-04T11:15:22+00:00","dateModified":"2025-09-04T11:17:27+00:00","breadcrumb":{"@id":"https:\/\/letrame.com\/catalogo\/producto\/el-silencio-de-santa-rita-la-sombra-de-alejandro\/#breadcrumb"},"inLanguage":"es","potentialAction":[{"@type":"ReadAction","target":["https:\/\/letrame.com\/catalogo\/producto\/el-silencio-de-santa-rita-la-sombra-de-alejandro\/"]}]},{"@type":"ImageObject","inLanguage":"es","@id":"https:\/\/letrame.com\/catalogo\/producto\/el-silencio-de-santa-rita-la-sombra-de-alejandro\/#primaryimage","url":"https:\/\/letrame.com\/catalogo\/wp-content\/uploads\/2025\/09\/elsilenciode_2062mm4.jpg","contentUrl":"https:\/\/letrame.com\/catalogo\/wp-content\/uploads\/2025\/09\/elsilenciode_2062mm4.jpg","width":443,"height":650},{"@type":"BreadcrumbList","@id":"https:\/\/letrame.com\/catalogo\/producto\/el-silencio-de-santa-rita-la-sombra-de-alejandro\/#breadcrumb","itemListElement":[{"@type":"ListItem","position":1,"name":"Portada","item":"https:\/\/letrame.com\/catalogo\/"},{"@type":"ListItem","position":2,"name":"Cat\u00e1logo","item":"https:\/\/letrame.com\/catalogo\/"},{"@type":"ListItem","position":3,"name":"El silencio de Santa Rita: La sombra de Alejandro"}]},{"@type":"WebSite","@id":"https:\/\/letrame.com\/catalogo\/#website","url":"https:\/\/letrame.com\/catalogo\/","name":"Catalogo | Letrame Grupo Editorial","description":"","publisher":{"@id":"https:\/\/letrame.com\/catalogo\/#organization"},"potentialAction":[{"@type":"SearchAction","target":{"@type":"EntryPoint","urlTemplate":"https:\/\/letrame.com\/catalogo\/?s={search_term_string}"},"query-input":{"@type":"PropertyValueSpecification","valueRequired":true,"valueName":"search_term_string"}}],"inLanguage":"es"},{"@type":"Organization","@id":"https:\/\/letrame.com\/catalogo\/#organization","name":"Catalogo | Letrame Grupo Editorial","url":"https:\/\/letrame.com\/catalogo\/","logo":{"@type":"ImageObject","inLanguage":"es","@id":"https:\/\/letrame.com\/catalogo\/#\/schema\/logo\/image\/","url":"https:\/\/letrame.com\/catalogo\/wp-content\/uploads\/2024\/03\/logo2.webp","contentUrl":"https:\/\/letrame.com\/catalogo\/wp-content\/uploads\/2024\/03\/logo2.webp","width":394,"height":128,"caption":"Catalogo | Letrame Grupo Editorial"},"image":{"@id":"https:\/\/letrame.com\/catalogo\/#\/schema\/logo\/image\/"}}]}},"_links":{"self":[{"href":"https:\/\/letrame.com\/catalogo\/wp-json\/wp\/v2\/product\/108875","targetHints":{"allow":["GET"]}}],"collection":[{"href":"https:\/\/letrame.com\/catalogo\/wp-json\/wp\/v2\/product"}],"about":[{"href":"https:\/\/letrame.com\/catalogo\/wp-json\/wp\/v2\/types\/product"}],"replies":[{"embeddable":true,"href":"https:\/\/letrame.com\/catalogo\/wp-json\/wp\/v2\/comments?post=108875"}],"acf:post":[{"embeddable":true,"href":"https:\/\/letrame.com\/catalogo\/wp-json\/wp\/v2\/author_book\/108877"}],"wp:featuredmedia":[{"embeddable":true,"href":"https:\/\/letrame.com\/catalogo\/wp-json\/wp\/v2\/media\/108876"}],"wp:attachment":[{"href":"https:\/\/letrame.com\/catalogo\/wp-json\/wp\/v2\/media?parent=108875"}],"wp:term":[{"taxonomy":"libro","embeddable":true,"href":"https:\/\/letrame.com\/catalogo\/wp-json\/wp\/v2\/libro?post=108875"},{"taxonomy":"product_brand","embeddable":true,"href":"https:\/\/letrame.com\/catalogo\/wp-json\/wp\/v2\/product_brand?post=108875"},{"taxonomy":"product_cat","embeddable":true,"href":"https:\/\/letrame.com\/catalogo\/wp-json\/wp\/v2\/product_cat?post=108875"},{"taxonomy":"product_tag","embeddable":true,"href":"https:\/\/letrame.com\/catalogo\/wp-json\/wp\/v2\/product_tag?post=108875"}],"curies":[{"name":"wp","href":"https:\/\/api.w.org\/{rel}","templated":true}]}}