{"id":108674,"date":"2025-07-31T15:50:20","date_gmt":"2025-07-31T13:50:20","guid":{"rendered":"https:\/\/letrame.com\/catalogo\/?post_type=product&#038;p=108674"},"modified":"2025-07-31T15:53:08","modified_gmt":"2025-07-31T13:53:08","slug":"donde-despiertan-los-conjuros","status":"publish","type":"product","link":"https:\/\/letrame.com\/catalogo\/producto\/donde-despiertan-los-conjuros\/","title":{"rendered":"Donde despiertan los conjuros"},"content":{"rendered":"<p class=\"p1\"><b>ISBN: <\/b>9791370126810<b><\/b><\/p>\n<p class=\"p1\"><b>T\u00edtulo: <\/b>Donde despiertan los conjuros<br \/>\n<b><br \/>\nFecha: <\/b>2025<\/p>\n<p><b>P\u00e1ginas: <\/b>162<b><\/b><\/p>\n<p class=\"p1\"><b>SINOPSIS<\/b><\/p>\n<p>Odalys nace marcada por el misterio y la inmortalidad, entre calderas, mariposas brujas y los susurros de la santer\u00eda en una Cuba hechizada. Desde su infancia hasta su consagraci\u00f3n como sacerdotisa yoruba, recorrer\u00e1 un camino de descubrimientos, pasiones y rituales que la conectan con fuerzas ancestrales.<br \/>\nCuando la diosa Osh\u00fan se despierta dentro de ella, su vida se transforma en un campo de batalla entre el amor y el destino, entre el arte y lo sobrenatural. Donde despiertan los conjuros es una historia de iniciaci\u00f3n, deseo y poder femenino, te\u00f1ida por el misticismo afrocubano y la magia de lo oculto.<b><br \/>\n<\/b><\/p>\n","protected":false},"excerpt":{"rendered":"<p><b>ISBN: <\/b>9791370126810<\/p>\n<p><b>SINOPSIS<\/b><\/p>\n<p>Odalys nace marcada por el misterio y la inmortalidad, entre calderas, mariposas brujas y los susurros de la santer\u00eda en una Cuba hechizada. Desde su infancia hasta su consagraci\u00f3n como sacerdotisa yoruba, recorrer\u00e1 un camino de descubrimientos, pasiones y rituales que la conectan con fuerzas ancestrales.<br \/>\nCuando la diosa Osh\u00fan se despierta dentro de ella, su vida se transforma en un campo de batalla entre el amor y el destino, entre el arte y lo sobrenatural. Donde despiertan los conjuros es una historia de iniciaci\u00f3n, deseo y poder femenino, te\u00f1ida por el misticismo afrocubano y la magia de lo oculto.<\/p>\n","protected":false},"featured_media":108675,"comment_status":"open","ping_status":"closed","template":"","meta":{"_acf_changed":false},"libro":[],"product_brand":[],"product_cat":[57],"product_tag":[],"class_list":{"0":"post-108674","1":"product","2":"type-product","3":"status-publish","4":"has-post-thumbnail","6":"product_cat-suspenso","8":"first","9":"instock","10":"shipping-taxable","11":"product-type-simple"},"acf":{"autor":[108676],"enlace_de_compra":"https:\/\/www.amazon.es\/dp\/B0FJ5F2MPK"},"yoast_head":"<!-- This site is optimized with the Yoast SEO plugin v27.4 - https:\/\/yoast.com\/product\/yoast-seo-wordpress\/ -->\n<title>Donde despiertan los conjuros - Catalogo | Letrame Grupo Editorial<\/title>\n<meta name=\"robots\" content=\"index, follow, max-snippet:-1, max-image-preview:large, max-video-preview:-1\" \/>\n<link rel=\"canonical\" href=\"https:\/\/letrame.com\/catalogo\/producto\/donde-despiertan-los-conjuros\/\" \/>\n<meta property=\"og:locale\" content=\"es_ES\" \/>\n<meta property=\"og:type\" content=\"article\" \/>\n<meta property=\"og:title\" content=\"Donde despiertan los conjuros - Catalogo | Letrame Grupo Editorial\" \/>\n<meta property=\"og:description\" content=\"ISBN: 9791370126810  SINOPSIS  Odalys nace marcada por el misterio y la inmortalidad, entre calderas, mariposas brujas y los susurros de la santer\u00eda en una Cuba hechizada. Desde su infancia hasta su consagraci\u00f3n como sacerdotisa yoruba, recorrer\u00e1 un camino de descubrimientos, pasiones y rituales que la conectan con fuerzas ancestrales. Cuando la diosa Osh\u00fan se despierta dentro de ella, su vida se transforma en un campo de batalla entre el amor y el destino, entre el arte y lo sobrenatural. Donde despiertan los conjuros es una historia de iniciaci\u00f3n, deseo y poder femenino, te\u00f1ida por el misticismo afrocubano y la magia de lo oculto.\" \/>\n<meta property=\"og:url\" content=\"https:\/\/letrame.com\/catalogo\/producto\/donde-despiertan-los-conjuros\/\" \/>\n<meta property=\"og:site_name\" content=\"Catalogo | Letrame Grupo Editorial\" \/>\n<meta property=\"article:modified_time\" content=\"2025-07-31T13:53:08+00:00\" \/>\n<meta property=\"og:image\" content=\"https:\/\/letrame.com\/catalogo\/wp-content\/uploads\/2025\/07\/Donde-despiertan-los-conjuros.jpg\" \/>\n\t<meta property=\"og:image:width\" content=\"379\" \/>\n\t<meta property=\"og:image:height\" content=\"537\" \/>\n\t<meta property=\"og:image:type\" content=\"image\/jpeg\" \/>\n<meta name=\"twitter:card\" content=\"summary_large_image\" \/>\n<meta name=\"twitter:label1\" content=\"Tiempo de lectura\" \/>\n\t<meta name=\"twitter:data1\" content=\"1 minuto\" \/>\n<script type=\"application\/ld+json\" class=\"yoast-schema-graph\">{\"@context\":\"https:\\\/\\\/schema.org\",\"@graph\":[{\"@type\":\"WebPage\",\"@id\":\"https:\\\/\\\/letrame.com\\\/catalogo\\\/producto\\\/donde-despiertan-los-conjuros\\\/\",\"url\":\"https:\\\/\\\/letrame.com\\\/catalogo\\\/producto\\\/donde-despiertan-los-conjuros\\\/\",\"name\":\"Donde despiertan los conjuros - Catalogo | Letrame Grupo Editorial\",\"isPartOf\":{\"@id\":\"https:\\\/\\\/letrame.com\\\/catalogo\\\/#website\"},\"primaryImageOfPage\":{\"@id\":\"https:\\\/\\\/letrame.com\\\/catalogo\\\/producto\\\/donde-despiertan-los-conjuros\\\/#primaryimage\"},\"image\":{\"@id\":\"https:\\\/\\\/letrame.com\\\/catalogo\\\/producto\\\/donde-despiertan-los-conjuros\\\/#primaryimage\"},\"thumbnailUrl\":\"https:\\\/\\\/letrame.com\\\/catalogo\\\/wp-content\\\/uploads\\\/2025\\\/07\\\/Donde-despiertan-los-conjuros.jpg\",\"datePublished\":\"2025-07-31T13:50:20+00:00\",\"dateModified\":\"2025-07-31T13:53:08+00:00\",\"breadcrumb\":{\"@id\":\"https:\\\/\\\/letrame.com\\\/catalogo\\\/producto\\\/donde-despiertan-los-conjuros\\\/#breadcrumb\"},\"inLanguage\":\"es\",\"potentialAction\":[{\"@type\":\"ReadAction\",\"target\":[\"https:\\\/\\\/letrame.com\\\/catalogo\\\/producto\\\/donde-despiertan-los-conjuros\\\/\"]}]},{\"@type\":\"ImageObject\",\"inLanguage\":\"es\",\"@id\":\"https:\\\/\\\/letrame.com\\\/catalogo\\\/producto\\\/donde-despiertan-los-conjuros\\\/#primaryimage\",\"url\":\"https:\\\/\\\/letrame.com\\\/catalogo\\\/wp-content\\\/uploads\\\/2025\\\/07\\\/Donde-despiertan-los-conjuros.jpg\",\"contentUrl\":\"https:\\\/\\\/letrame.com\\\/catalogo\\\/wp-content\\\/uploads\\\/2025\\\/07\\\/Donde-despiertan-los-conjuros.jpg\",\"width\":379,\"height\":537},{\"@type\":\"BreadcrumbList\",\"@id\":\"https:\\\/\\\/letrame.com\\\/catalogo\\\/producto\\\/donde-despiertan-los-conjuros\\\/#breadcrumb\",\"itemListElement\":[{\"@type\":\"ListItem\",\"position\":1,\"name\":\"Portada\",\"item\":\"https:\\\/\\\/letrame.com\\\/catalogo\\\/\"},{\"@type\":\"ListItem\",\"position\":2,\"name\":\"Cat\u00e1logo\",\"item\":\"https:\\\/\\\/letrame.com\\\/catalogo\\\/\"},{\"@type\":\"ListItem\",\"position\":3,\"name\":\"Donde despiertan los conjuros\"}]},{\"@type\":\"WebSite\",\"@id\":\"https:\\\/\\\/letrame.com\\\/catalogo\\\/#website\",\"url\":\"https:\\\/\\\/letrame.com\\\/catalogo\\\/\",\"name\":\"Catalogo | Letrame Grupo Editorial\",\"description\":\"\",\"publisher\":{\"@id\":\"https:\\\/\\\/letrame.com\\\/catalogo\\\/#organization\"},\"potentialAction\":[{\"@type\":\"SearchAction\",\"target\":{\"@type\":\"EntryPoint\",\"urlTemplate\":\"https:\\\/\\\/letrame.com\\\/catalogo\\\/?s={search_term_string}\"},\"query-input\":{\"@type\":\"PropertyValueSpecification\",\"valueRequired\":true,\"valueName\":\"search_term_string\"}}],\"inLanguage\":\"es\"},{\"@type\":\"Organization\",\"@id\":\"https:\\\/\\\/letrame.com\\\/catalogo\\\/#organization\",\"name\":\"Catalogo | Letrame Grupo Editorial\",\"url\":\"https:\\\/\\\/letrame.com\\\/catalogo\\\/\",\"logo\":{\"@type\":\"ImageObject\",\"inLanguage\":\"es\",\"@id\":\"https:\\\/\\\/letrame.com\\\/catalogo\\\/#\\\/schema\\\/logo\\\/image\\\/\",\"url\":\"https:\\\/\\\/letrame.com\\\/catalogo\\\/wp-content\\\/uploads\\\/2024\\\/03\\\/logo2.webp\",\"contentUrl\":\"https:\\\/\\\/letrame.com\\\/catalogo\\\/wp-content\\\/uploads\\\/2024\\\/03\\\/logo2.webp\",\"width\":394,\"height\":128,\"caption\":\"Catalogo | Letrame Grupo Editorial\"},\"image\":{\"@id\":\"https:\\\/\\\/letrame.com\\\/catalogo\\\/#\\\/schema\\\/logo\\\/image\\\/\"}}]}<\/script>\n<!-- \/ Yoast SEO plugin. -->","yoast_head_json":{"title":"Donde despiertan los conjuros - Catalogo | Letrame Grupo Editorial","robots":{"index":"index","follow":"follow","max-snippet":"max-snippet:-1","max-image-preview":"max-image-preview:large","max-video-preview":"max-video-preview:-1"},"canonical":"https:\/\/letrame.com\/catalogo\/producto\/donde-despiertan-los-conjuros\/","og_locale":"es_ES","og_type":"article","og_title":"Donde despiertan los conjuros - Catalogo | Letrame Grupo Editorial","og_description":"ISBN: 9791370126810  SINOPSIS  Odalys nace marcada por el misterio y la inmortalidad, entre calderas, mariposas brujas y los susurros de la santer\u00eda en una Cuba hechizada. Desde su infancia hasta su consagraci\u00f3n como sacerdotisa yoruba, recorrer\u00e1 un camino de descubrimientos, pasiones y rituales que la conectan con fuerzas ancestrales. Cuando la diosa Osh\u00fan se despierta dentro de ella, su vida se transforma en un campo de batalla entre el amor y el destino, entre el arte y lo sobrenatural. Donde despiertan los conjuros es una historia de iniciaci\u00f3n, deseo y poder femenino, te\u00f1ida por el misticismo afrocubano y la magia de lo oculto.","og_url":"https:\/\/letrame.com\/catalogo\/producto\/donde-despiertan-los-conjuros\/","og_site_name":"Catalogo | Letrame Grupo Editorial","article_modified_time":"2025-07-31T13:53:08+00:00","og_image":[{"width":379,"height":537,"url":"https:\/\/letrame.com\/catalogo\/wp-content\/uploads\/2025\/07\/Donde-despiertan-los-conjuros.jpg","type":"image\/jpeg"}],"twitter_card":"summary_large_image","twitter_misc":{"Tiempo de lectura":"1 minuto"},"schema":{"@context":"https:\/\/schema.org","@graph":[{"@type":"WebPage","@id":"https:\/\/letrame.com\/catalogo\/producto\/donde-despiertan-los-conjuros\/","url":"https:\/\/letrame.com\/catalogo\/producto\/donde-despiertan-los-conjuros\/","name":"Donde despiertan los conjuros - Catalogo | Letrame Grupo Editorial","isPartOf":{"@id":"https:\/\/letrame.com\/catalogo\/#website"},"primaryImageOfPage":{"@id":"https:\/\/letrame.com\/catalogo\/producto\/donde-despiertan-los-conjuros\/#primaryimage"},"image":{"@id":"https:\/\/letrame.com\/catalogo\/producto\/donde-despiertan-los-conjuros\/#primaryimage"},"thumbnailUrl":"https:\/\/letrame.com\/catalogo\/wp-content\/uploads\/2025\/07\/Donde-despiertan-los-conjuros.jpg","datePublished":"2025-07-31T13:50:20+00:00","dateModified":"2025-07-31T13:53:08+00:00","breadcrumb":{"@id":"https:\/\/letrame.com\/catalogo\/producto\/donde-despiertan-los-conjuros\/#breadcrumb"},"inLanguage":"es","potentialAction":[{"@type":"ReadAction","target":["https:\/\/letrame.com\/catalogo\/producto\/donde-despiertan-los-conjuros\/"]}]},{"@type":"ImageObject","inLanguage":"es","@id":"https:\/\/letrame.com\/catalogo\/producto\/donde-despiertan-los-conjuros\/#primaryimage","url":"https:\/\/letrame.com\/catalogo\/wp-content\/uploads\/2025\/07\/Donde-despiertan-los-conjuros.jpg","contentUrl":"https:\/\/letrame.com\/catalogo\/wp-content\/uploads\/2025\/07\/Donde-despiertan-los-conjuros.jpg","width":379,"height":537},{"@type":"BreadcrumbList","@id":"https:\/\/letrame.com\/catalogo\/producto\/donde-despiertan-los-conjuros\/#breadcrumb","itemListElement":[{"@type":"ListItem","position":1,"name":"Portada","item":"https:\/\/letrame.com\/catalogo\/"},{"@type":"ListItem","position":2,"name":"Cat\u00e1logo","item":"https:\/\/letrame.com\/catalogo\/"},{"@type":"ListItem","position":3,"name":"Donde despiertan los conjuros"}]},{"@type":"WebSite","@id":"https:\/\/letrame.com\/catalogo\/#website","url":"https:\/\/letrame.com\/catalogo\/","name":"Catalogo | Letrame Grupo Editorial","description":"","publisher":{"@id":"https:\/\/letrame.com\/catalogo\/#organization"},"potentialAction":[{"@type":"SearchAction","target":{"@type":"EntryPoint","urlTemplate":"https:\/\/letrame.com\/catalogo\/?s={search_term_string}"},"query-input":{"@type":"PropertyValueSpecification","valueRequired":true,"valueName":"search_term_string"}}],"inLanguage":"es"},{"@type":"Organization","@id":"https:\/\/letrame.com\/catalogo\/#organization","name":"Catalogo | Letrame Grupo Editorial","url":"https:\/\/letrame.com\/catalogo\/","logo":{"@type":"ImageObject","inLanguage":"es","@id":"https:\/\/letrame.com\/catalogo\/#\/schema\/logo\/image\/","url":"https:\/\/letrame.com\/catalogo\/wp-content\/uploads\/2024\/03\/logo2.webp","contentUrl":"https:\/\/letrame.com\/catalogo\/wp-content\/uploads\/2024\/03\/logo2.webp","width":394,"height":128,"caption":"Catalogo | Letrame Grupo Editorial"},"image":{"@id":"https:\/\/letrame.com\/catalogo\/#\/schema\/logo\/image\/"}}]}},"_links":{"self":[{"href":"https:\/\/letrame.com\/catalogo\/wp-json\/wp\/v2\/product\/108674","targetHints":{"allow":["GET"]}}],"collection":[{"href":"https:\/\/letrame.com\/catalogo\/wp-json\/wp\/v2\/product"}],"about":[{"href":"https:\/\/letrame.com\/catalogo\/wp-json\/wp\/v2\/types\/product"}],"replies":[{"embeddable":true,"href":"https:\/\/letrame.com\/catalogo\/wp-json\/wp\/v2\/comments?post=108674"}],"acf:post":[{"embeddable":true,"href":"https:\/\/letrame.com\/catalogo\/wp-json\/wp\/v2\/author_book\/108676"}],"wp:featuredmedia":[{"embeddable":true,"href":"https:\/\/letrame.com\/catalogo\/wp-json\/wp\/v2\/media\/108675"}],"wp:attachment":[{"href":"https:\/\/letrame.com\/catalogo\/wp-json\/wp\/v2\/media?parent=108674"}],"wp:term":[{"taxonomy":"libro","embeddable":true,"href":"https:\/\/letrame.com\/catalogo\/wp-json\/wp\/v2\/libro?post=108674"},{"taxonomy":"product_brand","embeddable":true,"href":"https:\/\/letrame.com\/catalogo\/wp-json\/wp\/v2\/product_brand?post=108674"},{"taxonomy":"product_cat","embeddable":true,"href":"https:\/\/letrame.com\/catalogo\/wp-json\/wp\/v2\/product_cat?post=108674"},{"taxonomy":"product_tag","embeddable":true,"href":"https:\/\/letrame.com\/catalogo\/wp-json\/wp\/v2\/product_tag?post=108674"}],"curies":[{"name":"wp","href":"https:\/\/api.w.org\/{rel}","templated":true}]}}