{"id":108661,"date":"2025-07-30T10:16:14","date_gmt":"2025-07-30T08:16:14","guid":{"rendered":"https:\/\/letrame.com\/catalogo\/?post_type=product&#038;p=108661"},"modified":"2025-07-30T10:19:33","modified_gmt":"2025-07-30T08:19:33","slug":"bitcoins-entre-el-bien-y-el-mal","status":"publish","type":"product","link":"https:\/\/letrame.com\/catalogo\/producto\/bitcoins-entre-el-bien-y-el-mal\/","title":{"rendered":"Bitcoins. Entre el bien y el mal"},"content":{"rendered":"<p class=\"p1\"><b>ISBN: <\/b>9791370123543<b><\/b><\/p>\n<p class=\"p1\"><b>T\u00edtulo:<\/b> Bitcoins. Entre el bien y el mal<b><\/b><\/p>\n<p><strong>Fecha<\/strong>: 2025<b><\/b><\/p>\n<p><strong>P\u00e1ginas<\/strong>: 360<b><\/b><\/p>\n<p class=\"p1\"><b>SINOPSIS<\/b><\/p>\n<p>Bitcoins entre el bien y el mal es una trepidante novela que se sumerge en el mundo del ciberdelito y la intriga, donde un joven llamado Biel se encuentra en medio de una pesadilla. Cuando su preciada contrase\u00f1a de bitcoin desaparece, comienzan las sospechas y las dudas sobre la posible traici\u00f3n de un amigo. Pero las cosas toman un giro oscuro cuando los asesinos de su amigo Karl lo persiguen, como consecuencia Biel se ve envuelto en una peligrosa conspiraci\u00f3n.<br \/>\nA medida que avanza la historia, el suspense y la tensi\u00f3n aumentan, por tanto, Biel se ve forzado a aliarse con una valiente moza de la escuadra. Juntos, emprenden una carrera contrarreloj para desentra\u00f1ar el misterio detr\u00e1s del robo de contrase\u00f1as y detener a los malhechores que amenazan sus vidas.<br \/>\nLo que comienza como una b\u00fasqueda desesperada se convierte en un emocionante idilio, ya que los lazos sentimentales entre Biel y la moza de la escuadra se fortalecen. A lo largo de la trama, el protagonista se enfrenta a situaciones extremadamente peligrosas, donde el mal, el amor y la amistad se entrelazan en un camino lleno de giros inesperados. Bitcoins entre el bien y el mal es una novela que explora los oscuros rincones del mundo virtual y humano, donde la lealtad y la traici\u00f3n se entrecruzan en un emocionante thriller.<b><br \/>\n<\/b><\/p>\n","protected":false},"excerpt":{"rendered":"<p><b>ISBN: <\/b>9791370123543<\/p>\n<p><b>SINOPSIS<\/b><\/p>\n<p>Bitcoins entre el bien y el mal es una trepidante novela que se sumerge en el mundo del ciberdelito y la intriga, donde un joven llamado Biel se encuentra en medio de una pesadilla. Cuando su preciada contrase\u00f1a de bitcoin desaparece, comienzan las sospechas y las dudas sobre la posible traici\u00f3n de un amigo. Pero las cosas toman un giro oscuro cuando los asesinos de su amigo Karl lo persiguen, como consecuencia Biel se ve envuelto en una peligrosa conspiraci\u00f3n.<\/p>\n","protected":false},"featured_media":108662,"comment_status":"open","ping_status":"closed","template":"","meta":{"_acf_changed":false},"libro":[],"product_brand":[],"product_cat":[40],"product_tag":[],"class_list":{"0":"post-108661","1":"product","2":"type-product","3":"status-publish","4":"has-post-thumbnail","6":"product_cat-economia","8":"first","9":"instock","10":"shipping-taxable","11":"product-type-simple"},"acf":{"autor":[108663],"enlace_de_compra":"https:\/\/www.amazon.es\/dp\/B0FGHP7GLY"},"yoast_head":"<!-- This site is optimized with the Yoast SEO plugin v26.6 - https:\/\/yoast.com\/wordpress\/plugins\/seo\/ -->\n<title>Bitcoins. Entre el bien y el mal - Catalogo | Letrame Grupo Editorial<\/title>\n<meta name=\"robots\" content=\"index, follow, max-snippet:-1, max-image-preview:large, max-video-preview:-1\" \/>\n<link rel=\"canonical\" href=\"https:\/\/letrame.com\/catalogo\/producto\/bitcoins-entre-el-bien-y-el-mal\/\" \/>\n<meta property=\"og:locale\" content=\"es_ES\" \/>\n<meta property=\"og:type\" content=\"article\" \/>\n<meta property=\"og:title\" content=\"Bitcoins. Entre el bien y el mal - Catalogo | Letrame Grupo Editorial\" \/>\n<meta property=\"og:description\" content=\"ISBN: 9791370123543  SINOPSIS  Bitcoins entre el bien y el mal es una trepidante novela que se sumerge en el mundo del ciberdelito y la intriga, donde un joven llamado Biel se encuentra en medio de una pesadilla. Cuando su preciada contrase\u00f1a de bitcoin desaparece, comienzan las sospechas y las dudas sobre la posible traici\u00f3n de un amigo. Pero las cosas toman un giro oscuro cuando los asesinos de su amigo Karl lo persiguen, como consecuencia Biel se ve envuelto en una peligrosa conspiraci\u00f3n.\" \/>\n<meta property=\"og:url\" content=\"https:\/\/letrame.com\/catalogo\/producto\/bitcoins-entre-el-bien-y-el-mal\/\" \/>\n<meta property=\"og:site_name\" content=\"Catalogo | Letrame Grupo Editorial\" \/>\n<meta property=\"article:modified_time\" content=\"2025-07-30T08:19:33+00:00\" \/>\n<meta property=\"og:image\" content=\"https:\/\/letrame.com\/catalogo\/wp-content\/uploads\/2025\/07\/Bitcoins.jpg\" \/>\n\t<meta property=\"og:image:width\" content=\"384\" \/>\n\t<meta property=\"og:image:height\" content=\"537\" \/>\n\t<meta property=\"og:image:type\" content=\"image\/jpeg\" \/>\n<meta name=\"twitter:card\" content=\"summary_large_image\" \/>\n<meta name=\"twitter:label1\" content=\"Tiempo de lectura\" \/>\n\t<meta name=\"twitter:data1\" content=\"2 minutos\" \/>\n<script type=\"application\/ld+json\" class=\"yoast-schema-graph\">{\"@context\":\"https:\/\/schema.org\",\"@graph\":[{\"@type\":\"WebPage\",\"@id\":\"https:\/\/letrame.com\/catalogo\/producto\/bitcoins-entre-el-bien-y-el-mal\/\",\"url\":\"https:\/\/letrame.com\/catalogo\/producto\/bitcoins-entre-el-bien-y-el-mal\/\",\"name\":\"Bitcoins. Entre el bien y el mal - Catalogo | Letrame Grupo Editorial\",\"isPartOf\":{\"@id\":\"https:\/\/letrame.com\/catalogo\/#website\"},\"primaryImageOfPage\":{\"@id\":\"https:\/\/letrame.com\/catalogo\/producto\/bitcoins-entre-el-bien-y-el-mal\/#primaryimage\"},\"image\":{\"@id\":\"https:\/\/letrame.com\/catalogo\/producto\/bitcoins-entre-el-bien-y-el-mal\/#primaryimage\"},\"thumbnailUrl\":\"https:\/\/letrame.com\/catalogo\/wp-content\/uploads\/2025\/07\/Bitcoins.jpg\",\"datePublished\":\"2025-07-30T08:16:14+00:00\",\"dateModified\":\"2025-07-30T08:19:33+00:00\",\"breadcrumb\":{\"@id\":\"https:\/\/letrame.com\/catalogo\/producto\/bitcoins-entre-el-bien-y-el-mal\/#breadcrumb\"},\"inLanguage\":\"es\",\"potentialAction\":[{\"@type\":\"ReadAction\",\"target\":[\"https:\/\/letrame.com\/catalogo\/producto\/bitcoins-entre-el-bien-y-el-mal\/\"]}]},{\"@type\":\"ImageObject\",\"inLanguage\":\"es\",\"@id\":\"https:\/\/letrame.com\/catalogo\/producto\/bitcoins-entre-el-bien-y-el-mal\/#primaryimage\",\"url\":\"https:\/\/letrame.com\/catalogo\/wp-content\/uploads\/2025\/07\/Bitcoins.jpg\",\"contentUrl\":\"https:\/\/letrame.com\/catalogo\/wp-content\/uploads\/2025\/07\/Bitcoins.jpg\",\"width\":384,\"height\":537},{\"@type\":\"BreadcrumbList\",\"@id\":\"https:\/\/letrame.com\/catalogo\/producto\/bitcoins-entre-el-bien-y-el-mal\/#breadcrumb\",\"itemListElement\":[{\"@type\":\"ListItem\",\"position\":1,\"name\":\"Portada\",\"item\":\"https:\/\/letrame.com\/catalogo\/\"},{\"@type\":\"ListItem\",\"position\":2,\"name\":\"Cat\u00e1logo\",\"item\":\"https:\/\/letrame.com\/catalogo\/\"},{\"@type\":\"ListItem\",\"position\":3,\"name\":\"Bitcoins. Entre el bien y el mal\"}]},{\"@type\":\"WebSite\",\"@id\":\"https:\/\/letrame.com\/catalogo\/#website\",\"url\":\"https:\/\/letrame.com\/catalogo\/\",\"name\":\"Catalogo | Letrame Grupo Editorial\",\"description\":\"\",\"publisher\":{\"@id\":\"https:\/\/letrame.com\/catalogo\/#organization\"},\"potentialAction\":[{\"@type\":\"SearchAction\",\"target\":{\"@type\":\"EntryPoint\",\"urlTemplate\":\"https:\/\/letrame.com\/catalogo\/?s={search_term_string}\"},\"query-input\":{\"@type\":\"PropertyValueSpecification\",\"valueRequired\":true,\"valueName\":\"search_term_string\"}}],\"inLanguage\":\"es\"},{\"@type\":\"Organization\",\"@id\":\"https:\/\/letrame.com\/catalogo\/#organization\",\"name\":\"Catalogo | Letrame Grupo Editorial\",\"url\":\"https:\/\/letrame.com\/catalogo\/\",\"logo\":{\"@type\":\"ImageObject\",\"inLanguage\":\"es\",\"@id\":\"https:\/\/letrame.com\/catalogo\/#\/schema\/logo\/image\/\",\"url\":\"https:\/\/letrame.com\/catalogo\/wp-content\/uploads\/2024\/03\/logo2.webp\",\"contentUrl\":\"https:\/\/letrame.com\/catalogo\/wp-content\/uploads\/2024\/03\/logo2.webp\",\"width\":394,\"height\":128,\"caption\":\"Catalogo | Letrame Grupo Editorial\"},\"image\":{\"@id\":\"https:\/\/letrame.com\/catalogo\/#\/schema\/logo\/image\/\"}}]}<\/script>\n<!-- \/ Yoast SEO plugin. -->","yoast_head_json":{"title":"Bitcoins. Entre el bien y el mal - Catalogo | Letrame Grupo Editorial","robots":{"index":"index","follow":"follow","max-snippet":"max-snippet:-1","max-image-preview":"max-image-preview:large","max-video-preview":"max-video-preview:-1"},"canonical":"https:\/\/letrame.com\/catalogo\/producto\/bitcoins-entre-el-bien-y-el-mal\/","og_locale":"es_ES","og_type":"article","og_title":"Bitcoins. Entre el bien y el mal - Catalogo | Letrame Grupo Editorial","og_description":"ISBN: 9791370123543  SINOPSIS  Bitcoins entre el bien y el mal es una trepidante novela que se sumerge en el mundo del ciberdelito y la intriga, donde un joven llamado Biel se encuentra en medio de una pesadilla. Cuando su preciada contrase\u00f1a de bitcoin desaparece, comienzan las sospechas y las dudas sobre la posible traici\u00f3n de un amigo. Pero las cosas toman un giro oscuro cuando los asesinos de su amigo Karl lo persiguen, como consecuencia Biel se ve envuelto en una peligrosa conspiraci\u00f3n.","og_url":"https:\/\/letrame.com\/catalogo\/producto\/bitcoins-entre-el-bien-y-el-mal\/","og_site_name":"Catalogo | Letrame Grupo Editorial","article_modified_time":"2025-07-30T08:19:33+00:00","og_image":[{"width":384,"height":537,"url":"https:\/\/letrame.com\/catalogo\/wp-content\/uploads\/2025\/07\/Bitcoins.jpg","type":"image\/jpeg"}],"twitter_card":"summary_large_image","twitter_misc":{"Tiempo de lectura":"2 minutos"},"schema":{"@context":"https:\/\/schema.org","@graph":[{"@type":"WebPage","@id":"https:\/\/letrame.com\/catalogo\/producto\/bitcoins-entre-el-bien-y-el-mal\/","url":"https:\/\/letrame.com\/catalogo\/producto\/bitcoins-entre-el-bien-y-el-mal\/","name":"Bitcoins. Entre el bien y el mal - Catalogo | Letrame Grupo Editorial","isPartOf":{"@id":"https:\/\/letrame.com\/catalogo\/#website"},"primaryImageOfPage":{"@id":"https:\/\/letrame.com\/catalogo\/producto\/bitcoins-entre-el-bien-y-el-mal\/#primaryimage"},"image":{"@id":"https:\/\/letrame.com\/catalogo\/producto\/bitcoins-entre-el-bien-y-el-mal\/#primaryimage"},"thumbnailUrl":"https:\/\/letrame.com\/catalogo\/wp-content\/uploads\/2025\/07\/Bitcoins.jpg","datePublished":"2025-07-30T08:16:14+00:00","dateModified":"2025-07-30T08:19:33+00:00","breadcrumb":{"@id":"https:\/\/letrame.com\/catalogo\/producto\/bitcoins-entre-el-bien-y-el-mal\/#breadcrumb"},"inLanguage":"es","potentialAction":[{"@type":"ReadAction","target":["https:\/\/letrame.com\/catalogo\/producto\/bitcoins-entre-el-bien-y-el-mal\/"]}]},{"@type":"ImageObject","inLanguage":"es","@id":"https:\/\/letrame.com\/catalogo\/producto\/bitcoins-entre-el-bien-y-el-mal\/#primaryimage","url":"https:\/\/letrame.com\/catalogo\/wp-content\/uploads\/2025\/07\/Bitcoins.jpg","contentUrl":"https:\/\/letrame.com\/catalogo\/wp-content\/uploads\/2025\/07\/Bitcoins.jpg","width":384,"height":537},{"@type":"BreadcrumbList","@id":"https:\/\/letrame.com\/catalogo\/producto\/bitcoins-entre-el-bien-y-el-mal\/#breadcrumb","itemListElement":[{"@type":"ListItem","position":1,"name":"Portada","item":"https:\/\/letrame.com\/catalogo\/"},{"@type":"ListItem","position":2,"name":"Cat\u00e1logo","item":"https:\/\/letrame.com\/catalogo\/"},{"@type":"ListItem","position":3,"name":"Bitcoins. Entre el bien y el mal"}]},{"@type":"WebSite","@id":"https:\/\/letrame.com\/catalogo\/#website","url":"https:\/\/letrame.com\/catalogo\/","name":"Catalogo | Letrame Grupo Editorial","description":"","publisher":{"@id":"https:\/\/letrame.com\/catalogo\/#organization"},"potentialAction":[{"@type":"SearchAction","target":{"@type":"EntryPoint","urlTemplate":"https:\/\/letrame.com\/catalogo\/?s={search_term_string}"},"query-input":{"@type":"PropertyValueSpecification","valueRequired":true,"valueName":"search_term_string"}}],"inLanguage":"es"},{"@type":"Organization","@id":"https:\/\/letrame.com\/catalogo\/#organization","name":"Catalogo | Letrame Grupo Editorial","url":"https:\/\/letrame.com\/catalogo\/","logo":{"@type":"ImageObject","inLanguage":"es","@id":"https:\/\/letrame.com\/catalogo\/#\/schema\/logo\/image\/","url":"https:\/\/letrame.com\/catalogo\/wp-content\/uploads\/2024\/03\/logo2.webp","contentUrl":"https:\/\/letrame.com\/catalogo\/wp-content\/uploads\/2024\/03\/logo2.webp","width":394,"height":128,"caption":"Catalogo | Letrame Grupo Editorial"},"image":{"@id":"https:\/\/letrame.com\/catalogo\/#\/schema\/logo\/image\/"}}]}},"_links":{"self":[{"href":"https:\/\/letrame.com\/catalogo\/wp-json\/wp\/v2\/product\/108661","targetHints":{"allow":["GET"]}}],"collection":[{"href":"https:\/\/letrame.com\/catalogo\/wp-json\/wp\/v2\/product"}],"about":[{"href":"https:\/\/letrame.com\/catalogo\/wp-json\/wp\/v2\/types\/product"}],"replies":[{"embeddable":true,"href":"https:\/\/letrame.com\/catalogo\/wp-json\/wp\/v2\/comments?post=108661"}],"acf:post":[{"embeddable":true,"href":"https:\/\/letrame.com\/catalogo\/wp-json\/wp\/v2\/author_book\/108663"}],"wp:featuredmedia":[{"embeddable":true,"href":"https:\/\/letrame.com\/catalogo\/wp-json\/wp\/v2\/media\/108662"}],"wp:attachment":[{"href":"https:\/\/letrame.com\/catalogo\/wp-json\/wp\/v2\/media?parent=108661"}],"wp:term":[{"taxonomy":"libro","embeddable":true,"href":"https:\/\/letrame.com\/catalogo\/wp-json\/wp\/v2\/libro?post=108661"},{"taxonomy":"product_brand","embeddable":true,"href":"https:\/\/letrame.com\/catalogo\/wp-json\/wp\/v2\/product_brand?post=108661"},{"taxonomy":"product_cat","embeddable":true,"href":"https:\/\/letrame.com\/catalogo\/wp-json\/wp\/v2\/product_cat?post=108661"},{"taxonomy":"product_tag","embeddable":true,"href":"https:\/\/letrame.com\/catalogo\/wp-json\/wp\/v2\/product_tag?post=108661"}],"curies":[{"name":"wp","href":"https:\/\/api.w.org\/{rel}","templated":true}]}}